74.7.242.19 - - [11/Aug/2026:10:20:27 -0400] "GET /2026/07/15/caracteristicas-de-las-maquinas-tragamonedas/ HTTP/1.1" 200 47318 "http://casavalle.vsptdigital.cl" "Mozilla/5.0 AppleWebKit/537.36 (KHTML, like Gecko; compatible; GPTBot/1.4; +https://openai.com/gptbot)"
74.7.242.19 - - [11/Aug/2026:10:21:26 -0400] "GET /2026/07/15/king-billy-casino-codigo-promocional-y-bonus-code/ HTTP/1.1" 200 46968 "http://casavalle.vsptdigital.cl" "Mozilla/5.0 AppleWebKit/537.36 (KHTML, like Gecko; compatible; GPTBot/1.4; +https://openai.com/gptbot)"
66.132.195.82 - - [11/Aug/2026:10:22:47 -0400] "GET / HTTP/1.1" 200 67650 "-" "Mozilla/5.0 (compatible; CensysInspect/1.1; +https://about.censys.io/)"
66.132.195.82 - - [11/Aug/2026:10:22:51 -0400] "GET /wp-content/uploads/2022/05/cropped-logo_landing_-casa-valle-32x32.png HTTP/1.1" 200 728 "-" "Mozilla/5.0 (compatible; CensysInspect/1.1; +https://about.censys.io/)"
66.132.195.82 - - [11/Aug/2026:10:22:51 -0400] "GET /wp-content/uploads/2022/05/cropped-logo_landing_-casa-valle-192x192.png HTTP/1.1" 200 7813 "-" "Mozilla/5.0 (compatible; CensysInspect/1.1; +https://about.censys.io/)"
66.132.195.82 - - [11/Aug/2026:10:22:52 -0400] "GET /wp-content/uploads/2022/05/cropped-logo_landing_-casa-valle-180x180.png HTTP/1.1" 200 7147 "-" "Mozilla/5.0 (compatible; CensysInspect/1.1; +https://about.censys.io/)"
66.132.195.82 - - [11/Aug/2026:10:22:52 -0400] "GET /favicon.ico HTTP/1.1" 302 - "-" "Mozilla/5.0 (compatible; CensysInspect/1.1; +https://about.censys.io/)"
66.132.195.82 - - [11/Aug/2026:10:22:53 -0400] "GET /wp-content/uploads/2022/05/cropped-logo_landing_-casa-valle-32x32.png HTTP/1.1" 200 728 "https://casavalle.vsptdigital.cl/favicon.ico" "Mozilla/5.0 (compatible; CensysInspect/1.1; +https://about.censys.io/)"
66.132.195.82 - - [11/Aug/2026:10:23:04 -0400] "GET /wp-json/?_fields=name,description,home,gmt_offset,timezone_string,namespaces HTTP/1.1" 200 311 "-" "Mozilla/5.0 (compatible; CensysInspect/1.1; +https://about.censys.io/)"
66.132.195.82 - - [11/Aug/2026:10:23:08 -0400] "GET /api/version HTTP/1.1" 301 - "-" "Mozilla/5.0 (compatible; CensysInspect/1.1; +https://about.censys.io/)"
66.132.195.82 - - [11/Aug/2026:10:23:09 -0400] "GET /api/v1/settings HTTP/1.1" 301 - "-" "Mozilla/5.0 (compatible; CensysInspect/1.1; +https://about.censys.io/)"
66.132.195.82 - - [11/Aug/2026:10:23:16 -0400] "GET / HTTP/1.1" 421 322 "-" "Mozilla/5.0 (compatible; CensysInspect/1.1; +https://about.censys.io/)"
74.7.242.19 - - [11/Aug/2026:10:22:31 -0400] "GET /?p=16943 HTTP/1.1" 301 - "https://casavalle.vsptdigital.cl/?p=17094" "Mozilla/5.0 AppleWebKit/537.36 (KHTML, like Gecko; compatible; GPTBot/1.4; +https://openai.com/gptbot)"
74.7.242.19 - - [11/Aug/2026:10:23:29 -0400] "GET /?p=16644 HTTP/1.1" 301 - "https://casavalle.vsptdigital.cl/?p=17094" "Mozilla/5.0 AppleWebKit/537.36 (KHTML, like Gecko; compatible; GPTBot/1.4; +https://openai.com/gptbot)"
199.45.154.120 - - [11/Aug/2026:10:24:07 -0400] "GET / HTTP/1.1" 200 67650 "-" "Mozilla/5.0 (compatible; CensysInspect/1.1; +https://about.censys.io/)"
199.45.154.120 - - [11/Aug/2026:10:24:11 -0400] "GET /wp-content/uploads/2022/05/cropped-logo_landing_-casa-valle-32x32.png HTTP/1.1" 200 728 "-" "Mozilla/5.0 (compatible; CensysInspect/1.1; +https://about.censys.io/)"
199.45.154.120 - - [11/Aug/2026:10:24:12 -0400] "GET /wp-content/uploads/2022/05/cropped-logo_landing_-casa-valle-192x192.png HTTP/1.1" 200 7813 "-" "Mozilla/5.0 (compatible; CensysInspect/1.1; +https://about.censys.io/)"
74.7.242.19 - - [11/Aug/2026:10:23:29 -0400] "GET /2026/07/15/juegos-nuevos-gratis-de-casino/ HTTP/1.1" 200 47053 "https://casavalle.vsptdigital.cl/?p=16644" "Mozilla/5.0 AppleWebKit/537.36 (KHTML, like Gecko; compatible; GPTBot/1.4; +https://openai.com/gptbot)"
199.45.154.120 - - [11/Aug/2026:10:24:15 -0400] "GET /wp-content/uploads/2022/05/cropped-logo_landing_-casa-valle-180x180.png HTTP/1.1" 200 7147 "-" "Mozilla/5.0 (compatible; CensysInspect/1.1; +https://about.censys.io/)"
199.45.154.120 - - [11/Aug/2026:10:24:18 -0400] "GET /favicon.ico HTTP/1.1" 302 - "-" "Mozilla/5.0 (compatible; CensysInspect/1.1; +https://about.censys.io/)"
199.45.154.120 - - [11/Aug/2026:10:24:20 -0400] "GET /wp-content/uploads/2022/05/cropped-logo_landing_-casa-valle-32x32.png HTTP/1.1" 200 728 "https://casavalle.vsptdigital.cl/favicon.ico" "Mozilla/5.0 (compatible; CensysInspect/1.1; +https://about.censys.io/)"
45.131.46.110 - - [11/Aug/2026:10:24:29 -0400] "GET /2026/07/26/logiciel-d-aide-a-la-roulette-pour-ios-en-2026/ HTTP/1.1" 200 47273 "https://casavalle.vsptdigital.cl/" "Mozilla/5.0 (Windows NT 10.0; Win64; x64) AppleWebKit/537.36 (KHTML, like Gecko) Chrome/132.0.0.0 Safari/537.36"
74.7.242.19 - - [11/Aug/2026:10:24:30 -0400] "GET /2026/07/15/badajoz-casino-codigo-promocional-y-bonus-code/ HTTP/1.1" 200 46724 "http://casavalle.vsptdigital.cl" "Mozilla/5.0 AppleWebKit/537.36 (KHTML, like Gecko; compatible; GPTBot/1.4; +https://openai.com/gptbot)"
45.131.46.110 - - [11/Aug/2026:10:24:33 -0400] "GET /wp-login.php?action=register HTTP/1.1" 404 40829 "https://casavalle.vsptdigital.cl/2026/07/26/logiciel-d-aide-a-la-roulette-pour-ios-en-2026/" "Mozilla/5.0 (Windows NT 6.3; Win64; x64) AppleWebKit/537.36 (KHTML, like Gecko) Chrome/103.0.0.0 Safari/537.36"
45.131.46.110 - - [11/Aug/2026:10:24:34 -0400] "GET /wp-login.php?action=register HTTP/1.1" 404 40829 "https://casavalle.vsptdigital.cl/wp-login.php?action=register" "Mozilla/5.0 (Windows NT 6.3; Win64; x64) AppleWebKit/537.36 (KHTML, like Gecko) Chrome/103.0.0.0 Safari/537.36"
45.131.46.110 - - [11/Aug/2026:10:25:21 -0400] "GET /wp-content/plugins/contact-form-7/includes/css/styles.css?ver=6.0.1 HTTP/1.1" 200 2894 "https://casavalle.vsptdigital.cl/wp-login.php?action=register" "Mozilla/5.0 (Windows NT 10.0; Win64; x64) AppleWebKit/537.36 (KHTML, like Gecko) Chrome/149.0.0.0 Safari/537.36"
45.131.46.110 - - [11/Aug/2026:10:25:22 -0400] "GET /wp-content/themes/hello-elementor/style.min.css?ver=3.1.1 HTTP/1.1" 200 5501 "https://casavalle.vsptdigital.cl/wp-login.php?action=register" "Mozilla/5.0 (Windows NT 10.0; Win64; x64) AppleWebKit/537.36 (KHTML, like Gecko) Chrome/149.0.0.0 Safari/537.36"
45.131.46.110 - - [11/Aug/2026:10:25:23 -0400] "GET /wp-content/themes/hello-elementor/theme.min.css?ver=3.1.1 HTTP/1.1" 200 5146 "https://casavalle.vsptdigital.cl/wp-login.php?action=register" "Mozilla/5.0 (Windows NT 10.0; Win64; x64) AppleWebKit/537.36 (KHTML, like Gecko) Chrome/149.0.0.0 Safari/537.36"
45.131.46.110 - - [11/Aug/2026:10:25:24 -0400] "GET /wp-content/themes/hello-elementor/header-footer.min.css?ver=3.1.1 HTTP/1.1" 200 7212 "https://casavalle.vsptdigital.cl/wp-login.php?action=register" "Mozilla/5.0 (Windows NT 10.0; Win64; x64) AppleWebKit/537.36 (KHTML, like Gecko) Chrome/149.0.0.0 Safari/537.36"
45.131.46.110 - - [11/Aug/2026:10:25:25 -0400] "GET /wp-content/plugins/elementor/assets/css/frontend.min.css?ver=3.25.11 HTTP/1.1" 200 60575 "https://casavalle.vsptdigital.cl/wp-login.php?action=register" "Mozilla/5.0 (Windows NT 10.0; Win64; x64) AppleWebKit/537.36 (KHTML, like Gecko) Chrome/149.0.0.0 Safari/537.36"
45.131.46.110 - - [11/Aug/2026:10:25:26 -0400] "GET /wp-content/uploads/elementor/css/post-5.css?ver=1734010644 HTTP/1.1" 200 1230 "https://casavalle.vsptdigital.cl/wp-login.php?action=register" "Mozilla/5.0 (Windows NT 10.0; Win64; x64) AppleWebKit/537.36 (KHTML, like Gecko) Chrome/149.0.0.0 Safari/537.36"
45.131.46.110 - - [11/Aug/2026:10:25:27 -0400] "GET /wp-content/plugins/elementor/assets/lib/eicons/css/elementor-icons.min.css?ver=5.34.0 HTTP/1.1" 200 20060 "https://casavalle.vsptdigital.cl/wp-login.php?action=register" "Mozilla/5.0 (Windows NT 10.0; Win64; x64) AppleWebKit/537.36 (KHTML, like Gecko) Chrome/149.0.0.0 Safari/537.36"
45.131.46.110 - - [11/Aug/2026:10:25:28 -0400] "GET /wp-content/plugins/elementor/assets/lib/swiper/v8/css/swiper.min.css?ver=8.4.5 HTTP/1.1" 200 16471 "https://casavalle.vsptdigital.cl/wp-login.php?action=register" "Mozilla/5.0 (Windows NT 10.0; Win64; x64) AppleWebKit/537.36 (KHTML, like Gecko) Chrome/149.0.0.0 Safari/537.36"
45.131.46.110 - - [11/Aug/2026:10:25:29 -0400] "GET /wp-content/plugins/elementor/assets/css/conditionals/e-swiper.min.css?ver=3.25.11 HTTP/1.1" 200 10260 "https://casavalle.vsptdigital.cl/wp-login.php?action=register" "Mozilla/5.0 (Windows NT 10.0; Win64; x64) AppleWebKit/537.36 (KHTML, like Gecko) Chrome/149.0.0.0 Safari/537.36"
45.131.46.110 - - [11/Aug/2026:10:25:30 -0400] "GET /wp-content/plugins/elementor-pro/assets/css/frontend.min.css?ver=3.7.1 HTTP/1.1" 200 480945 "https://casavalle.vsptdigital.cl/wp-login.php?action=register" "Mozilla/5.0 (Windows NT 10.0; Win64; x64) AppleWebKit/537.36 (KHTML, like Gecko) Chrome/149.0.0.0 Safari/537.36"
45.131.46.110 - - [11/Aug/2026:10:25:33 -0400] "GET /wp-content/uploads/elementor/css/post-35.css?ver=1734010644 HTTP/1.1" 200 5018 "https://casavalle.vsptdigital.cl/wp-login.php?action=register" "Mozilla/5.0 (Windows NT 10.0; Win64; x64) AppleWebKit/537.36 (KHTML, like Gecko) Chrome/149.0.0.0 Safari/537.36"
45.131.46.110 - - [11/Aug/2026:10:25:34 -0400] "GET /wp-content/uploads/pum/pum-site-styles.css?generated=1734010667&ver=1.20.3 HTTP/1.1" 200 17449 "https://casavalle.vsptdigital.cl/wp-login.php?action=register" "Mozilla/5.0 (Windows NT 10.0; Win64; x64) AppleWebKit/537.36 (KHTML, like Gecko) Chrome/149.0.0.0 Safari/537.36"
45.131.46.110 - - [11/Aug/2026:10:25:35 -0400] "GET /wp-content/plugins/elementor/assets/css/widget-image.min.css?ver=3.25.11 HTTP/1.1" 200 254 "https://casavalle.vsptdigital.cl/wp-login.php?action=register" "Mozilla/5.0 (Windows NT 10.0; Win64; x64) AppleWebKit/537.36 (KHTML, like Gecko) Chrome/149.0.0.0 Safari/537.36"
45.131.46.110 - - [11/Aug/2026:10:25:36 -0400] "GET /wp-content/plugins/elementor/assets/lib/animations/styles/fadeInRight.min.css?ver=3.25.11 HTTP/1.1" 200 139 "https://casavalle.vsptdigital.cl/wp-login.php?action=register" "Mozilla/5.0 (Windows NT 10.0; Win64; x64) AppleWebKit/537.36 (KHTML, like Gecko) Chrome/149.0.0.0 Safari/537.36"
45.131.46.110 - - [11/Aug/2026:10:25:37 -0400] "GET /wp-content/plugins/elementor/assets/css/widget-heading.min.css?ver=3.25.11 HTTP/1.1" 200 600 "https://casavalle.vsptdigital.cl/wp-login.php?action=register" "Mozilla/5.0 (Windows NT 10.0; Win64; x64) AppleWebKit/537.36 (KHTML, like Gecko) Chrome/149.0.0.0 Safari/537.36"
74.7.242.19 - - [11/Aug/2026:10:25:34 -0400] "GET /2026/07/15/cuales-son-los-mejores-casinos-de-mexico/ HTTP/1.1" 200 46901 "http://casavalle.vsptdigital.cl" "Mozilla/5.0 AppleWebKit/537.36 (KHTML, like Gecko; compatible; GPTBot/1.4; +https://openai.com/gptbot)"
74.7.242.19 - - [11/Aug/2026:10:26:32 -0400] "GET /2026/07/15/juegos-de-casino-y-maquinas-tragamonedas/ HTTP/1.1" 200 46882 "http://casavalle.vsptdigital.cl" "Mozilla/5.0 AppleWebKit/537.36 (KHTML, like Gecko; compatible; GPTBot/1.4; +https://openai.com/gptbot)"
65.111.21.125 - - [11/Aug/2026:10:27:22 -0400] "GET /2026/07/26/jakie-kasyno-oferuje-najlepszy-bonus-za-rejestracje-w-2026-roku/ HTTP/1.1" 200 46405 "https://casavalle.vsptdigital.cl/" "Mozilla/5.0 (Windows NT 10.0; Win64; x64) AppleWebKit/537.36 (KHTML, like Gecko) Chrome/136.0.0.0 Safari/537.36"
65.111.21.125 - - [11/Aug/2026:10:27:24 -0400] "GET /2026/07/26/jakie-kasyno-oferuje-najlepszy-bonus-za-rejestracje-w-2026-roku/ HTTP/1.1" 200 46405 "https://casavalle.vsptdigital.cl/2026/07/26/jakie-kasyno-oferuje-najlepszy-bonus-za-rejestracje-w-2026-roku/" "Mozilla/5.0 (Windows NT 10.0; Win64; x64) AppleWebKit/537.36 (KHTML, like Gecko) Chrome/136.0.0.0 Safari/537.36"
74.7.242.19 - - [11/Aug/2026:10:27:37 -0400] "GET /2026/07/15/como-jugar-al-bolsa-de-trabajo-casino/ HTTP/1.1" 200 46850 "http://casavalle.vsptdigital.cl" "Mozilla/5.0 AppleWebKit/537.36 (KHTML, like Gecko; compatible; GPTBot/1.4; +https://openai.com/gptbot)"
74.7.242.19 - - [11/Aug/2026:10:28:34 -0400] "GET /2026/07/15/jugar-gratis-a-las-tragamonedas-sin-descarga/ HTTP/1.1" 200 46819 "http://casavalle.vsptdigital.cl" "Mozilla/5.0 AppleWebKit/537.36 (KHTML, like Gecko; compatible; GPTBot/1.4; +https://openai.com/gptbot)"
34.171.210.167 - - [11/Aug/2026:10:29:24 -0400] "GET /?p=16539 HTTP/1.1" 301 - "-" "Mozilla/5.0 (Macintosh; Intel Mac OS X 10_15_7) AppleWebKit/537.36 (KHTML, like Gecko) Chrome/120.0.0.0 Safari/537.36"
74.7.242.19 - - [11/Aug/2026:10:29:38 -0400] "GET /?p=17269 HTTP/1.1" 301 - "https://casavalle.vsptdigital.cl/2026/07/15/casinos-de-juego-en-guadalajara-jalisco/" "Mozilla/5.0 AppleWebKit/537.36 (KHTML, like Gecko; compatible; GPTBot/1.4; +https://openai.com/gptbot)"
74.7.242.19 - - [11/Aug/2026:10:29:38 -0400] "GET /2026/07/15/juega-gratis-a-rainbow-riches-pick-and-mix-en-modo-demo/ HTTP/1.1" 200 46557 "https://casavalle.vsptdigital.cl/?p=17269" "Mozilla/5.0 AppleWebKit/537.36 (KHTML, like Gecko; compatible; GPTBot/1.4; +https://openai.com/gptbot)"
74.7.242.19 - - [11/Aug/2026:10:30:38 -0400] "GET /?p=18205 HTTP/1.1" 301 - "https://casavalle.vsptdigital.cl/2026/07/15/casinos-de-juego-en-guadalajara-jalisco/" "Mozilla/5.0 AppleWebKit/537.36 (KHTML, like Gecko; compatible; GPTBot/1.4; +https://openai.com/gptbot)"
173.236.254.75 - - [11/Aug/2026:10:32:29 -0400] "GET /wp-json/wp/v2/users/me HTTP/1.1" 401 88 "-" "Mozilla/5.0 (Windows NT 10.0; Win64; x64) AppleWebKit/537.36 (KHTML, like Gecko) Chrome/133.0.0.0 Safari/537.36"
74.7.242.19 - - [11/Aug/2026:10:31:44 -0400] "GET /?p=16831 HTTP/1.1" 301 - "https://casavalle.vsptdigital.cl/2026/07/15/casinos-de-juego-en-guadalajara-jalisco/" "Mozilla/5.0 AppleWebKit/537.36 (KHTML, like Gecko; compatible; GPTBot/1.4; +https://openai.com/gptbot)"
74.7.242.19 - - [11/Aug/2026:10:32:41 -0400] "GET /?p=16918 HTTP/1.1" 301 - "https://casavalle.vsptdigital.cl/2026/07/15/king-billy-casino-codigo-promocional-y-bonus-code/" "Mozilla/5.0 AppleWebKit/537.36 (KHTML, like Gecko; compatible; GPTBot/1.4; +https://openai.com/gptbot)"
216.213.29.227 - - [11/Aug/2026:10:33:22 -0400] "GET /2026/07/04/sitios-web-seguros-de-ruleta-bonos-sin-deposito-en-espanol/ HTTP/1.1" 200 46407 "https://casavalle.vsptdigital.cl/" "Mozilla/5.0 (X11; Linux x86_64; rv:146.0) Gecko/20100101 Firefox/146.0"
74.7.242.19 - - [11/Aug/2026:10:32:42 -0400] "GET /2026/07/15/casino-sevilla-calle/ HTTP/1.1" 200 47351 "https://casavalle.vsptdigital.cl/?p=16918" "Mozilla/5.0 AppleWebKit/537.36 (KHTML, like Gecko; compatible; GPTBot/1.4; +https://openai.com/gptbot)"
5.157.52.144 - - [11/Aug/2026:10:33:41 -0400] "GET /2026/07/15/est-ce-qu-il-y-a-une-option-pour-apprendre-a-jouer-au-blackjack-avec-excellence-sur-ios-en-2026/ HTTP/1.1" 200 47728 "https://casavalle.vsptdigital.cl/" "Mozilla/5.0 (Macintosh; Intel Mac OS X 10_15_7) AppleWebKit/605.1.15 (KHTML, like Gecko) Version/17.6 Safari/605.1.15"
74.7.242.19 - - [11/Aug/2026:10:33:44 -0400] "GET /?p=18388 HTTP/1.1" 301 - "https://casavalle.vsptdigital.cl/2026/07/15/king-billy-casino-codigo-promocional-y-bonus-code/" "Mozilla/5.0 AppleWebKit/537.36 (KHTML, like Gecko; compatible; GPTBot/1.4; +https://openai.com/gptbot)"
5.157.52.144 - - [11/Aug/2026:10:33:49 -0400] "GET /2026/07/15/est-ce-qu-il-y-a-une-option-pour-apprendre-a-jouer-au-blackjack-avec-excellence-sur-ios-en-2026/ HTTP/1.1" 200 47728 "https://casavalle.vsptdigital.cl/2026/07/15/est-ce-qu-il-y-a-une-option-pour-apprendre-a-jouer-au-blackjack-avec-excellence-sur-ios-en-2026/" "Mozilla/5.0 (Macintosh; Intel Mac OS X 10_15_7) AppleWebKit/605.1.15 (KHTML, like Gecko) Version/17.6 Safari/605.1.15"
74.7.242.19 - - [11/Aug/2026:10:34:44 -0400] "GET /?p=17117 HTTP/1.1" 301 - "https://casavalle.vsptdigital.cl/2026/07/15/casinos-de-juego-en-guadalajara-jalisco/" "Mozilla/5.0 AppleWebKit/537.36 (KHTML, like Gecko; compatible; GPTBot/1.4; +https://openai.com/gptbot)"
74.7.242.19 - - [11/Aug/2026:10:34:45 -0400] "GET /2026/07/15/ciber-bet-casino-codigo-promocional-y-bonus-code-2026/ HTTP/1.1" 200 47235 "https://casavalle.vsptdigital.cl/?p=17117" "Mozilla/5.0 AppleWebKit/537.36 (KHTML, like Gecko; compatible; GPTBot/1.4; +https://openai.com/gptbot)"
74.7.242.19 - - [11/Aug/2026:10:35:38 -0400] "GET /?p=17858 HTTP/1.1" 301 - "https://casavalle.vsptdigital.cl/2026/07/15/badajoz-casino-codigo-promocional-y-bonus-code/" "Mozilla/5.0 AppleWebKit/537.36 (KHTML, like Gecko; compatible; GPTBot/1.4; +https://openai.com/gptbot)"
74.7.242.19 - - [11/Aug/2026:10:36:44 -0400] "GET /?p=17173 HTTP/1.1" 301 - "https://casavalle.vsptdigital.cl/2026/07/15/badajoz-casino-codigo-promocional-y-bonus-code/" "Mozilla/5.0 AppleWebKit/537.36 (KHTML, like Gecko; compatible; GPTBot/1.4; +https://openai.com/gptbot)"
74.7.242.19 - - [11/Aug/2026:10:37:42 -0400] "GET /?p=17052 HTTP/1.1" 301 - "https://casavalle.vsptdigital.cl/2026/07/15/juegos-de-casino-y-maquinas-tragamonedas/" "Mozilla/5.0 AppleWebKit/537.36 (KHTML, like Gecko; compatible; GPTBot/1.4; +https://openai.com/gptbot)"
74.7.242.19 - - [11/Aug/2026:10:37:43 -0400] "GET /2026/07/15/playwinplay-casino-codigo-promocional-y-bonus-code-2026/ HTTP/1.1" 200 47248 "https://casavalle.vsptdigital.cl/?p=17052" "Mozilla/5.0 AppleWebKit/537.36 (KHTML, like Gecko; compatible; GPTBot/1.4; +https://openai.com/gptbot)"
220.93.109.103 - - [11/Aug/2026:10:38:40 -0400] "GET / HTTP/1.1" 200 67650 "-" "Mozilla/5.0 (Windows NT 10.0; Win64; x64) AppleWebKit/537.36 (KHTML, like Gecko) Chrome/132.0.0.0 Safari/537.36"
74.7.242.19 - - [11/Aug/2026:10:38:46 -0400] "GET /?p=18083 HTTP/1.1" 301 - "https://casavalle.vsptdigital.cl/2026/07/15/juegos-de-casino-y-maquinas-tragamonedas/" "Mozilla/5.0 AppleWebKit/537.36 (KHTML, like Gecko; compatible; GPTBot/1.4; +https://openai.com/gptbot)"
74.7.242.19 - - [11/Aug/2026:10:38:46 -0400] "GET /2026/07/15/mejor-casino-bitcoins/ HTTP/1.1" 200 46750 "https://casavalle.vsptdigital.cl/?p=18083" "Mozilla/5.0 AppleWebKit/537.36 (KHTML, like Gecko; compatible; GPTBot/1.4; +https://openai.com/gptbot)"
220.93.109.103 - - [11/Aug/2026:10:39:21 -0400] "GET /wp-login.php?action=register HTTP/1.1" 404 40829 "https://casavalle.vsptdigital.cl" "Mozilla/5.0 (Windows NT 6.3; Win64; x64) AppleWebKit/537.36 (KHTML, like Gecko) Chrome/103.0.0.0 Safari/537.36"
220.93.109.103 - - [11/Aug/2026:10:39:26 -0400] "GET /wp-login.php?action=register HTTP/1.1" 404 40829 "https://casavalle.vsptdigital.cl/wp-login.php?action=register" "Mozilla/5.0 (Windows NT 6.3; Win64; x64) AppleWebKit/537.36 (KHTML, like Gecko) Chrome/103.0.0.0 Safari/537.36"
220.93.109.103 - - [11/Aug/2026:10:39:29 -0400] "GET /wp-content/plugins/contact-form-7/includes/css/styles.css?ver=6.0.1 HTTP/1.1" 200 2894 "https://casavalle.vsptdigital.cl/wp-login.php?action=register" "Mozilla/5.0 (Windows NT 10.0; Win64; x64) AppleWebKit/537.36 (KHTML, like Gecko) Chrome/149.0.0.0 Safari/537.36"
220.93.109.103 - - [11/Aug/2026:10:39:31 -0400] "GET /wp-content/themes/hello-elementor/style.min.css?ver=3.1.1 HTTP/1.1" 200 5501 "https://casavalle.vsptdigital.cl/wp-login.php?action=register" "Mozilla/5.0 (Windows NT 10.0; Win64; x64) AppleWebKit/537.36 (KHTML, like Gecko) Chrome/149.0.0.0 Safari/537.36"
220.93.109.103 - - [11/Aug/2026:10:39:32 -0400] "GET /wp-content/themes/hello-elementor/theme.min.css?ver=3.1.1 HTTP/1.1" 200 5146 "https://casavalle.vsptdigital.cl/wp-login.php?action=register" "Mozilla/5.0 (Windows NT 10.0; Win64; x64) AppleWebKit/537.36 (KHTML, like Gecko) Chrome/149.0.0.0 Safari/537.36"
220.93.109.103 - - [11/Aug/2026:10:39:33 -0400] "GET /wp-content/themes/hello-elementor/header-footer.min.css?ver=3.1.1 HTTP/1.1" 200 7212 "https://casavalle.vsptdigital.cl/wp-login.php?action=register" "Mozilla/5.0 (Windows NT 10.0; Win64; x64) AppleWebKit/537.36 (KHTML, like Gecko) Chrome/149.0.0.0 Safari/537.36"
220.93.109.103 - - [11/Aug/2026:10:38:48 -0400] "GET /wp-login.php?action=register HTTP/1.1" 404 40829 "https://casavalle.vsptdigital.cl" "Mozilla/5.0 (Windows NT 6.3; Win64; x64) AppleWebKit/537.36 (KHTML, like Gecko) Chrome/103.0.0.0 Safari/537.36"
220.93.109.103 - - [11/Aug/2026:10:39:34 -0400] "GET /wp-content/plugins/elementor/assets/css/frontend.min.css?ver=3.25.11 HTTP/1.1" 200 60575 "https://casavalle.vsptdigital.cl/wp-login.php?action=register" "Mozilla/5.0 (Windows NT 10.0; Win64; x64) AppleWebKit/537.36 (KHTML, like Gecko) Chrome/149.0.0.0 Safari/537.36"
220.93.109.103 - - [11/Aug/2026:10:39:37 -0400] "GET /wp-content/uploads/elementor/css/post-5.css?ver=1734010644 HTTP/1.1" 200 1230 "https://casavalle.vsptdigital.cl/wp-login.php?action=register" "Mozilla/5.0 (Windows NT 10.0; Win64; x64) AppleWebKit/537.36 (KHTML, like Gecko) Chrome/149.0.0.0 Safari/537.36"
220.93.109.103 - - [11/Aug/2026:10:39:38 -0400] "GET /wp-content/plugins/elementor/assets/lib/eicons/css/elementor-icons.min.css?ver=5.34.0 HTTP/1.1" 200 20060 "https://casavalle.vsptdigital.cl/wp-login.php?action=register" "Mozilla/5.0 (Windows NT 10.0; Win64; x64) AppleWebKit/537.36 (KHTML, like Gecko) Chrome/149.0.0.0 Safari/537.36"
220.93.109.103 - - [11/Aug/2026:10:39:39 -0400] "GET /wp-content/plugins/elementor/assets/lib/swiper/v8/css/swiper.min.css?ver=8.4.5 HTTP/1.1" 200 16471 "https://casavalle.vsptdigital.cl/wp-login.php?action=register" "Mozilla/5.0 (Windows NT 10.0; Win64; x64) AppleWebKit/537.36 (KHTML, like Gecko) Chrome/149.0.0.0 Safari/537.36"
220.93.109.103 - - [11/Aug/2026:10:39:40 -0400] "GET /wp-content/plugins/elementor/assets/css/conditionals/e-swiper.min.css?ver=3.25.11 HTTP/1.1" 200 10260 "https://casavalle.vsptdigital.cl/wp-login.php?action=register" "Mozilla/5.0 (Windows NT 10.0; Win64; x64) AppleWebKit/537.36 (KHTML, like Gecko) Chrome/149.0.0.0 Safari/537.36"
74.7.242.19 - - [11/Aug/2026:10:39:48 -0400] "GET /?p=16797 HTTP/1.1" 301 - "https://casavalle.vsptdigital.cl/2026/07/15/badajoz-casino-codigo-promocional-y-bonus-code/" "Mozilla/5.0 AppleWebKit/537.36 (KHTML, like Gecko; compatible; GPTBot/1.4; +https://openai.com/gptbot)"
220.93.109.103 - - [11/Aug/2026:10:39:42 -0400] "GET /wp-content/plugins/elementor-pro/assets/css/frontend.min.css?ver=3.7.1 HTTP/1.1" 200 480945 "https://casavalle.vsptdigital.cl/wp-login.php?action=register" "Mozilla/5.0 (Windows NT 10.0; Win64; x64) AppleWebKit/537.36 (KHTML, like Gecko) Chrome/149.0.0.0 Safari/537.36"
220.93.109.103 - - [11/Aug/2026:10:40:11 -0400] "GET /wp-content/uploads/elementor/css/post-35.css?ver=1734010644 HTTP/1.1" 200 5018 "https://casavalle.vsptdigital.cl/wp-login.php?action=register" "Mozilla/5.0 (Windows NT 10.0; Win64; x64) AppleWebKit/537.36 (KHTML, like Gecko) Chrome/149.0.0.0 Safari/537.36"
220.93.109.103 - - [11/Aug/2026:10:40:13 -0400] "GET /wp-content/uploads/pum/pum-site-styles.css?generated=1734010667&ver=1.20.3 HTTP/1.1" 200 17449 "https://casavalle.vsptdigital.cl/wp-login.php?action=register" "Mozilla/5.0 (Windows NT 10.0; Win64; x64) AppleWebKit/537.36 (KHTML, like Gecko) Chrome/149.0.0.0 Safari/537.36"
220.93.109.103 - - [11/Aug/2026:10:40:14 -0400] "GET /wp-content/plugins/elementor/assets/css/widget-image.min.css?ver=3.25.11 HTTP/1.1" 200 254 "https://casavalle.vsptdigital.cl/wp-login.php?action=register" "Mozilla/5.0 (Windows NT 10.0; Win64; x64) AppleWebKit/537.36 (KHTML, like Gecko) Chrome/149.0.0.0 Safari/537.36"
220.93.109.103 - - [11/Aug/2026:10:40:15 -0400] "GET /wp-content/plugins/elementor/assets/lib/animations/styles/fadeInRight.min.css?ver=3.25.11 HTTP/1.1" 200 139 "https://casavalle.vsptdigital.cl/wp-login.php?action=register" "Mozilla/5.0 (Windows NT 10.0; Win64; x64) AppleWebKit/537.36 (KHTML, like Gecko) Chrome/149.0.0.0 Safari/537.36"
220.93.109.103 - - [11/Aug/2026:10:40:16 -0400] "GET /wp-content/plugins/elementor/assets/css/widget-heading.min.css?ver=3.25.11 HTTP/1.1" 200 600 "https://casavalle.vsptdigital.cl/wp-login.php?action=register" "Mozilla/5.0 (Windows NT 10.0; Win64; x64) AppleWebKit/537.36 (KHTML, like Gecko) Chrome/149.0.0.0 Safari/537.36"
74.7.242.19 - - [11/Aug/2026:10:39:49 -0400] "GET /2026/07/15/cuantos-n%C3%BAmeros-hay-en-la-ruleta/ HTTP/1.1" 200 46874 "https://casavalle.vsptdigital.cl/?p=16797" "Mozilla/5.0 AppleWebKit/537.36 (KHTML, like Gecko; compatible; GPTBot/1.4; +https://openai.com/gptbot)"
74.7.242.19 - - [11/Aug/2026:10:40:47 -0400] "GET /?p=18389 HTTP/1.1" 301 - "https://casavalle.vsptdigital.cl/2026/07/15/juegos-de-casino-y-maquinas-tragamonedas/" "Mozilla/5.0 AppleWebKit/537.36 (KHTML, like Gecko; compatible; GPTBot/1.4; +https://openai.com/gptbot)"
143.95.144.95 - - [11/Aug/2026:10:41:03 -0400] "GET /wp-json/wp/v2/users/me HTTP/1.1" 401 88 "-" "Mozilla/5.0 (Windows NT 10.0; Win64; x64) AppleWebKit/537.36 (KHTML, like Gecko) Chrome/133.0.0.0 Safari/537.36"
129.121.74.194 - - [11/Aug/2026:10:41:15 -0400] "GET /wp-login.php HTTP/1.1" 301 - "-" "Mozilla/5.0 (Windows NT 10.0; Win64; x64) AppleWebKit/537.36 (KHTML, like Gecko) Chrome/133.0.0.0 Safari/537.36"
129.121.74.194 - - [11/Aug/2026:10:41:16 -0400] "GET /wp-login.php HTTP/1.1" 302 - "https://www.casavalle.vsptdigital.cl/wp-login.php" "Mozilla/5.0 (Windows NT 10.0; Win64; x64) AppleWebKit/537.36 (KHTML, like Gecko) Chrome/133.0.0.0 Safari/537.36"
129.121.74.194 - - [11/Aug/2026:10:41:16 -0400] "GET /wp-login.php HTTP/1.1" 302 - "https://www.casavalle.vsptdigital.cl/wp-login.php" "Mozilla/5.0 (Windows NT 10.0; Win64; x64) AppleWebKit/537.36 (KHTML, like Gecko) Chrome/133.0.0.0 Safari/537.36"
129.121.74.194 - - [11/Aug/2026:10:41:17 -0400] "GET /wp-login.php HTTP/1.1" 302 - "https://www.casavalle.vsptdigital.cl/wp-login.php" "Mozilla/5.0 (Windows NT 10.0; Win64; x64) AppleWebKit/537.36 (KHTML, like Gecko) Chrome/133.0.0.0 Safari/537.36"
129.121.74.194 - - [11/Aug/2026:10:41:17 -0400] "GET /wp-login.php HTTP/1.1" 302 - "https://www.casavalle.vsptdigital.cl/wp-login.php" "Mozilla/5.0 (Windows NT 10.0; Win64; x64) AppleWebKit/537.36 (KHTML, like Gecko) Chrome/133.0.0.0 Safari/537.36"
129.121.74.194 - - [11/Aug/2026:10:41:18 -0400] "GET /wp-login.php HTTP/1.1" 302 - "https://www.casavalle.vsptdigital.cl/wp-login.php" "Mozilla/5.0 (Windows NT 10.0; Win64; x64) AppleWebKit/537.36 (KHTML, like Gecko) Chrome/133.0.0.0 Safari/537.36"
129.121.74.194 - - [11/Aug/2026:10:41:18 -0400] "GET /wp-login.php HTTP/1.1" 302 - "https://www.casavalle.vsptdigital.cl/wp-login.php" "Mozilla/5.0 (Windows NT 10.0; Win64; x64) AppleWebKit/537.36 (KHTML, like Gecko) Chrome/133.0.0.0 Safari/537.36"
129.121.74.194 - - [11/Aug/2026:10:41:19 -0400] "GET /wp-login.php HTTP/1.1" 302 - "https://www.casavalle.vsptdigital.cl/wp-login.php" "Mozilla/5.0 (Windows NT 10.0; Win64; x64) AppleWebKit/537.36 (KHTML, like Gecko) Chrome/133.0.0.0 Safari/537.36"
129.121.74.194 - - [11/Aug/2026:10:41:19 -0400] "GET /wp-login.php HTTP/1.1" 302 - "https://www.casavalle.vsptdigital.cl/wp-login.php" "Mozilla/5.0 (Windows NT 10.0; Win64; x64) AppleWebKit/537.36 (KHTML, like Gecko) Chrome/133.0.0.0 Safari/537.36"
129.121.74.194 - - [11/Aug/2026:10:41:20 -0400] "GET /wp-login.php HTTP/1.1" 302 - "https://www.casavalle.vsptdigital.cl/wp-login.php" "Mozilla/5.0 (Windows NT 10.0; Win64; x64) AppleWebKit/537.36 (KHTML, like Gecko) Chrome/133.0.0.0 Safari/537.36"
129.121.74.194 - - [11/Aug/2026:10:41:20 -0400] "GET /wp-json/wp/v2/users/me HTTP/1.1" 401 88 "-" "Mozilla/5.0 (Windows NT 10.0; Win64; x64) AppleWebKit/537.36 (KHTML, like Gecko) Chrome/133.0.0.0 Safari/537.36"
143.95.144.95 - - [11/Aug/2026:10:40:53 -0400] "GET /wp-login.php HTTP/1.1" 301 - "-" "Mozilla/5.0 (Windows NT 10.0; Win64; x64) AppleWebKit/537.36 (KHTML, like Gecko) Chrome/133.0.0.0 Safari/537.36"
74.7.242.19 - - [11/Aug/2026:10:41:47 -0400] "GET /?p=17400 HTTP/1.1" 301 - "https://casavalle.vsptdigital.cl/2026/07/15/badajoz-casino-codigo-promocional-y-bonus-code/" "Mozilla/5.0 AppleWebKit/537.36 (KHTML, like Gecko; compatible; GPTBot/1.4; +https://openai.com/gptbot)"
74.7.242.19 - - [11/Aug/2026:10:41:47 -0400] "GET /2026/07/15/juegos-de-casino-que-si-pagan/ HTTP/1.1" 200 46491 "https://casavalle.vsptdigital.cl/?p=17400" "Mozilla/5.0 AppleWebKit/537.36 (KHTML, like Gecko; compatible; GPTBot/1.4; +https://openai.com/gptbot)"
74.7.242.19 - - [11/Aug/2026:10:42:45 -0400] "GET /?p=18191 HTTP/1.1" 301 - "https://casavalle.vsptdigital.cl/2026/07/15/casinos-de-juego-en-guadalajara-jalisco/" "Mozilla/5.0 AppleWebKit/537.36 (KHTML, like Gecko; compatible; GPTBot/1.4; +https://openai.com/gptbot)"
74.7.242.19 - - [11/Aug/2026:10:43:49 -0400] "GET /2026/07/15/juegos-de-casino-gratis-el-payaso/ HTTP/1.1" 200 46641 "http://casavalle.vsptdigital.cl" "Mozilla/5.0 AppleWebKit/537.36 (KHTML, like Gecko; compatible; GPTBot/1.4; +https://openai.com/gptbot)"
74.7.242.19 - - [11/Aug/2026:10:44:51 -0400] "GET /2026/07/15/juegos-gratis-de-tragamonedas-casino/ HTTP/1.1" 200 48000 "http://casavalle.vsptdigital.cl" "Mozilla/5.0 AppleWebKit/537.36 (KHTML, like Gecko; compatible; GPTBot/1.4; +https://openai.com/gptbot)"
74.7.242.19 - - [11/Aug/2026:10:45:51 -0400] "GET /2026/07/15/juego-gratis-de-casinos-tragamonedas/ HTTP/1.1" 200 46573 "http://casavalle.vsptdigital.cl" "Mozilla/5.0 AppleWebKit/537.36 (KHTML, like Gecko; compatible; GPTBot/1.4; +https://openai.com/gptbot)"
74.7.242.19 - - [11/Aug/2026:10:46:45 -0400] "GET /2026/07/15/bono-gratis-sin-deposito-tragamonedas/ HTTP/1.1" 200 46234 "http://casavalle.vsptdigital.cl" "Mozilla/5.0 AppleWebKit/537.36 (KHTML, like Gecko; compatible; GPTBot/1.4; +https://openai.com/gptbot)"
216.73.217.110 - - [11/Aug/2026:10:47:42 -0400] "GET /?feed=xmlsitemap1711 HTTP/1.1" 200 2063547 "-" "Mozilla/5.0 AppleWebKit/537.36 (KHTML, like Gecko; compatible; ClaudeBot/1.0; +claudebot@anthropic.com)"
74.7.242.19 - - [11/Aug/2026:10:47:50 -0400] "GET /2026/07/15/como-aprender-a-jugar-maquinas-de-casino/ HTTP/1.1" 200 47028 "http://casavalle.vsptdigital.cl" "Mozilla/5.0 AppleWebKit/537.36 (KHTML, like Gecko; compatible; GPTBot/1.4; +https://openai.com/gptbot)"
74.7.242.19 - - [11/Aug/2026:10:48:53 -0400] "GET /?p=17835 HTTP/1.1" 301 - "https://casavalle.vsptdigital.cl/?p=18083" "Mozilla/5.0 AppleWebKit/537.36 (KHTML, like Gecko; compatible; GPTBot/1.4; +https://openai.com/gptbot)"
68.183.106.31 - - [11/Aug/2026:10:49:54 -0400] "GET /wp-login.php HTTP/1.1" 301 - "-" "Mozilla/5.0 (Windows NT 10.0; Win64; x64) AppleWebKit/537.36 (KHTML, like Gecko) Chrome/133.0.0.0 Safari/537.36"
74.7.242.19 - - [11/Aug/2026:10:49:56 -0400] "GET /?p=17013 HTTP/1.1" 301 - "https://casavalle.vsptdigital.cl/?p=18083" "Mozilla/5.0 AppleWebKit/537.36 (KHTML, like Gecko; compatible; GPTBot/1.4; +https://openai.com/gptbot)"
68.183.106.31 - - [11/Aug/2026:10:50:05 -0400] "GET /wp-json/wp/v2/users/me HTTP/1.1" 401 88 "-" "Mozilla/5.0 (Windows NT 10.0; Win64; x64) AppleWebKit/537.36 (KHTML, like Gecko) Chrome/133.0.0.0 Safari/537.36"
68.183.106.31 - - [11/Aug/2026:10:50:11 -0400] "GET /wp-login.php HTTP/1.1" 301 - "-" "Mozilla/5.0 (Windows NT 10.0; Win64; x64) AppleWebKit/537.36 (KHTML, like Gecko) Chrome/133.0.0.0 Safari/537.36"
68.183.106.31 - - [11/Aug/2026:10:50:14 -0400] "GET /wp-login.php HTTP/1.1" 302 - "https://www.casavalle.vsptdigital.cl/wp-login.php" "Mozilla/5.0 (Windows NT 10.0; Win64; x64) AppleWebKit/537.36 (KHTML, like Gecko) Chrome/133.0.0.0 Safari/537.36"
68.183.106.31 - - [11/Aug/2026:10:50:15 -0400] "GET /wp-login.php HTTP/1.1" 302 - "https://www.casavalle.vsptdigital.cl/wp-login.php" "Mozilla/5.0 (Windows NT 10.0; Win64; x64) AppleWebKit/537.36 (KHTML, like Gecko) Chrome/133.0.0.0 Safari/537.36"
68.183.106.31 - - [11/Aug/2026:10:50:16 -0400] "GET /wp-login.php HTTP/1.1" 302 - "https://www.casavalle.vsptdigital.cl/wp-login.php" "Mozilla/5.0 (Windows NT 10.0; Win64; x64) AppleWebKit/537.36 (KHTML, like Gecko) Chrome/133.0.0.0 Safari/537.36"
68.183.106.31 - - [11/Aug/2026:10:50:17 -0400] "GET /wp-login.php HTTP/1.1" 302 - "https://www.casavalle.vsptdigital.cl/wp-login.php" "Mozilla/5.0 (Windows NT 10.0; Win64; x64) AppleWebKit/537.36 (KHTML, like Gecko) Chrome/133.0.0.0 Safari/537.36"
68.183.106.31 - - [11/Aug/2026:10:50:18 -0400] "GET /wp-login.php HTTP/1.1" 302 - "https://www.casavalle.vsptdigital.cl/wp-login.php" "Mozilla/5.0 (Windows NT 10.0; Win64; x64) AppleWebKit/537.36 (KHTML, like Gecko) Chrome/133.0.0.0 Safari/537.36"
68.183.106.31 - - [11/Aug/2026:10:50:20 -0400] "GET /wp-login.php HTTP/1.1" 302 - "https://www.casavalle.vsptdigital.cl/wp-login.php" "Mozilla/5.0 (Windows NT 10.0; Win64; x64) AppleWebKit/537.36 (KHTML, like Gecko) Chrome/133.0.0.0 Safari/537.36"
68.183.106.31 - - [11/Aug/2026:10:50:22 -0400] "GET /wp-login.php HTTP/1.1" 302 - "https://www.casavalle.vsptdigital.cl/wp-login.php" "Mozilla/5.0 (Windows NT 10.0; Win64; x64) AppleWebKit/537.36 (KHTML, like Gecko) Chrome/133.0.0.0 Safari/537.36"
68.183.106.31 - - [11/Aug/2026:10:50:26 -0400] "GET /wp-json/wp/v2/users/me HTTP/1.1" 401 88 "-" "Mozilla/5.0 (Windows NT 10.0; Win64; x64) AppleWebKit/537.36 (KHTML, like Gecko) Chrome/133.0.0.0 Safari/537.36"
74.7.242.19 - - [11/Aug/2026:10:49:56 -0400] "GET /2026/07/15/consejos-para-ganar-en-el-blackjack/ HTTP/1.1" 200 46618 "https://casavalle.vsptdigital.cl/?p=17013" "Mozilla/5.0 AppleWebKit/537.36 (KHTML, like Gecko; compatible; GPTBot/1.4; +https://openai.com/gptbot)"
74.7.242.19 - - [11/Aug/2026:10:51:01 -0400] "GET /?p=16686 HTTP/1.1" 301 - "https://casavalle.vsptdigital.cl/?p=18083" "Mozilla/5.0 AppleWebKit/537.36 (KHTML, like Gecko; compatible; GPTBot/1.4; +https://openai.com/gptbot)"
74.7.242.19 - - [11/Aug/2026:10:52:03 -0400] "GET /2026/07/15/tragamonedas-modernas-gratis-sin-descargar/ HTTP/1.1" 200 48131 "http://casavalle.vsptdigital.cl" "Mozilla/5.0 AppleWebKit/537.36 (KHTML, like Gecko; compatible; GPTBot/1.4; +https://openai.com/gptbot)"
160.250.130.168 - - [11/Aug/2026:10:52:58 -0400] "GET /wp-json/wp/v2/users/me HTTP/1.1" 401 88 "-" "Mozilla/5.0 (Windows NT 10.0; Win64; x64) AppleWebKit/537.36 (KHTML, like Gecko) Chrome/133.0.0.0 Safari/537.36"
74.7.242.19 - - [11/Aug/2026:10:53:07 -0400] "GET /2026/07/15/jugar-ruleta-europea-gratis-sin-descargar/ HTTP/1.1" 200 46813 "http://casavalle.vsptdigital.cl" "Mozilla/5.0 AppleWebKit/537.36 (KHTML, like Gecko; compatible; GPTBot/1.4; +https://openai.com/gptbot)"
74.7.242.19 - - [11/Aug/2026:10:54:12 -0400] "GET /2026/07/15/nombres-de-juegos-de-tragamonedas/ HTTP/1.1" 200 46933 "http://casavalle.vsptdigital.cl" "Mozilla/5.0 AppleWebKit/537.36 (KHTML, like Gecko; compatible; GPTBot/1.4; +https://openai.com/gptbot)"
74.7.242.19 - - [11/Aug/2026:10:55:12 -0400] "GET /?p=16782 HTTP/1.1" 301 - "https://casavalle.vsptdigital.cl/2026/07/15/juegos-gratis-de-tragamonedas-casino/" "Mozilla/5.0 AppleWebKit/537.36 (KHTML, like Gecko; compatible; GPTBot/1.4; +https://openai.com/gptbot)"
74.7.242.19 - - [11/Aug/2026:10:55:12 -0400] "GET /2026/07/15/ruleta-casino-sin-dinero/ HTTP/1.1" 200 47486 "https://casavalle.vsptdigital.cl/?p=16782" "Mozilla/5.0 AppleWebKit/537.36 (KHTML, like Gecko; compatible; GPTBot/1.4; +https://openai.com/gptbot)"
51.15.217.215 - - [11/Aug/2026:10:55:28 -0400] "GET /robots.txt HTTP/1.1" 200 148 "-" "Python/3.14 aiohttp/3.14.1"
74.7.242.19 - - [11/Aug/2026:10:56:13 -0400] "GET /?p=18304 HTTP/1.1" 301 - "https://casavalle.vsptdigital.cl/2026/07/15/juegos-gratis-de-tragamonedas-casino/" "Mozilla/5.0 AppleWebKit/537.36 (KHTML, like Gecko; compatible; GPTBot/1.4; +https://openai.com/gptbot)"
51.15.217.215 - - [11/Aug/2026:10:55:29 -0400] "GET /2026/07/15/winnende-combinaties-veilig-casino-2026elektronisch-casino-geld-terug/ HTTP/1.1" 200 46902 "-" "Python/3.14 aiohttp/3.14.1"
74.7.242.19 - - [11/Aug/2026:10:57:12 -0400] "GET /?p=16627 HTTP/1.1" 301 - "https://casavalle.vsptdigital.cl/2026/07/15/juegos-gratis-de-tragamonedas-casino/" "Mozilla/5.0 AppleWebKit/537.36 (KHTML, like Gecko; compatible; GPTBot/1.4; +https://openai.com/gptbot)"
97.74.87.194 - - [11/Aug/2026:10:58:22 -0400] "GET /wp-login.php HTTP/1.1" 301 - "-" "Mozilla/5.0 (Windows NT 10.0; Win64; x64) AppleWebKit/537.36 (KHTML, like Gecko) Chrome/133.0.0.0 Safari/537.36"
97.74.87.194 - - [11/Aug/2026:10:58:24 -0400] "GET /wp-login.php HTTP/1.1" 302 - "https://www.casavalle.vsptdigital.cl/wp-login.php" "Mozilla/5.0 (Windows NT 10.0; Win64; x64) AppleWebKit/537.36 (KHTML, like Gecko) Chrome/133.0.0.0 Safari/537.36"
97.74.87.194 - - [11/Aug/2026:10:58:24 -0400] "GET /wp-login.php HTTP/1.1" 302 - "https://www.casavalle.vsptdigital.cl/wp-login.php" "Mozilla/5.0 (Windows NT 10.0; Win64; x64) AppleWebKit/537.36 (KHTML, like Gecko) Chrome/133.0.0.0 Safari/537.36"
97.74.87.194 - - [11/Aug/2026:10:58:25 -0400] "GET /wp-login.php HTTP/1.1" 302 - "https://www.casavalle.vsptdigital.cl/wp-login.php" "Mozilla/5.0 (Windows NT 10.0; Win64; x64) AppleWebKit/537.36 (KHTML, like Gecko) Chrome/133.0.0.0 Safari/537.36"
97.74.87.194 - - [11/Aug/2026:10:58:26 -0400] "GET /wp-login.php HTTP/1.1" 302 - "https://www.casavalle.vsptdigital.cl/wp-login.php" "Mozilla/5.0 (Windows NT 10.0; Win64; x64) AppleWebKit/537.36 (KHTML, like Gecko) Chrome/133.0.0.0 Safari/537.36"
97.74.87.194 - - [11/Aug/2026:10:58:27 -0400] "GET /wp-login.php HTTP/1.1" 302 - "https://www.casavalle.vsptdigital.cl/wp-login.php" "Mozilla/5.0 (Windows NT 10.0; Win64; x64) AppleWebKit/537.36 (KHTML, like Gecko) Chrome/133.0.0.0 Safari/537.36"
97.74.87.194 - - [11/Aug/2026:10:58:27 -0400] "GET /wp-login.php HTTP/1.1" 302 - "https://www.casavalle.vsptdigital.cl/wp-login.php" "Mozilla/5.0 (Windows NT 10.0; Win64; x64) AppleWebKit/537.36 (KHTML, like Gecko) Chrome/133.0.0.0 Safari/537.36"
97.74.87.194 - - [11/Aug/2026:10:58:29 -0400] "GET /wp-json/wp/v2/users/me HTTP/1.1" 401 88 "-" "Mozilla/5.0 (Windows NT 10.0; Win64; x64) AppleWebKit/537.36 (KHTML, like Gecko) Chrome/133.0.0.0 Safari/537.36"
74.7.242.19 - - [11/Aug/2026:10:58:04 -0400] "GET /?p=16796 HTTP/1.1" 301 - "https://casavalle.vsptdigital.cl/2026/07/15/juegos-gratis-de-tragamonedas-casino/" "Mozilla/5.0 AppleWebKit/537.36 (KHTML, like Gecko; compatible; GPTBot/1.4; +https://openai.com/gptbot)"
74.7.242.19 - - [11/Aug/2026:10:59:09 -0400] "GET /?p=18300 HTTP/1.1" 301 - "https://casavalle.vsptdigital.cl/2026/07/15/juegos-gratis-de-tragamonedas-casino/" "Mozilla/5.0 AppleWebKit/537.36 (KHTML, like Gecko; compatible; GPTBot/1.4; +https://openai.com/gptbot)"
74.7.242.19 - - [11/Aug/2026:10:59:09 -0400] "GET /2026/07/15/como-hacer-para-no-jugar-al-casino/ HTTP/1.1" 200 47652 "https://casavalle.vsptdigital.cl/?p=18300" "Mozilla/5.0 AppleWebKit/537.36 (KHTML, like Gecko; compatible; GPTBot/1.4; +https://openai.com/gptbot)"
74.7.242.19 - - [11/Aug/2026:11:00:10 -0400] "GET /?p=17118 HTTP/1.1" 301 - "https://casavalle.vsptdigital.cl/2026/07/15/juegos-gratis-de-tragamonedas-casino/" "Mozilla/5.0 AppleWebKit/537.36 (KHTML, like Gecko; compatible; GPTBot/1.4; +https://openai.com/gptbot)"
74.7.242.19 - - [11/Aug/2026:11:01:16 -0400] "GET /2026/07/15/maquinas-tragamonedas-ultima-generacion-gratis/ HTTP/1.1" 200 47136 "http://casavalle.vsptdigital.cl" "Mozilla/5.0 AppleWebKit/537.36 (KHTML, like Gecko; compatible; GPTBot/1.4; +https://openai.com/gptbot)"
74.7.242.19 - - [11/Aug/2026:11:02:22 -0400] "GET /2026/07/15/juegos-de-casino-gratis-sin-deposito/ HTTP/1.1" 200 46527 "http://casavalle.vsptdigital.cl" "Mozilla/5.0 AppleWebKit/537.36 (KHTML, like Gecko; compatible; GPTBot/1.4; +https://openai.com/gptbot)"
74.7.242.19 - - [11/Aug/2026:11:03:26 -0400] "GET /2026/07/15/juego-de-casino-gratis-sin-descargar/ HTTP/1.1" 200 45991 "http://casavalle.vsptdigital.cl" "Mozilla/5.0 AppleWebKit/537.36 (KHTML, like Gecko; compatible; GPTBot/1.4; +https://openai.com/gptbot)"
192.250.229.214 - - [11/Aug/2026:11:03:57 -0400] "GET /wp-login.php HTTP/1.1" 302 - "-" "Mozilla/5.0 (Windows NT 10.0; Win64; x64) AppleWebKit/537.36 (KHTML, like Gecko) Chrome/133.0.0.0 Safari/537.36"
192.250.229.214 - - [11/Aug/2026:11:03:58 -0400] "GET /wp-login.php HTTP/1.1" 302 - "https://casavalle.vsptdigital.cl/wp-login.php" "Mozilla/5.0 (Windows NT 10.0; Win64; x64) AppleWebKit/537.36 (KHTML, like Gecko) Chrome/133.0.0.0 Safari/537.36"
192.250.229.214 - - [11/Aug/2026:11:03:59 -0400] "GET /wp-login.php HTTP/1.1" 302 - "https://casavalle.vsptdigital.cl/wp-login.php" "Mozilla/5.0 (Windows NT 10.0; Win64; x64) AppleWebKit/537.36 (KHTML, like Gecko) Chrome/133.0.0.0 Safari/537.36"
192.250.229.214 - - [11/Aug/2026:11:03:59 -0400] "GET /wp-login.php HTTP/1.1" 302 - "https://casavalle.vsptdigital.cl/wp-login.php" "Mozilla/5.0 (Windows NT 10.0; Win64; x64) AppleWebKit/537.36 (KHTML, like Gecko) Chrome/133.0.0.0 Safari/537.36"
192.250.229.214 - - [11/Aug/2026:11:04:00 -0400] "GET /wp-login.php HTTP/1.1" 302 - "https://casavalle.vsptdigital.cl/wp-login.php" "Mozilla/5.0 (Windows NT 10.0; Win64; x64) AppleWebKit/537.36 (KHTML, like Gecko) Chrome/133.0.0.0 Safari/537.36"
192.250.229.214 - - [11/Aug/2026:11:04:00 -0400] "GET /wp-login.php HTTP/1.1" 302 - "https://casavalle.vsptdigital.cl/wp-login.php" "Mozilla/5.0 (Windows NT 10.0; Win64; x64) AppleWebKit/537.36 (KHTML, like Gecko) Chrome/133.0.0.0 Safari/537.36"
192.250.229.214 - - [11/Aug/2026:11:04:01 -0400] "GET /wp-login.php HTTP/1.1" 302 - "https://casavalle.vsptdigital.cl/wp-login.php" "Mozilla/5.0 (Windows NT 10.0; Win64; x64) AppleWebKit/537.36 (KHTML, like Gecko) Chrome/133.0.0.0 Safari/537.36"
192.250.229.214 - - [11/Aug/2026:11:04:01 -0400] "GET /wp-login.php HTTP/1.1" 302 - "https://casavalle.vsptdigital.cl/wp-login.php" "Mozilla/5.0 (Windows NT 10.0; Win64; x64) AppleWebKit/537.36 (KHTML, like Gecko) Chrome/133.0.0.0 Safari/537.36"
192.250.229.214 - - [11/Aug/2026:11:04:02 -0400] "GET /wp-login.php HTTP/1.1" 302 - "https://casavalle.vsptdigital.cl/wp-login.php" "Mozilla/5.0 (Windows NT 10.0; Win64; x64) AppleWebKit/537.36 (KHTML, like Gecko) Chrome/133.0.0.0 Safari/537.36"
192.250.229.214 - - [11/Aug/2026:11:04:02 -0400] "GET /wp-login.php HTTP/1.1" 302 - "https://casavalle.vsptdigital.cl/wp-login.php" "Mozilla/5.0 (Windows NT 10.0; Win64; x64) AppleWebKit/537.36 (KHTML, like Gecko) Chrome/133.0.0.0 Safari/537.36"
192.250.229.214 - - [11/Aug/2026:11:04:03 -0400] "GET /wp-json/wp/v2/users/me HTTP/1.1" 401 88 "-" "Mozilla/5.0 (Windows NT 10.0; Win64; x64) AppleWebKit/537.36 (KHTML, like Gecko) Chrome/133.0.0.0 Safari/537.36"
134.255.243.78 - - [11/Aug/2026:11:03:43 -0400] "GET /2026/05/14/wie-spielt-man-im-jahr-2026-in-den-spielbanken-um-echtgeld/ HTTP/1.1" 200 46081 "https://casavalle.vsptdigital.cl/" "Mozilla/5.0 (iPhone; CPU iPhone OS 18_7 like Mac OS X) AppleWebKit/605.1.15 (KHTML, like Gecko) Version/26.4 Mobile/15E148 Safari/604.1"
120.72.98.5 - - [11/Aug/2026:11:04:31 -0400] "GET /wp-login.php HTTP/1.1" 301 - "-" "Mozilla/5.0 (Windows NT 10.0; Win64; x64) AppleWebKit/537.36 (KHTML, like Gecko) Chrome/133.0.0.0 Safari/537.36"
120.72.98.5 - - [11/Aug/2026:11:04:40 -0400] "GET /wp-json/wp/v2/users/me HTTP/1.1" 401 88 "-" "Mozilla/5.0 (Windows NT 10.0; Win64; x64) AppleWebKit/537.36 (KHTML, like Gecko) Chrome/133.0.0.0 Safari/537.36"
74.7.242.19 - - [11/Aug/2026:11:04:29 -0400] "GET /2026/07/15/probabilidades-de-ganar-a-la-ruleta/ HTTP/1.1" 200 47053 "http://casavalle.vsptdigital.cl" "Mozilla/5.0 AppleWebKit/537.36 (KHTML, like Gecko; compatible; GPTBot/1.4; +https://openai.com/gptbot)"
74.7.242.19 - - [11/Aug/2026:11:05:24 -0400] "GET /?p=16698 HTTP/1.1" 301 - "https://casavalle.vsptdigital.cl/?p=16782" "Mozilla/5.0 AppleWebKit/537.36 (KHTML, like Gecko; compatible; GPTBot/1.4; +https://openai.com/gptbot)"
160.250.130.168 - - [11/Aug/2026:11:05:15 -0400] "GET /wp-json/wp/v2/users/me HTTP/1.1" 401 88 "-" "Mozilla/5.0 (Windows NT 10.0; Win64; x64) AppleWebKit/537.36 (KHTML, like Gecko) Chrome/133.0.0.0 Safari/537.36"
74.7.242.19 - - [11/Aug/2026:11:05:24 -0400] "GET /2026/07/15/las-mejores-maquinas-del-casino/ HTTP/1.1" 200 46886 "https://casavalle.vsptdigital.cl/?p=16698" "Mozilla/5.0 AppleWebKit/537.36 (KHTML, like Gecko; compatible; GPTBot/1.4; +https://openai.com/gptbot)"
23.95.237.18 - - [11/Aug/2026:11:06:12 -0400] "GET /2026/07/04/cual-es-el-mejor-casino-en-linea-de-espana/ HTTP/1.1" 200 46528 "https://casavalle.vsptdigital.cl/" "Mozilla/5.0 (Macintosh; Intel Mac OS X 12_5) AppleWebKit/537.36 (KHTML, like Gecko) Chrome/114.0.0.0 Safari/537.36 Edg/114.0.1264.71"
23.95.237.18 - - [11/Aug/2026:11:06:14 -0400] "GET /2026/07/04/cual-es-el-mejor-casino-en-linea-de-espana/ HTTP/1.1" 200 46528 "https://casavalle.vsptdigital.cl/2026/07/04/cual-es-el-mejor-casino-en-linea-de-espana/" "Mozilla/5.0 (Macintosh; Intel Mac OS X 12_5) AppleWebKit/537.36 (KHTML, like Gecko) Chrome/114.0.0.0 Safari/537.36 Edg/114.0.1264.71"
74.7.242.19 - - [11/Aug/2026:11:06:25 -0400] "GET /?p=16678 HTTP/1.1" 301 - "https://casavalle.vsptdigital.cl/?p=16782" "Mozilla/5.0 AppleWebKit/537.36 (KHTML, like Gecko; compatible; GPTBot/1.4; +https://openai.com/gptbot)"
74.7.242.19 - - [11/Aug/2026:11:07:25 -0400] "GET /?p=16762 HTTP/1.1" 301 - "https://casavalle.vsptdigital.cl/?p=16782" "Mozilla/5.0 AppleWebKit/537.36 (KHTML, like Gecko; compatible; GPTBot/1.4; +https://openai.com/gptbot)"
74.7.242.19 - - [11/Aug/2026:11:08:27 -0400] "GET /2026/07/15/como-jugar-black-jack-en-el-casino/ HTTP/1.1" 200 47025 "http://casavalle.vsptdigital.cl" "Mozilla/5.0 AppleWebKit/537.36 (KHTML, like Gecko; compatible; GPTBot/1.4; +https://openai.com/gptbot)"
74.7.242.19 - - [11/Aug/2026:11:09:30 -0400] "GET /2026/07/15/mejor-juego-de-dados-en-criptomonedas/ HTTP/1.1" 200 47170 "http://casavalle.vsptdigital.cl" "Mozilla/5.0 AppleWebKit/537.36 (KHTML, like Gecko; compatible; GPTBot/1.4; +https://openai.com/gptbot)"
74.7.242.19 - - [11/Aug/2026:11:10:32 -0400] "GET /2026/07/15/trucos-para-jugar-ala-ruleta-casino/ HTTP/1.1" 200 46774 "http://casavalle.vsptdigital.cl" "Mozilla/5.0 AppleWebKit/537.36 (KHTML, like Gecko; compatible; GPTBot/1.4; +https://openai.com/gptbot)"
74.7.242.19 - - [11/Aug/2026:11:11:27 -0400] "GET /2026/07/15/mejores-empresas-de-juegos-de-azar/ HTTP/1.1" 200 47124 "http://casavalle.vsptdigital.cl" "Mozilla/5.0 AppleWebKit/537.36 (KHTML, like Gecko; compatible; GPTBot/1.4; +https://openai.com/gptbot)"
74.7.242.19 - - [11/Aug/2026:11:12:29 -0400] "GET /2026/07/15/juega-gratis-a-wish-upon-a-leprechaun-megaways-en-modo-demo/ HTTP/1.1" 200 47916 "http://casavalle.vsptdigital.cl" "Mozilla/5.0 AppleWebKit/537.36 (KHTML, like Gecko; compatible; GPTBot/1.4; +https://openai.com/gptbot)"
74.7.242.19 - - [11/Aug/2026:11:13:34 -0400] "GET /?p=16984 HTTP/1.1" 301 - "https://casavalle.vsptdigital.cl/2026/07/15/juego-de-casino-gratis-sin-descargar/" "Mozilla/5.0 AppleWebKit/537.36 (KHTML, like Gecko; compatible; GPTBot/1.4; +https://openai.com/gptbot)"
129.121.103.155 - - [11/Aug/2026:11:14:00 -0400] "GET /wp-json/wp/v2/users/me HTTP/1.1" 401 88 "-" "Mozilla/5.0 (Windows NT 10.0; Win64; x64) AppleWebKit/537.36 (KHTML, like Gecko) Chrome/133.0.0.0 Safari/537.36"
74.7.242.19 - - [11/Aug/2026:11:13:34 -0400] "GET /2026/07/15/antic-casino-pals-codigo-promocional-y-bonus-code-2026/ HTTP/1.1" 200 47990 "https://casavalle.vsptdigital.cl/?p=16984" "Mozilla/5.0 AppleWebKit/537.36 (KHTML, like Gecko; compatible; GPTBot/1.4; +https://openai.com/gptbot)"
74.7.242.19 - - [11/Aug/2026:11:14:40 -0400] "GET /?p=18384 HTTP/1.1" 301 - "https://casavalle.vsptdigital.cl/2026/07/15/juego-de-casino-gratis-sin-descargar/" "Mozilla/5.0 AppleWebKit/537.36 (KHTML, like Gecko; compatible; GPTBot/1.4; +https://openai.com/gptbot)"
74.7.242.19 - - [11/Aug/2026:11:15:42 -0400] "GET /?p=17975 HTTP/1.1" 301 - "https://casavalle.vsptdigital.cl/2026/07/15/juego-de-casino-gratis-sin-descargar/" "Mozilla/5.0 AppleWebKit/537.36 (KHTML, like Gecko; compatible; GPTBot/1.4; +https://openai.com/gptbot)"
74.7.242.19 - - [11/Aug/2026:11:15:43 -0400] "GET /2026/07/15/tragaperras-online-mysterious-egypt/ HTTP/1.1" 200 46638 "https://casavalle.vsptdigital.cl/?p=17975" "Mozilla/5.0 AppleWebKit/537.36 (KHTML, like Gecko; compatible; GPTBot/1.4; +https://openai.com/gptbot)"
102.165.55.232 - - [11/Aug/2026:11:17:29 -0400] "GET /2026/07/26/logiciel-d-aide-a-la-roulette-pour-ios-en-2026/ HTTP/1.1" 200 47273 "https://casavalle.vsptdigital.cl/" "Mozilla/5.0 (Windows NT 10.0; Win64; x64) AppleWebKit/537.36 (KHTML, like Gecko) Chrome/129.0.0.0 Safari/537.36"
74.7.242.19 - - [11/Aug/2026:11:16:47 -0400] "GET /2026/07/15/casino-online-que-acepta-vcreditos/ HTTP/1.1" 200 46356 "http://casavalle.vsptdigital.cl" "Mozilla/5.0 AppleWebKit/537.36 (KHTML, like Gecko; compatible; GPTBot/1.4; +https://openai.com/gptbot)"
102.165.55.232 - - [11/Aug/2026:11:17:37 -0400] "GET /wp-login.php?action=register HTTP/1.1" 404 40829 "https://casavalle.vsptdigital.cl/2026/07/26/logiciel-d-aide-a-la-roulette-pour-ios-en-2026/" "Mozilla/5.0 (Windows NT 6.3; Win64; x64) AppleWebKit/537.36 (KHTML, like Gecko) Chrome/103.0.0.0 Safari/537.36"
102.165.55.232 - - [11/Aug/2026:11:17:40 -0400] "GET /wp-login.php?action=register HTTP/1.1" 404 40829 "https://casavalle.vsptdigital.cl/wp-login.php?action=register" "Mozilla/5.0 (Windows NT 6.3; Win64; x64) AppleWebKit/537.36 (KHTML, like Gecko) Chrome/103.0.0.0 Safari/537.36"
74.7.242.19 - - [11/Aug/2026:11:17:53 -0400] "GET /2026/07/15/juegos-de-casino-gratis-tragamonedas-con-bonus-gratis/ HTTP/1.1" 200 47159 "http://casavalle.vsptdigital.cl" "Mozilla/5.0 AppleWebKit/537.36 (KHTML, like Gecko; compatible; GPTBot/1.4; +https://openai.com/gptbot)"
103.57.223.70 - - [11/Aug/2026:11:19:35 -0400] "GET /wp-login.php HTTP/1.1" 301 - "-" "Mozilla/5.0 (Windows NT 10.0; Win64; x64) AppleWebKit/537.36 (KHTML, like Gecko) Chrome/133.0.0.0 Safari/537.36"
103.57.223.70 - - [11/Aug/2026:11:19:37 -0400] "GET /wp-login.php HTTP/1.1" 302 - "https://www.casavalle.vsptdigital.cl/wp-login.php" "Mozilla/5.0 (Windows NT 10.0; Win64; x64) AppleWebKit/537.36 (KHTML, like Gecko) Chrome/133.0.0.0 Safari/537.36"
103.57.223.70 - - [11/Aug/2026:11:19:38 -0400] "GET /wp-login.php HTTP/1.1" 302 - "https://www.casavalle.vsptdigital.cl/wp-login.php" "Mozilla/5.0 (Windows NT 10.0; Win64; x64) AppleWebKit/537.36 (KHTML, like Gecko) Chrome/133.0.0.0 Safari/537.36"
103.57.223.70 - - [11/Aug/2026:11:19:39 -0400] "GET /wp-login.php HTTP/1.1" 302 - "https://www.casavalle.vsptdigital.cl/wp-login.php" "Mozilla/5.0 (Windows NT 10.0; Win64; x64) AppleWebKit/537.36 (KHTML, like Gecko) Chrome/133.0.0.0 Safari/537.36"
