85.208.96.210 - - [11/Aug/2026:20:12:13 -0400] "GET /2026/07/15/los-mejores-juegos-de-casinos/ HTTP/1.1" 200 45855 "-" "Mozilla/5.0 (compatible; SemrushBot/7~bl; +http://www.semrush.com/bot.html)"
85.208.96.204 - - [11/Aug/2026:20:12:55 -0400] "GET /2026/01/30/bonos-sin-deposito-casino-2026/ HTTP/1.1" 200 46635 "-" "Mozilla/5.0 (compatible; SemrushBot/7~bl; +http://www.semrush.com/bot.html)"
74.7.227.147 - - [11/Aug/2026:20:13:21 -0400] "GET /2026/01/30/como-ser-vendedor-de-fichas-de-casino-online/ HTTP/1.1" 200 48364 "http://casavalle.vsptdigital.cl" "Mozilla/5.0 AppleWebKit/537.36 (KHTML, like Gecko; compatible; GPTBot/1.4; +https://openai.com/gptbot)"
185.191.171.14 - - [11/Aug/2026:20:13:42 -0400] "GET /2026/01/30/gran-casino-las-palmas/ HTTP/1.1" 200 47013 "-" "Mozilla/5.0 (compatible; SemrushBot/7~bl; +http://www.semrush.com/bot.html)"
162.214.211.238 - - [11/Aug/2026:20:14:29 -0400] "GET /wp-json/wp/v2/users/me HTTP/1.1" 401 88 "-" "Mozilla/5.0 (Windows NT 10.0; Win64; x64) AppleWebKit/537.36 (KHTML, like Gecko) Chrome/133.0.0.0 Safari/537.36"
74.7.227.147 - - [11/Aug/2026:20:14:17 -0400] "GET /2026/07/15/descargar-gratis-juego-de-maquina-tragamonedas/ HTTP/1.1" 200 47006 "http://casavalle.vsptdigital.cl" "Mozilla/5.0 AppleWebKit/537.36 (KHTML, like Gecko; compatible; GPTBot/1.4; +https://openai.com/gptbot)"
162.214.211.238 - - [11/Aug/2026:20:14:19 -0400] "GET /wp-login.php HTTP/1.1" 301 - "-" "Mozilla/5.0 (Windows NT 10.0; Win64; x64) AppleWebKit/537.36 (KHTML, like Gecko) Chrome/133.0.0.0 Safari/537.36"
185.191.171.5 - - [11/Aug/2026:20:14:25 -0400] "GET /2026/07/15/juegos-de-casino-bono-sin-dep%C3%B3sito/ HTTP/1.1" 200 46797 "-" "Mozilla/5.0 (compatible; SemrushBot/7~bl; +http://www.semrush.com/bot.html)"
185.191.171.19 - - [11/Aug/2026:20:15:07 -0400] "GET /2026/01/30/valores-de-las-cartas-del-blackjack/ HTTP/1.1" 200 47439 "-" "Mozilla/5.0 (compatible; SemrushBot/7~bl; +http://www.semrush.com/bot.html)"
74.7.227.147 - - [11/Aug/2026:20:15:18 -0400] "GET /2026/07/15/juegos-de-casino-gratis-tragamonedas-mas-nuevas/ HTTP/1.1" 200 46520 "http://casavalle.vsptdigital.cl" "Mozilla/5.0 AppleWebKit/537.36 (KHTML, like Gecko; compatible; GPTBot/1.4; +https://openai.com/gptbot)"
185.191.171.8 - - [11/Aug/2026:20:15:50 -0400] "GET /2026/01/30/apuestas-ruleta-como-se-juega/ HTTP/1.1" 200 46703 "-" "Mozilla/5.0 (compatible; SemrushBot/7~bl; +http://www.semrush.com/bot.html)"
74.7.227.147 - - [11/Aug/2026:20:16:23 -0400] "GET /2026/07/15/se-puede-contar-cartas-en-los-casinos/ HTTP/1.1" 200 46947 "http://casavalle.vsptdigital.cl" "Mozilla/5.0 AppleWebKit/537.36 (KHTML, like Gecko; compatible; GPTBot/1.4; +https://openai.com/gptbot)"
185.191.171.11 - - [11/Aug/2026:20:16:32 -0400] "GET /2026/01/30/jugar-tragamonedas-gratis-las-mas-nuevas/ HTTP/1.1" 200 47694 "-" "Mozilla/5.0 (compatible; SemrushBot/7~bl; +http://www.semrush.com/bot.html)"
185.191.171.6 - - [11/Aug/2026:20:17:14 -0400] "GET /2026/07/15/juegos-de-casinos-tragamonedas-mas-nuevos/ HTTP/1.1" 200 46905 "-" "Mozilla/5.0 (compatible; SemrushBot/7~bl; +http://www.semrush.com/bot.html)"
74.7.227.147 - - [11/Aug/2026:20:17:24 -0400] "GET /2026/07/15/descargar-juego-de-blackjack-para-pc/ HTTP/1.1" 200 46996 "http://casavalle.vsptdigital.cl" "Mozilla/5.0 AppleWebKit/537.36 (KHTML, like Gecko; compatible; GPTBot/1.4; +https://openai.com/gptbot)"
185.191.171.10 - - [11/Aug/2026:20:17:57 -0400] "GET /2026/07/15/juegos-de-tragaperrasgratis/ HTTP/1.1" 200 47704 "-" "Mozilla/5.0 (compatible; SemrushBot/7~bl; +http://www.semrush.com/bot.html)"
74.7.227.147 - - [11/Aug/2026:20:18:29 -0400] "GET /2026/01/30/juegos-de-ruleta-gratis-sin-registrarse/ HTTP/1.1" 200 46829 "http://casavalle.vsptdigital.cl" "Mozilla/5.0 AppleWebKit/537.36 (KHTML, like Gecko; compatible; GPTBot/1.4; +https://openai.com/gptbot)"
185.191.171.8 - - [11/Aug/2026:20:18:39 -0400] "GET /2026/01/30/estrategia-de-apuestas-blackjack/ HTTP/1.1" 200 47115 "-" "Mozilla/5.0 (compatible; SemrushBot/7~bl; +http://www.semrush.com/bot.html)"
185.191.171.16 - - [11/Aug/2026:20:19:22 -0400] "GET /2026/01/30/juega-gratis-a-multihand-blackjack-en-modo-demo/ HTTP/1.1" 200 47995 "-" "Mozilla/5.0 (compatible; SemrushBot/7~bl; +http://www.semrush.com/bot.html)"
74.7.227.147 - - [11/Aug/2026:20:19:30 -0400] "GET /2026/07/15/jugar-gratis-juegos-de-casino-tragamonedas/ HTTP/1.1" 200 47336 "http://casavalle.vsptdigital.cl" "Mozilla/5.0 AppleWebKit/537.36 (KHTML, like Gecko; compatible; GPTBot/1.4; +https://openai.com/gptbot)"
185.191.171.17 - - [11/Aug/2026:20:20:04 -0400] "GET /2026/01/30/casino-santa-fe-noticias/ HTTP/1.1" 200 45902 "-" "Mozilla/5.0 (compatible; SemrushBot/7~bl; +http://www.semrush.com/bot.html)"
74.7.227.147 - - [11/Aug/2026:20:20:34 -0400] "GET /2026/01/30/juegos-de-tragaperras-gratis-sin-descargar/ HTTP/1.1" 200 46126 "http://casavalle.vsptdigital.cl" "Mozilla/5.0 AppleWebKit/537.36 (KHTML, like Gecko; compatible; GPTBot/1.4; +https://openai.com/gptbot)"
185.191.171.1 - - [11/Aug/2026:20:20:46 -0400] "GET /2026/01/30/casino-online-apuesta-real/ HTTP/1.1" 200 47712 "-" "Mozilla/5.0 (compatible; SemrushBot/7~bl; +http://www.semrush.com/bot.html)"
209.50.191.134 - - [11/Aug/2026:20:21:31 -0400] "GET /2026/07/04/cual-es-el-mejor-casino-en-linea-de-espana/ HTTP/1.1" 200 46528 "https://casavalle.vsptdigital.cl/" "Mozilla/5.0 (Macintosh; Intel Mac OS X 10_15_7) AppleWebKit/537.36 (KHTML, like Gecko) Chrome/129.0.0.0 Safari/537.36"
104.207.55.218 - - [11/Aug/2026:20:21:34 -0400] "GET /wp-login.php?action=register HTTP/1.1" 404 40829 "https://casavalle.vsptdigital.cl/2026/07/04/cual-es-el-mejor-casino-en-linea-de-espana/" "Mozilla/5.0 (Windows NT 6.3; Win64; x64) AppleWebKit/537.36 (KHTML, like Gecko) Chrome/103.0.0.0 Safari/537.36"
65.111.5.20 - - [11/Aug/2026:20:21:37 -0400] "GET /wp-login.php?action=register HTTP/1.1" 404 40829 "https://casavalle.vsptdigital.cl/wp-login.php?action=register" "Mozilla/5.0 (Windows NT 6.3; Win64; x64) AppleWebKit/537.36 (KHTML, like Gecko) Chrome/103.0.0.0 Safari/537.36"
216.26.234.144 - - [11/Aug/2026:20:21:39 -0400] "GET /wp-content/plugins/contact-form-7/includes/css/styles.css?ver=6.0.1 HTTP/1.1" 200 2894 "https://casavalle.vsptdigital.cl/wp-login.php?action=register" "Mozilla/5.0 (Windows NT 10.0; Win64; x64) AppleWebKit/537.36 (KHTML, like Gecko) Chrome/149.0.0.0 Safari/537.36"
209.50.160.40 - - [11/Aug/2026:20:21:40 -0400] "GET /wp-content/themes/hello-elementor/style.min.css?ver=3.1.1 HTTP/1.1" 200 5501 "https://casavalle.vsptdigital.cl/wp-login.php?action=register" "Mozilla/5.0 (Windows NT 10.0; Win64; x64) AppleWebKit/537.36 (KHTML, like Gecko) Chrome/149.0.0.0 Safari/537.36"
104.207.61.165 - - [11/Aug/2026:20:21:41 -0400] "GET /wp-content/themes/hello-elementor/theme.min.css?ver=3.1.1 HTTP/1.1" 200 5146 "https://casavalle.vsptdigital.cl/wp-login.php?action=register" "Mozilla/5.0 (Windows NT 10.0; Win64; x64) AppleWebKit/537.36 (KHTML, like Gecko) Chrome/149.0.0.0 Safari/537.36"
216.26.255.183 - - [11/Aug/2026:20:21:45 -0400] "GET /wp-content/themes/hello-elementor/header-footer.min.css?ver=3.1.1 HTTP/1.1" 200 7212 "https://casavalle.vsptdigital.cl/wp-login.php?action=register" "Mozilla/5.0 (Windows NT 10.0; Win64; x64) AppleWebKit/537.36 (KHTML, like Gecko) Chrome/149.0.0.0 Safari/537.36"
216.26.229.178 - - [11/Aug/2026:20:21:46 -0400] "GET /wp-content/plugins/elementor/assets/css/frontend.min.css?ver=3.25.11 HTTP/1.1" 200 60575 "https://casavalle.vsptdigital.cl/wp-login.php?action=register" "Mozilla/5.0 (Windows NT 10.0; Win64; x64) AppleWebKit/537.36 (KHTML, like Gecko) Chrome/149.0.0.0 Safari/537.36"
216.26.249.96 - - [11/Aug/2026:20:21:48 -0400] "GET /wp-content/uploads/elementor/css/post-5.css?ver=1734010644 HTTP/1.1" 200 1230 "https://casavalle.vsptdigital.cl/wp-login.php?action=register" "Mozilla/5.0 (Windows NT 10.0; Win64; x64) AppleWebKit/537.36 (KHTML, like Gecko) Chrome/149.0.0.0 Safari/537.36"
216.73.217.110 - - [11/Aug/2026:20:21:49 -0400] "GET /robots.txt HTTP/1.1" 200 148 "-" "Mozilla/5.0 AppleWebKit/537.36 (KHTML, like Gecko; compatible; ClaudeBot/1.0; +claudebot@anthropic.com)"
209.50.172.127 - - [11/Aug/2026:20:21:49 -0400] "GET /wp-content/plugins/elementor/assets/lib/eicons/css/elementor-icons.min.css?ver=5.34.0 HTTP/1.1" 200 20060 "https://casavalle.vsptdigital.cl/wp-login.php?action=register" "Mozilla/5.0 (Windows NT 10.0; Win64; x64) AppleWebKit/537.36 (KHTML, like Gecko) Chrome/149.0.0.0 Safari/537.36"
216.73.217.110 - - [11/Aug/2026:20:21:49 -0400] "GET /2026/07/04/deposito-multibanco-en-la-Ruleta-En-linea-espana/ HTTP/1.1" 200 47220 "-" "Mozilla/5.0 AppleWebKit/537.36 (KHTML, like Gecko; compatible; ClaudeBot/1.0; +claudebot@anthropic.com)"
65.111.20.0 - - [11/Aug/2026:20:21:51 -0400] "GET /wp-content/plugins/elementor/assets/lib/swiper/v8/css/swiper.min.css?ver=8.4.5 HTTP/1.1" 200 16471 "https://casavalle.vsptdigital.cl/wp-login.php?action=register" "Mozilla/5.0 (Windows NT 10.0; Win64; x64) AppleWebKit/537.36 (KHTML, like Gecko) Chrome/149.0.0.0 Safari/537.36"
65.111.30.188 - - [11/Aug/2026:20:21:52 -0400] "GET /wp-content/plugins/elementor/assets/css/conditionals/e-swiper.min.css?ver=3.25.11 HTTP/1.1" 200 10260 "https://casavalle.vsptdigital.cl/wp-login.php?action=register" "Mozilla/5.0 (Windows NT 10.0; Win64; x64) AppleWebKit/537.36 (KHTML, like Gecko) Chrome/149.0.0.0 Safari/537.36"
65.111.5.211 - - [11/Aug/2026:20:21:54 -0400] "GET /wp-content/plugins/elementor-pro/assets/css/frontend.min.css?ver=3.7.1 HTTP/1.1" 200 480945 "https://casavalle.vsptdigital.cl/wp-login.php?action=register" "Mozilla/5.0 (Windows NT 10.0; Win64; x64) AppleWebKit/537.36 (KHTML, like Gecko) Chrome/149.0.0.0 Safari/537.36"
104.207.57.36 - - [11/Aug/2026:20:22:01 -0400] "GET /wp-content/uploads/elementor/css/post-35.css?ver=1734010644 HTTP/1.1" 200 5018 "https://casavalle.vsptdigital.cl/wp-login.php?action=register" "Mozilla/5.0 (Windows NT 10.0; Win64; x64) AppleWebKit/537.36 (KHTML, like Gecko) Chrome/149.0.0.0 Safari/537.36"
216.26.230.0 - - [11/Aug/2026:20:22:02 -0400] "GET /wp-content/uploads/pum/pum-site-styles.css?generated=1734010667&ver=1.20.3 HTTP/1.1" 200 17449 "https://casavalle.vsptdigital.cl/wp-login.php?action=register" "Mozilla/5.0 (Windows NT 10.0; Win64; x64) AppleWebKit/537.36 (KHTML, like Gecko) Chrome/149.0.0.0 Safari/537.36"
209.50.169.5 - - [11/Aug/2026:20:22:06 -0400] "GET /wp-content/plugins/elementor/assets/css/widget-image.min.css?ver=3.25.11 HTTP/1.1" 200 254 "https://casavalle.vsptdigital.cl/wp-login.php?action=register" "Mozilla/5.0 (Windows NT 10.0; Win64; x64) AppleWebKit/537.36 (KHTML, like Gecko) Chrome/149.0.0.0 Safari/537.36"
104.207.47.22 - - [11/Aug/2026:20:22:07 -0400] "GET /wp-content/plugins/elementor/assets/lib/animations/styles/fadeInRight.min.css?ver=3.25.11 HTTP/1.1" 200 139 "https://casavalle.vsptdigital.cl/wp-login.php?action=register" "Mozilla/5.0 (Windows NT 10.0; Win64; x64) AppleWebKit/537.36 (KHTML, like Gecko) Chrome/149.0.0.0 Safari/537.36"
85.208.96.193 - - [11/Aug/2026:20:21:28 -0400] "GET /2026/01/30/juegos-de-maquinas-tragamonedas-para-jugar-gratis/ HTTP/1.1" 200 46445 "-" "Mozilla/5.0 (compatible; SemrushBot/7~bl; +http://www.semrush.com/bot.html)"
65.111.5.180 - - [11/Aug/2026:20:22:09 -0400] "GET /wp-content/plugins/elementor/assets/css/widget-heading.min.css?ver=3.25.11 HTTP/1.1" 200 600 "https://casavalle.vsptdigital.cl/wp-login.php?action=register" "Mozilla/5.0 (Windows NT 10.0; Win64; x64) AppleWebKit/537.36 (KHTML, like Gecko) Chrome/149.0.0.0 Safari/537.36"
74.7.227.147 - - [11/Aug/2026:20:21:36 -0400] "GET /2026/07/15/juegos-de-maquinas-de-bingo-gratis-casino/ HTTP/1.1" 200 46221 "http://casavalle.vsptdigital.cl" "Mozilla/5.0 AppleWebKit/537.36 (KHTML, like Gecko; compatible; GPTBot/1.4; +https://openai.com/gptbot)"
85.208.96.205 - - [11/Aug/2026:20:22:10 -0400] "GET /2026/01/30/tragaperras-online-casanova/ HTTP/1.1" 200 46494 "-" "Mozilla/5.0 (compatible; SemrushBot/7~bl; +http://www.semrush.com/bot.html)"
74.7.227.147 - - [11/Aug/2026:20:22:37 -0400] "GET /2026/01/30/maspalomas-casino-codigo-promocional-y-bonus-code/ HTTP/1.1" 200 47288 "http://casavalle.vsptdigital.cl" "Mozilla/5.0 AppleWebKit/537.36 (KHTML, like Gecko; compatible; GPTBot/1.4; +https://openai.com/gptbot)"
185.191.171.4 - - [11/Aug/2026:20:22:52 -0400] "GET /2026/01/30/juegos-ruleta-casino-gratis/ HTTP/1.1" 200 47590 "-" "Mozilla/5.0 (compatible; SemrushBot/7~bl; +http://www.semrush.com/bot.html)"
74.7.227.147 - - [11/Aug/2026:20:23:38 -0400] "GET /?p=16849 HTTP/1.1" 301 - "https://casavalle.vsptdigital.cl/2026/07/15/tirada-gratis-de-juegos-tragamonedas-en-pragmatic-play-casino/" "Mozilla/5.0 AppleWebKit/537.36 (KHTML, like Gecko; compatible; GPTBot/1.4; +https://openai.com/gptbot)"
185.191.171.4 - - [11/Aug/2026:20:23:34 -0400] "GET /2026/01/30/vulkanvegas-casino-es-2026-review/ HTTP/1.1" 200 46346 "-" "Mozilla/5.0 (compatible; SemrushBot/7~bl; +http://www.semrush.com/bot.html)"
74.7.227.147 - - [11/Aug/2026:20:23:39 -0400] "GET /2026/07/15/como-jugar-al-paloma-bet-casino/ HTTP/1.1" 200 46354 "https://casavalle.vsptdigital.cl/?p=16849" "Mozilla/5.0 AppleWebKit/537.36 (KHTML, like Gecko; compatible; GPTBot/1.4; +https://openai.com/gptbot)"
45.92.108.143 - - [11/Aug/2026:20:24:34 -0400] "GET /wp-login.php HTTP/1.1" 302 - "-" "Mozilla/5.0 (Windows NT 10.0; Win64; x64) AppleWebKit/537.36 (KHTML, like Gecko) Chrome/133.0.0.0 Safari/537.36"
45.92.108.143 - - [11/Aug/2026:20:24:35 -0400] "GET /wp-login.php HTTP/1.1" 302 - "https://casavalle.vsptdigital.cl/wp-login.php" "Mozilla/5.0 (Windows NT 10.0; Win64; x64) AppleWebKit/537.36 (KHTML, like Gecko) Chrome/133.0.0.0 Safari/537.36"
45.92.108.143 - - [11/Aug/2026:20:24:35 -0400] "GET /wp-login.php HTTP/1.1" 302 - "https://casavalle.vsptdigital.cl/wp-login.php" "Mozilla/5.0 (Windows NT 10.0; Win64; x64) AppleWebKit/537.36 (KHTML, like Gecko) Chrome/133.0.0.0 Safari/537.36"
45.92.108.143 - - [11/Aug/2026:20:24:36 -0400] "GET /wp-login.php HTTP/1.1" 302 - "https://casavalle.vsptdigital.cl/wp-login.php" "Mozilla/5.0 (Windows NT 10.0; Win64; x64) AppleWebKit/537.36 (KHTML, like Gecko) Chrome/133.0.0.0 Safari/537.36"
45.92.108.143 - - [11/Aug/2026:20:24:36 -0400] "GET /wp-login.php HTTP/1.1" 302 - "https://casavalle.vsptdigital.cl/wp-login.php" "Mozilla/5.0 (Windows NT 10.0; Win64; x64) AppleWebKit/537.36 (KHTML, like Gecko) Chrome/133.0.0.0 Safari/537.36"
45.92.108.143 - - [11/Aug/2026:20:24:37 -0400] "GET /wp-login.php HTTP/1.1" 302 - "https://casavalle.vsptdigital.cl/wp-login.php" "Mozilla/5.0 (Windows NT 10.0; Win64; x64) AppleWebKit/537.36 (KHTML, like Gecko) Chrome/133.0.0.0 Safari/537.36"
45.92.108.143 - - [11/Aug/2026:20:24:37 -0400] "GET /wp-login.php HTTP/1.1" 302 - "https://casavalle.vsptdigital.cl/wp-login.php" "Mozilla/5.0 (Windows NT 10.0; Win64; x64) AppleWebKit/537.36 (KHTML, like Gecko) Chrome/133.0.0.0 Safari/537.36"
45.92.108.143 - - [11/Aug/2026:20:24:37 -0400] "GET /wp-login.php HTTP/1.1" 302 - "https://casavalle.vsptdigital.cl/wp-login.php" "Mozilla/5.0 (Windows NT 10.0; Win64; x64) AppleWebKit/537.36 (KHTML, like Gecko) Chrome/133.0.0.0 Safari/537.36"
45.92.108.143 - - [11/Aug/2026:20:24:38 -0400] "GET /wp-login.php HTTP/1.1" 302 - "https://casavalle.vsptdigital.cl/wp-login.php" "Mozilla/5.0 (Windows NT 10.0; Win64; x64) AppleWebKit/537.36 (KHTML, like Gecko) Chrome/133.0.0.0 Safari/537.36"
45.92.108.143 - - [11/Aug/2026:20:24:38 -0400] "GET /wp-login.php HTTP/1.1" 302 - "https://casavalle.vsptdigital.cl/wp-login.php" "Mozilla/5.0 (Windows NT 10.0; Win64; x64) AppleWebKit/537.36 (KHTML, like Gecko) Chrome/133.0.0.0 Safari/537.36"
74.7.227.147 - - [11/Aug/2026:20:24:42 -0400] "GET /?p=17306 HTTP/1.1" 301 - "https://casavalle.vsptdigital.cl/2026/07/15/tirada-gratis-de-juegos-tragamonedas-en-pragmatic-play-casino/" "Mozilla/5.0 AppleWebKit/537.36 (KHTML, like Gecko; compatible; GPTBot/1.4; +https://openai.com/gptbot)"
85.208.96.202 - - [11/Aug/2026:20:24:15 -0400] "GET /2026/01/30/juego-de-blackjack-en-l%C3%ADnea/ HTTP/1.1" 200 46843 "-" "Mozilla/5.0 (compatible; SemrushBot/7~bl; +http://www.semrush.com/bot.html)"
74.7.227.147 - - [11/Aug/2026:20:24:42 -0400] "GET /2026/07/15/metodos-para-ruleta/ HTTP/1.1" 200 46796 "https://casavalle.vsptdigital.cl/?p=17306" "Mozilla/5.0 AppleWebKit/537.36 (KHTML, like Gecko; compatible; GPTBot/1.4; +https://openai.com/gptbot)"
85.208.96.209 - - [11/Aug/2026:20:24:57 -0400] "GET /2026/01/30/juego-de-casinos-gratis-sin-descargar/ HTTP/1.1" 200 47141 "-" "Mozilla/5.0 (compatible; SemrushBot/7~bl; +http://www.semrush.com/bot.html)"
74.7.227.147 - - [11/Aug/2026:20:25:43 -0400] "GET /?p=18264 HTTP/1.1" 301 - "https://casavalle.vsptdigital.cl/2026/07/15/tirada-gratis-de-juegos-tragamonedas-en-pragmatic-play-casino/" "Mozilla/5.0 AppleWebKit/537.36 (KHTML, like Gecko; compatible; GPTBot/1.4; +https://openai.com/gptbot)"
85.208.96.206 - - [11/Aug/2026:20:25:39 -0400] "GET /2026/01/30/como-ganar-en-casinos-online/ HTTP/1.1" 200 47030 "-" "Mozilla/5.0 (compatible; SemrushBot/7~bl; +http://www.semrush.com/bot.html)"
165.99.14.168 - - [11/Aug/2026:20:26:44 -0400] "GET /2026/07/26/logiciel-d-aide-a-la-roulette-pour-ios-en-2026/ HTTP/1.1" 200 47273 "https://casavalle.vsptdigital.cl/" "Mozilla/5.0 (Windows NT 10.0; Win64; x64) AppleWebKit/537.36 (KHTML, like Gecko) Chrome/120.0.0.0 Safari/537.36"
165.99.14.168 - - [11/Aug/2026:20:26:46 -0400] "GET /2026/07/26/logiciel-d-aide-a-la-roulette-pour-ios-en-2026/ HTTP/1.1" 200 47273 "https://casavalle.vsptdigital.cl/2026/07/26/logiciel-d-aide-a-la-roulette-pour-ios-en-2026/" "Mozilla/5.0 (Windows NT 10.0; Win64; x64) AppleWebKit/537.36 (KHTML, like Gecko) Chrome/120.0.0.0 Safari/537.36"
74.7.227.147 - - [11/Aug/2026:20:26:46 -0400] "GET /?p=17017 HTTP/1.1" 301 - "https://casavalle.vsptdigital.cl/2026/07/15/tirada-gratis-de-juegos-tragamonedas-en-pragmatic-play-casino/" "Mozilla/5.0 AppleWebKit/537.36 (KHTML, like Gecko; compatible; GPTBot/1.4; +https://openai.com/gptbot)"
185.191.171.2 - - [11/Aug/2026:20:26:37 -0400] "GET /2026/01/30/maquinas-traganiquel-juegos-gratis/ HTTP/1.1" 200 46504 "-" "Mozilla/5.0 (compatible; SemrushBot/7~bl; +http://www.semrush.com/bot.html)"
74.7.227.147 - - [11/Aug/2026:20:26:47 -0400] "GET /2026/07/15/m%C3%A1quinas-de-casino-tragamonedas/ HTTP/1.1" 200 46671 "https://casavalle.vsptdigital.cl/?p=17017" "Mozilla/5.0 AppleWebKit/537.36 (KHTML, like Gecko; compatible; GPTBot/1.4; +https://openai.com/gptbot)"
74.7.227.147 - - [11/Aug/2026:20:27:44 -0400] "GET /?p=18001 HTTP/1.1" 301 - "https://casavalle.vsptdigital.cl/2026/07/15/tirada-gratis-de-juegos-tragamonedas-en-pragmatic-play-casino/" "Mozilla/5.0 AppleWebKit/537.36 (KHTML, like Gecko; compatible; GPTBot/1.4; +https://openai.com/gptbot)"
85.208.96.212 - - [11/Aug/2026:20:27:19 -0400] "GET /2026/07/15/casino-midas-casino-bono-sin-dep%C3%B3sito-50-giros-gratis-2026/ HTTP/1.1" 200 47747 "-" "Mozilla/5.0 (compatible; SemrushBot/7~bl; +http://www.semrush.com/bot.html)"
74.7.227.147 - - [11/Aug/2026:20:27:45 -0400] "GET /2026/07/15/mejores-combinaciones-para-la-ruleta/ HTTP/1.1" 200 47108 "https://casavalle.vsptdigital.cl/?p=18001" "Mozilla/5.0 AppleWebKit/537.36 (KHTML, like Gecko; compatible; GPTBot/1.4; +https://openai.com/gptbot)"
85.208.96.209 - - [11/Aug/2026:20:28:06 -0400] "GET /2026/01/30/ruleta-numeros-del-1-al-26/ HTTP/1.1" 200 46496 "-" "Mozilla/5.0 (compatible; SemrushBot/7~bl; +http://www.semrush.com/bot.html)"
129.121.121.186 - - [11/Aug/2026:20:28:59 -0400] "GET /wp-json/wp/v2/users/me HTTP/1.1" 401 88 "-" "Mozilla/5.0 (Windows NT 10.0; Win64; x64) AppleWebKit/537.36 (KHTML, like Gecko) Chrome/133.0.0.0 Safari/537.36"
185.191.171.5 - - [11/Aug/2026:20:28:47 -0400] "GET /2026/01/30/como-ganar-a-un-casino-en-el-blackjack/ HTTP/1.1" 200 46377 "-" "Mozilla/5.0 (compatible; SemrushBot/7~bl; +http://www.semrush.com/bot.html)"
129.121.121.186 - - [11/Aug/2026:20:28:50 -0400] "GET /wp-login.php HTTP/1.1" 302 - "-" "Mozilla/5.0 (Windows NT 10.0; Win64; x64) AppleWebKit/537.36 (KHTML, like Gecko) Chrome/133.0.0.0 Safari/537.36"
74.7.227.147 - - [11/Aug/2026:20:28:50 -0400] "GET /2026/07/15/como-hacer-para-ganar-en-las-maquinas-tragamonedas/ HTTP/1.1" 200 46630 "http://casavalle.vsptdigital.cl" "Mozilla/5.0 AppleWebKit/537.36 (KHTML, like Gecko; compatible; GPTBot/1.4; +https://openai.com/gptbot)"
136.119.35.120 - - [11/Aug/2026:20:29:41 -0400] "GET /wp-json/wp/v2/posts/18458 HTTP/1.1" 200 6788 "-" "Mozilla/5.0 (Macintosh; Intel Mac OS X 10_15_7) AppleWebKit/537.36 (KHTML, like Gecko) Chrome/120.0.0.0 Safari/537.36"
185.191.171.15 - - [11/Aug/2026:20:29:34 -0400] "GET /2026/01/30/numeros-de-la-ruleta/ HTTP/1.1" 200 46900 "-" "Mozilla/5.0 (compatible; SemrushBot/7~bl; +http://www.semrush.com/bot.html)"
74.7.227.147 - - [11/Aug/2026:20:29:54 -0400] "GET /2026/07/15/casinos-en-santo-domingo-de-los-tsachilas/ HTTP/1.1" 200 46803 "http://casavalle.vsptdigital.cl" "Mozilla/5.0 AppleWebKit/537.36 (KHTML, like Gecko; compatible; GPTBot/1.4; +https://openai.com/gptbot)"
85.208.96.212 - - [11/Aug/2026:20:30:16 -0400] "GET /2026/01/30/como-jugar-al-winer-casino/ HTTP/1.1" 200 46955 "-" "Mozilla/5.0 (compatible; SemrushBot/7~bl; +http://www.semrush.com/bot.html)"
185.191.171.2 - - [11/Aug/2026:20:30:57 -0400] "GET /2026/07/15/ruleta-francesa-simulador/ HTTP/1.1" 200 45878 "-" "Mozilla/5.0 (compatible; SemrushBot/7~bl; +http://www.semrush.com/bot.html)"
74.7.227.147 - - [11/Aug/2026:20:30:58 -0400] "GET /2026/01/30/tragamonedas-en-cripto-con-grandes-premios/ HTTP/1.1" 200 47684 "http://casavalle.vsptdigital.cl" "Mozilla/5.0 AppleWebKit/537.36 (KHTML, like Gecko; compatible; GPTBot/1.4; +https://openai.com/gptbot)"
185.191.171.6 - - [11/Aug/2026:20:31:44 -0400] "GET /2026/01/30/nombres-de-juegos-de-casinos/ HTTP/1.1" 200 47180 "-" "Mozilla/5.0 (compatible; SemrushBot/7~bl; +http://www.semrush.com/bot.html)"
74.7.227.147 - - [11/Aug/2026:20:32:04 -0400] "GET /2026/07/15/jugar-ala-ruleta-gratis-sin-descargar-ni-registrarse/ HTTP/1.1" 200 47649 "http://casavalle.vsptdigital.cl" "Mozilla/5.0 AppleWebKit/537.36 (KHTML, like Gecko; compatible; GPTBot/1.4; +https://openai.com/gptbot)"
191.101.110.22 - - [11/Aug/2026:20:32:50 -0400] "GET / HTTP/1.1" 200 67650 "-" "Mozilla/5.0 (Windows NT 10.0; Win64; x64) AppleWebKit/537.36 (KHTML, like Gecko) Chrome/133.0.0.0 Safari/537.36 OPR/118.0.0.0"
185.191.171.9 - - [11/Aug/2026:20:32:52 -0400] "GET /robots.txt HTTP/1.1" 200 148 "-" "Mozilla/5.0 (compatible; SemrushBot/7~bl; +http://www.semrush.com/bot.html)"
191.101.110.22 - - [11/Aug/2026:20:32:59 -0400] "GET /wp-login.php?action=register HTTP/1.1" 404 40829 "https://casavalle.vsptdigital.cl/" "Mozilla/5.0 (Windows NT 6.3; Win64; x64) AppleWebKit/537.36 (KHTML, like Gecko) Chrome/103.0.0.0 Safari/537.36"
191.101.110.22 - - [11/Aug/2026:20:33:01 -0400] "GET /wp-login.php?action=register HTTP/1.1" 404 40829 "https://casavalle.vsptdigital.cl/wp-login.php?action=register" "Mozilla/5.0 (Windows NT 6.3; Win64; x64) AppleWebKit/537.36 (KHTML, like Gecko) Chrome/103.0.0.0 Safari/537.36"
191.101.110.22 - - [11/Aug/2026:20:33:04 -0400] "GET /wp-content/plugins/contact-form-7/includes/css/styles.css?ver=6.0.1 HTTP/1.1" 200 2894 "https://casavalle.vsptdigital.cl/wp-login.php?action=register" "Mozilla/5.0 (Windows NT 10.0; Win64; x64) AppleWebKit/537.36 (KHTML, like Gecko) Chrome/149.0.0.0 Safari/537.36"
191.101.110.22 - - [11/Aug/2026:20:33:05 -0400] "GET /wp-content/themes/hello-elementor/style.min.css?ver=3.1.1 HTTP/1.1" 200 5501 "https://casavalle.vsptdigital.cl/wp-login.php?action=register" "Mozilla/5.0 (Windows NT 10.0; Win64; x64) AppleWebKit/537.36 (KHTML, like Gecko) Chrome/149.0.0.0 Safari/537.36"
185.191.171.7 - - [11/Aug/2026:20:32:25 -0400] "GET /2026/01/30/casinos-con-giros-gratis-por-registro-chile/ HTTP/1.1" 200 47705 "-" "Mozilla/5.0 (compatible; SemrushBot/7~bl; +http://www.semrush.com/bot.html)"
191.101.110.22 - - [11/Aug/2026:20:33:07 -0400] "GET /wp-content/themes/hello-elementor/theme.min.css?ver=3.1.1 HTTP/1.1" 200 5146 "https://casavalle.vsptdigital.cl/wp-login.php?action=register" "Mozilla/5.0 (Windows NT 10.0; Win64; x64) AppleWebKit/537.36 (KHTML, like Gecko) Chrome/149.0.0.0 Safari/537.36"
191.101.110.22 - - [11/Aug/2026:20:33:09 -0400] "GET /wp-content/themes/hello-elementor/header-footer.min.css?ver=3.1.1 HTTP/1.1" 200 7212 "https://casavalle.vsptdigital.cl/wp-login.php?action=register" "Mozilla/5.0 (Windows NT 10.0; Win64; x64) AppleWebKit/537.36 (KHTML, like Gecko) Chrome/149.0.0.0 Safari/537.36"
191.101.110.22 - - [11/Aug/2026:20:33:10 -0400] "GET /wp-content/plugins/elementor/assets/css/frontend.min.css?ver=3.25.11 HTTP/1.1" 200 60575 "https://casavalle.vsptdigital.cl/wp-login.php?action=register" "Mozilla/5.0 (Windows NT 10.0; Win64; x64) AppleWebKit/537.36 (KHTML, like Gecko) Chrome/149.0.0.0 Safari/537.36"
191.101.110.22 - - [11/Aug/2026:20:33:13 -0400] "GET /wp-content/uploads/elementor/css/post-5.css?ver=1734010644 HTTP/1.1" 200 1230 "https://casavalle.vsptdigital.cl/wp-login.php?action=register" "Mozilla/5.0 (Windows NT 10.0; Win64; x64) AppleWebKit/537.36 (KHTML, like Gecko) Chrome/149.0.0.0 Safari/537.36"
191.101.110.22 - - [11/Aug/2026:20:33:14 -0400] "GET /wp-content/plugins/elementor/assets/lib/eicons/css/elementor-icons.min.css?ver=5.34.0 HTTP/1.1" 200 20060 "https://casavalle.vsptdigital.cl/wp-login.php?action=register" "Mozilla/5.0 (Windows NT 10.0; Win64; x64) AppleWebKit/537.36 (KHTML, like Gecko) Chrome/149.0.0.0 Safari/537.36"
191.101.110.22 - - [11/Aug/2026:20:33:16 -0400] "GET /wp-content/plugins/elementor/assets/lib/swiper/v8/css/swiper.min.css?ver=8.4.5 HTTP/1.1" 200 16471 "https://casavalle.vsptdigital.cl/wp-login.php?action=register" "Mozilla/5.0 (Windows NT 10.0; Win64; x64) AppleWebKit/537.36 (KHTML, like Gecko) Chrome/149.0.0.0 Safari/537.36"
191.101.110.22 - - [11/Aug/2026:20:33:18 -0400] "GET /wp-content/plugins/elementor/assets/css/conditionals/e-swiper.min.css?ver=3.25.11 HTTP/1.1" 200 10260 "https://casavalle.vsptdigital.cl/wp-login.php?action=register" "Mozilla/5.0 (Windows NT 10.0; Win64; x64) AppleWebKit/537.36 (KHTML, like Gecko) Chrome/149.0.0.0 Safari/537.36"
191.101.110.22 - - [11/Aug/2026:20:33:20 -0400] "GET /wp-content/plugins/elementor-pro/assets/css/frontend.min.css?ver=3.7.1 HTTP/1.1" 200 480945 "https://casavalle.vsptdigital.cl/wp-login.php?action=register" "Mozilla/5.0 (Windows NT 10.0; Win64; x64) AppleWebKit/537.36 (KHTML, like Gecko) Chrome/149.0.0.0 Safari/537.36"
191.101.110.22 - - [11/Aug/2026:20:33:27 -0400] "GET /wp-content/uploads/elementor/css/post-35.css?ver=1734010644 HTTP/1.1" 200 5018 "https://casavalle.vsptdigital.cl/wp-login.php?action=register" "Mozilla/5.0 (Windows NT 10.0; Win64; x64) AppleWebKit/537.36 (KHTML, like Gecko) Chrome/149.0.0.0 Safari/537.36"
191.101.110.22 - - [11/Aug/2026:20:33:29 -0400] "GET /wp-content/uploads/pum/pum-site-styles.css?generated=1734010667&ver=1.20.3 HTTP/1.1" 200 17449 "https://casavalle.vsptdigital.cl/wp-login.php?action=register" "Mozilla/5.0 (Windows NT 10.0; Win64; x64) AppleWebKit/537.36 (KHTML, like Gecko) Chrome/149.0.0.0 Safari/537.36"
191.101.110.22 - - [11/Aug/2026:20:33:31 -0400] "GET /wp-content/plugins/elementor/assets/css/widget-image.min.css?ver=3.25.11 HTTP/1.1" 200 254 "https://casavalle.vsptdigital.cl/wp-login.php?action=register" "Mozilla/5.0 (Windows NT 10.0; Win64; x64) AppleWebKit/537.36 (KHTML, like Gecko) Chrome/149.0.0.0 Safari/537.36"
191.101.110.22 - - [11/Aug/2026:20:33:33 -0400] "GET /wp-content/plugins/elementor/assets/lib/animations/styles/fadeInRight.min.css?ver=3.25.11 HTTP/1.1" 200 139 "https://casavalle.vsptdigital.cl/wp-login.php?action=register" "Mozilla/5.0 (Windows NT 10.0; Win64; x64) AppleWebKit/537.36 (KHTML, like Gecko) Chrome/149.0.0.0 Safari/537.36"
191.101.110.22 - - [11/Aug/2026:20:33:34 -0400] "GET /wp-content/plugins/elementor/assets/css/widget-heading.min.css?ver=3.25.11 HTTP/1.1" 200 600 "https://casavalle.vsptdigital.cl/wp-login.php?action=register" "Mozilla/5.0 (Windows NT 10.0; Win64; x64) AppleWebKit/537.36 (KHTML, like Gecko) Chrome/149.0.0.0 Safari/537.36"
74.7.227.147 - - [11/Aug/2026:20:33:04 -0400] "GET /2026/07/15/jugar-slots-gratis-sin-descargar-y-sin-registro/ HTTP/1.1" 200 46660 "http://casavalle.vsptdigital.cl" "Mozilla/5.0 AppleWebKit/537.36 (KHTML, like Gecko; compatible; GPTBot/1.4; +https://openai.com/gptbot)"
85.208.96.194 - - [11/Aug/2026:20:33:07 -0400] "GET /2026/01/30/numeros-que-mas-juegan-en-la-ruleta/ HTTP/1.1" 200 47154 "-" "Mozilla/5.0 (compatible; SemrushBot/7~bl; +http://www.semrush.com/bot.html)"
85.208.96.201 - - [11/Aug/2026:20:33:54 -0400] "GET /2026/07/15/jugar-power-of-gods-hades-gratis/ HTTP/1.1" 200 47045 "-" "Mozilla/5.0 (compatible; SemrushBot/7~bl; +http://www.semrush.com/bot.html)"
74.7.227.147 - - [11/Aug/2026:20:34:09 -0400] "GET /2026/07/15/juegos-de-tragamonedas-mas-nuevas-gratis/ HTTP/1.1" 200 48062 "http://casavalle.vsptdigital.cl" "Mozilla/5.0 AppleWebKit/537.36 (KHTML, like Gecko; compatible; GPTBot/1.4; +https://openai.com/gptbot)"
185.191.171.18 - - [11/Aug/2026:20:34:36 -0400] "GET /2026/01/30/juegos-de-casino-tragamonedas-con-bonus-gratis/ HTTP/1.1" 200 46801 "-" "Mozilla/5.0 (compatible; SemrushBot/7~bl; +http://www.semrush.com/bot.html)"
74.7.227.147 - - [11/Aug/2026:20:35:14 -0400] "GET /2026/07/15/cuales-son-las-reglas-de-la-ruleta/ HTTP/1.1" 200 47342 "http://casavalle.vsptdigital.cl" "Mozilla/5.0 AppleWebKit/537.36 (KHTML, like Gecko; compatible; GPTBot/1.4; +https://openai.com/gptbot)"
185.191.171.13 - - [11/Aug/2026:20:35:27 -0400] "GET /2026/07/15/jugar-bushido-ways-gratis/ HTTP/1.1" 200 46833 "-" "Mozilla/5.0 (compatible; SemrushBot/7~bl; +http://www.semrush.com/bot.html)"
185.191.171.14 - - [11/Aug/2026:20:36:09 -0400] "GET /2026/01/30/tragamonedas-en-l%C3%ADnea-en-crypto-slots/ HTTP/1.1" 200 46672 "-" "Mozilla/5.0 (compatible; SemrushBot/7~bl; +http://www.semrush.com/bot.html)"
74.7.227.147 - - [11/Aug/2026:20:36:15 -0400] "GET /2026/07/15/alcala-casino-codigo-promocional-y-bonus-code/ HTTP/1.1" 200 47546 "http://casavalle.vsptdigital.cl" "Mozilla/5.0 AppleWebKit/537.36 (KHTML, like Gecko; compatible; GPTBot/1.4; +https://openai.com/gptbot)"
74.7.227.147 - - [11/Aug/2026:20:37:16 -0400] "GET /2026/07/15/caracteristicas-de-las-maquinas-tragamonedas/ HTTP/1.1" 200 47318 "http://casavalle.vsptdigital.cl" "Mozilla/5.0 AppleWebKit/537.36 (KHTML, like Gecko; compatible; GPTBot/1.4; +https://openai.com/gptbot)"
85.208.96.199 - - [11/Aug/2026:20:36:51 -0400] "GET /2026/01/30/la-ruleta-casino-juego/ HTTP/1.1" 200 46771 "-" "Mozilla/5.0 (compatible; SemrushBot/7~bl; +http://www.semrush.com/bot.html)"
185.191.171.6 - - [11/Aug/2026:20:37:33 -0400] "GET /2026/01/30/es-un-juego-de-cartas-propio-de-los-casinos/ HTTP/1.1" 200 47631 "-" "Mozilla/5.0 (compatible; SemrushBot/7~bl; +http://www.semrush.com/bot.html)"
85.208.96.211 - - [11/Aug/2026:20:38:20 -0400] "GET /2026/07/15/gente-jugando-al-bingo/ HTTP/1.1" 200 46817 "-" "Mozilla/5.0 (compatible; SemrushBot/7~bl; +http://www.semrush.com/bot.html)"
74.7.227.147 - - [11/Aug/2026:20:38:17 -0400] "GET /2026/07/15/cuales-son-los-mejores-casinos-de-mexico/ HTTP/1.1" 200 46901 "http://casavalle.vsptdigital.cl" "Mozilla/5.0 AppleWebKit/537.36 (KHTML, like Gecko; compatible; GPTBot/1.4; +https://openai.com/gptbot)"
185.191.171.13 - - [11/Aug/2026:20:39:02 -0400] "GET /2026/07/15/descargar-juego-ruleta-para-pc/ HTTP/1.1" 200 47057 "-" "Mozilla/5.0 (compatible; SemrushBot/7~bl; +http://www.semrush.com/bot.html)"
74.7.227.147 - - [11/Aug/2026:20:39:14 -0400] "GET /2026/07/15/como-jugar-al-bolsa-de-trabajo-casino/ HTTP/1.1" 200 46850 "http://casavalle.vsptdigital.cl" "Mozilla/5.0 AppleWebKit/537.36 (KHTML, like Gecko; compatible; GPTBot/1.4; +https://openai.com/gptbot)"
164.52.218.210 - - [11/Aug/2026:20:40:28 -0400] "GET /wp-login.php HTTP/1.1" 301 - "-" "Mozilla/5.0 (Windows NT 10.0; Win64; x64) AppleWebKit/537.36 (KHTML, like Gecko) Chrome/133.0.0.0 Safari/537.36"
185.191.171.7 - - [11/Aug/2026:20:39:49 -0400] "GET /2026/01/30/juego-de-casino-para-android-en-espa%C3%B1ol/ HTTP/1.1" 200 47718 "-" "Mozilla/5.0 (compatible; SemrushBot/7~bl; +http://www.semrush.com/bot.html)"
164.52.218.210 - - [11/Aug/2026:20:40:29 -0400] "GET /wp-login.php HTTP/1.1" 302 - "https://www.casavalle.vsptdigital.cl/wp-login.php" "Mozilla/5.0 (Windows NT 10.0; Win64; x64) AppleWebKit/537.36 (KHTML, like Gecko) Chrome/133.0.0.0 Safari/537.36"
164.52.218.210 - - [11/Aug/2026:20:40:30 -0400] "GET /wp-login.php HTTP/1.1" 302 - "https://www.casavalle.vsptdigital.cl/wp-login.php" "Mozilla/5.0 (Windows NT 10.0; Win64; x64) AppleWebKit/537.36 (KHTML, like Gecko) Chrome/133.0.0.0 Safari/537.36"
164.52.218.210 - - [11/Aug/2026:20:40:31 -0400] "GET /wp-login.php HTTP/1.1" 302 - "https://www.casavalle.vsptdigital.cl/wp-login.php" "Mozilla/5.0 (Windows NT 10.0; Win64; x64) AppleWebKit/537.36 (KHTML, like Gecko) Chrome/133.0.0.0 Safari/537.36"
164.52.218.210 - - [11/Aug/2026:20:40:32 -0400] "GET /wp-login.php HTTP/1.1" 302 - "https://www.casavalle.vsptdigital.cl/wp-login.php" "Mozilla/5.0 (Windows NT 10.0; Win64; x64) AppleWebKit/537.36 (KHTML, like Gecko) Chrome/133.0.0.0 Safari/537.36"
164.52.218.210 - - [11/Aug/2026:20:40:32 -0400] "GET /wp-login.php HTTP/1.1" 302 - "https://www.casavalle.vsptdigital.cl/wp-login.php" "Mozilla/5.0 (Windows NT 10.0; Win64; x64) AppleWebKit/537.36 (KHTML, like Gecko) Chrome/133.0.0.0 Safari/537.36"
164.52.218.210 - - [11/Aug/2026:20:40:33 -0400] "GET /wp-login.php HTTP/1.1" 302 - "https://www.casavalle.vsptdigital.cl/wp-login.php" "Mozilla/5.0 (Windows NT 10.0; Win64; x64) AppleWebKit/537.36 (KHTML, like Gecko) Chrome/133.0.0.0 Safari/537.36"
164.52.218.210 - - [11/Aug/2026:20:40:34 -0400] "GET /wp-login.php HTTP/1.1" 302 - "https://www.casavalle.vsptdigital.cl/wp-login.php" "Mozilla/5.0 (Windows NT 10.0; Win64; x64) AppleWebKit/537.36 (KHTML, like Gecko) Chrome/133.0.0.0 Safari/537.36"
164.52.218.210 - - [11/Aug/2026:20:40:34 -0400] "GET /wp-login.php HTTP/1.1" 302 - "https://www.casavalle.vsptdigital.cl/wp-login.php" "Mozilla/5.0 (Windows NT 10.0; Win64; x64) AppleWebKit/537.36 (KHTML, like Gecko) Chrome/133.0.0.0 Safari/537.36"
164.52.218.210 - - [11/Aug/2026:20:40:35 -0400] "GET /wp-login.php HTTP/1.1" 302 - "https://www.casavalle.vsptdigital.cl/wp-login.php" "Mozilla/5.0 (Windows NT 10.0; Win64; x64) AppleWebKit/537.36 (KHTML, like Gecko) Chrome/133.0.0.0 Safari/537.36"
164.52.218.210 - - [11/Aug/2026:20:40:37 -0400] "GET /wp-json/wp/v2/users/me HTTP/1.1" 401 88 "-" "Mozilla/5.0 (Windows NT 10.0; Win64; x64) AppleWebKit/537.36 (KHTML, like Gecko) Chrome/133.0.0.0 Safari/537.36"
74.7.227.147 - - [11/Aug/2026:20:40:19 -0400] "GET /2026/07/15/jugar-gratis-a-las-tragamonedas-sin-descarga/ HTTP/1.1" 200 46819 "http://casavalle.vsptdigital.cl" "Mozilla/5.0 AppleWebKit/537.36 (KHTML, like Gecko; compatible; GPTBot/1.4; +https://openai.com/gptbot)"
85.208.96.205 - - [11/Aug/2026:20:40:31 -0400] "GET /2026/07/15/jugar-sizzling-777-gratis/ HTTP/1.1" 200 47543 "-" "Mozilla/5.0 (compatible; SemrushBot/7~bl; +http://www.semrush.com/bot.html)"
74.7.227.147 - - [11/Aug/2026:20:41:22 -0400] "GET /2026/07/15/juegos-de-casino-gratis-el-payaso/ HTTP/1.1" 200 46641 "http://casavalle.vsptdigital.cl" "Mozilla/5.0 AppleWebKit/537.36 (KHTML, like Gecko; compatible; GPTBot/1.4; +https://openai.com/gptbot)"
185.191.171.7 - - [11/Aug/2026:20:41:17 -0400] "GET /2026/07/15/como-ganar-en-los-casinos-tragamonedas/ HTTP/1.1" 200 47181 "-" "Mozilla/5.0 (compatible; SemrushBot/7~bl; +http://www.semrush.com/bot.html)"
54.216.39.230 - - [11/Aug/2026:20:42:32 -0400] "GET / HTTP/1.0" 200 67650 "-" "Mozilla/5.0 (compatible; NetcraftSurveyAgent/1.0; +info@netcraft.com)"
85.208.96.206 - - [11/Aug/2026:20:41:59 -0400] "GET /2026/01/30/como-ganar-tragaperras/ HTTP/1.1" 200 46634 "-" "Mozilla/5.0 (compatible; SemrushBot/7~bl; +http://www.semrush.com/bot.html)"
74.7.227.147 - - [11/Aug/2026:20:42:26 -0400] "GET /2026/07/15/juego-gratis-de-casinos-tragamonedas/ HTTP/1.1" 200 46573 "http://casavalle.vsptdigital.cl" "Mozilla/5.0 AppleWebKit/537.36 (KHTML, like Gecko; compatible; GPTBot/1.4; +https://openai.com/gptbot)"
185.191.171.2 - - [11/Aug/2026:20:42:40 -0400] "GET /2026/01/30/ruleta-de-oficios/ HTTP/1.1" 200 45971 "-" "Mozilla/5.0 (compatible; SemrushBot/7~bl; +http://www.semrush.com/bot.html)"
74.7.227.147 - - [11/Aug/2026:20:43:21 -0400] "GET /2026/07/15/bono-gratis-sin-deposito-tragamonedas/ HTTP/1.1" 200 46234 "http://casavalle.vsptdigital.cl" "Mozilla/5.0 AppleWebKit/537.36 (KHTML, like Gecko; compatible; GPTBot/1.4; +https://openai.com/gptbot)"
185.191.171.6 - - [11/Aug/2026:20:43:27 -0400] "GET /2026/01/30/apps-de-casino-para-ganar-dinero-real/ HTTP/1.1" 200 47313 "-" "Mozilla/5.0 (compatible; SemrushBot/7~bl; +http://www.semrush.com/bot.html)"
85.208.96.205 - - [11/Aug/2026:20:44:09 -0400] "GET /2026/01/30/probabilidad-de-ganar-blackjack/ HTTP/1.1" 200 46965 "-" "Mozilla/5.0 (compatible; SemrushBot/7~bl; +http://www.semrush.com/bot.html)"
74.7.227.147 - - [11/Aug/2026:20:44:27 -0400] "GET /2026/07/15/como-aprender-a-jugar-maquinas-de-casino/ HTTP/1.1" 200 47028 "http://casavalle.vsptdigital.cl" "Mozilla/5.0 AppleWebKit/537.36 (KHTML, like Gecko; compatible; GPTBot/1.4; +https://openai.com/gptbot)"
85.208.96.207 - - [11/Aug/2026:20:44:56 -0400] "GET /2026/01/30/mercadopago-casino-codigo-promocional-y-bonus-code-2026/ HTTP/1.1" 200 47867 "-" "Mozilla/5.0 (compatible; SemrushBot/7~bl; +http://www.semrush.com/bot.html)"
74.7.227.147 - - [11/Aug/2026:20:45:29 -0400] "GET /2026/07/15/tragamonedas-modernas-gratis-sin-descargar/ HTTP/1.1" 200 48131 "http://casavalle.vsptdigital.cl" "Mozilla/5.0 AppleWebKit/537.36 (KHTML, like Gecko; compatible; GPTBot/1.4; +https://openai.com/gptbot)"
185.191.171.8 - - [11/Aug/2026:20:45:38 -0400] "GET /2026/01/30/que-juego-de-casino-te-da-mas-dinero/ HTTP/1.1" 200 47464 "-" "Mozilla/5.0 (compatible; SemrushBot/7~bl; +http://www.semrush.com/bot.html)"
69.6.213.81 - - [11/Aug/2026:20:46:50 -0400] "GET /wp-login.php HTTP/1.1" 302 - "-" "Mozilla/5.0 (Windows NT 10.0; Win64; x64) AppleWebKit/537.36 (KHTML, like Gecko) Chrome/133.0.0.0 Safari/537.36"
185.191.171.2 - - [11/Aug/2026:20:46:19 -0400] "GET /2026/07/15/juegos-de-casino-para-jugar-gratis-ruleta/ HTTP/1.1" 200 46426 "-" "Mozilla/5.0 (compatible; SemrushBot/7~bl; +http://www.semrush.com/bot.html)"
74.7.227.147 - - [11/Aug/2026:20:46:32 -0400] "GET /2026/07/15/jugar-ruleta-europea-gratis-sin-descargar/ HTTP/1.1" 200 46813 "http://casavalle.vsptdigital.cl" "Mozilla/5.0 AppleWebKit/537.36 (KHTML, like Gecko; compatible; GPTBot/1.4; +https://openai.com/gptbot)"
85.208.96.203 - - [11/Aug/2026:20:47:01 -0400] "GET /2026/07/15/rtp-tragamonedas/ HTTP/1.1" 200 47252 "-" "Mozilla/5.0 (compatible; SemrushBot/7~bl; +http://www.semrush.com/bot.html)"
74.7.227.147 - - [11/Aug/2026:20:47:37 -0400] "GET /2026/07/15/nombres-de-juegos-de-tragamonedas/ HTTP/1.1" 200 46933 "http://casavalle.vsptdigital.cl" "Mozilla/5.0 AppleWebKit/537.36 (KHTML, like Gecko; compatible; GPTBot/1.4; +https://openai.com/gptbot)"
185.191.171.3 - - [11/Aug/2026:20:47:48 -0400] "GET /2026/01/30/como-sacarle-dinero-ala-maquinita-tragamonedas/ HTTP/1.1" 200 47159 "-" "Mozilla/5.0 (compatible; SemrushBot/7~bl; +http://www.semrush.com/bot.html)"
74.7.227.147 - - [11/Aug/2026:20:48:38 -0400] "GET /?p=17398 HTTP/1.1" 301 - "https://casavalle.vsptdigital.cl/2026/07/15/caracteristicas-de-las-maquinas-tragamonedas/" "Mozilla/5.0 AppleWebKit/537.36 (KHTML, like Gecko; compatible; GPTBot/1.4; +https://openai.com/gptbot)"
185.191.171.4 - - [11/Aug/2026:20:48:29 -0400] "GET /2026/01/30/ruleta-con-bitcoin-y-opci%C3%B3n-de-apuesta-autom%C3%A1tica/ HTTP/1.1" 200 47417 "-" "Mozilla/5.0 (compatible; SemrushBot/7~bl; +http://www.semrush.com/bot.html)"
74.7.227.147 - - [11/Aug/2026:20:49:39 -0400] "GET /?p=17221 HTTP/1.1" 301 - "https://casavalle.vsptdigital.cl/2026/07/15/caracteristicas-de-las-maquinas-tragamonedas/" "Mozilla/5.0 AppleWebKit/537.36 (KHTML, like Gecko; compatible; GPTBot/1.4; +https://openai.com/gptbot)"
85.208.96.204 - - [11/Aug/2026:20:49:11 -0400] "GET /2026/01/30/mini-casino-buenavista-del-norte/ HTTP/1.1" 200 46644 "-" "Mozilla/5.0 (compatible; SemrushBot/7~bl; +http://www.semrush.com/bot.html)"
188.126.89.86 - - [11/Aug/2026:20:49:57 -0400] "GET /2026/07/07/virtualni-kasino-s-dobrou-sanci-na-vyhru/ HTTP/1.1" 200 45910 "https://casavalle.vsptdigital.cl/" "Mozilla/5.0 (Macintosh; Intel Mac OS X 10_15_7) AppleWebKit/605.1.15 (KHTML, like Gecko) Version/17.5 Safari/605.1.15"
74.7.227.147 - - [11/Aug/2026:20:49:40 -0400] "GET /2026/07/15/10-giros-gratis-da-betano-toda-segunda-feira/ HTTP/1.1" 200 47265 "https://casavalle.vsptdigital.cl/?p=17221" "Mozilla/5.0 AppleWebKit/537.36 (KHTML, like Gecko; compatible; GPTBot/1.4; +https://openai.com/gptbot)"
85.208.96.210 - - [11/Aug/2026:20:49:58 -0400] "GET /2026/01/30/descargar-juego-de-ruleta-europea-gratis/ HTTP/1.1" 200 46020 "-" "Mozilla/5.0 (compatible; SemrushBot/7~bl; +http://www.semrush.com/bot.html)"
74.7.227.147 - - [11/Aug/2026:20:50:35 -0400] "GET /2026/07/15/maquinas-tragamonedas-ultima-generacion-gratis/ HTTP/1.1" 200 47136 "http://casavalle.vsptdigital.cl" "Mozilla/5.0 AppleWebKit/537.36 (KHTML, like Gecko; compatible; GPTBot/1.4; +https://openai.com/gptbot)"
185.191.171.2 - - [11/Aug/2026:20:50:40 -0400] "GET /2026/07/15/jugar-wanted-dear-or-a-wild-gratis/ HTTP/1.1" 200 46608 "-" "Mozilla/5.0 (compatible; SemrushBot/7~bl; +http://www.semrush.com/bot.html)"
162.214.184.71 - - [11/Aug/2026:20:52:05 -0400] "GET /wp-json/wp/v2/users/me HTTP/1.1" 401 88 "-" "Mozilla/5.0 (Windows NT 10.0; Win64; x64) AppleWebKit/537.36 (KHTML, like Gecko) Chrome/133.0.0.0 Safari/537.36"
85.208.96.206 - - [11/Aug/2026:20:51:27 -0400] "GET /2026/01/30/merlin-casino-bono-sin-dep%C3%B3sito-50-giros-gratis-2026/ HTTP/1.1" 200 45880 "-" "Mozilla/5.0 (compatible; SemrushBot/7~bl; +http://www.semrush.com/bot.html)"
74.7.227.147 - - [11/Aug/2026:20:51:37 -0400] "GET /2026/07/15/juegos-de-casino-gratis-sin-deposito/ HTTP/1.1" 200 46527 "http://casavalle.vsptdigital.cl" "Mozilla/5.0 AppleWebKit/537.36 (KHTML, like Gecko; compatible; GPTBot/1.4; +https://openai.com/gptbot)"
162.214.184.71 - - [11/Aug/2026:20:51:53 -0400] "GET /wp-login.php HTTP/1.1" 301 - "-" "Mozilla/5.0 (Windows NT 10.0; Win64; x64) AppleWebKit/537.36 (KHTML, like Gecko) Chrome/133.0.0.0 Safari/537.36"
74.7.227.147 - - [11/Aug/2026:20:52:39 -0400] "GET /?p=17920 HTTP/1.1" 301 - "https://casavalle.vsptdigital.cl/2026/07/15/juegos-de-casino-gratis-el-payaso/" "Mozilla/5.0 AppleWebKit/537.36 (KHTML, like Gecko; compatible; GPTBot/1.4; +https://openai.com/gptbot)"
198.204.240.42 - - [11/Aug/2026:20:52:45 -0400] "GET / HTTP/1.1" 200 67650 "-" "Mozilla/5.0 (Windows NT 10.0; Win64; x64) AppleWebKit/537.36 (KHTML, like Gecko) Chrome/131.0.0.0 Safari/537.36"
198.204.240.42 - - [11/Aug/2026:20:52:46 -0400] "GET / HTTP/1.1" 200 67650 "-" "Mozilla/5.0 (compatible; Googlebot/2.1; +http://www.google.com/bot.html)"
198.204.240.42 - - [11/Aug/2026:20:52:47 -0400] "GET /?params=1 HTTP/1.1" 200 67659 "-" "Mozilla/5.0 (Windows NT 10.0; Win64; x64) AppleWebKit/537.36 (KHTML, like Gecko) Chrome/131.0.0.0 Safari/537.36"
85.208.96.194 - - [11/Aug/2026:20:52:09 -0400] "GET /2026/01/30/bono-sin-dep%C3%B3sito-en-casino-con-eth/ HTTP/1.1" 200 48191 "-" "Mozilla/5.0 (compatible; SemrushBot/7~bl; +http://www.semrush.com/bot.html)"
85.208.96.205 - - [11/Aug/2026:20:52:55 -0400] "GET /2026/01/30/como-jugar-al-jet-casino/ HTTP/1.1" 200 47072 "-" "Mozilla/5.0 (compatible; SemrushBot/7~bl; +http://www.semrush.com/bot.html)"
185.191.171.11 - - [11/Aug/2026:20:52:58 -0400] "GET /2026/01/30/que-d%C3%ADas-pagan-los-casinos/ HTTP/1.1" 200 46545 "-" "Mozilla/5.0 (compatible; SemrushBot/7~bl; +http://www.semrush.com/bot.html)"
185.191.171.14 - - [11/Aug/2026:20:52:59 -0400] "GET /2026/01/30/crear-casino-bono-sin-dep%C3%B3sito-50-giros-gratis-2026/ HTTP/1.1" 200 47247 "-" "Mozilla/5.0 (compatible; SemrushBot/7~bl; +http://www.semrush.com/bot.html)"
185.191.171.6 - - [11/Aug/2026:20:53:01 -0400] "GET /2026/07/15/juegos-de-ruleta-americana-gratis/ HTTP/1.1" 200 46244 "-" "Mozilla/5.0 (compatible; SemrushBot/7~bl; +http://www.semrush.com/bot.html)"
185.191.171.5 - - [11/Aug/2026:20:53:03 -0400] "GET /2026/07/15/ruleta-de-numeros-al-azar-del-1-al-50/ HTTP/1.1" 200 46852 "-" "Mozilla/5.0 (compatible; SemrushBot/7~bl; +http://www.semrush.com/bot.html)"
185.191.171.6 - - [11/Aug/2026:20:53:06 -0400] "GET /2026/01/30/el-mejor-juego-de-casino-de-betano/ HTTP/1.1" 200 45621 "-" "Mozilla/5.0 (compatible; SemrushBot/7~bl; +http://www.semrush.com/bot.html)"
85.208.96.210 - - [11/Aug/2026:20:53:08 -0400] "GET /2026/07/15/jugando-maquinitas-tragamonedas/ HTTP/1.1" 200 46977 "-" "Mozilla/5.0 (compatible; SemrushBot/7~bl; +http://www.semrush.com/bot.html)"
185.191.171.6 - - [11/Aug/2026:20:53:12 -0400] "GET /2026/07/15/juegos-en-casinos/ HTTP/1.1" 200 47626 "-" "Mozilla/5.0 (compatible; SemrushBot/7~bl; +http://www.semrush.com/bot.html)"
185.191.171.19 - - [11/Aug/2026:20:53:15 -0400] "GET /2026/01/30/como-jugar-al-colonial-casino/ HTTP/1.1" 200 46184 "-" "Mozilla/5.0 (compatible; SemrushBot/7~bl; +http://www.semrush.com/bot.html)"
185.191.171.13 - - [11/Aug/2026:20:53:17 -0400] "GET /2026/01/30/descargar-la-ruleta-americana/ HTTP/1.1" 200 47355 "-" "Mozilla/5.0 (compatible; SemrushBot/7~bl; +http://www.semrush.com/bot.html)"
74.7.227.147 - - [11/Aug/2026:20:52:39 -0400] "GET /2026/07/15/casinos-benidorm/ HTTP/1.1" 200 47214 "https://casavalle.vsptdigital.cl/?p=17920" "Mozilla/5.0 AppleWebKit/537.36 (KHTML, like Gecko; compatible; GPTBot/1.4; +https://openai.com/gptbot)"
185.191.171.2 - - [11/Aug/2026:20:53:21 -0400] "GET /2026/01/30/bono-sin-dep%C3%B3sito-en-casino-cripto-2026/ HTTP/1.1" 200 46937 "-" "Mozilla/5.0 (compatible; SemrushBot/7~bl; +http://www.semrush.com/bot.html)"
74.7.227.147 - - [11/Aug/2026:20:53:40 -0400] "GET /?p=18354 HTTP/1.1" 301 - "https://casavalle.vsptdigital.cl/2026/07/15/juegos-de-casino-gratis-el-payaso/" "Mozilla/5.0 AppleWebKit/537.36 (KHTML, like Gecko; compatible; GPTBot/1.4; +https://openai.com/gptbot)"
85.208.96.209 - - [11/Aug/2026:20:53:23 -0400] "GET /2026/01/30/jugar-texan-tycoon-gratis/ HTTP/1.1" 200 46638 "-" "Mozilla/5.0 (compatible; SemrushBot/7~bl; +http://www.semrush.com/bot.html)"
185.191.171.16 - - [11/Aug/2026:20:54:23 -0400] "GET /robots.txt HTTP/1.1" 200 148 "-" "Mozilla/5.0 (compatible; SemrushBot/7~bl; +http://www.semrush.com/bot.html)"
68.183.22.192 - - [11/Aug/2026:20:54:39 -0400] "GET /wp-login.php HTTP/1.1" 301 - "-" "Mozilla/5.0 (Windows NT 10.0; Win64; x64) AppleWebKit/537.36 (KHTML, like Gecko) Chrome/133.0.0.0 Safari/537.36"
68.183.22.192 - - [11/Aug/2026:20:54:40 -0400] "GET /wp-login.php HTTP/1.1" 302 - "https://www.casavalle.vsptdigital.cl/wp-login.php" "Mozilla/5.0 (Windows NT 10.0; Win64; x64) AppleWebKit/537.36 (KHTML, like Gecko) Chrome/133.0.0.0 Safari/537.36"
68.183.22.192 - - [11/Aug/2026:20:54:41 -0400] "GET /wp-login.php HTTP/1.1" 302 - "https://www.casavalle.vsptdigital.cl/wp-login.php" "Mozilla/5.0 (Windows NT 10.0; Win64; x64) AppleWebKit/537.36 (KHTML, like Gecko) Chrome/133.0.0.0 Safari/537.36"
68.183.22.192 - - [11/Aug/2026:20:54:41 -0400] "GET /wp-login.php HTTP/1.1" 302 - "https://www.casavalle.vsptdigital.cl/wp-login.php" "Mozilla/5.0 (Windows NT 10.0; Win64; x64) AppleWebKit/537.36 (KHTML, like Gecko) Chrome/133.0.0.0 Safari/537.36"
68.183.22.192 - - [11/Aug/2026:20:54:42 -0400] "GET /wp-login.php HTTP/1.1" 302 - "https://www.casavalle.vsptdigital.cl/wp-login.php" "Mozilla/5.0 (Windows NT 10.0; Win64; x64) AppleWebKit/537.36 (KHTML, like Gecko) Chrome/133.0.0.0 Safari/537.36"
68.183.22.192 - - [11/Aug/2026:20:54:42 -0400] "GET /wp-login.php HTTP/1.1" 302 - "https://www.casavalle.vsptdigital.cl/wp-login.php" "Mozilla/5.0 (Windows NT 10.0; Win64; x64) AppleWebKit/537.36 (KHTML, like Gecko) Chrome/133.0.0.0 Safari/537.36"
68.183.22.192 - - [11/Aug/2026:20:54:43 -0400] "GET /wp-login.php HTTP/1.1" 302 - "https://www.casavalle.vsptdigital.cl/wp-login.php" "Mozilla/5.0 (Windows NT 10.0; Win64; x64) AppleWebKit/537.36 (KHTML, like Gecko) Chrome/133.0.0.0 Safari/537.36"
68.183.22.192 - - [11/Aug/2026:20:54:43 -0400] "GET /wp-login.php HTTP/1.1" 302 - "https://www.casavalle.vsptdigital.cl/wp-login.php" "Mozilla/5.0 (Windows NT 10.0; Win64; x64) AppleWebKit/537.36 (KHTML, like Gecko) Chrome/133.0.0.0 Safari/537.36"
68.183.22.192 - - [11/Aug/2026:20:54:43 -0400] "GET /wp-login.php HTTP/1.1" 302 - "https://www.casavalle.vsptdigital.cl/wp-login.php" "Mozilla/5.0 (Windows NT 10.0; Win64; x64) AppleWebKit/537.36 (KHTML, like Gecko) Chrome/133.0.0.0 Safari/537.36"
68.183.22.192 - - [11/Aug/2026:20:54:44 -0400] "GET /wp-login.php HTTP/1.1" 302 - "https://www.casavalle.vsptdigital.cl/wp-login.php" "Mozilla/5.0 (Windows NT 10.0; Win64; x64) AppleWebKit/537.36 (KHTML, like Gecko) Chrome/133.0.0.0 Safari/537.36"
68.183.22.192 - - [11/Aug/2026:20:54:45 -0400] "GET /wp-json/wp/v2/users/me HTTP/1.1" 401 88 "-" "Mozilla/5.0 (Windows NT 10.0; Win64; x64) AppleWebKit/537.36 (KHTML, like Gecko) Chrome/133.0.0.0 Safari/537.36"
74.7.227.147 - - [11/Aug/2026:20:54:46 -0400] "GET /?p=17364 HTTP/1.1" 301 - "https://casavalle.vsptdigital.cl/2026/07/15/juegos-de-casino-gratis-el-payaso/" "Mozilla/5.0 AppleWebKit/537.36 (KHTML, like Gecko; compatible; GPTBot/1.4; +https://openai.com/gptbot)"
185.191.171.19 - - [11/Aug/2026:20:54:09 -0400] "GET /2026/01/30/casinos-de-manzanillo/ HTTP/1.1" 200 46930 "-" "Mozilla/5.0 (compatible; SemrushBot/7~bl; +http://www.semrush.com/bot.html)"
94.237.125.240 - - [11/Aug/2026:20:55:21 -0400] "GET /wp-login.php HTTP/1.1" 302 - "-" "Mozilla/5.0 (Windows NT 10.0; Win64; x64) AppleWebKit/537.36 (KHTML, like Gecko) Chrome/133.0.0.0 Safari/537.36"
94.237.125.240 - - [11/Aug/2026:20:55:22 -0400] "GET /wp-login.php HTTP/1.1" 302 - "https://casavalle.vsptdigital.cl/wp-login.php" "Mozilla/5.0 (Windows NT 10.0; Win64; x64) AppleWebKit/537.36 (KHTML, like Gecko) Chrome/133.0.0.0 Safari/537.36"
