Server : Apache
System : Linux vps-1289444.devslamantis.cl 3.10.0-1160.139.1.el7.tuxcare.els2.x86_64 #1 SMP Mon Nov 3 13:30:41 UTC 2025 x86_64
User : vspt ( 1013)
PHP Version : 7.4.33
Disable Function : NONE
Directory :  /home/vspt/access-logs/

Upload File :
current_dir [ Writeable ] document_root [ Writeable ]


Current File : /home/vspt/access-logs/casavalle.vsptdigital.cl-ssl_log
74.7.242.19 - - [11/Aug/2026:08:16:13 -0400] "GET /?p=17783 HTTP/1.1" 301 - "https://casavalle.vsptdigital.cl/2026/07/15/juego-de-maquinas-de-videojuegos/" "Mozilla/5.0 AppleWebKit/537.36 (KHTML, like Gecko; compatible; GPTBot/1.4; +https://openai.com/gptbot)"
188.126.89.58 - - [11/Aug/2026:08:16:20 -0400] "GET /2026/07/15/juegos-de-maquina-tragaperras-en-linea-para-jugar-ahora/ HTTP/1.1" 200 46651 "https://casavalle.vsptdigital.cl/" "Mozilla/5.0 (Windows NT 10.0; Win64; x64) AppleWebKit/537.36 (KHTML, like Gecko) Chrome/134.0.0.0 Safari/537.36 Edg/134.0.0.0"
188.126.89.58 - - [11/Aug/2026:08:15:38 -0400] "GET /2026/07/15/juegos-de-maquina-tragaperras-en-linea-para-jugar-ahora/ HTTP/1.1" 200 46651 "https://casavalle.vsptdigital.cl/" "Mozilla/5.0 (Windows NT 10.0; Win64; x64) AppleWebKit/537.36 (KHTML, like Gecko) Chrome/134.0.0.0 Safari/537.36 Edg/134.0.0.0"
74.7.242.19 - - [11/Aug/2026:08:16:13 -0400] "GET /2026/07/15/tragaperras-online-monopoly-megaways/ HTTP/1.1" 200 47729 "https://casavalle.vsptdigital.cl/?p=17783" "Mozilla/5.0 AppleWebKit/537.36 (KHTML, like Gecko; compatible; GPTBot/1.4; +https://openai.com/gptbot)"
165.101.18.192 - - [11/Aug/2026:08:17:24 -0400] "GET /2026/05/14/wie-spielt-man-im-jahr-2026-in-den-spielbanken-um-echtgeld/ HTTP/1.1" 200 46081 "https://casavalle.vsptdigital.cl/" "Mozilla/5.0 (Macintosh; Intel Mac OS X 10_15_7) AppleWebKit/537.36 (KHTML, like Gecko) Chrome/130.0.0.0 Safari/537.36"
165.101.18.192 - - [11/Aug/2026:08:17:26 -0400] "GET /2026/05/14/wie-spielt-man-im-jahr-2026-in-den-spielbanken-um-echtgeld/ HTTP/1.1" 200 46081 "https://casavalle.vsptdigital.cl/2026/05/14/wie-spielt-man-im-jahr-2026-in-den-spielbanken-um-echtgeld/" "Mozilla/5.0 (Macintosh; Intel Mac OS X 10_15_7) AppleWebKit/537.36 (KHTML, like Gecko) Chrome/130.0.0.0 Safari/537.36"
74.7.242.19 - - [11/Aug/2026:08:17:10 -0400] "GET /?p=17821 HTTP/1.1" 301 - "https://casavalle.vsptdigital.cl/2026/07/15/juego-de-maquinas-de-videojuegos/" "Mozilla/5.0 AppleWebKit/537.36 (KHTML, like Gecko; compatible; GPTBot/1.4; +https://openai.com/gptbot)"
172.86.76.182 - - [11/Aug/2026:08:18:03 -0400] "GET /2026/05/14/wie-spielt-man-im-jahr-2026-in-den-spielbanken-um-echtgeld/ HTTP/1.1" 200 46081 "https://casavalle.vsptdigital.cl/" "Mozilla/5.0 (X11; Linux x86_64) AppleWebKit/537.36 (KHTML, like Gecko) Chrome/125.0.0.0 Safari/537.36"
172.86.76.182 - - [11/Aug/2026:08:18:06 -0400] "GET /2026/05/14/wie-spielt-man-im-jahr-2026-in-den-spielbanken-um-echtgeld/ HTTP/1.1" 200 46081 "https://casavalle.vsptdigital.cl/2026/05/14/wie-spielt-man-im-jahr-2026-in-den-spielbanken-um-echtgeld/" "Mozilla/5.0 (X11; Linux x86_64) AppleWebKit/537.36 (KHTML, like Gecko) Chrome/125.0.0.0 Safari/537.36"
74.7.242.19 - - [11/Aug/2026:08:18:14 -0400] "GET /?p=18351 HTTP/1.1" 301 - "https://casavalle.vsptdigital.cl/2026/07/15/la-ruleta-la-suerte/" "Mozilla/5.0 AppleWebKit/537.36 (KHTML, like Gecko; compatible; GPTBot/1.4; +https://openai.com/gptbot)"
137.155.25.144 - - [11/Aug/2026:08:18:22 -0400] "GET /2026/07/07/slot-casino-juegos-en-es-2026/ HTTP/1.1" 200 46302 "-" "Mozilla/5.0 (Macintosh; Intel Mac OS X 10_15_7) AppleWebKit/537.36 (KHTML, like Gecko) Chrome/146.0.0.0 Safari/537.36"
74.244.109.55 - - [11/Aug/2026:08:18:13 -0400] "GET /2026/07/07/slot-casino-juegos-en-es-2026/ HTTP/1.1" 200 46302 "-" "Mozilla/5.0 (Macintosh; Intel Mac OS X 10_15_7) AppleWebKit/537.36 (KHTML, like Gecko) Chrome/146.0.0.0 Safari/537.36"
27.130.81.74 - - [11/Aug/2026:08:19:35 -0400] "GET /2026/07/04/sitios-web-seguros-de-ruleta-bonos-sin-deposito-en-espanol/ HTTP/1.1" 200 46407 "-" "Mozilla/5.0 (Macintosh; Intel Mac OS X 10_15_7) AppleWebKit/537.36 (KHTML, like Gecko) Chrome/133.0.0.0 Safari/537.36"
74.7.242.19 - - [11/Aug/2026:08:19:17 -0400] "GET /?p=18007 HTTP/1.1" 301 - "https://casavalle.vsptdigital.cl/2026/07/15/la-ruleta-la-suerte/" "Mozilla/5.0 AppleWebKit/537.36 (KHTML, like Gecko; compatible; GPTBot/1.4; +https://openai.com/gptbot)"
74.7.242.19 - - [11/Aug/2026:08:20:11 -0400] "GET /?p=18056 HTTP/1.1" 301 - "https://casavalle.vsptdigital.cl/2026/07/15/estrategia-de-marketing-de-un-casino/" "Mozilla/5.0 AppleWebKit/537.36 (KHTML, like Gecko; compatible; GPTBot/1.4; +https://openai.com/gptbot)"
206.189.35.233 - - [11/Aug/2026:08:20:25 -0400] "GET /2026/07/04/cual-es-el-mejor-casino-en-linea-de-espana/ HTTP/1.1" 200 46528 "https://casavalle.vsptdigital.cl/" "Mozilla/5.0 (Windows NT 10.0; Win64; x64) AppleWebKit/537.36 (KHTML, like Gecko) Chrome/137.0.0.0 Safari/537.36"
206.189.35.233 - - [11/Aug/2026:08:20:27 -0400] "GET /2026/07/04/cual-es-el-mejor-casino-en-linea-de-espana/ HTTP/1.1" 200 46528 "https://casavalle.vsptdigital.cl/2026/07/04/cual-es-el-mejor-casino-en-linea-de-espana/" "Mozilla/5.0 (Windows NT 10.0; Win64; x64) AppleWebKit/537.36 (KHTML, like Gecko) Chrome/137.0.0.0 Safari/537.36"
74.7.242.19 - - [11/Aug/2026:08:21:12 -0400] "GET /?p=17127 HTTP/1.1" 301 - "https://casavalle.vsptdigital.cl/2026/07/15/estrategia-de-marketing-de-un-casino/" "Mozilla/5.0 AppleWebKit/537.36 (KHTML, like Gecko; compatible; GPTBot/1.4; +https://openai.com/gptbot)"
74.7.242.19 - - [11/Aug/2026:08:21:13 -0400] "GET /2026/07/15/como-hacer-ruleta-de-la-fortuna/ HTTP/1.1" 200 47193 "https://casavalle.vsptdigital.cl/?p=17127" "Mozilla/5.0 AppleWebKit/537.36 (KHTML, like Gecko; compatible; GPTBot/1.4; +https://openai.com/gptbot)"
74.7.242.19 - - [11/Aug/2026:08:22:12 -0400] "GET /?p=16956 HTTP/1.1" 301 - "https://casavalle.vsptdigital.cl/2026/07/15/estrategia-de-marketing-de-un-casino/" "Mozilla/5.0 AppleWebKit/537.36 (KHTML, like Gecko; compatible; GPTBot/1.4; +https://openai.com/gptbot)"
74.7.242.19 - - [11/Aug/2026:08:23:18 -0400] "GET /?p=17815 HTTP/1.1" 301 - "https://casavalle.vsptdigital.cl/2026/07/15/juego-de-maquinas-de-videojuegos/" "Mozilla/5.0 AppleWebKit/537.36 (KHTML, like Gecko; compatible; GPTBot/1.4; +https://openai.com/gptbot)"
74.7.242.19 - - [11/Aug/2026:08:23:18 -0400] "GET /2026/07/15/casino-online-ecopayz-espa%C3%B1a/ HTTP/1.1" 200 47565 "https://casavalle.vsptdigital.cl/?p=17815" "Mozilla/5.0 AppleWebKit/537.36 (KHTML, like Gecko; compatible; GPTBot/1.4; +https://openai.com/gptbot)"
74.7.242.19 - - [11/Aug/2026:08:24:23 -0400] "GET /?p=17511 HTTP/1.1" 301 - "https://casavalle.vsptdigital.cl/2026/07/15/la-ruleta-la-suerte/" "Mozilla/5.0 AppleWebKit/537.36 (KHTML, like Gecko; compatible; GPTBot/1.4; +https://openai.com/gptbot)"
74.7.242.19 - - [11/Aug/2026:08:25:23 -0400] "GET /2026/07/15/que-es-una-apuesta-de-calle-en-la-ruleta/ HTTP/1.1" 200 46104 "http://casavalle.vsptdigital.cl" "Mozilla/5.0 AppleWebKit/537.36 (KHTML, like Gecko; compatible; GPTBot/1.4; +https://openai.com/gptbot)"
74.7.242.19 - - [11/Aug/2026:08:26:27 -0400] "GET /?p=17245 HTTP/1.1" 301 - "https://casavalle.vsptdigital.cl/2026/07/15/cual-es-la-mejor-plataforma-de-casino-en-linea/" "Mozilla/5.0 AppleWebKit/537.36 (KHTML, like Gecko; compatible; GPTBot/1.4; +https://openai.com/gptbot)"
74.7.242.19 - - [11/Aug/2026:08:26:27 -0400] "GET /2026/07/15/mayan-palace-casino-bono-sin-dep%C3%B3sito-50-giros-gratis-2026/ HTTP/1.1" 200 47046 "https://casavalle.vsptdigital.cl/?p=17245" "Mozilla/5.0 AppleWebKit/537.36 (KHTML, like Gecko; compatible; GPTBot/1.4; +https://openai.com/gptbot)"
176.124.238.95 - - [11/Aug/2026:08:28:14 -0400] "GET /2026/07/04/juego-de-slots-gratis-con-bonus-en-es-2026/ HTTP/1.1" 200 46585 "https://casavalle.vsptdigital.cl/" "Mozilla/5.0 (Macintosh; Intel Mac OS X 10_15_7) AppleWebKit/537.36 (KHTML, like Gecko) Chrome/148.0.0.0 Safari/537.36"
176.124.238.95 - - [11/Aug/2026:08:28:16 -0400] "GET /2026/07/04/juego-de-slots-gratis-con-bonus-en-es-2026/ HTTP/1.1" 200 46585 "https://casavalle.vsptdigital.cl/2026/07/04/juego-de-slots-gratis-con-bonus-en-es-2026/" "Mozilla/5.0 (Macintosh; Intel Mac OS X 10_15_7) AppleWebKit/537.36 (KHTML, like Gecko) Chrome/148.0.0.0 Safari/537.36"
74.7.242.19 - - [11/Aug/2026:08:27:32 -0400] "GET /?p=16995 HTTP/1.1" 301 - "https://casavalle.vsptdigital.cl/2026/07/15/cual-es-la-mejor-plataforma-de-casino-en-linea/" "Mozilla/5.0 AppleWebKit/537.36 (KHTML, like Gecko; compatible; GPTBot/1.4; +https://openai.com/gptbot)"
74.7.242.19 - - [11/Aug/2026:08:28:36 -0400] "GET /?p=17880 HTTP/1.1" 301 - "https://casavalle.vsptdigital.cl/2026/07/15/cual-es-la-mejor-plataforma-de-casino-en-linea/" "Mozilla/5.0 AppleWebKit/537.36 (KHTML, like Gecko; compatible; GPTBot/1.4; +https://openai.com/gptbot)"
51.15.217.215 - - [11/Aug/2026:08:29:14 -0400] "GET /robots.txt HTTP/1.1" 200 148 "-" "Python/3.14 aiohttp/3.14.1"
51.15.217.215 - - [11/Aug/2026:08:29:15 -0400] "GET /2026/07/26/como-ganar-con-casino-en-es-2026/ HTTP/1.1" 200 47012 "-" "Python/3.14 aiohttp/3.14.1"
74.7.242.19 - - [11/Aug/2026:08:29:42 -0400] "GET /2026/01/30/cual-es-el-mejor-juego-de-casino-online/ HTTP/1.1" 200 46816 "http://casavalle.vsptdigital.cl" "Mozilla/5.0 AppleWebKit/537.36 (KHTML, like Gecko; compatible; GPTBot/1.4; +https://openai.com/gptbot)"
74.7.242.19 - - [11/Aug/2026:08:30:38 -0400] "GET /2026/07/15/la-garriga-casino-codigo-promocional-y-bonus-code/ HTTP/1.1" 200 46972 "http://casavalle.vsptdigital.cl" "Mozilla/5.0 AppleWebKit/537.36 (KHTML, like Gecko; compatible; GPTBot/1.4; +https://openai.com/gptbot)"
74.7.242.19 - - [11/Aug/2026:08:31:40 -0400] "GET /2026/07/15/puerto-de-la-cruz-casino-codigo-promocional-y-bonus-code/ HTTP/1.1" 200 47717 "http://casavalle.vsptdigital.cl" "Mozilla/5.0 AppleWebKit/537.36 (KHTML, like Gecko; compatible; GPTBot/1.4; +https://openai.com/gptbot)"
74.7.242.19 - - [11/Aug/2026:08:32:44 -0400] "GET /2026/07/15/cuales-son-los-juegos-de-casino-virtual-que-mas-pagan/ HTTP/1.1" 200 47058 "http://casavalle.vsptdigital.cl" "Mozilla/5.0 AppleWebKit/537.36 (KHTML, like Gecko; compatible; GPTBot/1.4; +https://openai.com/gptbot)"
62.238.45.100 - - [11/Aug/2026:08:33:47 -0400] "HEAD / HTTP/1.1" 200 - "-" "DomainResearchBot/0.1 (+private-tailnet; conservative broken-link research)"
74.7.242.19 - - [11/Aug/2026:08:33:48 -0400] "GET /2026/01/30/metodos-para-ganar-en-la-ruleta-electronica/ HTTP/1.1" 200 47417 "http://casavalle.vsptdigital.cl" "Mozilla/5.0 AppleWebKit/537.36 (KHTML, like Gecko; compatible; GPTBot/1.4; +https://openai.com/gptbot)"
206.189.35.233 - - [11/Aug/2026:08:33:49 -0400] "GET /2026/07/15/est-ce-qu-il-y-a-une-option-pour-apprendre-a-jouer-au-blackjack-avec-excellence-sur-ios-en-2026/ HTTP/1.1" 200 47728 "https://casavalle.vsptdigital.cl/" "Mozilla/5.0 (Windows NT 10.0; Win64; x64; rv:148.0) Gecko/20100101 Firefox/148.0"
165.101.18.192 - - [11/Aug/2026:08:34:02 -0400] "GET /2026/07/15/wyniki-losowania-eurojackpotautomat-do-gier-hazardowych-jak-grac/ HTTP/1.1" 200 46065 "https://casavalle.vsptdigital.cl/" "Mozilla/5.0 (Macintosh; Intel Mac OS X 10_15_7) AppleWebKit/537.36 (KHTML, like Gecko) Chrome/133.0.0.0 Safari/537.36"
165.101.18.192 - - [11/Aug/2026:08:34:04 -0400] "GET /2026/07/15/wyniki-losowania-eurojackpotautomat-do-gier-hazardowych-jak-grac/ HTTP/1.1" 200 46065 "https://casavalle.vsptdigital.cl/2026/07/15/wyniki-losowania-eurojackpotautomat-do-gier-hazardowych-jak-grac/" "Mozilla/5.0 (Macintosh; Intel Mac OS X 10_15_7) AppleWebKit/537.36 (KHTML, like Gecko) Chrome/133.0.0.0 Safari/537.36"
206.189.35.233 - - [11/Aug/2026:08:33:51 -0400] "GET /2026/07/15/est-ce-qu-il-y-a-une-option-pour-apprendre-a-jouer-au-blackjack-avec-excellence-sur-ios-en-2026/ HTTP/1.1" 200 47728 "https://casavalle.vsptdigital.cl/2026/07/15/est-ce-qu-il-y-a-une-option-pour-apprendre-a-jouer-au-blackjack-avec-excellence-sur-ios-en-2026/" "Mozilla/5.0 (Windows NT 10.0; Win64; x64; rv:148.0) Gecko/20100101 Firefox/148.0"
74.7.242.19 - - [11/Aug/2026:08:34:51 -0400] "GET /2026/07/15/jugar-gratis-con-tragamonedas-modernas/ HTTP/1.1" 200 46694 "http://casavalle.vsptdigital.cl" "Mozilla/5.0 AppleWebKit/537.36 (KHTML, like Gecko; compatible; GPTBot/1.4; +https://openai.com/gptbot)"
74.7.242.19 - - [11/Aug/2026:08:35:50 -0400] "GET /2026/07/15/como-se-gana-en-la-ruleta-de-casino/ HTTP/1.1" 200 46845 "http://casavalle.vsptdigital.cl" "Mozilla/5.0 AppleWebKit/537.36 (KHTML, like Gecko; compatible; GPTBot/1.4; +https://openai.com/gptbot)"
74.7.242.19 - - [11/Aug/2026:08:36:52 -0400] "GET /2026/07/15/trucos-para-jugar-a-la-ruleta-y-ganar/ HTTP/1.1" 200 45831 "http://casavalle.vsptdigital.cl" "Mozilla/5.0 AppleWebKit/537.36 (KHTML, like Gecko; compatible; GPTBot/1.4; +https://openai.com/gptbot)"
74.7.242.19 - - [11/Aug/2026:08:37:47 -0400] "GET /2026/07/15/cual-es-el-casino-mas-grande-de-europa/ HTTP/1.1" 200 48038 "http://casavalle.vsptdigital.cl" "Mozilla/5.0 AppleWebKit/537.36 (KHTML, like Gecko; compatible; GPTBot/1.4; +https://openai.com/gptbot)"
74.7.242.19 - - [11/Aug/2026:08:38:52 -0400] "GET /2026/01/30/como-jugar-casino-online-con-mercado-pago/ HTTP/1.1" 200 47111 "http://casavalle.vsptdigital.cl" "Mozilla/5.0 AppleWebKit/537.36 (KHTML, like Gecko; compatible; GPTBot/1.4; +https://openai.com/gptbot)"
74.7.242.19 - - [11/Aug/2026:08:39:54 -0400] "GET /2026/07/15/como-hacer-para-ganar-en-las-maquinas-del-casino/ HTTP/1.1" 200 46682 "http://casavalle.vsptdigital.cl" "Mozilla/5.0 AppleWebKit/537.36 (KHTML, like Gecko; compatible; GPTBot/1.4; +https://openai.com/gptbot)"
74.7.242.19 - - [11/Aug/2026:08:40:57 -0400] "GET /2026/07/15/como-se-juega-a-la-ruleta-de-shots/ HTTP/1.1" 200 47792 "http://casavalle.vsptdigital.cl" "Mozilla/5.0 AppleWebKit/537.36 (KHTML, like Gecko; compatible; GPTBot/1.4; +https://openai.com/gptbot)"
74.7.242.19 - - [11/Aug/2026:08:41:52 -0400] "GET /2026/07/15/cual-es-el-mejor-juego-de-casino-en-betplay/ HTTP/1.1" 200 46635 "http://casavalle.vsptdigital.cl" "Mozilla/5.0 AppleWebKit/537.36 (KHTML, like Gecko; compatible; GPTBot/1.4; +https://openai.com/gptbot)"
74.7.242.19 - - [11/Aug/2026:08:42:55 -0400] "GET /2026/07/15/maquinas-tragamonedas-de-casino-para-jugar-gratis/ HTTP/1.1" 200 47565 "http://casavalle.vsptdigital.cl" "Mozilla/5.0 AppleWebKit/537.36 (KHTML, like Gecko; compatible; GPTBot/1.4; +https://openai.com/gptbot)"
74.7.242.19 - - [11/Aug/2026:08:43:57 -0400] "GET /2026/07/15/descargar-juegos-casino-gratis-tragamonedas-para-pc/ HTTP/1.1" 200 47794 "http://casavalle.vsptdigital.cl" "Mozilla/5.0 AppleWebKit/537.36 (KHTML, like Gecko; compatible; GPTBot/1.4; +https://openai.com/gptbot)"
74.7.242.19 - - [11/Aug/2026:08:44:57 -0400] "GET /?p=12794 HTTP/1.1" 301 - "https://casavalle.vsptdigital.cl/2026/01/30/metodos-para-ganar-en-la-ruleta-electronica/" "Mozilla/5.0 AppleWebKit/537.36 (KHTML, like Gecko; compatible; GPTBot/1.4; +https://openai.com/gptbot)"
74.7.242.19 - - [11/Aug/2026:08:45:53 -0400] "GET /?p=14395 HTTP/1.1" 301 - "https://casavalle.vsptdigital.cl/2026/01/30/metodos-para-ganar-en-la-ruleta-electronica/" "Mozilla/5.0 AppleWebKit/537.36 (KHTML, like Gecko; compatible; GPTBot/1.4; +https://openai.com/gptbot)"
139.180.225.66 - - [11/Aug/2026:08:45:58 -0400] "GET /2026/07/26/logiciel-d-aide-a-la-roulette-pour-ios-en-2026/ HTTP/1.1" 200 47273 "https://casavalle.vsptdigital.cl/" "Mozilla/5.0 (Macintosh; Intel Mac OS X 10_15_7) AppleWebKit/537.36 (KHTML, like Gecko) Chrome/145.0.0.0 Safari/537.36"
216.73.217.110 - - [11/Aug/2026:08:45:59 -0400] "GET /?feed=xmlsitemap1711 HTTP/1.1" 200 2063547 "-" "Mozilla/5.0 AppleWebKit/537.36 (KHTML, like Gecko; compatible; ClaudeBot/1.0; +claudebot@anthropic.com)"
74.7.242.19 - - [11/Aug/2026:08:46:56 -0400] "GET /?p=10194 HTTP/1.1" 301 - "https://casavalle.vsptdigital.cl/2026/01/30/metodos-para-ganar-en-la-ruleta-electronica/" "Mozilla/5.0 AppleWebKit/537.36 (KHTML, like Gecko; compatible; GPTBot/1.4; +https://openai.com/gptbot)"
74.7.242.19 - - [11/Aug/2026:08:46:57 -0400] "GET /2026/01/30/mejor-ruleta-con-ethereum/ HTTP/1.1" 200 47344 "https://casavalle.vsptdigital.cl/?p=10194" "Mozilla/5.0 AppleWebKit/537.36 (KHTML, like Gecko; compatible; GPTBot/1.4; +https://openai.com/gptbot)"
74.7.242.19 - - [11/Aug/2026:08:47:51 -0400] "GET /?p=13211 HTTP/1.1" 301 - "https://casavalle.vsptdigital.cl/2026/01/30/metodos-para-ganar-en-la-ruleta-electronica/" "Mozilla/5.0 AppleWebKit/537.36 (KHTML, like Gecko; compatible; GPTBot/1.4; +https://openai.com/gptbot)"
74.7.242.19 - - [11/Aug/2026:08:47:51 -0400] "GET /2026/01/30/casino-san-pedro-jujuy/ HTTP/1.1" 200 47408 "https://casavalle.vsptdigital.cl/?p=13211" "Mozilla/5.0 AppleWebKit/537.36 (KHTML, like Gecko; compatible; GPTBot/1.4; +https://openai.com/gptbot)"
74.7.242.19 - - [11/Aug/2026:08:48:52 -0400] "GET /?p=9410 HTTP/1.1" 301 - "https://casavalle.vsptdigital.cl/2026/01/30/metodos-para-ganar-en-la-ruleta-electronica/" "Mozilla/5.0 AppleWebKit/537.36 (KHTML, like Gecko; compatible; GPTBot/1.4; +https://openai.com/gptbot)"
74.7.242.19 - - [11/Aug/2026:08:49:53 -0400] "GET /?p=9955 HTTP/1.1" 301 - "https://casavalle.vsptdigital.cl/2026/01/30/metodos-para-ganar-en-la-ruleta-electronica/" "Mozilla/5.0 AppleWebKit/537.36 (KHTML, like Gecko; compatible; GPTBot/1.4; +https://openai.com/gptbot)"
74.7.242.19 - - [11/Aug/2026:08:49:53 -0400] "GET /2026/01/30/maquina-tragamonedas-ecuador/ HTTP/1.1" 200 46253 "https://casavalle.vsptdigital.cl/?p=9955" "Mozilla/5.0 AppleWebKit/537.36 (KHTML, like Gecko; compatible; GPTBot/1.4; +https://openai.com/gptbot)"
74.7.242.19 - - [11/Aug/2026:08:50:54 -0400] "GET /?p=18034 HTTP/1.1" 301 - "https://casavalle.vsptdigital.cl/2026/07/15/como-hacer-para-ganar-en-las-maquinas-del-casino/" "Mozilla/5.0 AppleWebKit/537.36 (KHTML, like Gecko; compatible; GPTBot/1.4; +https://openai.com/gptbot)"
74.7.242.19 - - [11/Aug/2026:08:51:57 -0400] "GET /?p=18126 HTTP/1.1" 301 - "https://casavalle.vsptdigital.cl/2026/07/15/como-hacer-para-ganar-en-las-maquinas-del-casino/" "Mozilla/5.0 AppleWebKit/537.36 (KHTML, like Gecko; compatible; GPTBot/1.4; +https://openai.com/gptbot)"
74.7.242.19 - - [11/Aug/2026:08:53:03 -0400] "GET /?p=18001 HTTP/1.1" 301 - "https://casavalle.vsptdigital.cl/2026/07/15/como-hacer-para-ganar-en-las-maquinas-del-casino/" "Mozilla/5.0 AppleWebKit/537.36 (KHTML, like Gecko; compatible; GPTBot/1.4; +https://openai.com/gptbot)"
212.125.15.239 - - [11/Aug/2026:08:54:03 -0400] "GET /2026/07/15/wyniki-losowania-eurojackpotautomat-do-gier-hazardowych-jak-grac/ HTTP/1.1" 200 46065 "https://casavalle.vsptdigital.cl/" "Mozilla/5.0 (Macintosh; Intel Mac OS X 10_15_7) AppleWebKit/537.36 (KHTML, like Gecko) obsidian/1.8.10 Chrome/132.0.6834.196 Electron/34.2.0 Safari/537.36"
212.125.15.239 - - [11/Aug/2026:08:54:20 -0400] "GET /wp-login.php?action=register HTTP/1.1" 404 40829 "https://casavalle.vsptdigital.cl/2026/07/15/wyniki-losowania-eurojackpotautomat-do-gier-hazardowych-jak-grac/" "Mozilla/5.0 (Windows NT 6.3; Win64; x64) AppleWebKit/537.36 (KHTML, like Gecko) Chrome/103.0.0.0 Safari/537.36"
74.7.242.19 - - [11/Aug/2026:08:53:59 -0400] "GET /2026/07/15/maquinas-tragamonedas-nuevas-para-jugar-gratis/ HTTP/1.1" 200 46949 "http://casavalle.vsptdigital.cl" "Mozilla/5.0 AppleWebKit/537.36 (KHTML, like Gecko; compatible; GPTBot/1.4; +https://openai.com/gptbot)"
74.7.242.19 - - [11/Aug/2026:08:55:02 -0400] "GET /?p=17348 HTTP/1.1" 301 - "https://casavalle.vsptdigital.cl/2026/07/15/descargar-juegos-casino-gratis-tragamonedas-para-pc/" "Mozilla/5.0 AppleWebKit/537.36 (KHTML, like Gecko; compatible; GPTBot/1.4; +https://openai.com/gptbot)"
46.8.15.194 - - [11/Aug/2026:08:55:09 -0400] "GET /2026/07/04/sitios-web-seguros-de-ruleta-bonos-sin-deposito-en-espanol/ HTTP/1.1" 200 46407 "https://casavalle.vsptdigital.cl/" "Mozilla/5.0 (Windows NT 10.0; WOW64; x64) AppleWebKit/537.36 (KHTML, like Gecko) Chrome/114.0.0.0 Safari/537.36 OPR/89.0.4447.51"
45.139.125.229 - - [11/Aug/2026:08:55:13 -0400] "GET /wp-admin/admin-ajax.php HTTP/1.1" 404 40829 "https://casavalle.vsptdigital.cl/2026/07/04/sitios-web-seguros-de-ruleta-bonos-sin-deposito-en-espanol/" "Mozilla/5.0 (Windows NT 6.3; Win64; x64) AppleWebKit/537.36 (KHTML, like Gecko) Chrome/103.0.0.0 Safari/537.36"
109.248.166.148 - - [11/Aug/2026:08:55:16 -0400] "GET /wp-admin/admin-ajax.php?action=register HTTP/1.1" 404 40829 "https://casavalle.vsptdigital.cl/wp-admin/admin-ajax.php" "Mozilla/5.0 (Windows NT 6.3; Win64; x64) AppleWebKit/537.36 (KHTML, like Gecko) Chrome/103.0.0.0 Safari/537.36"
74.7.242.19 - - [11/Aug/2026:08:55:02 -0400] "GET /2026/07/15/casino-primitivo-albacete/ HTTP/1.1" 200 47298 "https://casavalle.vsptdigital.cl/?p=17348" "Mozilla/5.0 AppleWebKit/537.36 (KHTML, like Gecko; compatible; GPTBot/1.4; +https://openai.com/gptbot)"
74.7.242.19 - - [11/Aug/2026:08:56:06 -0400] "GET /?p=17953 HTTP/1.1" 301 - "https://casavalle.vsptdigital.cl/2026/07/15/descargar-juegos-casino-gratis-tragamonedas-para-pc/" "Mozilla/5.0 AppleWebKit/537.36 (KHTML, like Gecko; compatible; GPTBot/1.4; +https://openai.com/gptbot)"
74.7.242.19 - - [11/Aug/2026:08:57:11 -0400] "GET /?p=18127 HTTP/1.1" 301 - "https://casavalle.vsptdigital.cl/2026/07/15/descargar-juegos-casino-gratis-tragamonedas-para-pc/" "Mozilla/5.0 AppleWebKit/537.36 (KHTML, like Gecko; compatible; GPTBot/1.4; +https://openai.com/gptbot)"
74.7.242.19 - - [11/Aug/2026:08:58:12 -0400] "GET /?p=18291 HTTP/1.1" 301 - "https://casavalle.vsptdigital.cl/2026/07/15/descargar-juegos-casino-gratis-tragamonedas-para-pc/" "Mozilla/5.0 AppleWebKit/537.36 (KHTML, like Gecko; compatible; GPTBot/1.4; +https://openai.com/gptbot)"
74.7.242.19 - - [11/Aug/2026:08:59:11 -0400] "GET /?p=16814 HTTP/1.1" 301 - "https://casavalle.vsptdigital.cl/2026/07/15/descargar-juegos-casino-gratis-tragamonedas-para-pc/" "Mozilla/5.0 AppleWebKit/537.36 (KHTML, like Gecko; compatible; GPTBot/1.4; +https://openai.com/gptbot)"
74.7.242.19 - - [11/Aug/2026:08:59:11 -0400] "GET /2026/07/15/tragaperras-online-hyper-burst/ HTTP/1.1" 200 46489 "https://casavalle.vsptdigital.cl/?p=16814" "Mozilla/5.0 AppleWebKit/537.36 (KHTML, like Gecko; compatible; GPTBot/1.4; +https://openai.com/gptbot)"
74.7.242.19 - - [11/Aug/2026:09:00:15 -0400] "GET /2026/07/15/tirada-gratis-de-juegos-tragamonedas-en-novomatic-casino/ HTTP/1.1" 200 47430 "http://casavalle.vsptdigital.cl" "Mozilla/5.0 AppleWebKit/537.36 (KHTML, like Gecko; compatible; GPTBot/1.4; +https://openai.com/gptbot)"
49.13.174.1 - - [11/Aug/2026:09:01:55 -0400] "GET /2026/07/26/como-ganar-con-casino-en-es-2026/ HTTP/1.1" 200 47012 "https://casavalle.vsptdigital.cl/" "Mozilla/5.0 (Windows NT 10.0; Win64; x64) AppleWebKit/537.36 (KHTML, like Gecko) Chrome/117.0.5938.132 Safari/537.36"
188.126.89.58 - - [11/Aug/2026:09:02:03 -0400] "GET /2026/07/07/virtualni-kasino-s-dobrou-sanci-na-vyhru/ HTTP/1.1" 200 45910 "https://casavalle.vsptdigital.cl/" "Mozilla/5.0 (Windows NT 10.0; Win64; x64) AppleWebKit/537.36 (KHTML, like Gecko) Chrome/131.0.0.0 Safari/537.36 Edg/131.0.0.0"
74.7.242.19 - - [11/Aug/2026:09:01:19 -0400] "GET /2026/07/15/tirada-gratis-de-juegos-tragamonedas-en-elk-studios-casino/ HTTP/1.1" 200 48396 "http://casavalle.vsptdigital.cl" "Mozilla/5.0 AppleWebKit/537.36 (KHTML, like Gecko; compatible; GPTBot/1.4; +https://openai.com/gptbot)"
49.13.174.1 - - [11/Aug/2026:09:01:23 -0400] "GET /2026/07/26/como-ganar-con-casino-en-es-2026/ HTTP/1.1" 200 47012 "https://casavalle.vsptdigital.cl/" "Mozilla/5.0 (Windows NT 10.0; Win64; x64) AppleWebKit/537.36 (KHTML, like Gecko) Chrome/117.0.5938.132 Safari/537.36"
74.7.242.19 - - [11/Aug/2026:09:02:15 -0400] "GET /2026/07/15/trucos-para-ganar-en-maquinas-de-casino/ HTTP/1.1" 200 47213 "http://casavalle.vsptdigital.cl" "Mozilla/5.0 AppleWebKit/537.36 (KHTML, like Gecko; compatible; GPTBot/1.4; +https://openai.com/gptbot)"
74.7.242.19 - - [11/Aug/2026:09:03:16 -0400] "GET /2026/07/15/trucos-para-ganar-ruleta-electronica/ HTTP/1.1" 200 47409 "http://casavalle.vsptdigital.cl" "Mozilla/5.0 AppleWebKit/537.36 (KHTML, like Gecko; compatible; GPTBot/1.4; +https://openai.com/gptbot)"
74.7.242.19 - - [11/Aug/2026:09:04:11 -0400] "GET /2026/07/15/como-se-juega-a-la-tragamonedas/ HTTP/1.1" 200 47281 "http://casavalle.vsptdigital.cl" "Mozilla/5.0 AppleWebKit/537.36 (KHTML, like Gecko; compatible; GPTBot/1.4; +https://openai.com/gptbot)"
42.116.190.150 - - [11/Aug/2026:09:05:21 -0400] "GET /2026/07/15/apuestas-en-slots-valencia/ HTTP/1.1" 200 46406 "-" "Mozilla/5.0 (Macintosh; Intel Mac OS X 10_15_7) AppleWebKit/537.36 (KHTML, like Gecko) Chrome/131.0.0.0 Safari/537.36"
51.15.217.215 - - [11/Aug/2026:09:05:47 -0400] "GET /robots.txt HTTP/1.1" 200 148 "-" "Python/3.14 aiohttp/3.14.1"
51.15.217.215 - - [11/Aug/2026:09:05:48 -0400] "GET /2026/07/26/como-ganar-con-casino-en-es-2026/ HTTP/1.1" 200 47012 "-" "Python/3.14 aiohttp/3.14.1"
173.225.100.133 - - [11/Aug/2026:09:05:49 -0400] "GET /2026/07/26/logiciel-d-aide-a-la-roulette-pour-ios-en-2026/ HTTP/1.1" 200 47273 "https://casavalle.vsptdigital.cl/" "Mozilla/5.0 (Macintosh; Intel Mac OS X 10_15_7) AppleWebKit/537.36 (KHTML, like Gecko) Chrome/128.0.0.0 Safari/537.36"
173.225.100.133 - - [11/Aug/2026:09:05:52 -0400] "GET /wp-login.php?action=register HTTP/1.1" 404 40829 "https://casavalle.vsptdigital.cl/2026/07/26/logiciel-d-aide-a-la-roulette-pour-ios-en-2026/" "Mozilla/5.0 (Windows NT 6.3; Win64; x64) AppleWebKit/537.36 (KHTML, like Gecko) Chrome/103.0.0.0 Safari/537.36"
173.225.100.133 - - [11/Aug/2026:09:05:53 -0400] "GET /wp-login.php?action=register HTTP/1.1" 404 40829 "https://casavalle.vsptdigital.cl/wp-login.php?action=register" "Mozilla/5.0 (Windows NT 6.3; Win64; x64) AppleWebKit/537.36 (KHTML, like Gecko) Chrome/103.0.0.0 Safari/537.36"
173.225.100.133 - - [11/Aug/2026:09:05:54 -0400] "GET /wp-content/plugins/contact-form-7/includes/css/styles.css?ver=6.0.1 HTTP/1.1" 200 2894 "https://casavalle.vsptdigital.cl/wp-login.php?action=register" "Mozilla/5.0 (Windows NT 10.0; Win64; x64) AppleWebKit/537.36 (KHTML, like Gecko) Chrome/149.0.0.0 Safari/537.36"
173.225.100.133 - - [11/Aug/2026:09:05:54 -0400] "GET /wp-content/themes/hello-elementor/style.min.css?ver=3.1.1 HTTP/1.1" 200 5501 "https://casavalle.vsptdigital.cl/wp-login.php?action=register" "Mozilla/5.0 (Windows NT 10.0; Win64; x64) AppleWebKit/537.36 (KHTML, like Gecko) Chrome/149.0.0.0 Safari/537.36"
173.225.100.133 - - [11/Aug/2026:09:05:54 -0400] "GET /wp-content/themes/hello-elementor/theme.min.css?ver=3.1.1 HTTP/1.1" 200 5146 "https://casavalle.vsptdigital.cl/wp-login.php?action=register" "Mozilla/5.0 (Windows NT 10.0; Win64; x64) AppleWebKit/537.36 (KHTML, like Gecko) Chrome/149.0.0.0 Safari/537.36"
173.225.100.133 - - [11/Aug/2026:09:05:55 -0400] "GET /wp-content/themes/hello-elementor/header-footer.min.css?ver=3.1.1 HTTP/1.1" 200 7212 "https://casavalle.vsptdigital.cl/wp-login.php?action=register" "Mozilla/5.0 (Windows NT 10.0; Win64; x64) AppleWebKit/537.36 (KHTML, like Gecko) Chrome/149.0.0.0 Safari/537.36"
173.225.100.133 - - [11/Aug/2026:09:05:55 -0400] "GET /wp-content/plugins/elementor/assets/css/frontend.min.css?ver=3.25.11 HTTP/1.1" 200 60575 "https://casavalle.vsptdigital.cl/wp-login.php?action=register" "Mozilla/5.0 (Windows NT 10.0; Win64; x64) AppleWebKit/537.36 (KHTML, like Gecko) Chrome/149.0.0.0 Safari/537.36"
173.225.100.133 - - [11/Aug/2026:09:05:55 -0400] "GET /wp-content/uploads/elementor/css/post-5.css?ver=1734010644 HTTP/1.1" 200 1230 "https://casavalle.vsptdigital.cl/wp-login.php?action=register" "Mozilla/5.0 (Windows NT 10.0; Win64; x64) AppleWebKit/537.36 (KHTML, like Gecko) Chrome/149.0.0.0 Safari/537.36"
173.225.100.133 - - [11/Aug/2026:09:05:56 -0400] "GET /wp-content/plugins/elementor/assets/lib/eicons/css/elementor-icons.min.css?ver=5.34.0 HTTP/1.1" 200 20060 "https://casavalle.vsptdigital.cl/wp-login.php?action=register" "Mozilla/5.0 (Windows NT 10.0; Win64; x64) AppleWebKit/537.36 (KHTML, like Gecko) Chrome/149.0.0.0 Safari/537.36"
173.225.100.133 - - [11/Aug/2026:09:05:56 -0400] "GET /wp-content/plugins/elementor/assets/lib/swiper/v8/css/swiper.min.css?ver=8.4.5 HTTP/1.1" 200 16471 "https://casavalle.vsptdigital.cl/wp-login.php?action=register" "Mozilla/5.0 (Windows NT 10.0; Win64; x64) AppleWebKit/537.36 (KHTML, like Gecko) Chrome/149.0.0.0 Safari/537.36"
173.225.100.133 - - [11/Aug/2026:09:05:56 -0400] "GET /wp-content/plugins/elementor/assets/css/conditionals/e-swiper.min.css?ver=3.25.11 HTTP/1.1" 200 10260 "https://casavalle.vsptdigital.cl/wp-login.php?action=register" "Mozilla/5.0 (Windows NT 10.0; Win64; x64) AppleWebKit/537.36 (KHTML, like Gecko) Chrome/149.0.0.0 Safari/537.36"
173.225.100.133 - - [11/Aug/2026:09:05:57 -0400] "GET /wp-content/plugins/elementor-pro/assets/css/frontend.min.css?ver=3.7.1 HTTP/1.1" 200 480945 "https://casavalle.vsptdigital.cl/wp-login.php?action=register" "Mozilla/5.0 (Windows NT 10.0; Win64; x64) AppleWebKit/537.36 (KHTML, like Gecko) Chrome/149.0.0.0 Safari/537.36"
173.225.100.133 - - [11/Aug/2026:09:05:58 -0400] "GET /wp-content/uploads/elementor/css/post-35.css?ver=1734010644 HTTP/1.1" 200 5018 "https://casavalle.vsptdigital.cl/wp-login.php?action=register" "Mozilla/5.0 (Windows NT 10.0; Win64; x64) AppleWebKit/537.36 (KHTML, like Gecko) Chrome/149.0.0.0 Safari/537.36"
173.225.100.133 - - [11/Aug/2026:09:05:58 -0400] "GET /wp-content/uploads/pum/pum-site-styles.css?generated=1734010667&ver=1.20.3 HTTP/1.1" 200 17449 "https://casavalle.vsptdigital.cl/wp-login.php?action=register" "Mozilla/5.0 (Windows NT 10.0; Win64; x64) AppleWebKit/537.36 (KHTML, like Gecko) Chrome/149.0.0.0 Safari/537.36"
173.225.100.133 - - [11/Aug/2026:09:05:58 -0400] "GET /wp-content/plugins/elementor/assets/css/widget-image.min.css?ver=3.25.11 HTTP/1.1" 200 254 "https://casavalle.vsptdigital.cl/wp-login.php?action=register" "Mozilla/5.0 (Windows NT 10.0; Win64; x64) AppleWebKit/537.36 (KHTML, like Gecko) Chrome/149.0.0.0 Safari/537.36"
173.225.100.133 - - [11/Aug/2026:09:05:59 -0400] "GET /wp-content/plugins/elementor/assets/lib/animations/styles/fadeInRight.min.css?ver=3.25.11 HTTP/1.1" 200 139 "https://casavalle.vsptdigital.cl/wp-login.php?action=register" "Mozilla/5.0 (Windows NT 10.0; Win64; x64) AppleWebKit/537.36 (KHTML, like Gecko) Chrome/149.0.0.0 Safari/537.36"
74.7.242.19 - - [11/Aug/2026:09:05:13 -0400] "GET /2026/07/15/tirada-gratis-de-juegos-tragamonedas-en-pragmatic-play-casino/ HTTP/1.1" 200 47010 "http://casavalle.vsptdigital.cl" "Mozilla/5.0 AppleWebKit/537.36 (KHTML, like Gecko; compatible; GPTBot/1.4; +https://openai.com/gptbot)"
173.225.100.133 - - [11/Aug/2026:09:05:59 -0400] "GET /wp-content/plugins/elementor/assets/css/widget-heading.min.css?ver=3.25.11 HTTP/1.1" 200 600 "https://casavalle.vsptdigital.cl/wp-login.php?action=register" "Mozilla/5.0 (Windows NT 10.0; Win64; x64) AppleWebKit/537.36 (KHTML, like Gecko) Chrome/149.0.0.0 Safari/537.36"
74.7.242.19 - - [11/Aug/2026:09:06:16 -0400] "GET /2026/07/15/juegos-gratis-para-ganar-dinero-real/ HTTP/1.1" 200 46773 "http://casavalle.vsptdigital.cl" "Mozilla/5.0 AppleWebKit/537.36 (KHTML, like Gecko; compatible; GPTBot/1.4; +https://openai.com/gptbot)"
74.7.242.19 - - [11/Aug/2026:09:07:17 -0400] "GET /2026/07/15/jugar-a-tragaperras-con-dinero-real/ HTTP/1.1" 200 47325 "http://casavalle.vsptdigital.cl" "Mozilla/5.0 AppleWebKit/537.36 (KHTML, like Gecko; compatible; GPTBot/1.4; +https://openai.com/gptbot)"
74.7.242.19 - - [11/Aug/2026:09:08:15 -0400] "GET /2026/07/15/casinos-online-con-bonos-sin-deposito/ HTTP/1.1" 200 47089 "http://casavalle.vsptdigital.cl" "Mozilla/5.0 AppleWebKit/537.36 (KHTML, like Gecko; compatible; GPTBot/1.4; +https://openai.com/gptbot)"
74.7.242.19 - - [11/Aug/2026:09:09:21 -0400] "GET /2026/01/30/como-ser-vendedor-de-fichas-de-casino-online/ HTTP/1.1" 200 48364 "http://casavalle.vsptdigital.cl" "Mozilla/5.0 AppleWebKit/537.36 (KHTML, like Gecko; compatible; GPTBot/1.4; +https://openai.com/gptbot)"
74.7.242.19 - - [11/Aug/2026:09:10:20 -0400] "GET /2026/07/15/descargar-todos-los-juegos-de-tragamonedas-gratis/ HTTP/1.1" 200 46899 "http://casavalle.vsptdigital.cl" "Mozilla/5.0 AppleWebKit/537.36 (KHTML, like Gecko; compatible; GPTBot/1.4; +https://openai.com/gptbot)"
74.7.242.19 - - [11/Aug/2026:09:11:21 -0400] "GET /?p=17060 HTTP/1.1" 301 - "https://casavalle.vsptdigital.cl/2026/07/15/tirada-gratis-de-juegos-tragamonedas-en-novomatic-casino/" "Mozilla/5.0 AppleWebKit/537.36 (KHTML, like Gecko; compatible; GPTBot/1.4; +https://openai.com/gptbot)"
191.101.110.22 - - [11/Aug/2026:09:10:41 -0400] "GET /2026/06/25/deutschs-mobiles-casino-2026/ HTTP/1.1" 200 46037 "https://casavalle.vsptdigital.cl/" "Mozilla/5.0 (Windows NT 10.0; Win64; x64) AppleWebKit/537.36 (KHTML, like Gecko) Chrome/117.0.5938.132 Safari/537.36"
191.101.110.22 - - [11/Aug/2026:09:11:32 -0400] "GET /wp-login.php?action=register HTTP/1.1" 404 40829 "https://casavalle.vsptdigital.cl/2026/06/25/deutschs-mobiles-casino-2026/" "Mozilla/5.0 (Windows NT 6.3; Win64; x64) AppleWebKit/537.36 (KHTML, like Gecko) Chrome/103.0.0.0 Safari/537.36"
191.101.110.22 - - [11/Aug/2026:09:11:35 -0400] "GET /wp-login.php?action=register HTTP/1.1" 404 40829 "https://casavalle.vsptdigital.cl/wp-login.php?action=register" "Mozilla/5.0 (Windows NT 6.3; Win64; x64) AppleWebKit/537.36 (KHTML, like Gecko) Chrome/103.0.0.0 Safari/537.36"
191.101.110.22 - - [11/Aug/2026:09:11:37 -0400] "GET /wp-content/plugins/contact-form-7/includes/css/styles.css?ver=6.0.1 HTTP/1.1" 200 2894 "https://casavalle.vsptdigital.cl/wp-login.php?action=register" "Mozilla/5.0 (Windows NT 10.0; Win64; x64) AppleWebKit/537.36 (KHTML, like Gecko) Chrome/149.0.0.0 Safari/537.36"
191.101.110.22 - - [11/Aug/2026:09:11:39 -0400] "GET /wp-content/themes/hello-elementor/style.min.css?ver=3.1.1 HTTP/1.1" 200 5501 "https://casavalle.vsptdigital.cl/wp-login.php?action=register" "Mozilla/5.0 (Windows NT 10.0; Win64; x64) AppleWebKit/537.36 (KHTML, like Gecko) Chrome/149.0.0.0 Safari/537.36"
191.101.110.22 - - [11/Aug/2026:09:11:40 -0400] "GET /wp-content/themes/hello-elementor/theme.min.css?ver=3.1.1 HTTP/1.1" 200 5146 "https://casavalle.vsptdigital.cl/wp-login.php?action=register" "Mozilla/5.0 (Windows NT 10.0; Win64; x64) AppleWebKit/537.36 (KHTML, like Gecko) Chrome/149.0.0.0 Safari/537.36"
191.101.110.22 - - [11/Aug/2026:09:11:42 -0400] "GET /wp-content/themes/hello-elementor/header-footer.min.css?ver=3.1.1 HTTP/1.1" 200 7212 "https://casavalle.vsptdigital.cl/wp-login.php?action=register" "Mozilla/5.0 (Windows NT 10.0; Win64; x64) AppleWebKit/537.36 (KHTML, like Gecko) Chrome/149.0.0.0 Safari/537.36"
191.101.110.22 - - [11/Aug/2026:09:11:44 -0400] "GET /wp-content/plugins/elementor/assets/css/frontend.min.css?ver=3.25.11 HTTP/1.1" 200 60575 "https://casavalle.vsptdigital.cl/wp-login.php?action=register" "Mozilla/5.0 (Windows NT 10.0; Win64; x64) AppleWebKit/537.36 (KHTML, like Gecko) Chrome/149.0.0.0 Safari/537.36"
191.101.110.22 - - [11/Aug/2026:09:11:46 -0400] "GET /wp-content/uploads/elementor/css/post-5.css?ver=1734010644 HTTP/1.1" 200 1230 "https://casavalle.vsptdigital.cl/wp-login.php?action=register" "Mozilla/5.0 (Windows NT 10.0; Win64; x64) AppleWebKit/537.36 (KHTML, like Gecko) Chrome/149.0.0.0 Safari/537.36"
191.101.110.22 - - [11/Aug/2026:09:11:48 -0400] "GET /wp-content/plugins/elementor/assets/lib/eicons/css/elementor-icons.min.css?ver=5.34.0 HTTP/1.1" 200 20060 "https://casavalle.vsptdigital.cl/wp-login.php?action=register" "Mozilla/5.0 (Windows NT 10.0; Win64; x64) AppleWebKit/537.36 (KHTML, like Gecko) Chrome/149.0.0.0 Safari/537.36"
191.101.110.22 - - [11/Aug/2026:09:11:50 -0400] "GET /wp-content/plugins/elementor/assets/lib/swiper/v8/css/swiper.min.css?ver=8.4.5 HTTP/1.1" 200 16471 "https://casavalle.vsptdigital.cl/wp-login.php?action=register" "Mozilla/5.0 (Windows NT 10.0; Win64; x64) AppleWebKit/537.36 (KHTML, like Gecko) Chrome/149.0.0.0 Safari/537.36"
191.101.110.22 - - [11/Aug/2026:09:11:52 -0400] "GET /wp-content/plugins/elementor/assets/css/conditionals/e-swiper.min.css?ver=3.25.11 HTTP/1.1" 200 10260 "https://casavalle.vsptdigital.cl/wp-login.php?action=register" "Mozilla/5.0 (Windows NT 10.0; Win64; x64) AppleWebKit/537.36 (KHTML, like Gecko) Chrome/149.0.0.0 Safari/537.36"
191.101.110.22 - - [11/Aug/2026:09:11:54 -0400] "GET /wp-content/plugins/elementor-pro/assets/css/frontend.min.css?ver=3.7.1 HTTP/1.1" 200 480945 "https://casavalle.vsptdigital.cl/wp-login.php?action=register" "Mozilla/5.0 (Windows NT 10.0; Win64; x64) AppleWebKit/537.36 (KHTML, like Gecko) Chrome/149.0.0.0 Safari/537.36"
191.101.110.22 - - [11/Aug/2026:09:12:03 -0400] "GET /wp-content/uploads/elementor/css/post-35.css?ver=1734010644 HTTP/1.1" 200 5018 "https://casavalle.vsptdigital.cl/wp-login.php?action=register" "Mozilla/5.0 (Windows NT 10.0; Win64; x64) AppleWebKit/537.36 (KHTML, like Gecko) Chrome/149.0.0.0 Safari/537.36"
191.101.110.22 - - [11/Aug/2026:09:12:05 -0400] "GET /wp-content/uploads/pum/pum-site-styles.css?generated=1734010667&ver=1.20.3 HTTP/1.1" 200 17449 "https://casavalle.vsptdigital.cl/wp-login.php?action=register" "Mozilla/5.0 (Windows NT 10.0; Win64; x64) AppleWebKit/537.36 (KHTML, like Gecko) Chrome/149.0.0.0 Safari/537.36"
74.7.242.19 - - [11/Aug/2026:09:11:21 -0400] "GET /2026/07/15/como-hacer-ruleta-para-jugar/ HTTP/1.1" 200 46562 "https://casavalle.vsptdigital.cl/?p=17060" "Mozilla/5.0 AppleWebKit/537.36 (KHTML, like Gecko; compatible; GPTBot/1.4; +https://openai.com/gptbot)"
191.101.110.22 - - [11/Aug/2026:09:12:07 -0400] "GET /wp-content/plugins/elementor/assets/css/widget-image.min.css?ver=3.25.11 HTTP/1.1" 200 254 "https://casavalle.vsptdigital.cl/wp-login.php?action=register" "Mozilla/5.0 (Windows NT 10.0; Win64; x64) AppleWebKit/537.36 (KHTML, like Gecko) Chrome/149.0.0.0 Safari/537.36"
191.101.110.22 - - [11/Aug/2026:09:12:09 -0400] "GET /wp-content/plugins/elementor/assets/lib/animations/styles/fadeInRight.min.css?ver=3.25.11 HTTP/1.1" 200 139 "https://casavalle.vsptdigital.cl/wp-login.php?action=register" "Mozilla/5.0 (Windows NT 10.0; Win64; x64) AppleWebKit/537.36 (KHTML, like Gecko) Chrome/149.0.0.0 Safari/537.36"
191.101.110.22 - - [11/Aug/2026:09:12:10 -0400] "GET /wp-content/plugins/elementor/assets/css/widget-heading.min.css?ver=3.25.11 HTTP/1.1" 200 600 "https://casavalle.vsptdigital.cl/wp-login.php?action=register" "Mozilla/5.0 (Windows NT 10.0; Win64; x64) AppleWebKit/537.36 (KHTML, like Gecko) Chrome/149.0.0.0 Safari/537.36"
74.7.242.19 - - [11/Aug/2026:09:12:20 -0400] "GET /?p=16997 HTTP/1.1" 301 - "https://casavalle.vsptdigital.cl/2026/07/15/tirada-gratis-de-juegos-tragamonedas-en-novomatic-casino/" "Mozilla/5.0 AppleWebKit/537.36 (KHTML, like Gecko; compatible; GPTBot/1.4; +https://openai.com/gptbot)"
74.7.242.19 - - [11/Aug/2026:09:13:21 -0400] "GET /?p=17530 HTTP/1.1" 301 - "https://casavalle.vsptdigital.cl/2026/07/15/trucos-para-ganar-en-maquinas-de-casino/" "Mozilla/5.0 AppleWebKit/537.36 (KHTML, like Gecko; compatible; GPTBot/1.4; +https://openai.com/gptbot)"
74.7.242.19 - - [11/Aug/2026:09:13:21 -0400] "GET /2026/07/15/cual-es-el-numero-que-mas-cae-en-la-ruleta/ HTTP/1.1" 200 46571 "https://casavalle.vsptdigital.cl/?p=17530" "Mozilla/5.0 AppleWebKit/537.36 (KHTML, like Gecko; compatible; GPTBot/1.4; +https://openai.com/gptbot)"
74.7.242.19 - - [11/Aug/2026:09:14:21 -0400] "GET /?p=17367 HTTP/1.1" 301 - "https://casavalle.vsptdigital.cl/2026/07/15/trucos-para-ganar-en-maquinas-de-casino/" "Mozilla/5.0 AppleWebKit/537.36 (KHTML, like Gecko; compatible; GPTBot/1.4; +https://openai.com/gptbot)"
74.7.242.19 - - [11/Aug/2026:09:15:26 -0400] "GET /?p=17198 HTTP/1.1" 301 - "https://casavalle.vsptdigital.cl/2026/07/15/trucos-para-ganar-en-maquinas-de-casino/" "Mozilla/5.0 AppleWebKit/537.36 (KHTML, like Gecko; compatible; GPTBot/1.4; +https://openai.com/gptbot)"
74.7.242.19 - - [11/Aug/2026:09:16:27 -0400] "GET /?p=17760 HTTP/1.1" 301 - "https://casavalle.vsptdigital.cl/2026/07/15/trucos-para-ganar-en-maquinas-de-casino/" "Mozilla/5.0 AppleWebKit/537.36 (KHTML, like Gecko; compatible; GPTBot/1.4; +https://openai.com/gptbot)"
72.214.108.67 - - [11/Aug/2026:09:17:05 -0400] "GET /2026/06/25/spielautomaten-online-mit-bitcoin-bezahlen-2026/ HTTP/1.1" 200 46192 "https://casavalle.vsptdigital.cl/" "Mozilla/5.0 (Macintosh; Intel Mac OS X 10_15_7) AppleWebKit/537.36 (KHTML, like Gecko) Chrome/147.0.0.0 Safari/537.36"
72.214.108.67 - - [11/Aug/2026:09:17:08 -0400] "GET /2026/06/25/spielautomaten-online-mit-bitcoin-bezahlen-2026/ HTTP/1.1" 200 46192 "https://casavalle.vsptdigital.cl/2026/06/25/spielautomaten-online-mit-bitcoin-bezahlen-2026/" "Mozilla/5.0 (Macintosh; Intel Mac OS X 10_15_7) AppleWebKit/537.36 (KHTML, like Gecko) Chrome/147.0.0.0 Safari/537.36"
74.7.242.19 - - [11/Aug/2026:09:17:28 -0400] "GET /?p=17692 HTTP/1.1" 301 - "https://casavalle.vsptdigital.cl/2026/07/15/juegos-gratis-para-ganar-dinero-real/" "Mozilla/5.0 AppleWebKit/537.36 (KHTML, like Gecko; compatible; GPTBot/1.4; +https://openai.com/gptbot)"
200.10.35.27 - - [11/Aug/2026:09:18:26 -0400] "GET /2026/07/04/sitios-web-seguros-de-ruleta-bonos-sin-deposito-en-espanol/ HTTP/1.1" 200 46407 "https://casavalle.vsptdigital.cl/" "Mozilla/5.0 (Macintosh; Intel Mac OS X 10_15_7) AppleWebKit/605.1.15 (KHTML, like Gecko) Version/17.4.1 Safari/605.1.15"
74.7.242.19 - - [11/Aug/2026:09:18:26 -0400] "GET /?p=17792 HTTP/1.1" 301 - "https://casavalle.vsptdigital.cl/2026/07/15/juegos-gratis-para-ganar-dinero-real/" "Mozilla/5.0 AppleWebKit/537.36 (KHTML, like Gecko; compatible; GPTBot/1.4; +https://openai.com/gptbot)"
200.10.35.27 - - [11/Aug/2026:09:18:31 -0400] "GET /2026/07/04/sitios-web-seguros-de-ruleta-bonos-sin-deposito-en-espanol/ HTTP/1.1" 200 46407 "https://casavalle.vsptdigital.cl/2026/07/04/sitios-web-seguros-de-ruleta-bonos-sin-deposito-en-espanol/" "Mozilla/5.0 (Macintosh; Intel Mac OS X 10_15_7) AppleWebKit/605.1.15 (KHTML, like Gecko) Version/17.4.1 Safari/605.1.15"
74.7.242.19 - - [11/Aug/2026:09:18:27 -0400] "GET /2026/07/15/casinos-en-castellon-de-la-plana/ HTTP/1.1" 200 46605 "https://casavalle.vsptdigital.cl/?p=17792" "Mozilla/5.0 AppleWebKit/537.36 (KHTML, like Gecko; compatible; GPTBot/1.4; +https://openai.com/gptbot)"
74.7.242.19 - - [11/Aug/2026:09:19:27 -0400] "GET /?p=17259 HTTP/1.1" 301 - "https://casavalle.vsptdigital.cl/2026/07/15/casinos-online-con-bonos-sin-deposito/" "Mozilla/5.0 AppleWebKit/537.36 (KHTML, like Gecko; compatible; GPTBot/1.4; +https://openai.com/gptbot)"
74.7.242.19 - - [11/Aug/2026:09:19:27 -0400] "GET /2026/07/15/casino-san-gallo/ HTTP/1.1" 200 47714 "https://casavalle.vsptdigital.cl/?p=17259" "Mozilla/5.0 AppleWebKit/537.36 (KHTML, like Gecko; compatible; GPTBot/1.4; +https://openai.com/gptbot)"
74.7.242.19 - - [11/Aug/2026:09:20:33 -0400] "GET /?p=17950 HTTP/1.1" 301 - "https://casavalle.vsptdigital.cl/2026/07/15/casinos-online-con-bonos-sin-deposito/" "Mozilla/5.0 AppleWebKit/537.36 (KHTML, like Gecko; compatible; GPTBot/1.4; +https://openai.com/gptbot)"
74.7.242.19 - - [11/Aug/2026:09:21:31 -0400] "GET /?p=18250 HTTP/1.1" 301 - "https://casavalle.vsptdigital.cl/2026/07/15/descargar-todos-los-juegos-de-tragamonedas-gratis/" "Mozilla/5.0 AppleWebKit/537.36 (KHTML, like Gecko; compatible; GPTBot/1.4; +https://openai.com/gptbot)"
74.7.242.19 - - [11/Aug/2026:09:22:35 -0400] "GET /?p=17843 HTTP/1.1" 301 - "https://casavalle.vsptdigital.cl/2026/07/15/descargar-todos-los-juegos-de-tragamonedas-gratis/" "Mozilla/5.0 AppleWebKit/537.36 (KHTML, like Gecko; compatible; GPTBot/1.4; +https://openai.com/gptbot)"
74.7.242.19 - - [11/Aug/2026:09:23:32 -0400] "GET /?p=18096 HTTP/1.1" 301 - "https://casavalle.vsptdigital.cl/2026/07/15/descargar-todos-los-juegos-de-tragamonedas-gratis/" "Mozilla/5.0 AppleWebKit/537.36 (KHTML, like Gecko; compatible; GPTBot/1.4; +https://openai.com/gptbot)"
74.7.242.19 - - [11/Aug/2026:09:23:33 -0400] "GET /2026/07/15/d%C3%B3nde-reglas-del-blackjack-europeo/ HTTP/1.1" 200 46456 "https://casavalle.vsptdigital.cl/?p=18096" "Mozilla/5.0 AppleWebKit/537.36 (KHTML, like Gecko; compatible; GPTBot/1.4; +https://openai.com/gptbot)"
74.7.242.19 - - [11/Aug/2026:09:24:37 -0400] "GET /?p=16988 HTTP/1.1" 301 - "https://casavalle.vsptdigital.cl/2026/07/15/descargar-todos-los-juegos-de-tragamonedas-gratis/" "Mozilla/5.0 AppleWebKit/537.36 (KHTML, like Gecko; compatible; GPTBot/1.4; +https://openai.com/gptbot)"
74.7.242.19 - - [11/Aug/2026:09:24:38 -0400] "GET /2026/07/15/tragamonedas-bono-sin-deposito/ HTTP/1.1" 200 46145 "https://casavalle.vsptdigital.cl/?p=16988" "Mozilla/5.0 AppleWebKit/537.36 (KHTML, like Gecko; compatible; GPTBot/1.4; +https://openai.com/gptbot)"
74.7.242.19 - - [11/Aug/2026:09:25:41 -0400] "GET /?p=17670 HTTP/1.1" 301 - "https://casavalle.vsptdigital.cl/2026/07/15/casinos-online-con-bonos-sin-deposito/" "Mozilla/5.0 AppleWebKit/537.36 (KHTML, like Gecko; compatible; GPTBot/1.4; +https://openai.com/gptbot)"
74.7.242.19 - - [11/Aug/2026:09:26:38 -0400] "GET /?p=18244 HTTP/1.1" 301 - "https://casavalle.vsptdigital.cl/2026/07/15/casinos-online-con-bonos-sin-deposito/" "Mozilla/5.0 AppleWebKit/537.36 (KHTML, like Gecko; compatible; GPTBot/1.4; +https://openai.com/gptbot)"
74.7.242.19 - - [11/Aug/2026:09:27:40 -0400] "GET /?p=16998 HTTP/1.1" 301 - "https://casavalle.vsptdigital.cl/2026/07/15/casinos-online-con-bonos-sin-deposito/" "Mozilla/5.0 AppleWebKit/537.36 (KHTML, like Gecko; compatible; GPTBot/1.4; +https://openai.com/gptbot)"
74.7.242.19 - - [11/Aug/2026:09:27:40 -0400] "GET /2026/07/15/blackjack-en-vivo-con-cripto/ HTTP/1.1" 200 47418 "https://casavalle.vsptdigital.cl/?p=16998" "Mozilla/5.0 AppleWebKit/537.36 (KHTML, like Gecko; compatible; GPTBot/1.4; +https://openai.com/gptbot)"
196.240.143.230 - - [11/Aug/2026:09:28:45 -0400] "GET /2026/07/26/logiciel-d-aide-a-la-roulette-pour-ios-en-2026/ HTTP/1.1" 200 47273 "https://casavalle.vsptdigital.cl/" "Mozilla/5.0 (Macintosh; Intel Mac OS X 10_15_7) AppleWebKit/537.36 (KHTML, like Gecko) obsidian/1.6.5 Chrome/124.0.6367.243 Electron/30.1.2 Safari/537.36"
196.240.143.230 - - [11/Aug/2026:09:28:52 -0400] "GET /wp-login.php?action=register HTTP/1.1" 404 40829 "https://casavalle.vsptdigital.cl/2026/07/26/logiciel-d-aide-a-la-roulette-pour-ios-en-2026/" "Mozilla/5.0 (Windows NT 6.3; Win64; x64) AppleWebKit/537.36 (KHTML, like Gecko) Chrome/103.0.0.0 Safari/537.36"
196.240.143.230 - - [11/Aug/2026:09:28:54 -0400] "GET /wp-login.php?action=register HTTP/1.1" 404 40829 "https://casavalle.vsptdigital.cl/wp-login.php?action=register" "Mozilla/5.0 (Windows NT 6.3; Win64; x64) AppleWebKit/537.36 (KHTML, like Gecko) Chrome/103.0.0.0 Safari/537.36"
192.250.229.214 - - [11/Aug/2026:09:29:05 -0400] "GET /wp-login.php HTTP/1.1" 301 - "-" "Mozilla/5.0 (Windows NT 10.0; Win64; x64) AppleWebKit/537.36 (KHTML, like Gecko) Chrome/133.0.0.0 Safari/537.36"
192.250.229.214 - - [11/Aug/2026:09:29:07 -0400] "GET /wp-login.php HTTP/1.1" 302 - "https://www.casavalle.vsptdigital.cl/wp-login.php" "Mozilla/5.0 (Windows NT 10.0; Win64; x64) AppleWebKit/537.36 (KHTML, like Gecko) Chrome/133.0.0.0 Safari/537.36"
192.250.229.214 - - [11/Aug/2026:09:29:08 -0400] "GET /wp-login.php HTTP/1.1" 302 - "https://www.casavalle.vsptdigital.cl/wp-login.php" "Mozilla/5.0 (Windows NT 10.0; Win64; x64) AppleWebKit/537.36 (KHTML, like Gecko) Chrome/133.0.0.0 Safari/537.36"
192.250.229.214 - - [11/Aug/2026:09:29:08 -0400] "GET /wp-login.php HTTP/1.1" 302 - "https://www.casavalle.vsptdigital.cl/wp-login.php" "Mozilla/5.0 (Windows NT 10.0; Win64; x64) AppleWebKit/537.36 (KHTML, like Gecko) Chrome/133.0.0.0 Safari/537.36"
192.250.229.214 - - [11/Aug/2026:09:29:09 -0400] "GET /wp-login.php HTTP/1.1" 302 - "https://www.casavalle.vsptdigital.cl/wp-login.php" "Mozilla/5.0 (Windows NT 10.0; Win64; x64) AppleWebKit/537.36 (KHTML, like Gecko) Chrome/133.0.0.0 Safari/537.36"
192.250.229.214 - - [11/Aug/2026:09:29:09 -0400] "GET /wp-login.php HTTP/1.1" 302 - "https://www.casavalle.vsptdigital.cl/wp-login.php" "Mozilla/5.0 (Windows NT 10.0; Win64; x64) AppleWebKit/537.36 (KHTML, like Gecko) Chrome/133.0.0.0 Safari/537.36"
192.250.229.214 - - [11/Aug/2026:09:29:10 -0400] "GET /wp-login.php HTTP/1.1" 302 - "https://www.casavalle.vsptdigital.cl/wp-login.php" "Mozilla/5.0 (Windows NT 10.0; Win64; x64) AppleWebKit/537.36 (KHTML, like Gecko) Chrome/133.0.0.0 Safari/537.36"
192.250.229.214 - - [11/Aug/2026:09:29:10 -0400] "GET /wp-login.php HTTP/1.1" 302 - "https://www.casavalle.vsptdigital.cl/wp-login.php" "Mozilla/5.0 (Windows NT 10.0; Win64; x64) AppleWebKit/537.36 (KHTML, like Gecko) Chrome/133.0.0.0 Safari/537.36"
192.250.229.214 - - [11/Aug/2026:09:29:11 -0400] "GET /wp-login.php HTTP/1.1" 302 - "https://www.casavalle.vsptdigital.cl/wp-login.php" "Mozilla/5.0 (Windows NT 10.0; Win64; x64) AppleWebKit/537.36 (KHTML, like Gecko) Chrome/133.0.0.0 Safari/537.36"
192.250.229.214 - - [11/Aug/2026:09:29:11 -0400] "GET /wp-login.php HTTP/1.1" 302 - "https://www.casavalle.vsptdigital.cl/wp-login.php" "Mozilla/5.0 (Windows NT 10.0; Win64; x64) AppleWebKit/537.36 (KHTML, like Gecko) Chrome/133.0.0.0 Safari/537.36"
192.250.229.214 - - [11/Aug/2026:09:29:12 -0400] "GET /wp-json/wp/v2/users/me HTTP/1.1" 401 88 "-" "Mozilla/5.0 (Windows NT 10.0; Win64; x64) AppleWebKit/537.36 (KHTML, like Gecko) Chrome/133.0.0.0 Safari/537.36"
74.7.242.19 - - [11/Aug/2026:09:28:43 -0400] "GET /?p=17591 HTTP/1.1" 301 - "https://casavalle.vsptdigital.cl/2026/07/15/descargar-todos-los-juegos-de-tragamonedas-gratis/" "Mozilla/5.0 AppleWebKit/537.36 (KHTML, like Gecko; compatible; GPTBot/1.4; +https://openai.com/gptbot)"
74.7.242.19 - - [11/Aug/2026:09:29:48 -0400] "GET /?p=17464 HTTP/1.1" 301 - "https://casavalle.vsptdigital.cl/2026/07/15/tirada-gratis-de-juegos-tragamonedas-en-novomatic-casino/" "Mozilla/5.0 AppleWebKit/537.36 (KHTML, like Gecko; compatible; GPTBot/1.4; +https://openai.com/gptbot)"
74.7.242.19 - - [11/Aug/2026:09:30:53 -0400] "GET /?p=17010 HTTP/1.1" 301 - "https://casavalle.vsptdigital.cl/?p=17259" "Mozilla/5.0 AppleWebKit/537.36 (KHTML, like Gecko; compatible; GPTBot/1.4; +https://openai.com/gptbot)"
