103.115.186.119 - - [11/Aug/2026:17:02:40 -0400] "GET /wp-content/uploads/elementor/css/post-5.css?ver=1734010644 HTTP/1.1" 200 1230 "https://vsptdigital.cl/" "Mozilla/5.0 (iPhone; CPU iPhone OS 26_3_0 like Mac OS X) AppleWebKit/605.1.15 (KHTML, like Gecko) CriOS/144.0.7559.95 Mobile/15E148 Safari/604.1"
103.115.186.119 - - [11/Aug/2026:17:02:41 -0400] "GET /wp-content/plugins/elementor/assets/lib/swiper/v8/css/swiper.min.css?ver=8.4.5 HTTP/1.1" 200 16471 "https://vsptdigital.cl/" "Mozilla/5.0 (iPhone; CPU iPhone OS 26_3_0 like Mac OS X) AppleWebKit/605.1.15 (KHTML, like Gecko) CriOS/144.0.7559.95 Mobile/15E148 Safari/604.1"
103.115.186.119 - - [11/Aug/2026:17:02:41 -0400] "GET /wp-content/plugins/elementor/assets/lib/eicons/css/elementor-icons.min.css?ver=5.34.0 HTTP/1.1" 200 20060 "https://vsptdigital.cl/" "Mozilla/5.0 (iPhone; CPU iPhone OS 26_3_0 like Mac OS X) AppleWebKit/605.1.15 (KHTML, like Gecko) CriOS/144.0.7559.95 Mobile/15E148 Safari/604.1"
103.115.186.119 - - [11/Aug/2026:17:02:41 -0400] "GET /wp-content/plugins/elementor/assets/css/conditionals/e-swiper.min.css?ver=3.25.11 HTTP/1.1" 200 10260 "https://vsptdigital.cl/" "Mozilla/5.0 (iPhone; CPU iPhone OS 26_3_0 like Mac OS X) AppleWebKit/605.1.15 (KHTML, like Gecko) CriOS/144.0.7559.95 Mobile/15E148 Safari/604.1"
103.115.186.119 - - [11/Aug/2026:17:02:41 -0400] "GET /wp-content/uploads/elementor/css/post-35.css?ver=1734010644 HTTP/1.1" 200 5018 "https://vsptdigital.cl/" "Mozilla/5.0 (iPhone; CPU iPhone OS 26_3_0 like Mac OS X) AppleWebKit/605.1.15 (KHTML, like Gecko) CriOS/144.0.7559.95 Mobile/15E148 Safari/604.1"
103.115.186.119 - - [11/Aug/2026:17:02:41 -0400] "GET /wp-content/uploads/pum/pum-site-styles.css?generated=1734010667&ver=1.20.3 HTTP/1.1" 200 17449 "https://vsptdigital.cl/" "Mozilla/5.0 (iPhone; CPU iPhone OS 26_3_0 like Mac OS X) AppleWebKit/605.1.15 (KHTML, like Gecko) CriOS/144.0.7559.95 Mobile/15E148 Safari/604.1"
103.115.186.119 - - [11/Aug/2026:17:02:41 -0400] "GET /wp-content/plugins/elementor/assets/lib/animations/styles/fadeInRight.min.css?ver=3.25.11 HTTP/1.1" 200 139 "https://vsptdigital.cl/" "Mozilla/5.0 (iPhone; CPU iPhone OS 26_3_0 like Mac OS X) AppleWebKit/605.1.15 (KHTML, like Gecko) CriOS/144.0.7559.95 Mobile/15E148 Safari/604.1"
103.115.186.119 - - [11/Aug/2026:17:02:41 -0400] "GET /wp-content/plugins/elementor/assets/css/widget-heading.min.css?ver=3.25.11 HTTP/1.1" 200 600 "https://vsptdigital.cl/" "Mozilla/5.0 (iPhone; CPU iPhone OS 26_3_0 like Mac OS X) AppleWebKit/605.1.15 (KHTML, like Gecko) CriOS/144.0.7559.95 Mobile/15E148 Safari/604.1"
103.115.186.119 - - [11/Aug/2026:17:02:41 -0400] "GET /wp-content/plugins/elementor/assets/css/widget-image.min.css?ver=3.25.11 HTTP/1.1" 200 254 "https://vsptdigital.cl/" "Mozilla/5.0 (iPhone; CPU iPhone OS 26_3_0 like Mac OS X) AppleWebKit/605.1.15 (KHTML, like Gecko) CriOS/144.0.7559.95 Mobile/15E148 Safari/604.1"
103.115.186.119 - - [11/Aug/2026:17:02:41 -0400] "GET /wp-includes/js/jquery/jquery-migrate.min.js?ver=3.4.1 HTTP/1.1" 200 13577 "https://vsptdigital.cl/" "Mozilla/5.0 (iPhone; CPU iPhone OS 26_3_0 like Mac OS X) AppleWebKit/605.1.15 (KHTML, like Gecko) CriOS/144.0.7559.95 Mobile/15E148 Safari/604.1"
103.115.186.119 - - [11/Aug/2026:17:02:41 -0400] "GET /wp-content/plugins/elementor-pro/assets/css/frontend.min.css?ver=3.7.1 HTTP/1.1" 200 480945 "https://vsptdigital.cl/" "Mozilla/5.0 (iPhone; CPU iPhone OS 26_3_0 like Mac OS X) AppleWebKit/605.1.15 (KHTML, like Gecko) CriOS/144.0.7559.95 Mobile/15E148 Safari/604.1"
103.115.186.119 - - [11/Aug/2026:17:02:41 -0400] "GET /wp-content/uploads/2022/05/logo_landing_-casa-valle.png HTTP/1.1" 200 44467 "https://vsptdigital.cl/" "Mozilla/5.0 (iPhone; CPU iPhone OS 26_3_0 like Mac OS X) AppleWebKit/605.1.15 (KHTML, like Gecko) CriOS/144.0.7559.95 Mobile/15E148 Safari/604.1"
103.115.186.119 - - [11/Aug/2026:17:02:41 -0400] "GET /wp-includes/js/jquery/jquery.min.js?ver=3.7.1 HTTP/1.1" 200 87553 "https://vsptdigital.cl/" "Mozilla/5.0 (iPhone; CPU iPhone OS 26_3_0 like Mac OS X) AppleWebKit/605.1.15 (KHTML, like Gecko) CriOS/144.0.7559.95 Mobile/15E148 Safari/604.1"
103.115.186.119 - - [11/Aug/2026:17:02:41 -0400] "GET /wp-includes/js/dist/hooks.min.js?ver=7496969728ca0f95732d HTTP/1.1" 200 5050 "https://vsptdigital.cl/" "Mozilla/5.0 (iPhone; CPU iPhone OS 26_3_0 like Mac OS X) AppleWebKit/605.1.15 (KHTML, like Gecko) CriOS/144.0.7559.95 Mobile/15E148 Safari/604.1"
103.115.186.119 - - [11/Aug/2026:17:02:41 -0400] "GET /wp-includes/js/dist/i18n.min.js?ver=781d11515ad3d91786ec HTTP/1.1" 200 5732 "https://vsptdigital.cl/" "Mozilla/5.0 (iPhone; CPU iPhone OS 26_3_0 like Mac OS X) AppleWebKit/605.1.15 (KHTML, like Gecko) CriOS/144.0.7559.95 Mobile/15E148 Safari/604.1"
103.115.186.119 - - [11/Aug/2026:17:02:41 -0400] "GET /wp-content/plugins/contact-form-7/includes/swv/js/index.js?ver=6.0.1 HTTP/1.1" 200 12512 "https://vsptdigital.cl/" "Mozilla/5.0 (iPhone; CPU iPhone OS 26_3_0 like Mac OS X) AppleWebKit/605.1.15 (KHTML, like Gecko) CriOS/144.0.7559.95 Mobile/15E148 Safari/604.1"
103.115.186.119 - - [11/Aug/2026:17:02:42 -0400] "GET /wp-content/plugins/contact-form-7/includes/js/index.js?ver=6.0.1 HTTP/1.1" 200 13452 "https://vsptdigital.cl/" "Mozilla/5.0 (iPhone; CPU iPhone OS 26_3_0 like Mac OS X) AppleWebKit/605.1.15 (KHTML, like Gecko) CriOS/144.0.7559.95 Mobile/15E148 Safari/604.1"
103.115.186.119 - - [11/Aug/2026:17:02:42 -0400] "GET /wp-content/themes/hello-elementor/assets/js/hello-frontend.min.js?ver=3.1.1 HTTP/1.1" 200 2749 "https://vsptdigital.cl/" "Mozilla/5.0 (iPhone; CPU iPhone OS 26_3_0 like Mac OS X) AppleWebKit/605.1.15 (KHTML, like Gecko) CriOS/144.0.7559.95 Mobile/15E148 Safari/604.1"
103.115.186.119 - - [11/Aug/2026:17:02:42 -0400] "GET /wp-includes/js/jquery/ui/core.min.js?ver=1.13.3 HTTP/1.1" 200 21464 "https://vsptdigital.cl/" "Mozilla/5.0 (iPhone; CPU iPhone OS 26_3_0 like Mac OS X) AppleWebKit/605.1.15 (KHTML, like Gecko) CriOS/144.0.7559.95 Mobile/15E148 Safari/604.1"
103.115.186.119 - - [11/Aug/2026:17:02:42 -0400] "GET /wp-content/uploads/pum/pum-site-scripts.js?defer&generated=1734010667&ver=1.20.3 HTTP/1.1" 200 69890 "https://vsptdigital.cl/" "Mozilla/5.0 (iPhone; CPU iPhone OS 26_3_0 like Mac OS X) AppleWebKit/605.1.15 (KHTML, like Gecko) CriOS/144.0.7559.95 Mobile/15E148 Safari/604.1"
103.115.186.119 - - [11/Aug/2026:17:02:42 -0400] "GET /wp-content/plugins/elementor-pro/assets/js/webpack-pro.runtime.min.js?ver=3.7.1 HTTP/1.1" 200 5161 "https://vsptdigital.cl/" "Mozilla/5.0 (iPhone; CPU iPhone OS 26_3_0 like Mac OS X) AppleWebKit/605.1.15 (KHTML, like Gecko) CriOS/144.0.7559.95 Mobile/15E148 Safari/604.1"
103.115.186.119 - - [11/Aug/2026:17:02:42 -0400] "GET /wp-content/plugins/elementor/assets/js/webpack.runtime.min.js?ver=3.25.11 HTTP/1.1" 200 5252 "https://vsptdigital.cl/" "Mozilla/5.0 (iPhone; CPU iPhone OS 26_3_0 like Mac OS X) AppleWebKit/605.1.15 (KHTML, like Gecko) CriOS/144.0.7559.95 Mobile/15E148 Safari/604.1"
103.115.186.119 - - [11/Aug/2026:17:02:42 -0400] "GET /wp-content/plugins/elementor/assets/js/frontend-modules.min.js?ver=3.25.11 HTTP/1.1" 200 54824 "https://vsptdigital.cl/" "Mozilla/5.0 (iPhone; CPU iPhone OS 26_3_0 like Mac OS X) AppleWebKit/605.1.15 (KHTML, like Gecko) CriOS/144.0.7559.95 Mobile/15E148 Safari/604.1"
103.115.186.119 - - [11/Aug/2026:17:02:42 -0400] "GET /wp-content/plugins/elementor-pro/assets/js/frontend.min.js?ver=3.7.1 HTTP/1.1" 200 21034 "https://vsptdigital.cl/" "Mozilla/5.0 (iPhone; CPU iPhone OS 26_3_0 like Mac OS X) AppleWebKit/605.1.15 (KHTML, like Gecko) CriOS/144.0.7559.95 Mobile/15E148 Safari/604.1"
103.115.186.119 - - [11/Aug/2026:17:02:42 -0400] "GET /wp-content/plugins/elementor/assets/js/frontend.min.js?ver=3.25.11 HTTP/1.1" 200 44127 "https://vsptdigital.cl/" "Mozilla/5.0 (iPhone; CPU iPhone OS 26_3_0 like Mac OS X) AppleWebKit/605.1.15 (KHTML, like Gecko) CriOS/144.0.7559.95 Mobile/15E148 Safari/604.1"
103.115.186.119 - - [11/Aug/2026:17:02:42 -0400] "GET /wp-content/plugins/elementor-pro/assets/js/preloaded-elements-handlers.min.js?ver=3.7.1 HTTP/1.1" 200 134833 "https://vsptdigital.cl/" "Mozilla/5.0 (iPhone; CPU iPhone OS 26_3_0 like Mac OS X) AppleWebKit/605.1.15 (KHTML, like Gecko) CriOS/144.0.7559.95 Mobile/15E148 Safari/604.1"
103.115.186.119 - - [11/Aug/2026:17:02:42 -0400] "GET /wp-content/plugins/elementor-pro/assets/lib/sticky/jquery.sticky.min.js?ver=3.7.1 HTTP/1.1" 200 3236 "https://vsptdigital.cl/" "Mozilla/5.0 (iPhone; CPU iPhone OS 26_3_0 like Mac OS X) AppleWebKit/605.1.15 (KHTML, like Gecko) CriOS/144.0.7559.95 Mobile/15E148 Safari/604.1"
103.115.186.119 - - [11/Aug/2026:17:02:41 -0400] "GET /wp-content/uploads/2022/06/ofertas_exclusivas-1536x628.png HTTP/1.1" 200 870625 "https://vsptdigital.cl/" "Mozilla/5.0 (iPhone; CPU iPhone OS 26_3_0 like Mac OS X) AppleWebKit/605.1.15 (KHTML, like Gecko) CriOS/144.0.7559.95 Mobile/15E148 Safari/604.1"
74.7.242.19 - - [11/Aug/2026:17:02:50 -0400] "GET /?p=18045 HTTP/1.1" 301 - "https://casavalle.vsptdigital.cl/2026/07/15/paginas-de-tragamonedas/" "Mozilla/5.0 AppleWebKit/537.36 (KHTML, like Gecko; compatible; GPTBot/1.4; +https://openai.com/gptbot)"
188.126.89.86 - - [11/Aug/2026:17:02:27 -0400] "GET /2026/07/07/slot-casino-juegos-en-es-2026/ HTTP/1.1" 200 46302 "-" "Mozilla/5.0 (Macintosh; Intel Mac OS X 10_15_7) AppleWebKit/537.36 (KHTML, like Gecko) Chrome/114.0.0.0 Safari/537.36 OPR/100.0.0.0"
74.7.242.19 - - [11/Aug/2026:17:03:56 -0400] "GET /?p=17836 HTTP/1.1" 301 - "https://casavalle.vsptdigital.cl/2026/07/15/paginas-de-tragamonedas/" "Mozilla/5.0 AppleWebKit/537.36 (KHTML, like Gecko; compatible; GPTBot/1.4; +https://openai.com/gptbot)"
85.208.96.202 - - [11/Aug/2026:17:03:46 -0400] "GET /2026/01/30/jugar-video-bingo-gratis/ HTTP/1.1" 200 47294 "-" "Mozilla/5.0 (compatible; SemrushBot/7~bl; +http://www.semrush.com/bot.html)"
74.7.242.19 - - [11/Aug/2026:17:03:56 -0400] "GET /2026/07/15/c%C3%B3mo-ganarle-a-la-ruleta/ HTTP/1.1" 200 46785 "https://casavalle.vsptdigital.cl/?p=17836" "Mozilla/5.0 AppleWebKit/537.36 (KHTML, like Gecko; compatible; GPTBot/1.4; +https://openai.com/gptbot)"
185.191.171.4 - - [11/Aug/2026:17:04:55 -0400] "GET /2026/01/30/36-rojo-ruleta/ HTTP/1.1" 200 46246 "-" "Mozilla/5.0 (compatible; SemrushBot/7~bl; +http://www.semrush.com/bot.html)"
74.7.242.19 - - [11/Aug/2026:17:04:54 -0400] "GET /?p=17204 HTTP/1.1" 301 - "https://casavalle.vsptdigital.cl/2026/07/15/ganar-siempre-en-la-ruleta/" "Mozilla/5.0 AppleWebKit/537.36 (KHTML, like Gecko; compatible; GPTBot/1.4; +https://openai.com/gptbot)"
74.7.242.19 - - [11/Aug/2026:17:05:59 -0400] "GET /?p=18230 HTTP/1.1" 301 - "https://casavalle.vsptdigital.cl/2026/07/15/ganar-siempre-en-la-ruleta/" "Mozilla/5.0 AppleWebKit/537.36 (KHTML, like Gecko; compatible; GPTBot/1.4; +https://openai.com/gptbot)"
74.7.242.19 - - [11/Aug/2026:17:05:59 -0400] "GET /2026/07/15/como-atraer-suerte-en-juegos-de-azar/ HTTP/1.1" 200 46440 "https://casavalle.vsptdigital.cl/?p=18230" "Mozilla/5.0 AppleWebKit/537.36 (KHTML, like Gecko; compatible; GPTBot/1.4; +https://openai.com/gptbot)"
74.7.242.19 - - [11/Aug/2026:17:07:01 -0400] "GET /?p=17489 HTTP/1.1" 301 - "https://casavalle.vsptdigital.cl/2026/07/15/tragamonedas-dinero-facil/" "Mozilla/5.0 AppleWebKit/537.36 (KHTML, like Gecko; compatible; GPTBot/1.4; +https://openai.com/gptbot)"
158.62.221.222 - - [11/Aug/2026:17:07:52 -0400] "GET /2026/06/25/deutschs-mobiles-casino-2026/ HTTP/1.1" 200 46037 "https://casavalle.vsptdigital.cl/" "Mozilla/5.0 (Windows NT 10.0; Win64; x64; rv:144.0) Gecko/20100101 Firefox/144.0"
85.208.96.198 - - [11/Aug/2026:17:07:30 -0400] "GET /2026/01/30/jugar-juego-de-m%C3%A1quinas-tragamonedas/ HTTP/1.1" 200 46445 "-" "Mozilla/5.0 (compatible; SemrushBot/7~bl; +http://www.semrush.com/bot.html)"
74.7.242.19 - - [11/Aug/2026:17:08:03 -0400] "GET /?p=16690 HTTP/1.1" 301 - "https://casavalle.vsptdigital.cl/2026/07/15/ganar-siempre-en-la-ruleta/" "Mozilla/5.0 AppleWebKit/537.36 (KHTML, like Gecko; compatible; GPTBot/1.4; +https://openai.com/gptbot)"
74.7.242.19 - - [11/Aug/2026:17:09:07 -0400] "GET /?p=16868 HTTP/1.1" 301 - "https://casavalle.vsptdigital.cl/2026/07/15/ganar-siempre-en-la-ruleta/" "Mozilla/5.0 AppleWebKit/537.36 (KHTML, like Gecko; compatible; GPTBot/1.4; +https://openai.com/gptbot)"
209.248.0.75 - - [11/Aug/2026:17:10:26 -0400] "GET /2026/06/25/deutschs-mobiles-casino-2026/ HTTP/1.1" 200 46037 "https://casavalle.vsptdigital.cl/" "Mozilla/5.0 (Windows NT 10.0; Win64; x64) AppleWebKit/537.36 (KHTML, like Gecko) Chrome/117.0.5938.132 Safari/537.36"
209.248.0.75 - - [11/Aug/2026:17:10:30 -0400] "GET /wp-login.php?action=register HTTP/1.1" 404 40829 "https://casavalle.vsptdigital.cl/2026/06/25/deutschs-mobiles-casino-2026/" "Mozilla/5.0 (Windows NT 6.3; Win64; x64) AppleWebKit/537.36 (KHTML, like Gecko) Chrome/103.0.0.0 Safari/537.36"
209.248.0.75 - - [11/Aug/2026:17:10:32 -0400] "GET /wp-login.php?action=register HTTP/1.1" 404 40829 "https://casavalle.vsptdigital.cl/wp-login.php?action=register" "Mozilla/5.0 (Windows NT 6.3; Win64; x64) AppleWebKit/537.36 (KHTML, like Gecko) Chrome/103.0.0.0 Safari/537.36"
209.248.0.75 - - [11/Aug/2026:17:10:35 -0400] "GET /wp-content/plugins/contact-form-7/includes/css/styles.css?ver=6.0.1 HTTP/1.1" 200 2894 "https://casavalle.vsptdigital.cl/wp-login.php?action=register" "Mozilla/5.0 (Windows NT 10.0; Win64; x64) AppleWebKit/537.36 (KHTML, like Gecko) Chrome/149.0.0.0 Safari/537.36"
209.248.0.75 - - [11/Aug/2026:17:10:36 -0400] "GET /wp-content/themes/hello-elementor/style.min.css?ver=3.1.1 HTTP/1.1" 200 5501 "https://casavalle.vsptdigital.cl/wp-login.php?action=register" "Mozilla/5.0 (Windows NT 10.0; Win64; x64) AppleWebKit/537.36 (KHTML, like Gecko) Chrome/149.0.0.0 Safari/537.36"
209.248.0.75 - - [11/Aug/2026:17:10:37 -0400] "GET /wp-content/themes/hello-elementor/theme.min.css?ver=3.1.1 HTTP/1.1" 200 5146 "https://casavalle.vsptdigital.cl/wp-login.php?action=register" "Mozilla/5.0 (Windows NT 10.0; Win64; x64) AppleWebKit/537.36 (KHTML, like Gecko) Chrome/149.0.0.0 Safari/537.36"
209.248.0.75 - - [11/Aug/2026:17:10:39 -0400] "GET /wp-content/themes/hello-elementor/header-footer.min.css?ver=3.1.1 HTTP/1.1" 200 7212 "https://casavalle.vsptdigital.cl/wp-login.php?action=register" "Mozilla/5.0 (Windows NT 10.0; Win64; x64) AppleWebKit/537.36 (KHTML, like Gecko) Chrome/149.0.0.0 Safari/537.36"
209.248.0.75 - - [11/Aug/2026:17:10:40 -0400] "GET /wp-content/plugins/elementor/assets/css/frontend.min.css?ver=3.25.11 HTTP/1.1" 200 60575 "https://casavalle.vsptdigital.cl/wp-login.php?action=register" "Mozilla/5.0 (Windows NT 10.0; Win64; x64) AppleWebKit/537.36 (KHTML, like Gecko) Chrome/149.0.0.0 Safari/537.36"
209.248.0.75 - - [11/Aug/2026:17:10:42 -0400] "GET /wp-content/uploads/elementor/css/post-5.css?ver=1734010644 HTTP/1.1" 200 1230 "https://casavalle.vsptdigital.cl/wp-login.php?action=register" "Mozilla/5.0 (Windows NT 10.0; Win64; x64) AppleWebKit/537.36 (KHTML, like Gecko) Chrome/149.0.0.0 Safari/537.36"
209.248.0.75 - - [11/Aug/2026:17:10:43 -0400] "GET /wp-content/plugins/elementor/assets/lib/eicons/css/elementor-icons.min.css?ver=5.34.0 HTTP/1.1" 200 20060 "https://casavalle.vsptdigital.cl/wp-login.php?action=register" "Mozilla/5.0 (Windows NT 10.0; Win64; x64) AppleWebKit/537.36 (KHTML, like Gecko) Chrome/149.0.0.0 Safari/537.36"
209.248.0.75 - - [11/Aug/2026:17:10:45 -0400] "GET /wp-content/plugins/elementor/assets/lib/swiper/v8/css/swiper.min.css?ver=8.4.5 HTTP/1.1" 200 16471 "https://casavalle.vsptdigital.cl/wp-login.php?action=register" "Mozilla/5.0 (Windows NT 10.0; Win64; x64) AppleWebKit/537.36 (KHTML, like Gecko) Chrome/149.0.0.0 Safari/537.36"
209.248.0.75 - - [11/Aug/2026:17:10:47 -0400] "GET /wp-content/plugins/elementor/assets/css/conditionals/e-swiper.min.css?ver=3.25.11 HTTP/1.1" 200 10260 "https://casavalle.vsptdigital.cl/wp-login.php?action=register" "Mozilla/5.0 (Windows NT 10.0; Win64; x64) AppleWebKit/537.36 (KHTML, like Gecko) Chrome/149.0.0.0 Safari/537.36"
209.248.0.75 - - [11/Aug/2026:17:10:48 -0400] "GET /wp-content/plugins/elementor-pro/assets/css/frontend.min.css?ver=3.7.1 HTTP/1.1" 200 480945 "https://casavalle.vsptdigital.cl/wp-login.php?action=register" "Mozilla/5.0 (Windows NT 10.0; Win64; x64) AppleWebKit/537.36 (KHTML, like Gecko) Chrome/149.0.0.0 Safari/537.36"
209.248.0.75 - - [11/Aug/2026:17:10:54 -0400] "GET /wp-content/uploads/elementor/css/post-35.css?ver=1734010644 HTTP/1.1" 200 5018 "https://casavalle.vsptdigital.cl/wp-login.php?action=register" "Mozilla/5.0 (Windows NT 10.0; Win64; x64) AppleWebKit/537.36 (KHTML, like Gecko) Chrome/149.0.0.0 Safari/537.36"
209.248.0.75 - - [11/Aug/2026:17:10:55 -0400] "GET /wp-content/uploads/pum/pum-site-styles.css?generated=1734010667&ver=1.20.3 HTTP/1.1" 200 17449 "https://casavalle.vsptdigital.cl/wp-login.php?action=register" "Mozilla/5.0 (Windows NT 10.0; Win64; x64) AppleWebKit/537.36 (KHTML, like Gecko) Chrome/149.0.0.0 Safari/537.36"
74.7.242.19 - - [11/Aug/2026:17:10:11 -0400] "GET /?p=17105 HTTP/1.1" 301 - "https://casavalle.vsptdigital.cl/2026/07/15/ganar-siempre-en-la-ruleta/" "Mozilla/5.0 AppleWebKit/537.36 (KHTML, like Gecko; compatible; GPTBot/1.4; +https://openai.com/gptbot)"
209.248.0.75 - - [11/Aug/2026:17:10:56 -0400] "GET /wp-content/plugins/elementor/assets/css/widget-image.min.css?ver=3.25.11 HTTP/1.1" 200 254 "https://casavalle.vsptdigital.cl/wp-login.php?action=register" "Mozilla/5.0 (Windows NT 10.0; Win64; x64) AppleWebKit/537.36 (KHTML, like Gecko) Chrome/149.0.0.0 Safari/537.36"
209.248.0.75 - - [11/Aug/2026:17:10:58 -0400] "GET /wp-content/plugins/elementor/assets/lib/animations/styles/fadeInRight.min.css?ver=3.25.11 HTTP/1.1" 200 139 "https://casavalle.vsptdigital.cl/wp-login.php?action=register" "Mozilla/5.0 (Windows NT 10.0; Win64; x64) AppleWebKit/537.36 (KHTML, like Gecko) Chrome/149.0.0.0 Safari/537.36"
209.248.0.75 - - [11/Aug/2026:17:10:59 -0400] "GET /wp-content/plugins/elementor/assets/css/widget-heading.min.css?ver=3.25.11 HTTP/1.1" 200 600 "https://casavalle.vsptdigital.cl/wp-login.php?action=register" "Mozilla/5.0 (Windows NT 10.0; Win64; x64) AppleWebKit/537.36 (KHTML, like Gecko) Chrome/149.0.0.0 Safari/537.36"
129.121.74.194 - - [11/Aug/2026:17:11:03 -0400] "GET /wp-login.php HTTP/1.1" 302 - "-" "Mozilla/5.0 (Windows NT 10.0; Win64; x64) AppleWebKit/537.36 (KHTML, like Gecko) Chrome/133.0.0.0 Safari/537.36"
129.121.74.194 - - [11/Aug/2026:17:11:03 -0400] "GET /wp-login.php HTTP/1.1" 302 - "https://casavalle.vsptdigital.cl/wp-login.php" "Mozilla/5.0 (Windows NT 10.0; Win64; x64) AppleWebKit/537.36 (KHTML, like Gecko) Chrome/133.0.0.0 Safari/537.36"
129.121.74.194 - - [11/Aug/2026:17:11:03 -0400] "GET /wp-login.php HTTP/1.1" 302 - "https://casavalle.vsptdigital.cl/wp-login.php" "Mozilla/5.0 (Windows NT 10.0; Win64; x64) AppleWebKit/537.36 (KHTML, like Gecko) Chrome/133.0.0.0 Safari/537.36"
129.121.74.194 - - [11/Aug/2026:17:11:04 -0400] "GET /wp-login.php HTTP/1.1" 302 - "https://casavalle.vsptdigital.cl/wp-login.php" "Mozilla/5.0 (Windows NT 10.0; Win64; x64) AppleWebKit/537.36 (KHTML, like Gecko) Chrome/133.0.0.0 Safari/537.36"
129.121.74.194 - - [11/Aug/2026:17:11:04 -0400] "GET /wp-login.php HTTP/1.1" 302 - "https://casavalle.vsptdigital.cl/wp-login.php" "Mozilla/5.0 (Windows NT 10.0; Win64; x64) AppleWebKit/537.36 (KHTML, like Gecko) Chrome/133.0.0.0 Safari/537.36"
129.121.74.194 - - [11/Aug/2026:17:11:05 -0400] "GET /wp-login.php HTTP/1.1" 302 - "https://casavalle.vsptdigital.cl/wp-login.php" "Mozilla/5.0 (Windows NT 10.0; Win64; x64) AppleWebKit/537.36 (KHTML, like Gecko) Chrome/133.0.0.0 Safari/537.36"
129.121.74.194 - - [11/Aug/2026:17:11:05 -0400] "GET /wp-login.php HTTP/1.1" 302 - "https://casavalle.vsptdigital.cl/wp-login.php" "Mozilla/5.0 (Windows NT 10.0; Win64; x64) AppleWebKit/537.36 (KHTML, like Gecko) Chrome/133.0.0.0 Safari/537.36"
129.121.74.194 - - [11/Aug/2026:17:11:06 -0400] "GET /wp-login.php HTTP/1.1" 302 - "https://casavalle.vsptdigital.cl/wp-login.php" "Mozilla/5.0 (Windows NT 10.0; Win64; x64) AppleWebKit/537.36 (KHTML, like Gecko) Chrome/133.0.0.0 Safari/537.36"
129.121.74.194 - - [11/Aug/2026:17:11:06 -0400] "GET /wp-login.php HTTP/1.1" 302 - "https://casavalle.vsptdigital.cl/wp-login.php" "Mozilla/5.0 (Windows NT 10.0; Win64; x64) AppleWebKit/537.36 (KHTML, like Gecko) Chrome/133.0.0.0 Safari/537.36"
129.121.74.194 - - [11/Aug/2026:17:11:07 -0400] "GET /wp-login.php HTTP/1.1" 302 - "https://casavalle.vsptdigital.cl/wp-login.php" "Mozilla/5.0 (Windows NT 10.0; Win64; x64) AppleWebKit/537.36 (KHTML, like Gecko) Chrome/133.0.0.0 Safari/537.36"
129.121.74.194 - - [11/Aug/2026:17:11:07 -0400] "GET /wp-json/wp/v2/users/me HTTP/1.1" 401 88 "-" "Mozilla/5.0 (Windows NT 10.0; Win64; x64) AppleWebKit/537.36 (KHTML, like Gecko) Chrome/133.0.0.0 Safari/537.36"
85.208.96.207 - - [11/Aug/2026:17:10:43 -0400] "GET /2026/01/30/descargar-juegos-de-casino-online-gratis/ HTTP/1.1" 200 46638 "-" "Mozilla/5.0 (compatible; SemrushBot/7~bl; +http://www.semrush.com/bot.html)"
74.7.242.19 - - [11/Aug/2026:17:11:15 -0400] "GET /?p=17791 HTTP/1.1" 301 - "https://casavalle.vsptdigital.cl/2026/07/15/tragamonedas-dinero-facil/" "Mozilla/5.0 AppleWebKit/537.36 (KHTML, like Gecko; compatible; GPTBot/1.4; +https://openai.com/gptbot)"
85.208.96.206 - - [11/Aug/2026:17:11:30 -0400] "GET /2026/07/15/blackjack-bono-sin-deposito/ HTTP/1.1" 200 47554 "-" "Mozilla/5.0 (compatible; SemrushBot/7~bl; +http://www.semrush.com/bot.html)"
74.7.242.19 - - [11/Aug/2026:17:12:21 -0400] "GET /?p=18286 HTTP/1.1" 301 - "https://casavalle.vsptdigital.cl/2026/07/15/ganar-siempre-en-la-ruleta/" "Mozilla/5.0 AppleWebKit/537.36 (KHTML, like Gecko; compatible; GPTBot/1.4; +https://openai.com/gptbot)"
152.42.137.70 - - [11/Aug/2026:17:12:17 -0400] "GET /wp-json/wp/v2/users/me HTTP/1.1" 401 88 "-" "Mozilla/5.0 (Windows NT 10.0; Win64; x64) AppleWebKit/537.36 (KHTML, like Gecko) Chrome/133.0.0.0 Safari/537.36"
185.191.171.10 - - [11/Aug/2026:17:13:08 -0400] "GET /2026/07/15/bebe-coche-casino-bono-sin-dep%C3%B3sito-50-giros-gratis-2026/ HTTP/1.1" 200 46711 "-" "Mozilla/5.0 (compatible; SemrushBot/7~bl; +http://www.semrush.com/bot.html)"
74.7.242.19 - - [11/Aug/2026:17:13:24 -0400] "GET /?p=16941 HTTP/1.1" 301 - "https://casavalle.vsptdigital.cl/2026/07/15/paginas-de-tragamonedas/" "Mozilla/5.0 AppleWebKit/537.36 (KHTML, like Gecko; compatible; GPTBot/1.4; +https://openai.com/gptbot)"
74.7.242.19 - - [11/Aug/2026:17:14:23 -0400] "GET /?p=16919 HTTP/1.1" 301 - "https://casavalle.vsptdigital.cl/2026/07/15/paginas-de-tragamonedas/" "Mozilla/5.0 AppleWebKit/537.36 (KHTML, like Gecko; compatible; GPTBot/1.4; +https://openai.com/gptbot)"
85.208.96.208 - - [11/Aug/2026:17:13:51 -0400] "GET /2026/01/30/ruleta-jugada/ HTTP/1.1" 200 47340 "-" "Mozilla/5.0 (compatible; SemrushBot/7~bl; +http://www.semrush.com/bot.html)"
87.199.207.61 - - [11/Aug/2026:17:14:32 -0400] "GET /2026/07/04/cual-es-el-mejor-casino-en-linea-de-espana/ HTTP/1.1" 200 46528 "https://casavalle.vsptdigital.cl/" "Mozilla/5.0 (X11; Linux x86_64; rv:148.0) Gecko/20100101 Firefox/148.0"
87.199.207.61 - - [11/Aug/2026:17:14:33 -0400] "GET /2026/07/04/cual-es-el-mejor-casino-en-linea-de-espana/ HTTP/1.1" 200 46528 "https://casavalle.vsptdigital.cl/2026/07/04/cual-es-el-mejor-casino-en-linea-de-espana/" "Mozilla/5.0 (X11; Linux x86_64; rv:148.0) Gecko/20100101 Firefox/148.0"
188.126.89.86 - - [11/Aug/2026:17:14:55 -0400] "GET /2026/07/26/bonus-rejestracyjny-bez-wymaganego-depozytu-w-kasynie/ HTTP/1.1" 200 45731 "https://casavalle.vsptdigital.cl/" "Mozilla/5.0 (Windows NT 10.0; Win64; x64) AppleWebKit/537.36 (KHTML, like Gecko) Chrome/136.0.0.0 Safari/537.36 Edg/136.0.0.0"
74.7.242.19 - - [11/Aug/2026:17:14:23 -0400] "GET /2026/07/15/casino-juego-gratis-tragamonedas/ HTTP/1.1" 200 46923 "https://casavalle.vsptdigital.cl/?p=16919" "Mozilla/5.0 AppleWebKit/537.36 (KHTML, like Gecko; compatible; GPTBot/1.4; +https://openai.com/gptbot)"
74.7.242.19 - - [11/Aug/2026:17:15:25 -0400] "GET /?p=17211 HTTP/1.1" 301 - "https://casavalle.vsptdigital.cl/2026/07/15/ganar-siempre-en-la-ruleta/" "Mozilla/5.0 AppleWebKit/537.36 (KHTML, like Gecko; compatible; GPTBot/1.4; +https://openai.com/gptbot)"
185.191.171.15 - - [11/Aug/2026:17:15:23 -0400] "GET /2026/01/30/mejor-casino-en-cartagena/ HTTP/1.1" 200 47005 "-" "Mozilla/5.0 (compatible; SemrushBot/7~bl; +http://www.semrush.com/bot.html)"
74.7.242.19 - - [11/Aug/2026:17:15:25 -0400] "GET /2026/07/15/jugar-a-la-ruleta-europea-online-gratis/ HTTP/1.1" 200 47850 "https://casavalle.vsptdigital.cl/?p=17211" "Mozilla/5.0 AppleWebKit/537.36 (KHTML, like Gecko; compatible; GPTBot/1.4; +https://openai.com/gptbot)"
74.7.242.19 - - [11/Aug/2026:17:16:29 -0400] "GET /?p=17707 HTTP/1.1" 301 - "https://casavalle.vsptdigital.cl/2026/07/15/tragamonedas-dinero-facil/" "Mozilla/5.0 AppleWebKit/537.36 (KHTML, like Gecko; compatible; GPTBot/1.4; +https://openai.com/gptbot)"
85.208.96.208 - - [11/Aug/2026:17:16:11 -0400] "GET /2026/01/30/tragaperras-online-mochimon/ HTTP/1.1" 200 47159 "-" "Mozilla/5.0 (compatible; SemrushBot/7~bl; +http://www.semrush.com/bot.html)"
65.111.23.199 - - [11/Aug/2026:17:17:03 -0400] "GET /2026/07/04/cual-es-el-mejor-casino-en-linea-de-espana/ HTTP/1.1" 200 46528 "https://casavalle.vsptdigital.cl/" "Mozilla/5.0 (Macintosh; Intel Mac OS X 10_15_7) AppleWebKit/537.36 (KHTML, like Gecko) Chrome/148.0.0.0 Safari/537.36"
65.111.23.199 - - [11/Aug/2026:17:17:05 -0400] "GET /2026/07/04/cual-es-el-mejor-casino-en-linea-de-espana/ HTTP/1.1" 200 46528 "https://casavalle.vsptdigital.cl/2026/07/04/cual-es-el-mejor-casino-en-linea-de-espana/" "Mozilla/5.0 (Macintosh; Intel Mac OS X 10_15_7) AppleWebKit/537.36 (KHTML, like Gecko) Chrome/148.0.0.0 Safari/537.36"
74.7.242.19 - - [11/Aug/2026:17:16:29 -0400] "GET /2026/07/15/21-blackjack-juego-gratis/ HTTP/1.1" 200 46520 "https://casavalle.vsptdigital.cl/?p=17707" "Mozilla/5.0 AppleWebKit/537.36 (KHTML, like Gecko; compatible; GPTBot/1.4; +https://openai.com/gptbot)"
209.50.191.50 - - [11/Aug/2026:17:16:31 -0400] "GET /2026/07/04/cual-es-el-mejor-casino-en-linea-de-espana/ HTTP/1.1" 200 46528 "https://casavalle.vsptdigital.cl/" "Mozilla/5.0 (Macintosh; Intel Mac OS X 10_15_7) AppleWebKit/537.36 (KHTML, like Gecko) Chrome/148.0.0.0 Safari/537.36"
85.208.96.212 - - [11/Aug/2026:17:16:53 -0400] "GET /2026/01/30/tragaperras-online-arcade-bomb/ HTTP/1.1" 200 46602 "-" "Mozilla/5.0 (compatible; SemrushBot/7~bl; +http://www.semrush.com/bot.html)"
74.7.242.19 - - [11/Aug/2026:17:17:30 -0400] "GET /2026/07/15/casino-barcelona-android/ HTTP/1.1" 200 46797 "http://casavalle.vsptdigital.cl" "Mozilla/5.0 AppleWebKit/537.36 (KHTML, like Gecko; compatible; GPTBot/1.4; +https://openai.com/gptbot)"
85.208.96.209 - - [11/Aug/2026:17:17:36 -0400] "GET /2026/01/30/juego-de-el-dinosaurio-casino/ HTTP/1.1" 200 46577 "-" "Mozilla/5.0 (compatible; SemrushBot/7~bl; +http://www.semrush.com/bot.html)"
85.208.96.194 - - [11/Aug/2026:17:18:17 -0400] "GET /2026/01/30/ganar-dinero-por-casino-online/ HTTP/1.1" 200 46280 "-" "Mozilla/5.0 (compatible; SemrushBot/7~bl; +http://www.semrush.com/bot.html)"
74.7.242.19 - - [11/Aug/2026:17:18:33 -0400] "GET /2026/07/15/ruletas-de-casinos/ HTTP/1.1" 200 46424 "http://casavalle.vsptdigital.cl" "Mozilla/5.0 AppleWebKit/537.36 (KHTML, like Gecko; compatible; GPTBot/1.4; +https://openai.com/gptbot)"
85.208.96.197 - - [11/Aug/2026:17:19:38 -0400] "GET /2026/01/30/el-valor-de-las-cartas-en-blackjack/ HTTP/1.1" 200 46592 "-" "Mozilla/5.0 (compatible; SemrushBot/7~bl; +http://www.semrush.com/bot.html)"
74.7.242.19 - - [11/Aug/2026:17:19:39 -0400] "GET /2026/07/15/casino-con-ruleta-en-vivo/ HTTP/1.1" 200 46503 "http://casavalle.vsptdigital.cl" "Mozilla/5.0 AppleWebKit/537.36 (KHTML, like Gecko; compatible; GPTBot/1.4; +https://openai.com/gptbot)"
172.86.76.182 - - [11/Aug/2026:17:20:33 -0400] "GET /2026/07/15/wyniki-losowania-eurojackpotautomat-do-gier-hazardowych-jak-grac/ HTTP/1.1" 200 46065 "https://casavalle.vsptdigital.cl/" "Mozilla/5.0 (X11; Linux x86_64; rv:128.0) Gecko/20100101 Firefox/128.0"
172.86.76.182 - - [11/Aug/2026:17:20:37 -0400] "GET /2026/07/15/wyniki-losowania-eurojackpotautomat-do-gier-hazardowych-jak-grac/ HTTP/1.1" 200 46065 "https://casavalle.vsptdigital.cl/2026/07/15/wyniki-losowania-eurojackpotautomat-do-gier-hazardowych-jak-grac/" "Mozilla/5.0 (X11; Linux x86_64; rv:128.0) Gecko/20100101 Firefox/128.0"
185.191.171.12 - - [11/Aug/2026:17:20:25 -0400] "GET /2026/01/30/tragaperras-tiradas-gratis/ HTTP/1.1" 200 47875 "-" "Mozilla/5.0 (compatible; SemrushBot/7~bl; +http://www.semrush.com/bot.html)"
74.7.242.19 - - [11/Aug/2026:17:20:39 -0400] "GET /2026/07/15/como-hackear-casino-online/ HTTP/1.1" 200 47833 "http://casavalle.vsptdigital.cl" "Mozilla/5.0 AppleWebKit/537.36 (KHTML, like Gecko; compatible; GPTBot/1.4; +https://openai.com/gptbot)"
185.191.171.13 - - [11/Aug/2026:17:21:07 -0400] "GET /2026/01/30/casino-bingo-guadalajara/ HTTP/1.1" 200 47268 "-" "Mozilla/5.0 (compatible; SemrushBot/7~bl; +http://www.semrush.com/bot.html)"
216.73.217.110 - - [11/Aug/2026:17:22:04 -0400] "GET /robots.txt HTTP/1.1" 200 148 "-" "Mozilla/5.0 AppleWebKit/537.36 (KHTML, like Gecko; compatible; ClaudeBot/1.0; +claudebot@anthropic.com)"
216.73.217.110 - - [11/Aug/2026:17:22:04 -0400] "GET /?feed=xmlsitemap1711 HTTP/1.1" 200 2063547 "-" "Mozilla/5.0 AppleWebKit/537.36 (KHTML, like Gecko; compatible; ClaudeBot/1.0; +claudebot@anthropic.com)"
74.7.242.19 - - [11/Aug/2026:17:21:45 -0400] "GET /2026/07/15/jugar-cluster-slide-gratis/ HTTP/1.1" 200 46370 "http://casavalle.vsptdigital.cl" "Mozilla/5.0 AppleWebKit/537.36 (KHTML, like Gecko; compatible; GPTBot/1.4; +https://openai.com/gptbot)"
147.53.114.100 - - [11/Aug/2026:17:22:48 -0400] "GET /2026/07/26/logiciel-d-aide-a-la-roulette-pour-ios-en-2026/ HTTP/1.1" 200 47273 "https://casavalle.vsptdigital.cl/" "Mozilla/5.0 (Windows NT 10.0; Win64; x64) AppleWebKit/537.36 (KHTML, like Gecko) Chrome/133.0.6943.141 Safari/537.36"
74.7.242.19 - - [11/Aug/2026:17:22:46 -0400] "GET /2026/07/15/jugar-bushido-ways-gratis/ HTTP/1.1" 200 46833 "http://casavalle.vsptdigital.cl" "Mozilla/5.0 AppleWebKit/537.36 (KHTML, like Gecko; compatible; GPTBot/1.4; +https://openai.com/gptbot)"
85.208.96.198 - - [11/Aug/2026:17:22:44 -0400] "GET /2026/01/30/tragaperras-online-the-green-knight/ HTTP/1.1" 200 47181 "-" "Mozilla/5.0 (compatible; SemrushBot/7~bl; +http://www.semrush.com/bot.html)"
74.7.242.19 - - [11/Aug/2026:17:23:51 -0400] "GET /2026/07/15/machines-a-sous-gratuites/ HTTP/1.1" 200 46916 "http://casavalle.vsptdigital.cl" "Mozilla/5.0 AppleWebKit/537.36 (KHTML, like Gecko; compatible; GPTBot/1.4; +https://openai.com/gptbot)"
185.191.171.10 - - [11/Aug/2026:17:23:43 -0400] "GET /2026/01/30/benidorm-casino-codigo-promocional-y-bonus-code/ HTTP/1.1" 200 47244 "-" "Mozilla/5.0 (compatible; SemrushBot/7~bl; +http://www.semrush.com/bot.html)"
160.30.200.114 - - [11/Aug/2026:17:24:31 -0400] "GET /2026/06/25/deutschs-mobiles-casino-2026/ HTTP/1.1" 200 46037 "https://casavalle.vsptdigital.cl/" "Mozilla/5.0 (Macintosh; Intel Mac OS X 10_15_7) AppleWebKit/537.36 (KHTML, like Gecko) obsidian/1.8.9 Chrome/132.0.6834.210 Electron/34.3.0 Safari/537.36"
160.30.200.114 - - [11/Aug/2026:17:24:33 -0400] "GET /2026/06/25/deutschs-mobiles-casino-2026/ HTTP/1.1" 200 46037 "https://casavalle.vsptdigital.cl/2026/06/25/deutschs-mobiles-casino-2026/" "Mozilla/5.0 (Macintosh; Intel Mac OS X 10_15_7) AppleWebKit/537.36 (KHTML, like Gecko) obsidian/1.8.9 Chrome/132.0.6834.210 Electron/34.3.0 Safari/537.36"
162.0.208.45 - - [11/Aug/2026:17:25:00 -0400] "GET /wp-login.php HTTP/1.1" 301 - "-" "Mozilla/5.0 (Windows NT 10.0; Win64; x64) AppleWebKit/537.36 (KHTML, like Gecko) Chrome/133.0.0.0 Safari/537.36"
162.0.208.45 - - [11/Aug/2026:17:25:01 -0400] "GET /wp-login.php HTTP/1.1" 302 - "https://www.casavalle.vsptdigital.cl/wp-login.php" "Mozilla/5.0 (Windows NT 10.0; Win64; x64) AppleWebKit/537.36 (KHTML, like Gecko) Chrome/133.0.0.0 Safari/537.36"
162.0.208.45 - - [11/Aug/2026:17:25:02 -0400] "GET /wp-login.php HTTP/1.1" 302 - "https://www.casavalle.vsptdigital.cl/wp-login.php" "Mozilla/5.0 (Windows NT 10.0; Win64; x64) AppleWebKit/537.36 (KHTML, like Gecko) Chrome/133.0.0.0 Safari/537.36"
162.0.208.45 - - [11/Aug/2026:17:25:02 -0400] "GET /wp-login.php HTTP/1.1" 302 - "https://www.casavalle.vsptdigital.cl/wp-login.php" "Mozilla/5.0 (Windows NT 10.0; Win64; x64) AppleWebKit/537.36 (KHTML, like Gecko) Chrome/133.0.0.0 Safari/537.36"
162.0.208.45 - - [11/Aug/2026:17:25:03 -0400] "GET /wp-login.php HTTP/1.1" 302 - "https://www.casavalle.vsptdigital.cl/wp-login.php" "Mozilla/5.0 (Windows NT 10.0; Win64; x64) AppleWebKit/537.36 (KHTML, like Gecko) Chrome/133.0.0.0 Safari/537.36"
162.0.208.45 - - [11/Aug/2026:17:25:03 -0400] "GET /wp-login.php HTTP/1.1" 302 - "https://www.casavalle.vsptdigital.cl/wp-login.php" "Mozilla/5.0 (Windows NT 10.0; Win64; x64) AppleWebKit/537.36 (KHTML, like Gecko) Chrome/133.0.0.0 Safari/537.36"
162.0.208.45 - - [11/Aug/2026:17:25:03 -0400] "GET /wp-login.php HTTP/1.1" 302 - "https://www.casavalle.vsptdigital.cl/wp-login.php" "Mozilla/5.0 (Windows NT 10.0; Win64; x64) AppleWebKit/537.36 (KHTML, like Gecko) Chrome/133.0.0.0 Safari/537.36"
162.0.208.45 - - [11/Aug/2026:17:25:04 -0400] "GET /wp-login.php HTTP/1.1" 302 - "https://www.casavalle.vsptdigital.cl/wp-login.php" "Mozilla/5.0 (Windows NT 10.0; Win64; x64) AppleWebKit/537.36 (KHTML, like Gecko) Chrome/133.0.0.0 Safari/537.36"
162.0.208.45 - - [11/Aug/2026:17:25:04 -0400] "GET /wp-login.php HTTP/1.1" 302 - "https://www.casavalle.vsptdigital.cl/wp-login.php" "Mozilla/5.0 (Windows NT 10.0; Win64; x64) AppleWebKit/537.36 (KHTML, like Gecko) Chrome/133.0.0.0 Safari/537.36"
162.0.208.45 - - [11/Aug/2026:17:25:05 -0400] "GET /wp-login.php HTTP/1.1" 302 - "https://www.casavalle.vsptdigital.cl/wp-login.php" "Mozilla/5.0 (Windows NT 10.0; Win64; x64) AppleWebKit/537.36 (KHTML, like Gecko) Chrome/133.0.0.0 Safari/537.36"
162.0.208.45 - - [11/Aug/2026:17:25:06 -0400] "GET /wp-json/wp/v2/users/me HTTP/1.1" 401 88 "-" "Mozilla/5.0 (Windows NT 10.0; Win64; x64) AppleWebKit/537.36 (KHTML, like Gecko) Chrome/133.0.0.0 Safari/537.36"
185.191.171.2 - - [11/Aug/2026:17:24:24 -0400] "GET /2026/01/30/spin247-casino-bono-sin-dep%C3%B3sito-50-giros-gratis-2026/ HTTP/1.1" 200 46579 "-" "Mozilla/5.0 (compatible; SemrushBot/7~bl; +http://www.semrush.com/bot.html)"
74.7.242.19 - - [11/Aug/2026:17:24:55 -0400] "GET /2026/07/15/los-mayores-casinos-cripto/ HTTP/1.1" 200 45854 "http://casavalle.vsptdigital.cl" "Mozilla/5.0 AppleWebKit/537.36 (KHTML, like Gecko; compatible; GPTBot/1.4; +https://openai.com/gptbot)"
85.208.96.194 - - [11/Aug/2026:17:25:12 -0400] "GET /2026/01/30/neosurf-comprar/ HTTP/1.1" 200 46262 "-" "Mozilla/5.0 (compatible; SemrushBot/7~bl; +http://www.semrush.com/bot.html)"
151.80.133.130 - - [11/Aug/2026:17:26:28 -0400] "GET /2026/06/25/bono-sin-deposito-del-casino-virtual-actualmente-en-espana/ HTTP/1.1" 200 46889 "-" "Mozilla/5.0 (Windows NT 10.0; Win64; x64) AppleWebKit/537.36 (KHTML, like Gecko) Chrome/148.0.0.0 Safari/537.36"
74.7.242.19 - - [11/Aug/2026:17:25:49 -0400] "GET /2026/07/15/como-jugar-al-plinko-casino/ HTTP/1.1" 200 46983 "http://casavalle.vsptdigital.cl" "Mozilla/5.0 AppleWebKit/537.36 (KHTML, like Gecko; compatible; GPTBot/1.4; +https://openai.com/gptbot)"
185.191.171.2 - - [11/Aug/2026:17:25:59 -0400] "GET /2026/01/30/jugadas-para-ganar-en-la-ruleta/ HTTP/1.1" 200 46800 "-" "Mozilla/5.0 (compatible; SemrushBot/7~bl; +http://www.semrush.com/bot.html)"
85.208.96.200 - - [11/Aug/2026:17:26:40 -0400] "GET /2026/01/30/simulador-juego-de-casino/ HTTP/1.1" 200 46431 "-" "Mozilla/5.0 (compatible; SemrushBot/7~bl; +http://www.semrush.com/bot.html)"
74.7.242.19 - - [11/Aug/2026:17:26:53 -0400] "GET /2026/07/15/mejor-casino-de-cancun/ HTTP/1.1" 200 47415 "http://casavalle.vsptdigital.cl" "Mozilla/5.0 AppleWebKit/537.36 (KHTML, like Gecko; compatible; GPTBot/1.4; +https://openai.com/gptbot)"
74.7.242.19 - - [11/Aug/2026:17:27:55 -0400] "GET /2026/07/15/juego-de-mesa-craps/ HTTP/1.1" 200 47113 "http://casavalle.vsptdigital.cl" "Mozilla/5.0 AppleWebKit/537.36 (KHTML, like Gecko; compatible; GPTBot/1.4; +https://openai.com/gptbot)"
31.56.177.209 - - [11/Aug/2026:17:28:48 -0400] "GET /2026/05/14/wie-spielt-man-im-jahr-2026-in-den-spielbanken-um-echtgeld/ HTTP/1.1" 200 46081 "https://casavalle.vsptdigital.cl/" "Mozilla/5.0 (X11; Linux x86_64; rv:144.0) Gecko/20100101 Firefox/144.0"
185.191.171.16 - - [11/Aug/2026:17:28:06 -0400] "GET /2026/01/30/juegos-de-maquinas-de-frutillitas-para-jugar/ HTTP/1.1" 200 47868 "-" "Mozilla/5.0 (compatible; SemrushBot/7~bl; +http://www.semrush.com/bot.html)"
31.56.177.209 - - [11/Aug/2026:17:28:52 -0400] "GET /2026/05/14/wie-spielt-man-im-jahr-2026-in-den-spielbanken-um-echtgeld/ HTTP/1.1" 200 46081 "https://casavalle.vsptdigital.cl/2026/05/14/wie-spielt-man-im-jahr-2026-in-den-spielbanken-um-echtgeld/" "Mozilla/5.0 (X11; Linux x86_64; rv:144.0) Gecko/20100101 Firefox/144.0"
85.208.96.200 - - [11/Aug/2026:17:28:53 -0400] "GET /2026/01/30/casino-de-cripto-blackjack/ HTTP/1.1" 200 46513 "-" "Mozilla/5.0 (compatible; SemrushBot/7~bl; +http://www.semrush.com/bot.html)"
74.7.242.19 - - [11/Aug/2026:17:29:01 -0400] "GET /2026/07/15/trucos-para-casinos/ HTTP/1.1" 200 46819 "http://casavalle.vsptdigital.cl" "Mozilla/5.0 AppleWebKit/537.36 (KHTML, like Gecko; compatible; GPTBot/1.4; +https://openai.com/gptbot)"
185.191.171.3 - - [11/Aug/2026:17:29:34 -0400] "GET /2026/01/30/apuestas-juego-bingo/ HTTP/1.1" 200 47321 "-" "Mozilla/5.0 (compatible; SemrushBot/7~bl; +http://www.semrush.com/bot.html)"
74.7.242.19 - - [11/Aug/2026:17:30:03 -0400] "GET /2026/07/15/grand-casino-maspalomas/ HTTP/1.1" 200 46574 "http://casavalle.vsptdigital.cl" "Mozilla/5.0 AppleWebKit/537.36 (KHTML, like Gecko; compatible; GPTBot/1.4; +https://openai.com/gptbot)"
57.141.2.52 - - [11/Aug/2026:17:30:51 -0400] "GET / HTTP/1.1" 301 - "-" "Mozilla/5.0 (Macintosh; Intel Mac OS X 10_15_7) AppleWebKit/537.36 (KHTML, like Gecko) Chrome/145.0.0.0 Safari/537.36 (compatible; meta-externalagent/1.1 (+https://developers.facebook.com/docs/sharing/webmasters/crawler))"
185.191.171.11 - - [11/Aug/2026:17:30:17 -0400] "GET /2026/01/30/jugadas-ruleta-electronica/ HTTP/1.1" 200 46333 "-" "Mozilla/5.0 (compatible; SemrushBot/7~bl; +http://www.semrush.com/bot.html)"
185.191.171.2 - - [11/Aug/2026:17:30:59 -0400] "GET /2026/07/15/que-es-una-apuesta-de-calle-en-la-ruleta/ HTTP/1.1" 200 46104 "-" "Mozilla/5.0 (compatible; SemrushBot/7~bl; +http://www.semrush.com/bot.html)"
74.7.242.19 - - [11/Aug/2026:17:31:08 -0400] "GET /2026/07/15/casino-juegos-maquinas/ HTTP/1.1" 200 46980 "http://casavalle.vsptdigital.cl" "Mozilla/5.0 AppleWebKit/537.36 (KHTML, like Gecko; compatible; GPTBot/1.4; +https://openai.com/gptbot)"
34.60.13.43 - - [11/Aug/2026:17:31:12 -0400] "GET /wp-json/oembed/1.0/embed?url=https://casavalle.vsptdigital.cl/2026/06/25/deutschs-mobiles-casino-2026/ HTTP/1.1" 200 2289 "-" "Mozilla/5.0 (Macintosh; Intel Mac OS X 10_15_7) AppleWebKit/537.36 (KHTML, like Gecko) Chrome/120.0.0.0 Safari/537.36"
185.191.171.10 - - [11/Aug/2026:17:31:42 -0400] "GET /2026/01/30/casino-torremolinos-malaga/ HTTP/1.1" 200 46664 "-" "Mozilla/5.0 (compatible; SemrushBot/7~bl; +http://www.semrush.com/bot.html)"
74.7.242.19 - - [11/Aug/2026:17:32:14 -0400] "GET /2026/07/15/santiago-chile-casinos/ HTTP/1.1" 200 47444 "http://casavalle.vsptdigital.cl" "Mozilla/5.0 AppleWebKit/537.36 (KHTML, like Gecko; compatible; GPTBot/1.4; +https://openai.com/gptbot)"
85.208.96.194 - - [11/Aug/2026:17:32:24 -0400] "GET /2026/01/30/dados-de-casino/ HTTP/1.1" 200 46613 "-" "Mozilla/5.0 (compatible; SemrushBot/7~bl; +http://www.semrush.com/bot.html)"
85.208.96.197 - - [11/Aug/2026:17:33:05 -0400] "GET /2026/07/15/casinos-apuestas-bogota/ HTTP/1.1" 200 47077 "-" "Mozilla/5.0 (compatible; SemrushBot/7~bl; +http://www.semrush.com/bot.html)"
74.7.242.19 - - [11/Aug/2026:17:33:18 -0400] "GET /2026/07/15/giros-gratis-sin-registro/ HTTP/1.1" 200 46865 "http://casavalle.vsptdigital.cl" "Mozilla/5.0 AppleWebKit/537.36 (KHTML, like Gecko; compatible; GPTBot/1.4; +https://openai.com/gptbot)"
74.7.242.19 - - [11/Aug/2026:17:34:20 -0400] "GET /?p=18206 HTTP/1.1" 301 - "https://casavalle.vsptdigital.cl/2026/07/15/machines-a-sous-gratuites/" "Mozilla/5.0 AppleWebKit/537.36 (KHTML, like Gecko; compatible; GPTBot/1.4; +https://openai.com/gptbot)"
85.208.96.210 - - [11/Aug/2026:17:33:48 -0400] "GET /2026/01/30/bingo-juegos-para-descargar/ HTTP/1.1" 200 46792 "-" "Mozilla/5.0 (compatible; SemrushBot/7~bl; +http://www.semrush.com/bot.html)"
85.208.96.209 - - [11/Aug/2026:17:34:30 -0400] "GET /2026/01/30/apuestas-de-casino-por-internet/ HTTP/1.1" 200 47289 "-" "Mozilla/5.0 (compatible; SemrushBot/7~bl; +http://www.semrush.com/bot.html)"
64.182.46.134 - - [11/Aug/2026:17:35:20 -0400] "GET /wp-login.php HTTP/1.1" 302 - "-" "Mozilla/5.0 (Windows NT 10.0; Win64; x64) AppleWebKit/537.36 (KHTML, like Gecko) Chrome/133.0.0.0 Safari/537.36"
64.182.46.134 - - [11/Aug/2026:17:35:22 -0400] "GET /wp-login.php HTTP/1.1" 302 - "https://casavalle.vsptdigital.cl/wp-login.php" "Mozilla/5.0 (Windows NT 10.0; Win64; x64) AppleWebKit/537.36 (KHTML, like Gecko) Chrome/133.0.0.0 Safari/537.36"
64.182.46.134 - - [11/Aug/2026:17:35:23 -0400] "GET /wp-login.php HTTP/1.1" 302 - "https://casavalle.vsptdigital.cl/wp-login.php" "Mozilla/5.0 (Windows NT 10.0; Win64; x64) AppleWebKit/537.36 (KHTML, like Gecko) Chrome/133.0.0.0 Safari/537.36"
74.7.242.19 - - [11/Aug/2026:17:35:24 -0400] "GET /?p=17948 HTTP/1.1" 301 - "https://casavalle.vsptdigital.cl/2026/07/15/machines-a-sous-gratuites/" "Mozilla/5.0 AppleWebKit/537.36 (KHTML, like Gecko; compatible; GPTBot/1.4; +https://openai.com/gptbot)"
64.182.46.134 - - [11/Aug/2026:17:35:31 -0400] "GET /wp-json/wp/v2/users/me HTTP/1.1" 401 88 "-" "Mozilla/5.0 (Windows NT 10.0; Win64; x64) AppleWebKit/537.36 (KHTML, like Gecko) Chrome/133.0.0.0 Safari/537.36"
85.208.96.203 - - [11/Aug/2026:17:35:17 -0400] "GET /2026/07/15/mejor-juego-de-ruleta-de-btc/ HTTP/1.1" 200 46650 "-" "Mozilla/5.0 (compatible; SemrushBot/7~bl; +http://www.semrush.com/bot.html)"
74.7.242.19 - - [11/Aug/2026:17:35:25 -0400] "GET /2026/07/15/c%C3%B3mo-se-juega-al-blackjack/ HTTP/1.1" 200 46465 "https://casavalle.vsptdigital.cl/?p=17948" "Mozilla/5.0 AppleWebKit/537.36 (KHTML, like Gecko; compatible; GPTBot/1.4; +https://openai.com/gptbot)"
74.7.242.19 - - [11/Aug/2026:17:36:21 -0400] "GET /?p=17054 HTTP/1.1" 301 - "https://casavalle.vsptdigital.cl/2026/07/15/machines-a-sous-gratuites/" "Mozilla/5.0 AppleWebKit/537.36 (KHTML, like Gecko; compatible; GPTBot/1.4; +https://openai.com/gptbot)"
185.191.171.15 - - [11/Aug/2026:17:36:00 -0400] "GET /2026/07/15/m%C3%A1quina-tragamonedas-gratis/ HTTP/1.1" 200 46038 "-" "Mozilla/5.0 (compatible; SemrushBot/7~bl; +http://www.semrush.com/bot.html)"
74.7.242.19 - - [11/Aug/2026:17:36:22 -0400] "GET /2026/07/15/juegos-de-casino-gratis-para-jugar/ HTTP/1.1" 200 46843 "https://casavalle.vsptdigital.cl/?p=17054" "Mozilla/5.0 AppleWebKit/537.36 (KHTML, like Gecko; compatible; GPTBot/1.4; +https://openai.com/gptbot)"
74.7.242.19 - - [11/Aug/2026:17:37:24 -0400] "GET /?p=18051 HTTP/1.1" 301 - "https://casavalle.vsptdigital.cl/2026/07/15/machines-a-sous-gratuites/" "Mozilla/5.0 AppleWebKit/537.36 (KHTML, like Gecko; compatible; GPTBot/1.4; +https://openai.com/gptbot)"
94.237.125.240 - - [11/Aug/2026:17:37:25 -0400] "GET /wp-login.php HTTP/1.1" 301 - "-" "Mozilla/5.0 (Windows NT 10.0; Win64; x64) AppleWebKit/537.36 (KHTML, like Gecko) Chrome/133.0.0.0 Safari/537.36"
94.237.125.240 - - [11/Aug/2026:17:37:26 -0400] "GET /wp-login.php HTTP/1.1" 302 - "https://www.casavalle.vsptdigital.cl/wp-login.php" "Mozilla/5.0 (Windows NT 10.0; Win64; x64) AppleWebKit/537.36 (KHTML, like Gecko) Chrome/133.0.0.0 Safari/537.36"
94.237.125.240 - - [11/Aug/2026:17:37:26 -0400] "GET /wp-login.php HTTP/1.1" 302 - "https://www.casavalle.vsptdigital.cl/wp-login.php" "Mozilla/5.0 (Windows NT 10.0; Win64; x64) AppleWebKit/537.36 (KHTML, like Gecko) Chrome/133.0.0.0 Safari/537.36"
94.237.125.240 - - [11/Aug/2026:17:37:27 -0400] "GET /wp-login.php HTTP/1.1" 302 - "https://www.casavalle.vsptdigital.cl/wp-login.php" "Mozilla/5.0 (Windows NT 10.0; Win64; x64) AppleWebKit/537.36 (KHTML, like Gecko) Chrome/133.0.0.0 Safari/537.36"
94.237.125.240 - - [11/Aug/2026:17:37:27 -0400] "GET /wp-login.php HTTP/1.1" 302 - "https://www.casavalle.vsptdigital.cl/wp-login.php" "Mozilla/5.0 (Windows NT 10.0; Win64; x64) AppleWebKit/537.36 (KHTML, like Gecko) Chrome/133.0.0.0 Safari/537.36"
94.237.125.240 - - [11/Aug/2026:17:37:28 -0400] "GET /wp-login.php HTTP/1.1" 302 - "https://www.casavalle.vsptdigital.cl/wp-login.php" "Mozilla/5.0 (Windows NT 10.0; Win64; x64) AppleWebKit/537.36 (KHTML, like Gecko) Chrome/133.0.0.0 Safari/537.36"
94.237.125.240 - - [11/Aug/2026:17:37:28 -0400] "GET /wp-login.php HTTP/1.1" 302 - "https://www.casavalle.vsptdigital.cl/wp-login.php" "Mozilla/5.0 (Windows NT 10.0; Win64; x64) AppleWebKit/537.36 (KHTML, like Gecko) Chrome/133.0.0.0 Safari/537.36"
85.208.96.210 - - [11/Aug/2026:17:36:48 -0400] "GET /2026/01/30/impuesto-juegos-de-azar-argentina/ HTTP/1.1" 200 47250 "-" "Mozilla/5.0 (compatible; SemrushBot/7~bl; +http://www.semrush.com/bot.html)"
94.237.125.240 - - [11/Aug/2026:17:37:29 -0400] "GET /wp-login.php HTTP/1.1" 302 - "https://www.casavalle.vsptdigital.cl/wp-login.php" "Mozilla/5.0 (Windows NT 10.0; Win64; x64) AppleWebKit/537.36 (KHTML, like Gecko) Chrome/133.0.0.0 Safari/537.36"
94.237.125.240 - - [11/Aug/2026:17:37:29 -0400] "GET /wp-login.php HTTP/1.1" 302 - "https://www.casavalle.vsptdigital.cl/wp-login.php" "Mozilla/5.0 (Windows NT 10.0; Win64; x64) AppleWebKit/537.36 (KHTML, like Gecko) Chrome/133.0.0.0 Safari/537.36"
94.237.125.240 - - [11/Aug/2026:17:37:29 -0400] "GET /wp-login.php HTTP/1.1" 302 - "https://www.casavalle.vsptdigital.cl/wp-login.php" "Mozilla/5.0 (Windows NT 10.0; Win64; x64) AppleWebKit/537.36 (KHTML, like Gecko) Chrome/133.0.0.0 Safari/537.36"
94.237.125.240 - - [11/Aug/2026:17:37:30 -0400] "GET /wp-json/wp/v2/users/me HTTP/1.1" 401 88 "-" "Mozilla/5.0 (Windows NT 10.0; Win64; x64) AppleWebKit/537.36 (KHTML, like Gecko) Chrome/133.0.0.0 Safari/537.36"
23.95.237.136 - - [11/Aug/2026:17:37:15 -0400] "GET /2026/06/25/deutschs-mobiles-casino-2026/ HTTP/1.1" 200 46037 "https://casavalle.vsptdigital.cl/" "Mozilla/5.0 (Windows NT 10.0; Win64; x64) AppleWebKit/537.36 (KHTML, like Gecko) Chrome/114.0.0.0 Safari/537.36"
23.95.237.136 - - [11/Aug/2026:17:37:57 -0400] "GET /2026/06/25/deutschs-mobiles-casino-2026/ HTTP/1.1" 200 46037 "https://casavalle.vsptdigital.cl/2026/06/25/deutschs-mobiles-casino-2026/" "Mozilla/5.0 (Windows NT 10.0; Win64; x64) AppleWebKit/537.36 (KHTML, like Gecko) Chrome/114.0.0.0 Safari/537.36"
85.208.96.199 - - [11/Aug/2026:17:37:30 -0400] "GET /2026/01/30/guadalajara-casino-codigo-promocional-y-bonus-code/ HTTP/1.1" 200 47543 "-" "Mozilla/5.0 (compatible; SemrushBot/7~bl; +http://www.semrush.com/bot.html)"
74.7.242.19 - - [11/Aug/2026:17:38:27 -0400] "GET /?p=18177 HTTP/1.1" 301 - "https://casavalle.vsptdigital.cl/2026/07/15/machines-a-sous-gratuites/" "Mozilla/5.0 AppleWebKit/537.36 (KHTML, like Gecko; compatible; GPTBot/1.4; +https://openai.com/gptbot)"
85.208.96.195 - - [11/Aug/2026:17:38:17 -0400] "GET /2026/01/30/juego-de-casino-para-bitcoins/ HTTP/1.1" 200 46999 "-" "Mozilla/5.0 (compatible; SemrushBot/7~bl; +http://www.semrush.com/bot.html)"
185.191.171.2 - - [11/Aug/2026:17:39:04 -0400] "GET /2026/07/15/juegos-tragamonedas-gratis-nuevos/ HTTP/1.1" 200 46448 "-" "Mozilla/5.0 (compatible; SemrushBot/7~bl; +http://www.semrush.com/bot.html)"
74.7.242.19 - - [11/Aug/2026:17:39:24 -0400] "GET /?p=17391 HTTP/1.1" 301 - "https://casavalle.vsptdigital.cl/2026/07/15/machines-a-sous-gratuites/" "Mozilla/5.0 AppleWebKit/537.36 (KHTML, like Gecko; compatible; GPTBot/1.4; +https://openai.com/gptbot)"
74.7.242.19 - - [11/Aug/2026:17:40:13 -0400] "GET /?p=17121 HTTP/1.1" 301 - "https://casavalle.vsptdigital.cl/2026/07/15/machines-a-sous-gratuites/" "Mozilla/5.0 AppleWebKit/537.36 (KHTML, like Gecko; compatible; GPTBot/1.4; +https://openai.com/gptbot)"
85.208.96.207 - - [11/Aug/2026:17:39:46 -0400] "GET /2026/01/30/casino-rayentray-puerto-madryn/ HTTP/1.1" 200 47741 "-" "Mozilla/5.0 (compatible; SemrushBot/7~bl; +http://www.semrush.com/bot.html)"
74.7.242.19 - - [11/Aug/2026:17:40:13 -0400] "GET /2026/07/15/maquinitas-tragamonedas-para-jugar-ahora-gratis/ HTTP/1.1" 200 46667 "https://casavalle.vsptdigital.cl/?p=17121" "Mozilla/5.0 AppleWebKit/537.36 (KHTML, like Gecko; compatible; GPTBot/1.4; +https://openai.com/gptbot)"
129.121.103.155 - - [11/Aug/2026:17:41:04 -0400] "GET /wp-login.php HTTP/1.1" 301 - "-" "Mozilla/5.0 (Windows NT 10.0; Win64; x64) AppleWebKit/537.36 (KHTML, like Gecko) Chrome/133.0.0.0 Safari/537.36"
185.191.171.12 - - [11/Aug/2026:17:40:28 -0400] "GET /2026/07/15/ganar-casinos-en-linea/ HTTP/1.1" 200 47090 "-" "Mozilla/5.0 (compatible; SemrushBot/7~bl; +http://www.semrush.com/bot.html)"
216.73.217.110 - - [11/Aug/2026:17:41:27 -0400] "GET /?feed=xmlsitemap1711 HTTP/1.1" 200 2063547 "-" "Mozilla/5.0 AppleWebKit/537.36 (KHTML, like Gecko; compatible; ClaudeBot/1.0; +claudebot@anthropic.com)"
74.7.175.165 - - [11/Aug/2026:17:41:47 -0400] "GET /robots.txt HTTP/1.1" 200 148 "-" "Mozilla/5.0 (Macintosh; Intel Mac OS X 10_15_7) AppleWebKit/537.36 (KHTML, like Gecko) Chrome/131.0.0.0 Safari/537.36; compatible; OAI-SearchBot/1.4; robots.txt; +https://openai.com/searchbot"
85.208.96.212 - - [11/Aug/2026:17:41:15 -0400] "GET /2026/01/30/reglamento-casinos-andalucia/ HTTP/1.1" 200 46998 "-" "Mozilla/5.0 (compatible; SemrushBot/7~bl; +http://www.semrush.com/bot.html)"
