74.7.227.147 - - [12/Aug/2026:11:06:57 -0400] "GET /wp-json/oembed/1.0/embed?url=https%3A%2F%2Fcasavalle.vsptdigital.cl%2F2026%2F01%2F30%2Ftrucos-para-jugar-ruleta-electronica%2F HTTP/1.1" 200 2329 "https://casavalle.vsptdigital.cl/?p=9270" "Mozilla/5.0 AppleWebKit/537.36 (KHTML, like Gecko; compatible; GPTBot/1.4; +https://openai.com/gptbot)"
185.191.171.16 - - [12/Aug/2026:11:06:44 -0400] "GET /2026/01/30/juegos-de-casino-online-recomendados/ HTTP/1.1" 200 47541 "-" "Mozilla/5.0 (compatible; SemrushBot/7~bl; +http://www.semrush.com/bot.html)"
85.208.96.205 - - [12/Aug/2026:11:07:31 -0400] "GET /2026/01/30/mini-baccarat-online/ HTTP/1.1" 200 46980 "-" "Mozilla/5.0 (compatible; SemrushBot/7~bl; +http://www.semrush.com/bot.html)"
74.7.227.147 - - [12/Aug/2026:11:07:52 -0400] "GET /wp-json/oembed/1.0/embed?url=https%3A%2F%2Fcasavalle.vsptdigital.cl%2F2026%2F01%2F30%2Fcasinos-gratis-para-jugar-tragamonedas%2F HTTP/1.1" 200 2339 "https://casavalle.vsptdigital.cl/?p=12191" "Mozilla/5.0 AppleWebKit/537.36 (KHTML, like Gecko; compatible; GPTBot/1.4; +https://openai.com/gptbot)"
74.7.227.147 - - [12/Aug/2026:11:08:45 -0400] "GET /wp-json/oembed/1.0/embed?url=https%3A%2F%2Fcasavalle.vsptdigital.cl%2F2026%2F01%2F30%2Fbajar-juegos-gratis-de-azar%2F HTTP/1.1" 200 2284 "https://casavalle.vsptdigital.cl/?p=13149" "Mozilla/5.0 AppleWebKit/537.36 (KHTML, like Gecko; compatible; GPTBot/1.4; +https://openai.com/gptbot)"
143.95.144.95 - - [12/Aug/2026:11:08:49 -0400] "GET /wp-login.php HTTP/1.1" 302 - "-" "Mozilla/5.0 (Windows NT 10.0; Win64; x64) AppleWebKit/537.36 (KHTML, like Gecko) Chrome/133.0.0.0 Safari/537.36"
143.95.144.95 - - [12/Aug/2026:11:08:50 -0400] "GET /wp-login.php HTTP/1.1" 302 - "https://casavalle.vsptdigital.cl/wp-login.php" "Mozilla/5.0 (Windows NT 10.0; Win64; x64) AppleWebKit/537.36 (KHTML, like Gecko) Chrome/133.0.0.0 Safari/537.36"
143.95.144.95 - - [12/Aug/2026:11:08:50 -0400] "GET /wp-login.php HTTP/1.1" 302 - "https://casavalle.vsptdigital.cl/wp-login.php" "Mozilla/5.0 (Windows NT 10.0; Win64; x64) AppleWebKit/537.36 (KHTML, like Gecko) Chrome/133.0.0.0 Safari/537.36"
143.95.144.95 - - [12/Aug/2026:11:08:51 -0400] "GET /wp-login.php HTTP/1.1" 302 - "https://casavalle.vsptdigital.cl/wp-login.php" "Mozilla/5.0 (Windows NT 10.0; Win64; x64) AppleWebKit/537.36 (KHTML, like Gecko) Chrome/133.0.0.0 Safari/537.36"
143.95.144.95 - - [12/Aug/2026:11:08:52 -0400] "GET /wp-login.php HTTP/1.1" 302 - "https://casavalle.vsptdigital.cl/wp-login.php" "Mozilla/5.0 (Windows NT 10.0; Win64; x64) AppleWebKit/537.36 (KHTML, like Gecko) Chrome/133.0.0.0 Safari/537.36"
85.208.96.202 - - [12/Aug/2026:11:08:13 -0400] "GET /2026/07/15/como-ganar-ruleta-casino/ HTTP/1.1" 200 47547 "-" "Mozilla/5.0 (compatible; SemrushBot/7~bl; +http://www.semrush.com/bot.html)"
143.95.144.95 - - [12/Aug/2026:11:08:53 -0400] "GET /wp-login.php HTTP/1.1" 302 - "https://casavalle.vsptdigital.cl/wp-login.php" "Mozilla/5.0 (Windows NT 10.0; Win64; x64) AppleWebKit/537.36 (KHTML, like Gecko) Chrome/133.0.0.0 Safari/537.36"
143.95.144.95 - - [12/Aug/2026:11:08:53 -0400] "GET /wp-login.php HTTP/1.1" 302 - "https://casavalle.vsptdigital.cl/wp-login.php" "Mozilla/5.0 (Windows NT 10.0; Win64; x64) AppleWebKit/537.36 (KHTML, like Gecko) Chrome/133.0.0.0 Safari/537.36"
143.95.144.95 - - [12/Aug/2026:11:08:54 -0400] "GET /wp-login.php HTTP/1.1" 302 - "https://casavalle.vsptdigital.cl/wp-login.php" "Mozilla/5.0 (Windows NT 10.0; Win64; x64) AppleWebKit/537.36 (KHTML, like Gecko) Chrome/133.0.0.0 Safari/537.36"
143.95.144.95 - - [12/Aug/2026:11:08:54 -0400] "GET /wp-login.php HTTP/1.1" 302 - "https://casavalle.vsptdigital.cl/wp-login.php" "Mozilla/5.0 (Windows NT 10.0; Win64; x64) AppleWebKit/537.36 (KHTML, like Gecko) Chrome/133.0.0.0 Safari/537.36"
143.95.144.95 - - [12/Aug/2026:11:08:55 -0400] "GET /wp-login.php HTTP/1.1" 302 - "https://casavalle.vsptdigital.cl/wp-login.php" "Mozilla/5.0 (Windows NT 10.0; Win64; x64) AppleWebKit/537.36 (KHTML, like Gecko) Chrome/133.0.0.0 Safari/537.36"
143.95.144.95 - - [12/Aug/2026:11:08:56 -0400] "GET /wp-json/wp/v2/users/me HTTP/1.1" 401 88 "-" "Mozilla/5.0 (Windows NT 10.0; Win64; x64) AppleWebKit/537.36 (KHTML, like Gecko) Chrome/133.0.0.0 Safari/537.36"
185.191.171.13 - - [12/Aug/2026:11:08:54 -0400] "GET /2026/07/15/2026-casino-bono-de-bienvenida/ HTTP/1.1" 200 47396 "-" "Mozilla/5.0 (compatible; SemrushBot/7~bl; +http://www.semrush.com/bot.html)"
74.7.227.147 - - [12/Aug/2026:11:09:48 -0400] "GET /wp-json/oembed/1.0/embed?url=https%3A%2F%2Fcasavalle.vsptdigital.cl%2F2026%2F01%2F30%2Festrategias-de-ruleta-electronica%2F HTTP/1.1" 200 2314 "https://casavalle.vsptdigital.cl/?p=10685" "Mozilla/5.0 AppleWebKit/537.36 (KHTML, like Gecko; compatible; GPTBot/1.4; +https://openai.com/gptbot)"
172.86.76.182 - - [12/Aug/2026:11:10:19 -0400] "GET /2026/05/14/wie-spielt-man-im-jahr-2026-in-den-spielbanken-um-echtgeld/ HTTP/1.1" 200 46081 "https://casavalle.vsptdigital.cl/" "Mozilla/5.0 (Windows NT 10.0; Win64; x64) AppleWebKit/537.36 (KHTML, like Gecko) Chrome/142.0.0.0 Safari/537.36"
172.86.76.182 - - [12/Aug/2026:11:10:21 -0400] "GET /2026/05/14/wie-spielt-man-im-jahr-2026-in-den-spielbanken-um-echtgeld/ HTTP/1.1" 200 46081 "https://casavalle.vsptdigital.cl/2026/05/14/wie-spielt-man-im-jahr-2026-in-den-spielbanken-um-echtgeld/" "Mozilla/5.0 (Windows NT 10.0; Win64; x64) AppleWebKit/537.36 (KHTML, like Gecko) Chrome/142.0.0.0 Safari/537.36"
185.191.171.13 - - [12/Aug/2026:11:09:39 -0400] "GET /2026/07/15/dep%C3%B3sito-con-ethereum-en-casino-en-l%C3%ADnea/ HTTP/1.1" 200 47124 "-" "Mozilla/5.0 (compatible; SemrushBot/7~bl; +http://www.semrush.com/bot.html)"
185.191.171.5 - - [12/Aug/2026:11:10:26 -0400] "GET /2026/07/15/juegos-tragamonedas-gratis-sin-descargar-sin-registrarse/ HTTP/1.1" 200 46969 "-" "Mozilla/5.0 (compatible; SemrushBot/7~bl; +http://www.semrush.com/bot.html)"
47.103.34.241 - - [12/Aug/2026:11:11:12 -0400] "GET /wp-login.php HTTP/1.1" 302 - "-" "Mozilla/5.0 (Windows NT 10.0; Win64; x64) AppleWebKit/537.36 (KHTML, like Gecko) Chrome/133.0.0.0 Safari/537.36"
47.103.34.241 - - [12/Aug/2026:11:11:14 -0400] "GET /wp-login.php HTTP/1.1" 302 - "https://casavalle.vsptdigital.cl/wp-login.php" "Mozilla/5.0 (Windows NT 10.0; Win64; x64) AppleWebKit/537.36 (KHTML, like Gecko) Chrome/133.0.0.0 Safari/537.36"
47.103.34.241 - - [12/Aug/2026:11:11:15 -0400] "GET /wp-login.php HTTP/1.1" 302 - "https://casavalle.vsptdigital.cl/wp-login.php" "Mozilla/5.0 (Windows NT 10.0; Win64; x64) AppleWebKit/537.36 (KHTML, like Gecko) Chrome/133.0.0.0 Safari/537.36"
47.103.34.241 - - [12/Aug/2026:11:11:16 -0400] "GET /wp-login.php HTTP/1.1" 302 - "https://casavalle.vsptdigital.cl/wp-login.php" "Mozilla/5.0 (Windows NT 10.0; Win64; x64) AppleWebKit/537.36 (KHTML, like Gecko) Chrome/133.0.0.0 Safari/537.36"
47.103.34.241 - - [12/Aug/2026:11:11:16 -0400] "GET /wp-login.php HTTP/1.1" 302 - "https://casavalle.vsptdigital.cl/wp-login.php" "Mozilla/5.0 (Windows NT 10.0; Win64; x64) AppleWebKit/537.36 (KHTML, like Gecko) Chrome/133.0.0.0 Safari/537.36"
47.103.34.241 - - [12/Aug/2026:11:11:16 -0400] "GET /wp-login.php HTTP/1.1" 302 - "https://casavalle.vsptdigital.cl/wp-login.php" "Mozilla/5.0 (Windows NT 10.0; Win64; x64) AppleWebKit/537.36 (KHTML, like Gecko) Chrome/133.0.0.0 Safari/537.36"
47.103.34.241 - - [12/Aug/2026:11:11:17 -0400] "GET /wp-login.php HTTP/1.1" 302 - "https://casavalle.vsptdigital.cl/wp-login.php" "Mozilla/5.0 (Windows NT 10.0; Win64; x64) AppleWebKit/537.36 (KHTML, like Gecko) Chrome/133.0.0.0 Safari/537.36"
47.103.34.241 - - [12/Aug/2026:11:11:17 -0400] "GET /wp-login.php HTTP/1.1" 302 - "https://casavalle.vsptdigital.cl/wp-login.php" "Mozilla/5.0 (Windows NT 10.0; Win64; x64) AppleWebKit/537.36 (KHTML, like Gecko) Chrome/133.0.0.0 Safari/537.36"
47.103.34.241 - - [12/Aug/2026:11:11:18 -0400] "GET /wp-login.php HTTP/1.1" 302 - "https://casavalle.vsptdigital.cl/wp-login.php" "Mozilla/5.0 (Windows NT 10.0; Win64; x64) AppleWebKit/537.36 (KHTML, like Gecko) Chrome/133.0.0.0 Safari/537.36"
47.103.34.241 - - [12/Aug/2026:11:11:19 -0400] "GET /wp-login.php HTTP/1.1" 302 - "https://casavalle.vsptdigital.cl/wp-login.php" "Mozilla/5.0 (Windows NT 10.0; Win64; x64) AppleWebKit/537.36 (KHTML, like Gecko) Chrome/133.0.0.0 Safari/537.36"
74.7.227.147 - - [12/Aug/2026:11:10:46 -0400] "GET /wp-json/oembed/1.0/embed?url=https%3A%2F%2Fcasavalle.vsptdigital.cl%2F2026%2F01%2F30%2Fdonde-puedo-jugar-casino-online%2F HTTP/1.1" 200 2304 "https://casavalle.vsptdigital.cl/?p=15261" "Mozilla/5.0 AppleWebKit/537.36 (KHTML, like Gecko; compatible; GPTBot/1.4; +https://openai.com/gptbot)"
74.7.227.147 - - [12/Aug/2026:11:11:39 -0400] "GET /wp-json/oembed/1.0/embed?url=https%3A%2F%2Fcasavalle.vsptdigital.cl%2F2026%2F01%2F30%2Fbono-gratis-casino-barcelona%2F HTTP/1.1" 200 2289 "https://casavalle.vsptdigital.cl/?p=11554" "Mozilla/5.0 AppleWebKit/537.36 (KHTML, like Gecko; compatible; GPTBot/1.4; +https://openai.com/gptbot)"
185.191.171.13 - - [12/Aug/2026:11:11:14 -0400] "GET /2026/01/30/juegos-tragamonedas-espa%C3%B1ol-gratis/ HTTP/1.1" 200 46820 "-" "Mozilla/5.0 (compatible; SemrushBot/7~bl; +http://www.semrush.com/bot.html)"
74.7.227.147 - - [12/Aug/2026:11:12:40 -0400] "GET /wp-json/oembed/1.0/embed?url=https%3A%2F%2Fcasavalle.vsptdigital.cl%2F2026%2F01%2F30%2Fjugar-casino-online-dinero-real%2F HTTP/1.1" 200 2304 "https://casavalle.vsptdigital.cl/?p=15194" "Mozilla/5.0 AppleWebKit/537.36 (KHTML, like Gecko; compatible; GPTBot/1.4; +https://openai.com/gptbot)"
85.208.96.197 - - [12/Aug/2026:11:11:55 -0400] "GET /2026/01/30/sistema-de-conteo-de-cartas-blackjack/ HTTP/1.1" 200 47669 "-" "Mozilla/5.0 (compatible; SemrushBot/7~bl; +http://www.semrush.com/bot.html)"
185.191.171.19 - - [12/Aug/2026:11:12:43 -0400] "GET /2026/01/30/jugar-mermaids-millions-gratis/ HTTP/1.1" 200 46811 "-" "Mozilla/5.0 (compatible; SemrushBot/7~bl; +http://www.semrush.com/bot.html)"
157.173.101.89 - - [12/Aug/2026:11:13:35 -0400] "GET /wp-json/wp/v2/users/me HTTP/1.1" 401 88 "-" "Mozilla/5.0 (Windows NT 10.0; Win64; x64) AppleWebKit/537.36 (KHTML, like Gecko) Chrome/133.0.0.0 Safari/537.36"
74.7.227.147 - - [12/Aug/2026:11:13:38 -0400] "GET /wp-json/oembed/1.0/embed?url=https%3A%2F%2Fcasavalle.vsptdigital.cl%2F2026%2F01%2F30%2Fcasinos-online-juego-seguro%2F HTTP/1.1" 200 2284 "https://casavalle.vsptdigital.cl/?p=10676" "Mozilla/5.0 AppleWebKit/537.36 (KHTML, like Gecko; compatible; GPTBot/1.4; +https://openai.com/gptbot)"
85.208.96.204 - - [12/Aug/2026:11:13:25 -0400] "GET /2026/01/30/casino-con-dep%C3%B3sito-instant%C3%A1neo-de-bitcoin/ HTTP/1.1" 200 46971 "-" "Mozilla/5.0 (compatible; SemrushBot/7~bl; +http://www.semrush.com/bot.html)"
157.173.101.89 - - [12/Aug/2026:11:13:30 -0400] "GET /wp-login.php HTTP/1.1" 301 - "-" "Mozilla/5.0 (Windows NT 10.0; Win64; x64) AppleWebKit/537.36 (KHTML, like Gecko) Chrome/133.0.0.0 Safari/537.36"
74.7.227.147 - - [12/Aug/2026:11:14:28 -0400] "GET /wp-json/oembed/1.0/embed?url=https%3A%2F%2Fcasavalle.vsptdigital.cl%2F2026%2F01%2F30%2Fruleta-cuantos-numeros-tiene%2F HTTP/1.1" 200 2289 "https://casavalle.vsptdigital.cl/?p=12384" "Mozilla/5.0 AppleWebKit/537.36 (KHTML, like Gecko; compatible; GPTBot/1.4; +https://openai.com/gptbot)"
185.191.171.10 - - [12/Aug/2026:11:14:12 -0400] "GET /2026/01/30/jugar-gratis-blackjack-21/ HTTP/1.1" 200 47393 "-" "Mozilla/5.0 (compatible; SemrushBot/7~bl; +http://www.semrush.com/bot.html)"
74.7.227.147 - - [12/Aug/2026:11:15:14 -0400] "GET /wp-json/oembed/1.0/embed?url=https%3A%2F%2Fcasavalle.vsptdigital.cl%2F2026%2F07%2F15%2Froobet-casino-no-deposit-bonus%2F HTTP/1.1" 200 2299 "https://casavalle.vsptdigital.cl/?p=16674" "Mozilla/5.0 AppleWebKit/537.36 (KHTML, like Gecko; compatible; GPTBot/1.4; +https://openai.com/gptbot)"
185.191.171.11 - - [12/Aug/2026:11:14:54 -0400] "GET /2026/01/30/ruleta-de-casino/ HTTP/1.1" 200 47246 "-" "Mozilla/5.0 (compatible; SemrushBot/7~bl; +http://www.semrush.com/bot.html)"
74.7.227.147 - - [12/Aug/2026:11:15:57 -0400] "GET /wp-json/oembed/1.0/embed?url=https%3A%2F%2Fcasavalle.vsptdigital.cl%2F2026%2F01%2F30%2Fhorario-casino-colon-madrid%2F HTTP/1.1" 200 2284 "https://casavalle.vsptdigital.cl/?p=15029" "Mozilla/5.0 AppleWebKit/537.36 (KHTML, like Gecko; compatible; GPTBot/1.4; +https://openai.com/gptbot)"
85.208.96.204 - - [12/Aug/2026:11:15:41 -0400] "GET /2026/01/30/descargar-juegos-de-casino-gratis-para-pc-sin-internet/ HTTP/1.1" 200 46964 "-" "Mozilla/5.0 (compatible; SemrushBot/7~bl; +http://www.semrush.com/bot.html)"
74.7.227.147 - - [12/Aug/2026:11:16:33 -0400] "GET /wp-json/oembed/1.0/embed?url=https%3A%2F%2Fcasavalle.vsptdigital.cl%2F2026%2F01%2F30%2Fjuegos-nuevos-gratis-de-casino%2F HTTP/1.1" 200 2299 "https://casavalle.vsptdigital.cl/?p=10949" "Mozilla/5.0 AppleWebKit/537.36 (KHTML, like Gecko; compatible; GPTBot/1.4; +https://openai.com/gptbot)"
87.199.207.61 - - [12/Aug/2026:11:16:57 -0400] "GET / HTTP/1.1" 200 67650 "-" "Mozilla/5.0 (Windows NT 10.0; Win64; x64) AppleWebKit/537.36 (KHTML, like Gecko) Chrome/147.0.0.0 Safari/537.36"
87.199.207.61 - - [12/Aug/2026:11:16:59 -0400] "GET /wp-content/uploads/2024/05/1865-150x150.png HTTP/1.1" 200 14617 "https://casavalle.vsptdigital.cl/" "Mozilla/5.0 (Windows NT 10.0; Win64; x64) AppleWebKit/537.36 (KHTML, like Gecko) Chrome/147.0.0.0 Safari/537.36"
85.208.96.204 - - [12/Aug/2026:11:16:22 -0400] "GET /2026/01/30/juega-gratis-a-aztec-gems-deluxe-en-modo-demo/ HTTP/1.1" 200 46815 "-" "Mozilla/5.0 (compatible; SemrushBot/7~bl; +http://www.semrush.com/bot.html)"
74.7.227.147 - - [12/Aug/2026:11:17:08 -0400] "GET /wp-json/oembed/1.0/embed?url=https%3A%2F%2Fcasavalle.vsptdigital.cl%2F2026%2F01%2F30%2Fjuegos-de-casinos-gratis-ruleta%2F HTTP/1.1" 200 2304 "https://casavalle.vsptdigital.cl/?p=9995" "Mozilla/5.0 AppleWebKit/537.36 (KHTML, like Gecko; compatible; GPTBot/1.4; +https://openai.com/gptbot)"
185.191.171.2 - - [12/Aug/2026:11:17:10 -0400] "GET /2026/01/30/blackjack-sin-dinero/ HTTP/1.1" 200 47737 "-" "Mozilla/5.0 (compatible; SemrushBot/7~bl; +http://www.semrush.com/bot.html)"
74.7.227.147 - - [12/Aug/2026:11:18:09 -0400] "GET /wp-json/oembed/1.0/embed?url=https%3A%2F%2Fcasavalle.vsptdigital.cl%2F2026%2F01%2F30%2Ftragaperras-online-kitty-cabana%2F HTTP/1.1" 200 2304 "https://casavalle.vsptdigital.cl/?p=10354" "Mozilla/5.0 AppleWebKit/537.36 (KHTML, like Gecko; compatible; GPTBot/1.4; +https://openai.com/gptbot)"
74.7.227.147 - - [12/Aug/2026:11:17:39 -0400] "GET /wp-json/oembed/1.0/embed?url=https%3A%2F%2Fcasavalle.vsptdigital.cl%2F2026%2F01%2F30%2Fmejores-casinos-online-con-eth%2F HTTP/1.1" 200 2299 "https://casavalle.vsptdigital.cl/?p=10339" "Mozilla/5.0 AppleWebKit/537.36 (KHTML, like Gecko; compatible; GPTBot/1.4; +https://openai.com/gptbot)"
185.191.171.14 - - [12/Aug/2026:11:17:52 -0400] "GET /2026/01/30/50-euros-por-registrarte-casino/ HTTP/1.1" 200 47538 "-" "Mozilla/5.0 (compatible; SemrushBot/7~bl; +http://www.semrush.com/bot.html)"
205.134.255.185 - - [12/Aug/2026:11:18:33 -0400] "GET /wp-login.php HTTP/1.1" 302 - "-" "Mozilla/5.0 (Linux; Android 14; Pixel 8 Pro) AppleWebKit/537.36 (KHTML, like Gecko) Chrome/147.0.0.0 Mobile Safari/537.36"
205.134.255.185 - - [12/Aug/2026:11:18:34 -0400] "GET /wp-login.php HTTP/1.1" 302 - "https://casavalle.vsptdigital.cl/wp-login.php" "Mozilla/5.0 (Linux; Android 14; Pixel 8 Pro) AppleWebKit/537.36 (KHTML, like Gecko) Chrome/147.0.0.0 Mobile Safari/537.36"
205.134.255.185 - - [12/Aug/2026:11:18:35 -0400] "GET /wp-login.php HTTP/1.1" 302 - "https://casavalle.vsptdigital.cl/wp-login.php" "Mozilla/5.0 (Linux; Android 14; Pixel 8 Pro) AppleWebKit/537.36 (KHTML, like Gecko) Chrome/147.0.0.0 Mobile Safari/537.36"
205.134.255.185 - - [12/Aug/2026:11:18:35 -0400] "GET /wp-login.php HTTP/1.1" 302 - "https://casavalle.vsptdigital.cl/wp-login.php" "Mozilla/5.0 (Linux; Android 14; Pixel 8 Pro) AppleWebKit/537.36 (KHTML, like Gecko) Chrome/147.0.0.0 Mobile Safari/537.36"
205.134.255.185 - - [12/Aug/2026:11:18:36 -0400] "GET /wp-login.php HTTP/1.1" 302 - "https://casavalle.vsptdigital.cl/wp-login.php" "Mozilla/5.0 (Linux; Android 14; Pixel 8 Pro) AppleWebKit/537.36 (KHTML, like Gecko) Chrome/147.0.0.0 Mobile Safari/537.36"
205.134.255.185 - - [12/Aug/2026:11:18:37 -0400] "GET /wp-login.php HTTP/1.1" 302 - "https://casavalle.vsptdigital.cl/wp-login.php" "Mozilla/5.0 (Linux; Android 14; Pixel 8 Pro) AppleWebKit/537.36 (KHTML, like Gecko) Chrome/147.0.0.0 Mobile Safari/537.36"
205.134.255.185 - - [12/Aug/2026:11:18:37 -0400] "GET /wp-login.php HTTP/1.1" 302 - "https://casavalle.vsptdigital.cl/wp-login.php" "Mozilla/5.0 (Linux; Android 14; Pixel 8 Pro) AppleWebKit/537.36 (KHTML, like Gecko) Chrome/147.0.0.0 Mobile Safari/537.36"
205.134.255.185 - - [12/Aug/2026:11:18:38 -0400] "GET /wp-login.php HTTP/1.1" 302 - "https://casavalle.vsptdigital.cl/wp-login.php" "Mozilla/5.0 (Linux; Android 14; Pixel 8 Pro) AppleWebKit/537.36 (KHTML, like Gecko) Chrome/147.0.0.0 Mobile Safari/537.36"
205.134.255.185 - - [12/Aug/2026:11:18:38 -0400] "GET /wp-login.php HTTP/1.1" 302 - "https://casavalle.vsptdigital.cl/wp-login.php" "Mozilla/5.0 (Linux; Android 14; Pixel 8 Pro) AppleWebKit/537.36 (KHTML, like Gecko) Chrome/147.0.0.0 Mobile Safari/537.36"
205.134.255.185 - - [12/Aug/2026:11:18:39 -0400] "GET /wp-login.php HTTP/1.1" 302 - "https://casavalle.vsptdigital.cl/wp-login.php" "Mozilla/5.0 (Linux; Android 14; Pixel 8 Pro) AppleWebKit/537.36 (KHTML, like Gecko) Chrome/147.0.0.0 Mobile Safari/537.36"
205.134.255.185 - - [12/Aug/2026:11:18:41 -0400] "GET /wp-json/wp/v2/users/me HTTP/1.1" 401 88 "-" "Mozilla/5.0 (Linux; Android 14; Pixel 8 Pro) AppleWebKit/537.36 (KHTML, like Gecko) Chrome/147.0.0.0 Mobile Safari/537.36"
74.7.227.147 - - [12/Aug/2026:11:19:14 -0400] "GET /wp-json/oembed/1.0/embed?url=https%3A%2F%2Fcasavalle.vsptdigital.cl%2F2026%2F01%2F30%2Fjuego-de-tragamonedas-jackpot%2F HTTP/1.1" 200 2294 "https://casavalle.vsptdigital.cl/?p=9846" "Mozilla/5.0 AppleWebKit/537.36 (KHTML, like Gecko; compatible; GPTBot/1.4; +https://openai.com/gptbot)"
185.191.171.11 - - [12/Aug/2026:11:18:35 -0400] "GET /2026/01/30/estrategias-blackjack-online/ HTTP/1.1" 200 46305 "-" "Mozilla/5.0 (compatible; SemrushBot/7~bl; +http://www.semrush.com/bot.html)"
85.208.96.209 - - [12/Aug/2026:11:19:23 -0400] "GET /2026/01/30/ruleta-en-vivo-con-bitcoin-cash/ HTTP/1.1" 200 47697 "-" "Mozilla/5.0 (compatible; SemrushBot/7~bl; +http://www.semrush.com/bot.html)"
74.7.227.147 - - [12/Aug/2026:11:20:11 -0400] "GET /wp-json/oembed/1.0/embed?url=https%3A%2F%2Fcasavalle.vsptdigital.cl%2F2026%2F01%2F30%2F777-suerte-casino-es-confiable%2F HTTP/1.1" 200 2299 "https://casavalle.vsptdigital.cl/?p=14396" "Mozilla/5.0 AppleWebKit/537.36 (KHTML, like Gecko; compatible; GPTBot/1.4; +https://openai.com/gptbot)"
85.208.96.202 - - [12/Aug/2026:11:20:49 -0400] "GET /robots.txt HTTP/1.1" 200 148 "-" "Mozilla/5.0 (compatible; SemrushBot/7~bl; +http://www.semrush.com/bot.html)"
212.112.19.169 - - [12/Aug/2026:11:20:55 -0400] "GET /2026/05/14/wie-spielt-man-im-jahr-2026-in-den-spielbanken-um-echtgeld/ HTTP/1.1" 200 46081 "https://casavalle.vsptdigital.cl/" "Mozilla/5.0 (Windows NT 10.0; Win64; x64) AppleWebKit/537.36 (KHTML, like Gecko) Chrome/119.0.0.0 Safari/537.36"
74.7.227.147 - - [12/Aug/2026:11:21:04 -0400] "GET /wp-json/oembed/1.0/embed?url=https%3A%2F%2Fcasavalle.vsptdigital.cl%2F2026%2F07%2F15%2Fcasinos-provincia-de-cordoba%2F HTTP/1.1" 200 2289 "https://casavalle.vsptdigital.cl/?p=16836" "Mozilla/5.0 AppleWebKit/537.36 (KHTML, like Gecko; compatible; GPTBot/1.4; +https://openai.com/gptbot)"
185.191.171.16 - - [12/Aug/2026:11:20:46 -0400] "GET /2026/01/30/simulador-casino-online/ HTTP/1.1" 200 47049 "-" "Mozilla/5.0 (compatible; SemrushBot/7~bl; +http://www.semrush.com/bot.html)"
74.7.227.147 - - [12/Aug/2026:11:21:49 -0400] "GET /wp-json/oembed/1.0/embed?url=https%3A%2F%2Fcasavalle.vsptdigital.cl%2F2026%2F01%2F30%2Fcomo-funciona-casinos-online%2F HTTP/1.1" 200 2289 "https://casavalle.vsptdigital.cl/?p=9620" "Mozilla/5.0 AppleWebKit/537.36 (KHTML, like Gecko; compatible; GPTBot/1.4; +https://openai.com/gptbot)"
87.199.207.61 - - [12/Aug/2026:11:22:01 -0400] "GET /2026/06/25/casino-automaten-online-mindestens-5-euro-2026/ HTTP/1.1" 200 46059 "https://casavalle.vsptdigital.cl/" "Mozilla/5.0 (X11; Linux x86_64; rv:140.0) Gecko/20100101 Firefox/140.0"
87.199.207.61 - - [12/Aug/2026:11:22:03 -0400] "GET /2026/06/25/casino-automaten-online-mindestens-5-euro-2026/ HTTP/1.1" 200 46059 "https://casavalle.vsptdigital.cl/2026/06/25/casino-automaten-online-mindestens-5-euro-2026/" "Mozilla/5.0 (X11; Linux x86_64; rv:140.0) Gecko/20100101 Firefox/140.0"
85.208.96.206 - - [12/Aug/2026:11:21:27 -0400] "GET /2026/07/15/odense-casino-codigo-promocional-y-bonus-code-2026/ HTTP/1.1" 200 47312 "-" "Mozilla/5.0 (compatible; SemrushBot/7~bl; +http://www.semrush.com/bot.html)"
87.199.207.61 - - [12/Aug/2026:11:21:29 -0400] "GET /2026/06/25/casino-automaten-online-mindestens-5-euro-2026/ HTTP/1.1" 200 46059 "https://casavalle.vsptdigital.cl/" "Mozilla/5.0 (X11; Linux x86_64; rv:140.0) Gecko/20100101 Firefox/140.0"
74.7.227.147 - - [12/Aug/2026:11:22:31 -0400] "GET /wp-json/oembed/1.0/embed?url=https%3A%2F%2Fcasavalle.vsptdigital.cl%2F2026%2F07%2F15%2Fjuego-de-casinos-gratis-online%2F HTTP/1.1" 200 2299 "https://casavalle.vsptdigital.cl/?p=18283" "Mozilla/5.0 AppleWebKit/537.36 (KHTML, like Gecko; compatible; GPTBot/1.4; +https://openai.com/gptbot)"
85.208.96.197 - - [12/Aug/2026:11:22:14 -0400] "GET /2026/01/30/juego-casino-blackjack/ HTTP/1.1" 200 46803 "-" "Mozilla/5.0 (compatible; SemrushBot/7~bl; +http://www.semrush.com/bot.html)"
74.7.227.147 - - [12/Aug/2026:11:23:08 -0400] "GET /wp-json/oembed/1.0/embed?url=https%3A%2F%2Fcasavalle.vsptdigital.cl%2F2026%2F07%2F15%2Ftragamonedas-bono-sin-deposito%2F HTTP/1.1" 200 2299 "https://casavalle.vsptdigital.cl/?p=16988" "Mozilla/5.0 AppleWebKit/537.36 (KHTML, like Gecko; compatible; GPTBot/1.4; +https://openai.com/gptbot)"
212.112.19.169 - - [12/Aug/2026:11:23:29 -0400] "GET /2026/07/04/cual-es-el-mejor-casino-en-linea-de-espana/ HTTP/1.1" 200 46528 "-" "Mozilla/5.0 (Macintosh; Intel Mac OS X 10_15_7) AppleWebKit/537.36 (KHTML, like Gecko) Chrome/114.0.0.0 Safari/537.36 OPR/100.0.0.0"
74.7.227.147 - - [12/Aug/2026:11:23:42 -0400] "GET /wp-json/oembed/1.0/embed?url=https%3A%2F%2Fcasavalle.vsptdigital.cl%2F2026%2F07%2F15%2Fcomo-jugar-tragamonedas-online%2F HTTP/1.1" 200 2299 "https://casavalle.vsptdigital.cl/?p=16767" "Mozilla/5.0 AppleWebKit/537.36 (KHTML, like Gecko; compatible; GPTBot/1.4; +https://openai.com/gptbot)"
85.208.96.198 - - [12/Aug/2026:11:23:02 -0400] "GET /2026/01/30/apps-para-juegos-de-azar-gratis/ HTTP/1.1" 200 47397 "-" "Mozilla/5.0 (compatible; SemrushBot/7~bl; +http://www.semrush.com/bot.html)"
167.71.240.77 - - [12/Aug/2026:11:24:00 -0400] "GET /wp-login.php HTTP/1.1" 301 - "-" "Mozilla/5.0 (Windows NT 10.0; Win64; x64) AppleWebKit/537.36 (KHTML, like Gecko) Chrome/133.0.0.0 Safari/537.36"
167.71.240.77 - - [12/Aug/2026:11:24:02 -0400] "GET /wp-login.php HTTP/1.1" 302 - "https://www.casavalle.vsptdigital.cl/wp-login.php" "Mozilla/5.0 (Windows NT 10.0; Win64; x64) AppleWebKit/537.36 (KHTML, like Gecko) Chrome/133.0.0.0 Safari/537.36"
167.71.240.77 - - [12/Aug/2026:11:24:02 -0400] "GET /wp-login.php HTTP/1.1" 302 - "https://www.casavalle.vsptdigital.cl/wp-login.php" "Mozilla/5.0 (Windows NT 10.0; Win64; x64) AppleWebKit/537.36 (KHTML, like Gecko) Chrome/133.0.0.0 Safari/537.36"
167.71.240.77 - - [12/Aug/2026:11:24:02 -0400] "GET /wp-login.php HTTP/1.1" 302 - "https://www.casavalle.vsptdigital.cl/wp-login.php" "Mozilla/5.0 (Windows NT 10.0; Win64; x64) AppleWebKit/537.36 (KHTML, like Gecko) Chrome/133.0.0.0 Safari/537.36"
167.71.240.77 - - [12/Aug/2026:11:24:03 -0400] "GET /wp-login.php HTTP/1.1" 302 - "https://www.casavalle.vsptdigital.cl/wp-login.php" "Mozilla/5.0 (Windows NT 10.0; Win64; x64) AppleWebKit/537.36 (KHTML, like Gecko) Chrome/133.0.0.0 Safari/537.36"
167.71.240.77 - - [12/Aug/2026:11:24:04 -0400] "GET /wp-login.php HTTP/1.1" 302 - "https://www.casavalle.vsptdigital.cl/wp-login.php" "Mozilla/5.0 (Windows NT 10.0; Win64; x64) AppleWebKit/537.36 (KHTML, like Gecko) Chrome/133.0.0.0 Safari/537.36"
167.71.240.77 - - [12/Aug/2026:11:24:04 -0400] "GET /wp-login.php HTTP/1.1" 302 - "https://www.casavalle.vsptdigital.cl/wp-login.php" "Mozilla/5.0 (Windows NT 10.0; Win64; x64) AppleWebKit/537.36 (KHTML, like Gecko) Chrome/133.0.0.0 Safari/537.36"
167.71.240.77 - - [12/Aug/2026:11:24:05 -0400] "GET /wp-login.php HTTP/1.1" 302 - "https://www.casavalle.vsptdigital.cl/wp-login.php" "Mozilla/5.0 (Windows NT 10.0; Win64; x64) AppleWebKit/537.36 (KHTML, like Gecko) Chrome/133.0.0.0 Safari/537.36"
167.71.240.77 - - [12/Aug/2026:11:24:05 -0400] "GET /wp-login.php HTTP/1.1" 302 - "https://www.casavalle.vsptdigital.cl/wp-login.php" "Mozilla/5.0 (Windows NT 10.0; Win64; x64) AppleWebKit/537.36 (KHTML, like Gecko) Chrome/133.0.0.0 Safari/537.36"
167.71.240.77 - - [12/Aug/2026:11:24:05 -0400] "GET /wp-login.php HTTP/1.1" 302 - "https://www.casavalle.vsptdigital.cl/wp-login.php" "Mozilla/5.0 (Windows NT 10.0; Win64; x64) AppleWebKit/537.36 (KHTML, like Gecko) Chrome/133.0.0.0 Safari/537.36"
167.71.240.77 - - [12/Aug/2026:11:24:07 -0400] "GET /wp-json/wp/v2/users/me HTTP/1.1" 401 88 "-" "Mozilla/5.0 (Windows NT 10.0; Win64; x64) AppleWebKit/537.36 (KHTML, like Gecko) Chrome/133.0.0.0 Safari/537.36"
85.208.96.212 - - [12/Aug/2026:11:23:48 -0400] "GET /2026/01/30/juegos-de-blackjack-21-online/ HTTP/1.1" 200 46375 "-" "Mozilla/5.0 (compatible; SemrushBot/7~bl; +http://www.semrush.com/bot.html)"
74.7.227.147 - - [12/Aug/2026:11:24:41 -0400] "GET /wp-json/oembed/1.0/embed?url=https%3A%2F%2Fcasavalle.vsptdigital.cl%2F2026%2F07%2F15%2Ftragaperras-con-varios-juegos%2F HTTP/1.1" 200 2294 "https://casavalle.vsptdigital.cl/?p=17126" "Mozilla/5.0 AppleWebKit/537.36 (KHTML, like Gecko; compatible; GPTBot/1.4; +https://openai.com/gptbot)"
74.7.227.147 - - [12/Aug/2026:11:24:11 -0400] "GET /wp-json/oembed/1.0/embed?url=https%3A%2F%2Fcasavalle.vsptdigital.cl%2F2026%2F07%2F15%2Ftragaperras-online-lucky-reels%2F HTTP/1.1" 200 2299 "https://casavalle.vsptdigital.cl/?p=17457" "Mozilla/5.0 AppleWebKit/537.36 (KHTML, like Gecko; compatible; GPTBot/1.4; +https://openai.com/gptbot)"
173.254.28.219 - - [12/Aug/2026:11:25:01 -0400] "GET /wp-login.php HTTP/1.1" 301 - "-" "Mozilla/5.0 (Windows NT 10.0; Win64; x64) AppleWebKit/537.36 (KHTML, like Gecko) Chrome/133.0.0.0 Safari/537.36"
173.254.28.219 - - [12/Aug/2026:11:25:02 -0400] "GET /wp-login.php HTTP/1.1" 302 - "https://www.casavalle.vsptdigital.cl/wp-login.php" "Mozilla/5.0 (Windows NT 10.0; Win64; x64) AppleWebKit/537.36 (KHTML, like Gecko) Chrome/133.0.0.0 Safari/537.36"
173.254.28.219 - - [12/Aug/2026:11:25:03 -0400] "GET /wp-login.php HTTP/1.1" 302 - "https://www.casavalle.vsptdigital.cl/wp-login.php" "Mozilla/5.0 (Windows NT 10.0; Win64; x64) AppleWebKit/537.36 (KHTML, like Gecko) Chrome/133.0.0.0 Safari/537.36"
173.254.28.219 - - [12/Aug/2026:11:25:03 -0400] "GET /wp-login.php HTTP/1.1" 302 - "https://www.casavalle.vsptdigital.cl/wp-login.php" "Mozilla/5.0 (Windows NT 10.0; Win64; x64) AppleWebKit/537.36 (KHTML, like Gecko) Chrome/133.0.0.0 Safari/537.36"
173.254.28.219 - - [12/Aug/2026:11:25:04 -0400] "GET /wp-login.php HTTP/1.1" 302 - "https://www.casavalle.vsptdigital.cl/wp-login.php" "Mozilla/5.0 (Windows NT 10.0; Win64; x64) AppleWebKit/537.36 (KHTML, like Gecko) Chrome/133.0.0.0 Safari/537.36"
173.254.28.219 - - [12/Aug/2026:11:25:04 -0400] "GET /wp-login.php HTTP/1.1" 302 - "https://www.casavalle.vsptdigital.cl/wp-login.php" "Mozilla/5.0 (Windows NT 10.0; Win64; x64) AppleWebKit/537.36 (KHTML, like Gecko) Chrome/133.0.0.0 Safari/537.36"
173.254.28.219 - - [12/Aug/2026:11:25:05 -0400] "GET /wp-login.php HTTP/1.1" 302 - "https://www.casavalle.vsptdigital.cl/wp-login.php" "Mozilla/5.0 (Windows NT 10.0; Win64; x64) AppleWebKit/537.36 (KHTML, like Gecko) Chrome/133.0.0.0 Safari/537.36"
173.254.28.219 - - [12/Aug/2026:11:25:05 -0400] "GET /wp-login.php HTTP/1.1" 302 - "https://www.casavalle.vsptdigital.cl/wp-login.php" "Mozilla/5.0 (Windows NT 10.0; Win64; x64) AppleWebKit/537.36 (KHTML, like Gecko) Chrome/133.0.0.0 Safari/537.36"
173.254.28.219 - - [12/Aug/2026:11:25:06 -0400] "GET /wp-login.php HTTP/1.1" 302 - "https://www.casavalle.vsptdigital.cl/wp-login.php" "Mozilla/5.0 (Windows NT 10.0; Win64; x64) AppleWebKit/537.36 (KHTML, like Gecko) Chrome/133.0.0.0 Safari/537.36"
173.254.28.219 - - [12/Aug/2026:11:25:06 -0400] "GET /wp-login.php HTTP/1.1" 302 - "https://www.casavalle.vsptdigital.cl/wp-login.php" "Mozilla/5.0 (Windows NT 10.0; Win64; x64) AppleWebKit/537.36 (KHTML, like Gecko) Chrome/133.0.0.0 Safari/537.36"
173.254.28.219 - - [12/Aug/2026:11:25:07 -0400] "GET /wp-json/wp/v2/users/me HTTP/1.1" 401 88 "-" "Mozilla/5.0 (Windows NT 10.0; Win64; x64) AppleWebKit/537.36 (KHTML, like Gecko) Chrome/133.0.0.0 Safari/537.36"
185.191.171.11 - - [12/Aug/2026:11:24:30 -0400] "GET /2026/01/30/hay-alguna-forma-de-ganar-a-la-ruleta/ HTTP/1.1" 200 46360 "-" "Mozilla/5.0 (compatible; SemrushBot/7~bl; +http://www.semrush.com/bot.html)"
74.7.227.147 - - [12/Aug/2026:11:25:42 -0400] "GET /wp-json/oembed/1.0/embed?url=https%3A%2F%2Fcasavalle.vsptdigital.cl%2F2026%2F01%2F30%2Fruleta-juegos%2F HTTP/1.1" 200 2214 "https://casavalle.vsptdigital.cl/?p=11867" "Mozilla/5.0 AppleWebKit/537.36 (KHTML, like Gecko; compatible; GPTBot/1.4; +https://openai.com/gptbot)"
85.208.96.202 - - [12/Aug/2026:11:25:12 -0400] "GET /2026/07/15/casino-gran-madrid-apuestas/ HTTP/1.1" 200 46539 "-" "Mozilla/5.0 (compatible; SemrushBot/7~bl; +http://www.semrush.com/bot.html)"
85.208.96.198 - - [12/Aug/2026:11:25:59 -0400] "GET /2026/01/30/como-ganar-la-ruleta-en-el-casino/ HTTP/1.1" 200 46813 "-" "Mozilla/5.0 (compatible; SemrushBot/7~bl; +http://www.semrush.com/bot.html)"
185.191.171.4 - - [12/Aug/2026:11:26:41 -0400] "GET /2026/07/15/ganar-cripto-en-casino/ HTTP/1.1" 200 46666 "-" "Mozilla/5.0 (compatible; SemrushBot/7~bl; +http://www.semrush.com/bot.html)"
74.7.227.147 - - [12/Aug/2026:11:26:36 -0400] "GET /wp-json/oembed/1.0/embed?url=https%3A%2F%2Fcasavalle.vsptdigital.cl%2F2026%2F01%2F30%2Fc%25C3%25B3digos-tiradas-gratis-casino%2F HTTP/1.1" 200 2325 "https://casavalle.vsptdigital.cl/?p=11841" "Mozilla/5.0 AppleWebKit/537.36 (KHTML, like Gecko; compatible; GPTBot/1.4; +https://openai.com/gptbot)"
74.7.227.147 - - [12/Aug/2026:11:27:29 -0400] "GET /wp-json/oembed/1.0/embed?url=https%3A%2F%2Fcasavalle.vsptdigital.cl%2F2026%2F01%2F30%2Fcasino-p%25C3%25B3voa-varzim-eventos%2F HTTP/1.1" 200 2315 "https://casavalle.vsptdigital.cl/?p=13410" "Mozilla/5.0 AppleWebKit/537.36 (KHTML, like Gecko; compatible; GPTBot/1.4; +https://openai.com/gptbot)"
185.191.171.10 - - [12/Aug/2026:11:27:23 -0400] "GET /2026/01/30/buscar-tragamonedas-gratis-sin-descargar/ HTTP/1.1" 200 46896 "-" "Mozilla/5.0 (compatible; SemrushBot/7~bl; +http://www.semrush.com/bot.html)"
74.7.227.147 - - [12/Aug/2026:11:28:35 -0400] "GET /wp-json/oembed/1.0/embed?url=https%3A%2F%2Fcasavalle.vsptdigital.cl%2F2026%2F01%2F30%2Fvolt-casino-bono-sin-dep%25C3%25B3sito-50-giros-gratis-2026%2F HTTP/1.1" 200 2430 "https://casavalle.vsptdigital.cl/?p=13691" "Mozilla/5.0 AppleWebKit/537.36 (KHTML, like Gecko; compatible; GPTBot/1.4; +https://openai.com/gptbot)"
85.208.96.208 - - [12/Aug/2026:11:28:05 -0400] "GET /2026/01/30/hay-casinos-en-san-clemente/ HTTP/1.1" 200 47289 "-" "Mozilla/5.0 (compatible; SemrushBot/7~bl; +http://www.semrush.com/bot.html)"
185.191.171.3 - - [12/Aug/2026:11:28:52 -0400] "GET /2026/07/15/ruleta-casino-reglas/ HTTP/1.1" 200 47216 "-" "Mozilla/5.0 (compatible; SemrushBot/7~bl; +http://www.semrush.com/bot.html)"
74.7.227.147 - - [12/Aug/2026:11:29:33 -0400] "GET /wp-json/oembed/1.0/embed?url=https%3A%2F%2Fcasavalle.vsptdigital.cl%2F2026%2F01%2F30%2Fmetodo-para-ganar-al-blackjack%2F HTTP/1.1" 200 2299 "https://casavalle.vsptdigital.cl/?p=10282" "Mozilla/5.0 AppleWebKit/537.36 (KHTML, like Gecko; compatible; GPTBot/1.4; +https://openai.com/gptbot)"
159.26.97.42 - - [12/Aug/2026:11:30:14 -0400] "GET /2026/07/04/cual-es-el-mejor-casino-en-linea-de-espana/ HTTP/1.1" 200 46528 "https://casavalle.vsptdigital.cl/" "Mozilla/5.0 (Windows NT 10.0; Win64; x64; rv:128.0) Gecko/20100101 Firefox/128.0"
159.26.97.42 - - [12/Aug/2026:11:30:17 -0400] "GET /2026/07/04/cual-es-el-mejor-casino-en-linea-de-espana/ HTTP/1.1" 200 46528 "https://casavalle.vsptdigital.cl/2026/07/04/cual-es-el-mejor-casino-en-linea-de-espana/" "Mozilla/5.0 (Windows NT 10.0; Win64; x64; rv:128.0) Gecko/20100101 Firefox/128.0"
185.191.171.10 - - [12/Aug/2026:11:29:34 -0400] "GET /2026/01/30/como-funcionan-las-tragaperras/ HTTP/1.1" 200 47037 "-" "Mozilla/5.0 (compatible; SemrushBot/7~bl; +http://www.semrush.com/bot.html)"
74.7.227.147 - - [12/Aug/2026:11:30:23 -0400] "GET /wp-json/oembed/1.0/embed?url=https%3A%2F%2Fcasavalle.vsptdigital.cl%2F2026%2F01%2F30%2Fjuegos-casino-descargar-gratis-espa%25C3%25B1ol%2F HTTP/1.1" 200 2370 "https://casavalle.vsptdigital.cl/?p=15321" "Mozilla/5.0 AppleWebKit/537.36 (KHTML, like Gecko; compatible; GPTBot/1.4; +https://openai.com/gptbot)"
185.191.171.17 - - [12/Aug/2026:11:30:22 -0400] "GET /2026/07/15/como-jugar-al-bet365-casino/ HTTP/1.1" 200 46877 "-" "Mozilla/5.0 (compatible; SemrushBot/7~bl; +http://www.semrush.com/bot.html)"
74.7.227.147 - - [12/Aug/2026:11:31:25 -0400] "GET /wp-json/oembed/1.0/embed?url=https%3A%2F%2Fcasavalle.vsptdigital.cl%2F2026%2F07%2F15%2Ftragamonedas-para-pc-descargar%2F HTTP/1.1" 200 2299 "https://casavalle.vsptdigital.cl/?p=16794" "Mozilla/5.0 AppleWebKit/537.36 (KHTML, like Gecko; compatible; GPTBot/1.4; +https://openai.com/gptbot)"
108.179.253.185 - - [12/Aug/2026:11:31:31 -0400] "GET /wp-login.php HTTP/1.1" 301 - "-" "Mozilla/5.0 (Windows NT 10.0; Win64; x64) AppleWebKit/537.36 (KHTML, like Gecko) Chrome/133.0.0.0 Safari/537.36"
85.208.96.209 - - [12/Aug/2026:11:31:03 -0400] "GET /2026/07/15/codigo-promocional-casino-club/ HTTP/1.1" 200 48042 "-" "Mozilla/5.0 (compatible; SemrushBot/7~bl; +http://www.semrush.com/bot.html)"
185.191.171.1 - - [12/Aug/2026:11:31:50 -0400] "GET /2026/01/30/terraza-casino-sevilla/ HTTP/1.1" 200 46770 "-" "Mozilla/5.0 (compatible; SemrushBot/7~bl; +http://www.semrush.com/bot.html)"
115.146.125.52 - - [12/Aug/2026:11:32:43 -0400] "GET /wp-json/wp/v2/users/me HTTP/1.1" 401 88 "-" "Mozilla/5.0 (Windows NT 10.0; Win64; x64) AppleWebKit/537.36 (KHTML, like Gecko) Chrome/133.0.0.0 Safari/537.36"
209.50.187.13 - - [12/Aug/2026:11:32:59 -0400] "GET /2026/07/26/jakie-kasyno-oferuje-najlepszy-bonus-za-rejestracje-w-2026-roku/ HTTP/1.1" 200 46405 "https://casavalle.vsptdigital.cl/" "Mozilla/5.0 (Windows NT 10.0; Win64; x64) AppleWebKit/537.36 (KHTML, like Gecko) Chrome/117.0.5938.132 Safari/537.36"
209.50.187.13 - - [12/Aug/2026:11:33:01 -0400] "GET /2026/07/26/jakie-kasyno-oferuje-najlepszy-bonus-za-rejestracje-w-2026-roku/ HTTP/1.1" 200 46405 "https://casavalle.vsptdigital.cl/2026/07/26/jakie-kasyno-oferuje-najlepszy-bonus-za-rejestracje-w-2026-roku/" "Mozilla/5.0 (Windows NT 10.0; Win64; x64) AppleWebKit/537.36 (KHTML, like Gecko) Chrome/117.0.5938.132 Safari/537.36"
74.7.227.147 - - [12/Aug/2026:11:32:24 -0400] "GET /wp-json/oembed/1.0/embed?url=https%3A%2F%2Fcasavalle.vsptdigital.cl%2F2026%2F01%2F30%2Ftragaperras-de-casino-gratis%2F HTTP/1.1" 200 2289 "https://casavalle.vsptdigital.cl/?p=11796" "Mozilla/5.0 AppleWebKit/537.36 (KHTML, like Gecko; compatible; GPTBot/1.4; +https://openai.com/gptbot)"
74.7.227.147 - - [12/Aug/2026:11:33:12 -0400] "GET /wp-json/oembed/1.0/embed?url=https%3A%2F%2Fcasavalle.vsptdigital.cl%2F2026%2F01%2F30%2Fcomo-ganar-a-las-tragamonedas%2F HTTP/1.1" 200 2294 "https://casavalle.vsptdigital.cl/?p=10129" "Mozilla/5.0 AppleWebKit/537.36 (KHTML, like Gecko; compatible; GPTBot/1.4; +https://openai.com/gptbot)"
185.191.171.13 - - [12/Aug/2026:11:32:32 -0400] "GET /2026/07/15/jugar-age-of-troy-gratis/ HTTP/1.1" 200 46540 "-" "Mozilla/5.0 (compatible; SemrushBot/7~bl; +http://www.semrush.com/bot.html)"
185.191.171.5 - - [12/Aug/2026:11:33:18 -0400] "GET /2026/01/30/casinos-gratis-en-espa%C3%B1ol-sin-descargar/ HTTP/1.1" 200 47207 "-" "Mozilla/5.0 (compatible; SemrushBot/7~bl; +http://www.semrush.com/bot.html)"
74.7.227.147 - - [12/Aug/2026:11:34:15 -0400] "GET /wp-json/oembed/1.0/embed?url=https%3A%2F%2Fcasavalle.vsptdigital.cl%2F2026%2F01%2F30%2Fcuanto-recauda-una-tragaperras%2F HTTP/1.1" 200 2299 "https://casavalle.vsptdigital.cl/?p=12074" "Mozilla/5.0 AppleWebKit/537.36 (KHTML, like Gecko; compatible; GPTBot/1.4; +https://openai.com/gptbot)"
185.191.171.10 - - [12/Aug/2026:11:34:00 -0400] "GET /2026/01/30/c%C3%B3digos-promocionais-casino/ HTTP/1.1" 200 46743 "-" "Mozilla/5.0 (compatible; SemrushBot/7~bl; +http://www.semrush.com/bot.html)"
185.191.171.15 - - [12/Aug/2026:11:34:47 -0400] "GET /2026/01/30/casinos-gratis-para-descargar-en-espa%C3%B1ol/ HTTP/1.1" 200 46605 "-" "Mozilla/5.0 (compatible; SemrushBot/7~bl; +http://www.semrush.com/bot.html)"
74.7.227.147 - - [12/Aug/2026:11:35:14 -0400] "GET /wp-json/oembed/1.0/embed?url=https%3A%2F%2Fcasavalle.vsptdigital.cl%2F2026%2F07%2F15%2Fterraza-casino-bono-sin-dep%25C3%25B3sito-50-giros-gratis-2026%2F HTTP/1.1" 200 2445 "https://casavalle.vsptdigital.cl/?p=17390" "Mozilla/5.0 AppleWebKit/537.36 (KHTML, like Gecko; compatible; GPTBot/1.4; +https://openai.com/gptbot)"
74.7.227.147 - - [12/Aug/2026:11:36:07 -0400] "GET /wp-json/oembed/1.0/embed?url=https%3A%2F%2Fcasavalle.vsptdigital.cl%2F2026%2F01%2F30%2Fsabaris-casino-bono-sin-dep%25C3%25B3sito-50-giros-gratis-2026%2F HTTP/1.1" 200 2445 "https://casavalle.vsptdigital.cl/?p=13613" "Mozilla/5.0 AppleWebKit/537.36 (KHTML, like Gecko; compatible; GPTBot/1.4; +https://openai.com/gptbot)"
185.191.171.14 - - [12/Aug/2026:11:35:29 -0400] "GET /2026/01/30/m%C3%A1quinas-de-juego-tipo-a/ HTTP/1.1" 200 47066 "-" "Mozilla/5.0 (compatible; SemrushBot/7~bl; +http://www.semrush.com/bot.html)"
185.191.171.11 - - [12/Aug/2026:11:36:16 -0400] "GET /2026/07/15/jugar-gratis-juegos-de-casino-tragamonedas/ HTTP/1.1" 200 47336 "-" "Mozilla/5.0 (compatible; SemrushBot/7~bl; +http://www.semrush.com/bot.html)"
74.7.227.147 - - [12/Aug/2026:11:37:08 -0400] "GET /wp-json/oembed/1.0/embed?url=https%3A%2F%2Fcasavalle.vsptdigital.cl%2F2026%2F01%2F30%2Ffresh-casino-bono-sin-dep%25C3%25B3sito-50-giros-gratis-2026%2F HTTP/1.1" 200 2435 "https://casavalle.vsptdigital.cl/?p=11069" "Mozilla/5.0 AppleWebKit/537.36 (KHTML, like Gecko; compatible; GPTBot/1.4; +https://openai.com/gptbot)"
185.191.171.15 - - [12/Aug/2026:11:37:03 -0400] "GET /2026/01/30/tragamonedas-trucos-frutas/ HTTP/1.1" 200 46739 "-" "Mozilla/5.0 (compatible; SemrushBot/7~bl; +http://www.semrush.com/bot.html)"
50.6.137.53 - - [12/Aug/2026:11:38:22 -0400] "GET /wp-login.php HTTP/1.1" 301 - "-" "Mozilla/5.0 (Windows NT 10.0; Win64; x64) AppleWebKit/537.36 (KHTML, like Gecko) Chrome/133.0.0.0 Safari/537.36"
50.6.137.53 - - [12/Aug/2026:11:38:23 -0400] "GET /wp-login.php HTTP/1.1" 302 - "https://www.casavalle.vsptdigital.cl/wp-login.php" "Mozilla/5.0 (Windows NT 10.0; Win64; x64) AppleWebKit/537.36 (KHTML, like Gecko) Chrome/133.0.0.0 Safari/537.36"
50.6.137.53 - - [12/Aug/2026:11:38:24 -0400] "GET /wp-login.php HTTP/1.1" 302 - "https://www.casavalle.vsptdigital.cl/wp-login.php" "Mozilla/5.0 (Windows NT 10.0; Win64; x64) AppleWebKit/537.36 (KHTML, like Gecko) Chrome/133.0.0.0 Safari/537.36"
50.6.137.53 - - [12/Aug/2026:11:38:24 -0400] "GET /wp-login.php HTTP/1.1" 302 - "https://www.casavalle.vsptdigital.cl/wp-login.php" "Mozilla/5.0 (Windows NT 10.0; Win64; x64) AppleWebKit/537.36 (KHTML, like Gecko) Chrome/133.0.0.0 Safari/537.36"
50.6.137.53 - - [12/Aug/2026:11:38:25 -0400] "GET /wp-login.php HTTP/1.1" 302 - "https://www.casavalle.vsptdigital.cl/wp-login.php" "Mozilla/5.0 (Windows NT 10.0; Win64; x64) AppleWebKit/537.36 (KHTML, like Gecko) Chrome/133.0.0.0 Safari/537.36"
50.6.137.53 - - [12/Aug/2026:11:38:25 -0400] "GET /wp-login.php HTTP/1.1" 302 - "https://www.casavalle.vsptdigital.cl/wp-login.php" "Mozilla/5.0 (Windows NT 10.0; Win64; x64) AppleWebKit/537.36 (KHTML, like Gecko) Chrome/133.0.0.0 Safari/537.36"
50.6.137.53 - - [12/Aug/2026:11:38:25 -0400] "GET /wp-login.php HTTP/1.1" 302 - "https://www.casavalle.vsptdigital.cl/wp-login.php" "Mozilla/5.0 (Windows NT 10.0; Win64; x64) AppleWebKit/537.36 (KHTML, like Gecko) Chrome/133.0.0.0 Safari/537.36"
50.6.137.53 - - [12/Aug/2026:11:38:26 -0400] "GET /wp-login.php HTTP/1.1" 302 - "https://www.casavalle.vsptdigital.cl/wp-login.php" "Mozilla/5.0 (Windows NT 10.0; Win64; x64) AppleWebKit/537.36 (KHTML, like Gecko) Chrome/133.0.0.0 Safari/537.36"
50.6.137.53 - - [12/Aug/2026:11:38:26 -0400] "GET /wp-login.php HTTP/1.1" 302 - "https://www.casavalle.vsptdigital.cl/wp-login.php" "Mozilla/5.0 (Windows NT 10.0; Win64; x64) AppleWebKit/537.36 (KHTML, like Gecko) Chrome/133.0.0.0 Safari/537.36"
50.6.137.53 - - [12/Aug/2026:11:38:27 -0400] "GET /wp-login.php HTTP/1.1" 302 - "https://www.casavalle.vsptdigital.cl/wp-login.php" "Mozilla/5.0 (Windows NT 10.0; Win64; x64) AppleWebKit/537.36 (KHTML, like Gecko) Chrome/133.0.0.0 Safari/537.36"
50.6.137.53 - - [12/Aug/2026:11:38:27 -0400] "GET /wp-json/wp/v2/users/me HTTP/1.1" 401 88 "-" "Mozilla/5.0 (Windows NT 10.0; Win64; x64) AppleWebKit/537.36 (KHTML, like Gecko) Chrome/133.0.0.0 Safari/537.36"
85.208.96.203 - - [12/Aug/2026:11:37:45 -0400] "GET /2026/01/30/casino-records-entertainment/ HTTP/1.1" 200 46712 "-" "Mozilla/5.0 (compatible; SemrushBot/7~bl; +http://www.semrush.com/bot.html)"
74.7.227.147 - - [12/Aug/2026:11:38:05 -0400] "GET /wp-json/oembed/1.0/embed?url=https%3A%2F%2Fcasavalle.vsptdigital.cl%2F2026%2F01%2F30%2Fbizim-casino-bono-sin-dep%25C3%25B3sito-50-giros-gratis-2026%2F HTTP/1.1" 200 2435 "https://casavalle.vsptdigital.cl/?p=13519" "Mozilla/5.0 AppleWebKit/537.36 (KHTML, like Gecko; compatible; GPTBot/1.4; +https://openai.com/gptbot)"
85.208.96.204 - - [12/Aug/2026:11:38:31 -0400] "GET /2026/01/30/estrategias-para-ganar-en-un-casino/ HTTP/1.1" 200 46327 "-" "Mozilla/5.0 (compatible; SemrushBot/7~bl; +http://www.semrush.com/bot.html)"
74.7.227.147 - - [12/Aug/2026:11:38:58 -0400] "GET /wp-json/wp/v2/posts/9684 HTTP/1.1" 200 6295 "https://casavalle.vsptdigital.cl/?p=9684" "Mozilla/5.0 AppleWebKit/537.36 (KHTML, like Gecko; compatible; GPTBot/1.4; +https://openai.com/gptbot)"
185.191.171.12 - - [12/Aug/2026:11:39:19 -0400] "GET /2026/07/15/casinos-online-que-aceptan-criptomonedas/ HTTP/1.1" 200 47068 "-" "Mozilla/5.0 (compatible; SemrushBot/7~bl; +http://www.semrush.com/bot.html)"
74.7.227.147 - - [12/Aug/2026:11:40:01 -0400] "GET /wp-json/wp/v2/posts/9840 HTTP/1.1" 200 5878 "https://casavalle.vsptdigital.cl/?p=9840" "Mozilla/5.0 AppleWebKit/537.36 (KHTML, like Gecko; compatible; GPTBot/1.4; +https://openai.com/gptbot)"
185.191.171.6 - - [12/Aug/2026:11:40:01 -0400] "GET /2026/01/30/casinos-de-juego-en-zaragoza/ HTTP/1.1" 200 46562 "-" "Mozilla/5.0 (compatible; SemrushBot/7~bl; +http://www.semrush.com/bot.html)"
74.7.227.147 - - [12/Aug/2026:11:41:01 -0400] "GET /wp-json/wp/v2/posts/9356 HTTP/1.1" 200 5685 "https://casavalle.vsptdigital.cl/?p=9356" "Mozilla/5.0 AppleWebKit/537.36 (KHTML, like Gecko; compatible; GPTBot/1.4; +https://openai.com/gptbot)"
185.191.171.6 - - [12/Aug/2026:11:40:49 -0400] "GET /2026/01/30/casino-club-serrano-rese%C3%B1as/ HTTP/1.1" 200 46491 "-" "Mozilla/5.0 (compatible; SemrushBot/7~bl; +http://www.semrush.com/bot.html)"
185.191.171.5 - - [12/Aug/2026:11:41:41 -0400] "GET /robots.txt HTTP/1.1" 200 148 "-" "Mozilla/5.0 (compatible; SemrushBot/7~bl; +http://www.semrush.com/bot.html)"
74.7.227.147 - - [12/Aug/2026:11:42:07 -0400] "GET /wp-json/wp/v2/posts/9846 HTTP/1.1" 200 6258 "https://casavalle.vsptdigital.cl/?p=9846" "Mozilla/5.0 AppleWebKit/537.36 (KHTML, like Gecko; compatible; GPTBot/1.4; +https://openai.com/gptbot)"
85.208.96.198 - - [12/Aug/2026:11:41:31 -0400] "GET /2026/01/30/casinos-de-juegos-en-monterrey/ HTTP/1.1" 200 46562 "-" "Mozilla/5.0 (compatible; SemrushBot/7~bl; +http://www.semrush.com/bot.html)"
185.191.171.4 - - [12/Aug/2026:11:42:17 -0400] "GET /2026/01/30/casinos-en-linea-2026/ HTTP/1.1" 200 46352 "-" "Mozilla/5.0 (compatible; SemrushBot/7~bl; +http://www.semrush.com/bot.html)"
185.191.171.12 - - [12/Aug/2026:11:43:00 -0400] "GET /2026/01/30/bet365-apuestas-combinadas/ HTTP/1.1" 200 47597 "-" "Mozilla/5.0 (compatible; SemrushBot/7~bl; +http://www.semrush.com/bot.html)"
74.7.227.147 - - [12/Aug/2026:11:43:05 -0400] "GET /wp-json/wp/v2/posts/9687 HTTP/1.1" 200 5766 "https://casavalle.vsptdigital.cl/?p=9687" "Mozilla/5.0 AppleWebKit/537.36 (KHTML, like Gecko; compatible; GPTBot/1.4; +https://openai.com/gptbot)"
74.7.227.147 - - [12/Aug/2026:11:43:55 -0400] "GET /wp-json/wp/v2/posts/9451 HTTP/1.1" 200 6713 "https://casavalle.vsptdigital.cl/?p=9451" "Mozilla/5.0 AppleWebKit/537.36 (KHTML, like Gecko; compatible; GPTBot/1.4; +https://openai.com/gptbot)"
85.208.96.210 - - [12/Aug/2026:11:43:48 -0400] "GET /2026/07/15/jugar-blue-diamond-gratis/ HTTP/1.1" 200 45962 "-" "Mozilla/5.0 (compatible; SemrushBot/7~bl; +http://www.semrush.com/bot.html)"
74.7.227.147 - - [12/Aug/2026:11:44:56 -0400] "GET /wp-json/wp/v2/posts/9347 HTTP/1.1" 200 5538 "https://casavalle.vsptdigital.cl/?p=9347" "Mozilla/5.0 AppleWebKit/537.36 (KHTML, like Gecko; compatible; GPTBot/1.4; +https://openai.com/gptbot)"
185.191.171.12 - - [12/Aug/2026:11:44:31 -0400] "GET /2026/01/30/slots-espa%C3%B1olas/ HTTP/1.1" 200 46939 "-" "Mozilla/5.0 (compatible; SemrushBot/7~bl; +http://www.semrush.com/bot.html)"
185.191.171.9 - - [12/Aug/2026:11:45:18 -0400] "GET /2026/01/30/resultado-jackpot-viernes/ HTTP/1.1" 200 46630 "-" "Mozilla/5.0 (compatible; SemrushBot/7~bl; +http://www.semrush.com/bot.html)"
74.7.227.147 - - [12/Aug/2026:11:45:51 -0400] "GET /wp-json/wp/v2/posts/9635 HTTP/1.1" 200 6832 "https://casavalle.vsptdigital.cl/?p=9635" "Mozilla/5.0 AppleWebKit/537.36 (KHTML, like Gecko; compatible; GPTBot/1.4; +https://openai.com/gptbot)"
85.208.96.206 - - [12/Aug/2026:11:46:00 -0400] "GET /2026/01/30/juego-para-ganar-dinero-real-sin-invertir/ HTTP/1.1" 200 46237 "-" "Mozilla/5.0 (compatible; SemrushBot/7~bl; +http://www.semrush.com/bot.html)"
74.7.227.147 - - [12/Aug/2026:11:46:43 -0400] "GET /wp-json/wp/v2/posts/9376 HTTP/1.1" 200 6703 "https://casavalle.vsptdigital.cl/?p=9376" "Mozilla/5.0 AppleWebKit/537.36 (KHTML, like Gecko; compatible; GPTBot/1.4; +https://openai.com/gptbot)"
85.208.96.201 - - [12/Aug/2026:11:46:43 -0400] "GET /2026/01/30/10-giros-gratis-no-cadastro/ HTTP/1.1" 200 46032 "-" "Mozilla/5.0 (compatible; SemrushBot/7~bl; +http://www.semrush.com/bot.html)"
51.15.217.215 - - [12/Aug/2026:11:47:39 -0400] "GET /robots.txt HTTP/1.1" 200 148 "-" "Python/3.14 aiohttp/3.14.1"
51.15.217.215 - - [12/Aug/2026:11:47:40 -0400] "GET /2026/07/26/logiciel-d-aide-a-la-roulette-pour-ios-en-2026/ HTTP/1.1" 200 47273 "-" "Python/3.14 aiohttp/3.14.1"
74.7.227.147 - - [12/Aug/2026:11:47:47 -0400] "GET /wp-json/wp/v2/posts/9560 HTTP/1.1" 200 5876 "https://casavalle.vsptdigital.cl/?p=9560" "Mozilla/5.0 AppleWebKit/537.36 (KHTML, like Gecko; compatible; GPTBot/1.4; +https://openai.com/gptbot)"
162.214.211.238 - - [12/Aug/2026:11:47:49 -0400] "GET /wp-login.php HTTP/1.1" 302 - "-" "Mozilla/5.0 (Windows NT 10.0; Win64; x64) AppleWebKit/537.36 (KHTML, like Gecko) Chrome/133.0.0.0 Safari/537.36"
162.214.211.238 - - [12/Aug/2026:11:47:49 -0400] "GET /wp-login.php HTTP/1.1" 302 - "https://casavalle.vsptdigital.cl/wp-login.php" "Mozilla/5.0 (Windows NT 10.0; Win64; x64) AppleWebKit/537.36 (KHTML, like Gecko) Chrome/133.0.0.0 Safari/537.36"
162.214.211.238 - - [12/Aug/2026:11:47:50 -0400] "GET /wp-login.php HTTP/1.1" 302 - "https://casavalle.vsptdigital.cl/wp-login.php" "Mozilla/5.0 (Windows NT 10.0; Win64; x64) AppleWebKit/537.36 (KHTML, like Gecko) Chrome/133.0.0.0 Safari/537.36"
162.214.211.238 - - [12/Aug/2026:11:47:50 -0400] "GET /wp-login.php HTTP/1.1" 302 - "https://casavalle.vsptdigital.cl/wp-login.php" "Mozilla/5.0 (Windows NT 10.0; Win64; x64) AppleWebKit/537.36 (KHTML, like Gecko) Chrome/133.0.0.0 Safari/537.36"
162.214.211.238 - - [12/Aug/2026:11:47:51 -0400] "GET /wp-login.php HTTP/1.1" 302 - "https://casavalle.vsptdigital.cl/wp-login.php" "Mozilla/5.0 (Windows NT 10.0; Win64; x64) AppleWebKit/537.36 (KHTML, like Gecko) Chrome/133.0.0.0 Safari/537.36"
162.214.211.238 - - [12/Aug/2026:11:47:51 -0400] "GET /wp-login.php HTTP/1.1" 302 - "https://casavalle.vsptdigital.cl/wp-login.php" "Mozilla/5.0 (Windows NT 10.0; Win64; x64) AppleWebKit/537.36 (KHTML, like Gecko) Chrome/133.0.0.0 Safari/537.36"
162.214.211.238 - - [12/Aug/2026:11:47:52 -0400] "GET /wp-login.php HTTP/1.1" 302 - "https://casavalle.vsptdigital.cl/wp-login.php" "Mozilla/5.0 (Windows NT 10.0; Win64; x64) AppleWebKit/537.36 (KHTML, like Gecko) Chrome/133.0.0.0 Safari/537.36"
162.214.211.238 - - [12/Aug/2026:11:47:54 -0400] "GET /wp-login.php HTTP/1.1" 302 - "https://casavalle.vsptdigital.cl/wp-login.php" "Mozilla/5.0 (Windows NT 10.0; Win64; x64) AppleWebKit/537.36 (KHTML, like Gecko) Chrome/133.0.0.0 Safari/537.36"
162.214.211.238 - - [12/Aug/2026:11:47:54 -0400] "GET /wp-login.php HTTP/1.1" 302 - "https://casavalle.vsptdigital.cl/wp-login.php" "Mozilla/5.0 (Windows NT 10.0; Win64; x64) AppleWebKit/537.36 (KHTML, like Gecko) Chrome/133.0.0.0 Safari/537.36"
162.214.211.238 - - [12/Aug/2026:11:47:55 -0400] "GET /wp-login.php HTTP/1.1" 302 - "https://casavalle.vsptdigital.cl/wp-login.php" "Mozilla/5.0 (Windows NT 10.0; Win64; x64) AppleWebKit/537.36 (KHTML, like Gecko) Chrome/133.0.0.0 Safari/537.36"
162.214.211.238 - - [12/Aug/2026:11:47:58 -0400] "GET /wp-json/wp/v2/users/me HTTP/1.1" 401 88 "-" "Mozilla/5.0 (Windows NT 10.0; Win64; x64) AppleWebKit/537.36 (KHTML, like Gecko) Chrome/133.0.0.0 Safari/537.36"
