94.237.125.240 - - [11/Aug/2026:15:56:35 -0400] "GET /wp-login.php HTTP/1.1" 302 - "https://www.casavalle.vsptdigital.cl/wp-login.php" "Mozilla/5.0 (Windows NT 10.0; Win64; x64) AppleWebKit/537.36 (KHTML, like Gecko) Chrome/133.0.0.0 Safari/537.36"
94.237.125.240 - - [11/Aug/2026:15:56:36 -0400] "GET /wp-login.php HTTP/1.1" 302 - "https://www.casavalle.vsptdigital.cl/wp-login.php" "Mozilla/5.0 (Windows NT 10.0; Win64; x64) AppleWebKit/537.36 (KHTML, like Gecko) Chrome/133.0.0.0 Safari/537.36"
94.237.125.240 - - [11/Aug/2026:15:56:36 -0400] "GET /wp-login.php HTTP/1.1" 302 - "https://www.casavalle.vsptdigital.cl/wp-login.php" "Mozilla/5.0 (Windows NT 10.0; Win64; x64) AppleWebKit/537.36 (KHTML, like Gecko) Chrome/133.0.0.0 Safari/537.36"
94.237.125.240 - - [11/Aug/2026:15:56:37 -0400] "GET /wp-login.php HTTP/1.1" 302 - "https://www.casavalle.vsptdigital.cl/wp-login.php" "Mozilla/5.0 (Windows NT 10.0; Win64; x64) AppleWebKit/537.36 (KHTML, like Gecko) Chrome/133.0.0.0 Safari/537.36"
94.237.125.240 - - [11/Aug/2026:15:56:38 -0400] "GET /wp-login.php HTTP/1.1" 302 - "https://www.casavalle.vsptdigital.cl/wp-login.php" "Mozilla/5.0 (Windows NT 10.0; Win64; x64) AppleWebKit/537.36 (KHTML, like Gecko) Chrome/133.0.0.0 Safari/537.36"
94.237.125.240 - - [11/Aug/2026:15:56:38 -0400] "GET /wp-login.php HTTP/1.1" 302 - "https://www.casavalle.vsptdigital.cl/wp-login.php" "Mozilla/5.0 (Windows NT 10.0; Win64; x64) AppleWebKit/537.36 (KHTML, like Gecko) Chrome/133.0.0.0 Safari/537.36"
94.237.125.240 - - [11/Aug/2026:15:56:38 -0400] "GET /wp-login.php HTTP/1.1" 302 - "https://www.casavalle.vsptdigital.cl/wp-login.php" "Mozilla/5.0 (Windows NT 10.0; Win64; x64) AppleWebKit/537.36 (KHTML, like Gecko) Chrome/133.0.0.0 Safari/537.36"
94.237.125.240 - - [11/Aug/2026:15:56:39 -0400] "GET /wp-json/wp/v2/users/me HTTP/1.1" 401 88 "-" "Mozilla/5.0 (Windows NT 10.0; Win64; x64) AppleWebKit/537.36 (KHTML, like Gecko) Chrome/133.0.0.0 Safari/537.36"
74.7.242.19 - - [11/Aug/2026:15:56:45 -0400] "GET /?p=17187 HTTP/1.1" 301 - "https://casavalle.vsptdigital.cl/?p=17392" "Mozilla/5.0 AppleWebKit/537.36 (KHTML, like Gecko; compatible; GPTBot/1.4; +https://openai.com/gptbot)"
74.7.242.19 - - [11/Aug/2026:15:56:45 -0400] "GET /2026/07/15/numeros-ganadores-ruleta/ HTTP/1.1" 200 46903 "https://casavalle.vsptdigital.cl/?p=17187" "Mozilla/5.0 AppleWebKit/537.36 (KHTML, like Gecko; compatible; GPTBot/1.4; +https://openai.com/gptbot)"
74.7.242.19 - - [11/Aug/2026:15:57:49 -0400] "GET /?p=17001 HTTP/1.1" 301 - "https://casavalle.vsptdigital.cl/?p=17392" "Mozilla/5.0 AppleWebKit/537.36 (KHTML, like Gecko; compatible; GPTBot/1.4; +https://openai.com/gptbot)"
74.7.242.19 - - [11/Aug/2026:15:57:49 -0400] "GET /2026/07/15/tragamonedas-de-la-argentina/ HTTP/1.1" 200 46845 "https://casavalle.vsptdigital.cl/?p=17001" "Mozilla/5.0 AppleWebKit/537.36 (KHTML, like Gecko; compatible; GPTBot/1.4; +https://openai.com/gptbot)"
74.7.242.19 - - [11/Aug/2026:15:58:54 -0400] "GET /2026/07/15/sol-casino-codigo-promocional-y-bonus-code-2026/ HTTP/1.1" 200 47041 "http://casavalle.vsptdigital.cl" "Mozilla/5.0 AppleWebKit/537.36 (KHTML, like Gecko; compatible; GPTBot/1.4; +https://openai.com/gptbot)"
74.7.242.19 - - [11/Aug/2026:15:59:57 -0400] "GET /?p=18192 HTTP/1.1" 301 - "https://casavalle.vsptdigital.cl/2026/07/15/maquina-tragamonedas-nuevas/" "Mozilla/5.0 AppleWebKit/537.36 (KHTML, like Gecko; compatible; GPTBot/1.4; +https://openai.com/gptbot)"
74.7.242.19 - - [11/Aug/2026:16:00:52 -0400] "GET /?p=16809 HTTP/1.1" 301 - "https://casavalle.vsptdigital.cl/2026/07/15/maquina-tragamonedas-nuevas/" "Mozilla/5.0 AppleWebKit/537.36 (KHTML, like Gecko; compatible; GPTBot/1.4; +https://openai.com/gptbot)"
66.102.134.13 - - [11/Aug/2026:16:01:22 -0400] "GET /wp-json/wp/v2/users/me HTTP/1.1" 401 88 "-" "Mozilla/5.0 (Windows NT 10.0; Win64; x64) AppleWebKit/537.36 (KHTML, like Gecko) Chrome/133.0.0.0 Safari/537.36"
74.7.242.19 - - [11/Aug/2026:16:00:52 -0400] "GET /2026/07/15/50-euros-por-registrarte/ HTTP/1.1" 200 46617 "https://casavalle.vsptdigital.cl/?p=16809" "Mozilla/5.0 AppleWebKit/537.36 (KHTML, like Gecko; compatible; GPTBot/1.4; +https://openai.com/gptbot)"
188.126.89.86 - - [11/Aug/2026:16:01:45 -0400] "GET /2026/07/15/winnende-combinaties-veilig-casino-2026elektronisch-casino-geld-terug/ HTTP/1.1" 200 46902 "https://casavalle.vsptdigital.cl/" "Mozilla/5.0 (Windows NT 10.0; Win64; x64) AppleWebKit/537.36 (KHTML, like Gecko) Chrome/135.0.0.0 Safari/537.36"
188.126.89.86 - - [11/Aug/2026:16:01:48 -0400] "GET /2026/07/15/winnende-combinaties-veilig-casino-2026elektronisch-casino-geld-terug/ HTTP/1.1" 200 46902 "https://casavalle.vsptdigital.cl/" "Mozilla/5.0 (Windows NT 10.0; Win64; x64) AppleWebKit/537.36 (KHTML, like Gecko) Chrome/134.0.0.0 Safari/537.36 Edg/134.0.0.0"
66.102.134.13 - - [11/Aug/2026:16:01:11 -0400] "GET /wp-login.php HTTP/1.1" 301 - "-" "Mozilla/5.0 (Windows NT 10.0; Win64; x64) AppleWebKit/537.36 (KHTML, like Gecko) Chrome/133.0.0.0 Safari/537.36"
74.7.242.19 - - [11/Aug/2026:16:01:57 -0400] "GET /?p=17605 HTTP/1.1" 301 - "https://casavalle.vsptdigital.cl/2026/07/15/maquina-tragamonedas-nuevas/" "Mozilla/5.0 AppleWebKit/537.36 (KHTML, like Gecko; compatible; GPTBot/1.4; +https://openai.com/gptbot)"
74.7.242.19 - - [11/Aug/2026:16:01:58 -0400] "GET /2026/07/15/estad%C3%ADsticas-de-la-ruleta-activa/ HTTP/1.1" 200 47251 "https://casavalle.vsptdigital.cl/?p=17605" "Mozilla/5.0 AppleWebKit/537.36 (KHTML, like Gecko; compatible; GPTBot/1.4; +https://openai.com/gptbot)"
74.7.242.19 - - [11/Aug/2026:16:03:01 -0400] "GET /?p=18325 HTTP/1.1" 301 - "https://casavalle.vsptdigital.cl/2026/07/15/maquina-tragamonedas-nuevas/" "Mozilla/5.0 AppleWebKit/537.36 (KHTML, like Gecko; compatible; GPTBot/1.4; +https://openai.com/gptbot)"
188.126.89.86 - - [11/Aug/2026:16:03:10 -0400] "GET /2026/05/14/wie-spielt-man-im-jahr-2026-in-den-spielbanken-um-echtgeld/ HTTP/1.1" 200 46081 "https://casavalle.vsptdigital.cl/" "Mozilla/5.0 (Macintosh; Intel Mac OS X 10_15_7) AppleWebKit/605.1.15 (KHTML, like Gecko) Version/18.4 Safari/605.1.15"
188.126.89.86 - - [11/Aug/2026:16:02:28 -0400] "GET /2026/05/14/wie-spielt-man-im-jahr-2026-in-den-spielbanken-um-echtgeld/ HTTP/1.1" 200 46081 "https://casavalle.vsptdigital.cl/" "Mozilla/5.0 (Macintosh; Intel Mac OS X 10_15_7) AppleWebKit/605.1.15 (KHTML, like Gecko) Version/18.4 Safari/605.1.15"
99.66.236.130 - - [11/Aug/2026:16:03:17 -0400] "GET /2026/07/26/logiciel-d-aide-a-la-roulette-pour-ios-en-2026/ HTTP/1.1" 200 47273 "https://casavalle.vsptdigital.cl/" "Mozilla/5.0 (Windows NT 10.0; Win64; x64) AppleWebKit/537.36 (KHTML, like Gecko) Chrome/120.0.0.0 Safari/537.36"
99.66.236.130 - - [11/Aug/2026:16:03:22 -0400] "GET /wp-login.php?action=register HTTP/1.1" 404 40829 "https://casavalle.vsptdigital.cl/2026/07/26/logiciel-d-aide-a-la-roulette-pour-ios-en-2026/" "Mozilla/5.0 (Windows NT 6.3; Win64; x64) AppleWebKit/537.36 (KHTML, like Gecko) Chrome/103.0.0.0 Safari/537.36"
99.66.236.130 - - [11/Aug/2026:16:03:23 -0400] "GET /wp-login.php?action=register HTTP/1.1" 404 40829 "https://casavalle.vsptdigital.cl/wp-login.php?action=register" "Mozilla/5.0 (Windows NT 6.3; Win64; x64) AppleWebKit/537.36 (KHTML, like Gecko) Chrome/103.0.0.0 Safari/537.36"
74.7.242.19 - - [11/Aug/2026:16:04:07 -0400] "GET /?p=18307 HTTP/1.1" 301 - "https://casavalle.vsptdigital.cl/2026/07/15/maquina-tragamonedas-gratis/" "Mozilla/5.0 AppleWebKit/537.36 (KHTML, like Gecko; compatible; GPTBot/1.4; +https://openai.com/gptbot)"
74.7.242.19 - - [11/Aug/2026:16:05:05 -0400] "GET /?p=18136 HTTP/1.1" 301 - "https://casavalle.vsptdigital.cl/2026/07/15/maquina-tragamonedas-nuevas/" "Mozilla/5.0 AppleWebKit/537.36 (KHTML, like Gecko; compatible; GPTBot/1.4; +https://openai.com/gptbot)"
74.7.242.19 - - [11/Aug/2026:16:05:05 -0400] "GET /2026/07/15/apps-de-casino-para-ganar-dinero-real/ HTTP/1.1" 200 46834 "https://casavalle.vsptdigital.cl/?p=18136" "Mozilla/5.0 AppleWebKit/537.36 (KHTML, like Gecko; compatible; GPTBot/1.4; +https://openai.com/gptbot)"
74.7.242.19 - - [11/Aug/2026:16:06:06 -0400] "GET /?p=17275 HTTP/1.1" 301 - "https://casavalle.vsptdigital.cl/2026/07/15/maquina-tragamonedas-gratis/" "Mozilla/5.0 AppleWebKit/537.36 (KHTML, like Gecko; compatible; GPTBot/1.4; +https://openai.com/gptbot)"
74.7.242.19 - - [11/Aug/2026:16:06:06 -0400] "GET /2026/07/15/jugar-wild-respin-gratis/ HTTP/1.1" 200 46899 "https://casavalle.vsptdigital.cl/?p=17275" "Mozilla/5.0 AppleWebKit/537.36 (KHTML, like Gecko; compatible; GPTBot/1.4; +https://openai.com/gptbot)"
37.221.112.199 - - [11/Aug/2026:16:07:22 -0400] "GET / HTTP/1.1" 200 67650 "-" "Mozilla/5.0 (Windows NT 10.0; Win64; x64) AppleWebKit/537.36 (KHTML, like Gecko) Chrome/134.0.0.0 Safari/537.36"
37.221.112.199 - - [11/Aug/2026:16:07:25 -0400] "GET /wp-content/uploads/2024/05/1865-150x150.png HTTP/1.1" 200 14617 "https://casavalle.vsptdigital.cl/" "Mozilla/5.0 (Windows NT 10.0; Win64; x64) AppleWebKit/537.36 (KHTML, like Gecko) Chrome/134.0.0.0 Safari/537.36"
74.7.242.19 - - [11/Aug/2026:16:07:09 -0400] "GET /?p=18335 HTTP/1.1" 301 - "https://casavalle.vsptdigital.cl/2026/07/15/maquina-tragamonedas-gratis/" "Mozilla/5.0 AppleWebKit/537.36 (KHTML, like Gecko; compatible; GPTBot/1.4; +https://openai.com/gptbot)"
64.182.46.134 - - [11/Aug/2026:16:07:56 -0400] "GET /wp-login.php HTTP/1.1" 301 - "-" "Mozilla/5.0 (Windows NT 10.0; Win64; x64) AppleWebKit/537.36 (KHTML, like Gecko) Chrome/133.0.0.0 Safari/537.36"
74.7.242.19 - - [11/Aug/2026:16:08:07 -0400] "GET /?p=17573 HTTP/1.1" 301 - "https://casavalle.vsptdigital.cl/2026/07/15/maquina-tragamonedas-gratis/" "Mozilla/5.0 AppleWebKit/537.36 (KHTML, like Gecko; compatible; GPTBot/1.4; +https://openai.com/gptbot)"
64.182.46.134 - - [11/Aug/2026:16:08:09 -0400] "GET /wp-json/wp/v2/users/me HTTP/1.1" 401 88 "-" "Mozilla/5.0 (Windows NT 10.0; Win64; x64) AppleWebKit/537.36 (KHTML, like Gecko) Chrome/133.0.0.0 Safari/537.36"
74.7.242.19 - - [11/Aug/2026:16:08:07 -0400] "GET /2026/07/15/grupo-casino-vende/ HTTP/1.1" 200 45807 "https://casavalle.vsptdigital.cl/?p=17573" "Mozilla/5.0 AppleWebKit/537.36 (KHTML, like Gecko; compatible; GPTBot/1.4; +https://openai.com/gptbot)"
74.7.242.19 - - [11/Aug/2026:16:09:13 -0400] "GET /?p=16972 HTTP/1.1" 301 - "https://casavalle.vsptdigital.cl/2026/07/15/sol-casino-codigo-promocional-y-bonus-code-2026/" "Mozilla/5.0 AppleWebKit/537.36 (KHTML, like Gecko; compatible; GPTBot/1.4; +https://openai.com/gptbot)"
74.7.242.19 - - [11/Aug/2026:16:10:14 -0400] "GET /?p=17058 HTTP/1.1" 301 - "https://casavalle.vsptdigital.cl/2026/07/15/sol-casino-codigo-promocional-y-bonus-code-2026/" "Mozilla/5.0 AppleWebKit/537.36 (KHTML, like Gecko; compatible; GPTBot/1.4; +https://openai.com/gptbot)"
74.7.242.19 - - [11/Aug/2026:16:10:14 -0400] "GET /2026/07/15/jugar-cool-buck-gratis/ HTTP/1.1" 200 47064 "https://casavalle.vsptdigital.cl/?p=17058" "Mozilla/5.0 AppleWebKit/537.36 (KHTML, like Gecko; compatible; GPTBot/1.4; +https://openai.com/gptbot)"
107.175.66.233 - - [11/Aug/2026:16:11:41 -0400] "GET /2026/06/25/deutschs-mobiles-casino-2026/ HTTP/1.1" 200 46037 "https://casavalle.vsptdigital.cl/" "Mozilla/5.0 (X11; Linux x86_64) AppleWebKit/537.36 (KHTML, like Gecko) Chrome/114.0.0.0 Safari/537.36"
107.175.66.233 - - [11/Aug/2026:16:11:44 -0400] "GET /2026/06/25/deutschs-mobiles-casino-2026/ HTTP/1.1" 200 46037 "https://casavalle.vsptdigital.cl/2026/06/25/deutschs-mobiles-casino-2026/" "Mozilla/5.0 (X11; Linux x86_64) AppleWebKit/537.36 (KHTML, like Gecko) Chrome/114.0.0.0 Safari/537.36"
74.7.242.19 - - [11/Aug/2026:16:11:15 -0400] "GET /?p=17939 HTTP/1.1" 301 - "https://casavalle.vsptdigital.cl/2026/07/15/sol-casino-codigo-promocional-y-bonus-code-2026/" "Mozilla/5.0 AppleWebKit/537.36 (KHTML, like Gecko; compatible; GPTBot/1.4; +https://openai.com/gptbot)"
74.7.242.19 - - [11/Aug/2026:16:12:18 -0400] "GET /?p=17733 HTTP/1.1" 301 - "https://casavalle.vsptdigital.cl/2026/07/15/sol-casino-codigo-promocional-y-bonus-code-2026/" "Mozilla/5.0 AppleWebKit/537.36 (KHTML, like Gecko; compatible; GPTBot/1.4; +https://openai.com/gptbot)"
192.252.208.67 - - [11/Aug/2026:16:12:33 -0400] "GET /2026/07/04/cual-es-el-mejor-casino-en-linea-de-espana/ HTTP/1.1" 200 46528 "https://casavalle.vsptdigital.cl/" "Mozilla/5.0 (Macintosh; Intel Mac OS X 10_15_7) AppleWebKit/537.36 (KHTML, like Gecko) Chrome/128.0.0.0 Safari/537.36"
192.252.208.67 - - [11/Aug/2026:16:12:40 -0400] "GET /wp-login.php?action=register HTTP/1.1" 404 40829 "https://casavalle.vsptdigital.cl/2026/07/04/cual-es-el-mejor-casino-en-linea-de-espana/" "Mozilla/5.0 (Windows NT 6.3; Win64; x64) AppleWebKit/537.36 (KHTML, like Gecko) Chrome/103.0.0.0 Safari/537.36"
192.252.208.67 - - [11/Aug/2026:16:12:42 -0400] "GET /wp-login.php?action=register HTTP/1.1" 404 40829 "https://casavalle.vsptdigital.cl/wp-login.php?action=register" "Mozilla/5.0 (Windows NT 6.3; Win64; x64) AppleWebKit/537.36 (KHTML, like Gecko) Chrome/103.0.0.0 Safari/537.36"
192.252.208.67 - - [11/Aug/2026:16:12:44 -0400] "GET /wp-content/plugins/contact-form-7/includes/css/styles.css?ver=6.0.1 HTTP/1.1" 200 2894 "https://casavalle.vsptdigital.cl/wp-login.php?action=register" "Mozilla/5.0 (Windows NT 10.0; Win64; x64) AppleWebKit/537.36 (KHTML, like Gecko) Chrome/149.0.0.0 Safari/537.36"
192.252.208.67 - - [11/Aug/2026:16:12:45 -0400] "GET /wp-content/themes/hello-elementor/style.min.css?ver=3.1.1 HTTP/1.1" 200 5501 "https://casavalle.vsptdigital.cl/wp-login.php?action=register" "Mozilla/5.0 (Windows NT 10.0; Win64; x64) AppleWebKit/537.36 (KHTML, like Gecko) Chrome/149.0.0.0 Safari/537.36"
192.252.208.67 - - [11/Aug/2026:16:12:46 -0400] "GET /wp-content/themes/hello-elementor/theme.min.css?ver=3.1.1 HTTP/1.1" 200 5146 "https://casavalle.vsptdigital.cl/wp-login.php?action=register" "Mozilla/5.0 (Windows NT 10.0; Win64; x64) AppleWebKit/537.36 (KHTML, like Gecko) Chrome/149.0.0.0 Safari/537.36"
192.252.208.67 - - [11/Aug/2026:16:12:47 -0400] "GET /wp-content/themes/hello-elementor/header-footer.min.css?ver=3.1.1 HTTP/1.1" 200 7212 "https://casavalle.vsptdigital.cl/wp-login.php?action=register" "Mozilla/5.0 (Windows NT 10.0; Win64; x64) AppleWebKit/537.36 (KHTML, like Gecko) Chrome/149.0.0.0 Safari/537.36"
192.252.208.67 - - [11/Aug/2026:16:12:48 -0400] "GET /wp-content/plugins/elementor/assets/css/frontend.min.css?ver=3.25.11 HTTP/1.1" 200 60575 "https://casavalle.vsptdigital.cl/wp-login.php?action=register" "Mozilla/5.0 (Windows NT 10.0; Win64; x64) AppleWebKit/537.36 (KHTML, like Gecko) Chrome/149.0.0.0 Safari/537.36"
192.252.208.67 - - [11/Aug/2026:16:12:50 -0400] "GET /wp-content/uploads/elementor/css/post-5.css?ver=1734010644 HTTP/1.1" 200 1230 "https://casavalle.vsptdigital.cl/wp-login.php?action=register" "Mozilla/5.0 (Windows NT 10.0; Win64; x64) AppleWebKit/537.36 (KHTML, like Gecko) Chrome/149.0.0.0 Safari/537.36"
192.252.208.67 - - [11/Aug/2026:16:12:51 -0400] "GET /wp-content/plugins/elementor/assets/lib/eicons/css/elementor-icons.min.css?ver=5.34.0 HTTP/1.1" 200 20060 "https://casavalle.vsptdigital.cl/wp-login.php?action=register" "Mozilla/5.0 (Windows NT 10.0; Win64; x64) AppleWebKit/537.36 (KHTML, like Gecko) Chrome/149.0.0.0 Safari/537.36"
192.252.208.67 - - [11/Aug/2026:16:12:53 -0400] "GET /wp-content/plugins/elementor/assets/lib/swiper/v8/css/swiper.min.css?ver=8.4.5 HTTP/1.1" 200 16471 "https://casavalle.vsptdigital.cl/wp-login.php?action=register" "Mozilla/5.0 (Windows NT 10.0; Win64; x64) AppleWebKit/537.36 (KHTML, like Gecko) Chrome/149.0.0.0 Safari/537.36"
192.252.208.67 - - [11/Aug/2026:16:12:54 -0400] "GET /wp-content/plugins/elementor/assets/css/conditionals/e-swiper.min.css?ver=3.25.11 HTTP/1.1" 200 10260 "https://casavalle.vsptdigital.cl/wp-login.php?action=register" "Mozilla/5.0 (Windows NT 10.0; Win64; x64) AppleWebKit/537.36 (KHTML, like Gecko) Chrome/149.0.0.0 Safari/537.36"
192.252.208.67 - - [11/Aug/2026:16:12:55 -0400] "GET /wp-content/plugins/elementor-pro/assets/css/frontend.min.css?ver=3.7.1 HTTP/1.1" 200 480945 "https://casavalle.vsptdigital.cl/wp-login.php?action=register" "Mozilla/5.0 (Windows NT 10.0; Win64; x64) AppleWebKit/537.36 (KHTML, like Gecko) Chrome/149.0.0.0 Safari/537.36"
192.252.208.67 - - [11/Aug/2026:16:12:57 -0400] "GET /wp-content/uploads/elementor/css/post-35.css?ver=1734010644 HTTP/1.1" 200 5018 "https://casavalle.vsptdigital.cl/wp-login.php?action=register" "Mozilla/5.0 (Windows NT 10.0; Win64; x64) AppleWebKit/537.36 (KHTML, like Gecko) Chrome/149.0.0.0 Safari/537.36"
192.252.208.67 - - [11/Aug/2026:16:12:59 -0400] "GET /wp-content/uploads/pum/pum-site-styles.css?generated=1734010667&ver=1.20.3 HTTP/1.1" 200 17449 "https://casavalle.vsptdigital.cl/wp-login.php?action=register" "Mozilla/5.0 (Windows NT 10.0; Win64; x64) AppleWebKit/537.36 (KHTML, like Gecko) Chrome/149.0.0.0 Safari/537.36"
192.252.208.67 - - [11/Aug/2026:16:13:00 -0400] "GET /wp-content/plugins/elementor/assets/css/widget-image.min.css?ver=3.25.11 HTTP/1.1" 200 254 "https://casavalle.vsptdigital.cl/wp-login.php?action=register" "Mozilla/5.0 (Windows NT 10.0; Win64; x64) AppleWebKit/537.36 (KHTML, like Gecko) Chrome/149.0.0.0 Safari/537.36"
192.252.208.67 - - [11/Aug/2026:16:13:01 -0400] "GET /wp-content/plugins/elementor/assets/lib/animations/styles/fadeInRight.min.css?ver=3.25.11 HTTP/1.1" 200 139 "https://casavalle.vsptdigital.cl/wp-login.php?action=register" "Mozilla/5.0 (Windows NT 10.0; Win64; x64) AppleWebKit/537.36 (KHTML, like Gecko) Chrome/149.0.0.0 Safari/537.36"
192.252.208.67 - - [11/Aug/2026:16:13:02 -0400] "GET /wp-content/plugins/elementor/assets/css/widget-heading.min.css?ver=3.25.11 HTTP/1.1" 200 600 "https://casavalle.vsptdigital.cl/wp-login.php?action=register" "Mozilla/5.0 (Windows NT 10.0; Win64; x64) AppleWebKit/537.36 (KHTML, like Gecko) Chrome/149.0.0.0 Safari/537.36"
74.7.242.19 - - [11/Aug/2026:16:12:19 -0400] "GET /2026/07/15/la-garriga-casino-codigo-promocional-y-bonus-code/ HTTP/1.1" 200 46972 "https://casavalle.vsptdigital.cl/?p=17733" "Mozilla/5.0 AppleWebKit/537.36 (KHTML, like Gecko; compatible; GPTBot/1.4; +https://openai.com/gptbot)"
202.172.28.53 - - [11/Aug/2026:16:13:15 -0400] "GET /wp-login.php HTTP/1.1" 301 - "-" "Mozilla/5.0 (Windows NT 10.0; Win64; x64) AppleWebKit/537.36 (KHTML, like Gecko) Chrome/133.0.0.0 Safari/537.36"
202.172.28.53 - - [11/Aug/2026:16:13:44 -0400] "GET /wp-login.php HTTP/1.1" 301 - "-" "Mozilla/5.0 (Windows NT 10.0; Win64; x64) AppleWebKit/537.36 (KHTML, like Gecko) Chrome/133.0.0.0 Safari/537.36"
202.172.28.53 - - [11/Aug/2026:16:13:48 -0400] "GET /wp-login.php HTTP/1.1" 302 - "https://www.casavalle.vsptdigital.cl/wp-login.php" "Mozilla/5.0 (Windows NT 10.0; Win64; x64) AppleWebKit/537.36 (KHTML, like Gecko) Chrome/133.0.0.0 Safari/537.36"
202.172.28.53 - - [11/Aug/2026:16:13:49 -0400] "GET /wp-login.php HTTP/1.1" 302 - "https://www.casavalle.vsptdigital.cl/wp-login.php" "Mozilla/5.0 (Windows NT 10.0; Win64; x64) AppleWebKit/537.36 (KHTML, like Gecko) Chrome/133.0.0.0 Safari/537.36"
202.172.28.53 - - [11/Aug/2026:16:13:49 -0400] "GET /wp-login.php HTTP/1.1" 302 - "https://www.casavalle.vsptdigital.cl/wp-login.php" "Mozilla/5.0 (Windows NT 10.0; Win64; x64) AppleWebKit/537.36 (KHTML, like Gecko) Chrome/133.0.0.0 Safari/537.36"
202.172.28.53 - - [11/Aug/2026:16:13:50 -0400] "GET /wp-login.php HTTP/1.1" 302 - "https://www.casavalle.vsptdigital.cl/wp-login.php" "Mozilla/5.0 (Windows NT 10.0; Win64; x64) AppleWebKit/537.36 (KHTML, like Gecko) Chrome/133.0.0.0 Safari/537.36"
202.172.28.53 - - [11/Aug/2026:16:13:52 -0400] "GET /wp-login.php HTTP/1.1" 302 - "https://www.casavalle.vsptdigital.cl/wp-login.php" "Mozilla/5.0 (Windows NT 10.0; Win64; x64) AppleWebKit/537.36 (KHTML, like Gecko) Chrome/133.0.0.0 Safari/537.36"
202.172.28.53 - - [11/Aug/2026:16:13:53 -0400] "GET /wp-login.php HTTP/1.1" 302 - "https://www.casavalle.vsptdigital.cl/wp-login.php" "Mozilla/5.0 (Windows NT 10.0; Win64; x64) AppleWebKit/537.36 (KHTML, like Gecko) Chrome/133.0.0.0 Safari/537.36"
202.172.28.53 - - [11/Aug/2026:16:13:53 -0400] "GET /wp-login.php HTTP/1.1" 302 - "https://www.casavalle.vsptdigital.cl/wp-login.php" "Mozilla/5.0 (Windows NT 10.0; Win64; x64) AppleWebKit/537.36 (KHTML, like Gecko) Chrome/133.0.0.0 Safari/537.36"
202.172.28.53 - - [11/Aug/2026:16:13:53 -0400] "GET /wp-login.php HTTP/1.1" 302 - "https://www.casavalle.vsptdigital.cl/wp-login.php" "Mozilla/5.0 (Windows NT 10.0; Win64; x64) AppleWebKit/537.36 (KHTML, like Gecko) Chrome/133.0.0.0 Safari/537.36"
213.55.96.151 - - [11/Aug/2026:16:14:00 -0400] "GET /wp-login.php HTTP/1.1" 301 - "-" "Mozilla/5.0 (Windows NT 10.0; Win64; x64) AppleWebKit/537.36 (KHTML, like Gecko) Chrome/133.0.0.0 Safari/537.36"
213.55.96.151 - - [11/Aug/2026:16:14:02 -0400] "GET /wp-login.php HTTP/1.1" 302 - "https://www.casavalle.vsptdigital.cl/wp-login.php" "Mozilla/5.0 (Windows NT 10.0; Win64; x64) AppleWebKit/537.36 (KHTML, like Gecko) Chrome/133.0.0.0 Safari/537.36"
213.55.96.151 - - [11/Aug/2026:16:14:03 -0400] "GET /wp-login.php HTTP/1.1" 302 - "https://www.casavalle.vsptdigital.cl/wp-login.php" "Mozilla/5.0 (Windows NT 10.0; Win64; x64) AppleWebKit/537.36 (KHTML, like Gecko) Chrome/133.0.0.0 Safari/537.36"
213.55.96.151 - - [11/Aug/2026:16:14:04 -0400] "GET /wp-login.php HTTP/1.1" 302 - "https://www.casavalle.vsptdigital.cl/wp-login.php" "Mozilla/5.0 (Windows NT 10.0; Win64; x64) AppleWebKit/537.36 (KHTML, like Gecko) Chrome/133.0.0.0 Safari/537.36"
213.55.96.151 - - [11/Aug/2026:16:14:04 -0400] "GET /wp-login.php HTTP/1.1" 302 - "https://www.casavalle.vsptdigital.cl/wp-login.php" "Mozilla/5.0 (Windows NT 10.0; Win64; x64) AppleWebKit/537.36 (KHTML, like Gecko) Chrome/133.0.0.0 Safari/537.36"
213.55.96.151 - - [11/Aug/2026:16:14:05 -0400] "GET /wp-login.php HTTP/1.1" 302 - "https://www.casavalle.vsptdigital.cl/wp-login.php" "Mozilla/5.0 (Windows NT 10.0; Win64; x64) AppleWebKit/537.36 (KHTML, like Gecko) Chrome/133.0.0.0 Safari/537.36"
213.55.96.151 - - [11/Aug/2026:16:14:06 -0400] "GET /wp-login.php HTTP/1.1" 302 - "https://www.casavalle.vsptdigital.cl/wp-login.php" "Mozilla/5.0 (Windows NT 10.0; Win64; x64) AppleWebKit/537.36 (KHTML, like Gecko) Chrome/133.0.0.0 Safari/537.36"
213.55.96.151 - - [11/Aug/2026:16:14:07 -0400] "GET /wp-login.php HTTP/1.1" 302 - "https://www.casavalle.vsptdigital.cl/wp-login.php" "Mozilla/5.0 (Windows NT 10.0; Win64; x64) AppleWebKit/537.36 (KHTML, like Gecko) Chrome/133.0.0.0 Safari/537.36"
74.7.242.19 - - [11/Aug/2026:16:13:22 -0400] "GET /?p=17332 HTTP/1.1" 301 - "https://casavalle.vsptdigital.cl/2026/07/15/sol-casino-codigo-promocional-y-bonus-code-2026/" "Mozilla/5.0 AppleWebKit/537.36 (KHTML, like Gecko; compatible; GPTBot/1.4; +https://openai.com/gptbot)"
213.55.96.151 - - [11/Aug/2026:16:14:08 -0400] "GET /wp-json/wp/v2/users/me HTTP/1.1" 401 88 "-" "Mozilla/5.0 (Windows NT 10.0; Win64; x64) AppleWebKit/537.36 (KHTML, like Gecko) Chrome/133.0.0.0 Safari/537.36"
74.7.242.19 - - [11/Aug/2026:16:14:26 -0400] "GET /2026/07/15/casinos-en-santo-domingo-norte/ HTTP/1.1" 200 47321 "http://casavalle.vsptdigital.cl" "Mozilla/5.0 AppleWebKit/537.36 (KHTML, like Gecko; compatible; GPTBot/1.4; +https://openai.com/gptbot)"
74.7.242.19 - - [11/Aug/2026:16:15:31 -0400] "GET /2026/07/15/casino-rambla-just-oliveras/ HTTP/1.1" 200 47022 "http://casavalle.vsptdigital.cl" "Mozilla/5.0 AppleWebKit/537.36 (KHTML, like Gecko; compatible; GPTBot/1.4; +https://openai.com/gptbot)"
87.199.207.61 - - [11/Aug/2026:16:16:24 -0400] "GET /2026/06/25/wie-lautet-der-bonus-fur-das-elektronische-casino-auf-deutsch-im-jahr-2026/ HTTP/1.1" 200 46619 "https://casavalle.vsptdigital.cl/" "Mozilla/5.0 (Macintosh; Intel Mac OS X 10_15_7) AppleWebKit/537.36 (KHTML, like Gecko) Chrome/146.0.0.0 Safari/537.36"
87.199.207.61 - - [11/Aug/2026:16:16:26 -0400] "GET /2026/06/25/wie-lautet-der-bonus-fur-das-elektronische-casino-auf-deutsch-im-jahr-2026/ HTTP/1.1" 200 46619 "https://casavalle.vsptdigital.cl/2026/06/25/wie-lautet-der-bonus-fur-das-elektronische-casino-auf-deutsch-im-jahr-2026/" "Mozilla/5.0 (Macintosh; Intel Mac OS X 10_15_7) AppleWebKit/537.36 (KHTML, like Gecko) Chrome/146.0.0.0 Safari/537.36"
74.7.242.19 - - [11/Aug/2026:16:16:35 -0400] "GET /2026/07/15/ciudad-con-mas-casinos-del-mundo/ HTTP/1.1" 200 46392 "http://casavalle.vsptdigital.cl" "Mozilla/5.0 AppleWebKit/537.36 (KHTML, like Gecko; compatible; GPTBot/1.4; +https://openai.com/gptbot)"
154.6.81.46 - - [11/Aug/2026:16:17:24 -0400] "GET /2026/07/15/zakladni-pravidla-pokeru/ HTTP/1.1" 200 45541 "-" "Mozilla/5.0 (X11; Linux x86_64) AppleWebKit/537.36 (KHTML, like Gecko) Chrome/114.0.0.0 Safari/537.36 OPR/89.0.4447.51"
154.6.81.46 - - [11/Aug/2026:16:17:26 -0400] "GET /wp-admin/admin-ajax.php HTTP/1.1" 404 40829 "https://casavalle.vsptdigital.cl/2026/07/15/zakladni-pravidla-pokeru/" "Mozilla/5.0 (Windows NT 6.3; Win64; x64) AppleWebKit/537.36 (KHTML, like Gecko) Chrome/103.0.0.0 Safari/537.36"
154.6.81.46 - - [11/Aug/2026:16:17:28 -0400] "GET /wp-admin/admin-ajax.php?action=register HTTP/1.1" 404 40829 "https://casavalle.vsptdigital.cl/wp-admin/admin-ajax.php" "Mozilla/5.0 (Windows NT 6.3; Win64; x64) AppleWebKit/537.36 (KHTML, like Gecko) Chrome/103.0.0.0 Safari/537.36"
206.189.35.233 - - [11/Aug/2026:16:17:32 -0400] "GET /2026/05/14/wie-spielt-man-im-jahr-2026-in-den-spielbanken-um-echtgeld/ HTTP/1.1" 200 46081 "https://casavalle.vsptdigital.cl/" "Mozilla/5.0 (Windows NT 10.0; Win64; x64) AppleWebKit/537.36 (KHTML, like Gecko) Chrome/146.0.0.0 Safari/537.36 Edg/146.0.0.0"
206.189.35.233 - - [11/Aug/2026:16:17:35 -0400] "GET /2026/05/14/wie-spielt-man-im-jahr-2026-in-den-spielbanken-um-echtgeld/ HTTP/1.1" 200 46081 "https://casavalle.vsptdigital.cl/2026/05/14/wie-spielt-man-im-jahr-2026-in-den-spielbanken-um-echtgeld/" "Mozilla/5.0 (Windows NT 10.0; Win64; x64) AppleWebKit/537.36 (KHTML, like Gecko) Chrome/146.0.0.0 Safari/537.36 Edg/146.0.0.0"
74.7.242.19 - - [11/Aug/2026:16:17:39 -0400] "GET /?p=16951 HTTP/1.1" 301 - "https://casavalle.vsptdigital.cl/?p=17275" "Mozilla/5.0 AppleWebKit/537.36 (KHTML, like Gecko; compatible; GPTBot/1.4; +https://openai.com/gptbot)"
74.7.242.19 - - [11/Aug/2026:16:17:39 -0400] "GET /2026/07/15/juega-gratis-a-classic-blackjack-en-modo-demo/ HTTP/1.1" 200 46867 "https://casavalle.vsptdigital.cl/?p=16951" "Mozilla/5.0 AppleWebKit/537.36 (KHTML, like Gecko; compatible; GPTBot/1.4; +https://openai.com/gptbot)"
74.7.242.19 - - [11/Aug/2026:16:18:42 -0400] "GET /2026/07/15/jugar-cleopatra-plus-gratis/ HTTP/1.1" 200 47149 "http://casavalle.vsptdigital.cl" "Mozilla/5.0 AppleWebKit/537.36 (KHTML, like Gecko; compatible; GPTBot/1.4; +https://openai.com/gptbot)"
74.7.242.19 - - [11/Aug/2026:16:19:42 -0400] "GET /2026/07/15/blackjack-bono-sin-deposito/ HTTP/1.1" 200 47554 "http://casavalle.vsptdigital.cl" "Mozilla/5.0 AppleWebKit/537.36 (KHTML, like Gecko; compatible; GPTBot/1.4; +https://openai.com/gptbot)"
74.7.242.19 - - [11/Aug/2026:16:20:45 -0400] "GET /2026/07/15/ganador-de-la-ruleta-hoy/ HTTP/1.1" 200 46556 "http://casavalle.vsptdigital.cl" "Mozilla/5.0 AppleWebKit/537.36 (KHTML, like Gecko; compatible; GPTBot/1.4; +https://openai.com/gptbot)"
74.7.242.19 - - [11/Aug/2026:16:21:40 -0400] "GET /2026/07/15/casino-online-sin-depositar/ HTTP/1.1" 200 47416 "http://casavalle.vsptdigital.cl" "Mozilla/5.0 AppleWebKit/537.36 (KHTML, like Gecko; compatible; GPTBot/1.4; +https://openai.com/gptbot)"
52.142.36.7 - - [11/Aug/2026:16:22:19 -0400] "GET /wp-json/wp/v2/users/me HTTP/1.1" 401 88 "-" "Mozilla/5.0 (Windows NT 10.0; Win64; x64) AppleWebKit/537.36 (KHTML, like Gecko) Chrome/133.0.0.0 Safari/537.36"
74.7.242.19 - - [11/Aug/2026:16:22:40 -0400] "GET /2026/07/15/retiro-en-casino-con-bitcoin/ HTTP/1.1" 200 46965 "http://casavalle.vsptdigital.cl" "Mozilla/5.0 AppleWebKit/537.36 (KHTML, like Gecko; compatible; GPTBot/1.4; +https://openai.com/gptbot)"
74.7.242.19 - - [11/Aug/2026:16:23:46 -0400] "GET /2026/07/15/ganar-maquinas-tragaperras/ HTTP/1.1" 200 46503 "http://casavalle.vsptdigital.cl" "Mozilla/5.0 AppleWebKit/537.36 (KHTML, like Gecko; compatible; GPTBot/1.4; +https://openai.com/gptbot)"
74.7.242.19 - - [11/Aug/2026:16:24:48 -0400] "GET /2026/07/15/la-ruleta-casino-online/ HTTP/1.1" 200 46425 "http://casavalle.vsptdigital.cl" "Mozilla/5.0 AppleWebKit/537.36 (KHTML, like Gecko; compatible; GPTBot/1.4; +https://openai.com/gptbot)"
188.126.89.86 - - [11/Aug/2026:16:26:08 -0400] "GET /2026/05/14/wie-spielt-man-im-jahr-2026-in-den-spielbanken-um-echtgeld/ HTTP/1.1" 200 46081 "https://casavalle.vsptdigital.cl/" "Mozilla/5.0 (Macintosh; Intel Mac OS X 10_15_7) AppleWebKit/605.1.15 (KHTML, like Gecko) Version/18.1 Safari/605.1.15"
188.126.89.86 - - [11/Aug/2026:16:25:27 -0400] "GET /2026/05/14/wie-spielt-man-im-jahr-2026-in-den-spielbanken-um-echtgeld/ HTTP/1.1" 200 46081 "https://casavalle.vsptdigital.cl/" "Mozilla/5.0 (Macintosh; Intel Mac OS X 10_15_7) AppleWebKit/605.1.15 (KHTML, like Gecko) Version/18.1 Safari/605.1.15"
74.7.242.19 - - [11/Aug/2026:16:25:50 -0400] "GET /2026/07/15/machance-casino-es-2026-review/ HTTP/1.1" 200 46993 "http://casavalle.vsptdigital.cl" "Mozilla/5.0 AppleWebKit/537.36 (KHTML, like Gecko; compatible; GPTBot/1.4; +https://openai.com/gptbot)"
74.7.242.19 - - [11/Aug/2026:16:26:46 -0400] "GET /2026/07/15/juego-gratis-la-ruleta/ HTTP/1.1" 200 46285 "http://casavalle.vsptdigital.cl" "Mozilla/5.0 AppleWebKit/537.36 (KHTML, like Gecko; compatible; GPTBot/1.4; +https://openai.com/gptbot)"
129.121.48.235 - - [11/Aug/2026:16:28:06 -0400] "GET /wp-json/wp/v2/users/me HTTP/1.1" 401 88 "-" "Mozilla/5.0 (Windows NT 10.0; Win64; x64) AppleWebKit/537.36 (KHTML, like Gecko) Chrome/133.0.0.0 Safari/537.36"
74.7.242.19 - - [11/Aug/2026:16:27:47 -0400] "GET /2026/07/15/ruleta-gratis-la-mejor/ HTTP/1.1" 200 46914 "http://casavalle.vsptdigital.cl" "Mozilla/5.0 AppleWebKit/537.36 (KHTML, like Gecko; compatible; GPTBot/1.4; +https://openai.com/gptbot)"
74.7.242.19 - - [11/Aug/2026:16:28:51 -0400] "GET /2026/07/15/mejores-maquinas-de-slots/ HTTP/1.1" 200 46960 "http://casavalle.vsptdigital.cl" "Mozilla/5.0 AppleWebKit/537.36 (KHTML, like Gecko; compatible; GPTBot/1.4; +https://openai.com/gptbot)"
74.7.242.19 - - [11/Aug/2026:16:29:55 -0400] "GET /2026/07/15/ruleta-de-apuestas-online/ HTTP/1.1" 200 46644 "http://casavalle.vsptdigital.cl" "Mozilla/5.0 AppleWebKit/537.36 (KHTML, like Gecko; compatible; GPTBot/1.4; +https://openai.com/gptbot)"
74.7.242.19 - - [11/Aug/2026:16:30:50 -0400] "GET /?p=17063 HTTP/1.1" 301 - "https://casavalle.vsptdigital.cl/2026/07/15/blackjack-bono-sin-deposito/" "Mozilla/5.0 AppleWebKit/537.36 (KHTML, like Gecko; compatible; GPTBot/1.4; +https://openai.com/gptbot)"
74.7.242.19 - - [11/Aug/2026:16:30:51 -0400] "GET /2026/07/15/casino-en-santa-cruz/ HTTP/1.1" 200 47030 "https://casavalle.vsptdigital.cl/?p=17063" "Mozilla/5.0 AppleWebKit/537.36 (KHTML, like Gecko; compatible; GPTBot/1.4; +https://openai.com/gptbot)"
74.7.242.19 - - [11/Aug/2026:16:31:55 -0400] "GET /?p=17754 HTTP/1.1" 301 - "https://casavalle.vsptdigital.cl/2026/07/15/blackjack-bono-sin-deposito/" "Mozilla/5.0 AppleWebKit/537.36 (KHTML, like Gecko; compatible; GPTBot/1.4; +https://openai.com/gptbot)"
74.7.242.19 - - [11/Aug/2026:16:32:57 -0400] "GET /?p=17134 HTTP/1.1" 301 - "https://casavalle.vsptdigital.cl/2026/07/15/blackjack-bono-sin-deposito/" "Mozilla/5.0 AppleWebKit/537.36 (KHTML, like Gecko; compatible; GPTBot/1.4; +https://openai.com/gptbot)"
74.7.242.19 - - [11/Aug/2026:16:32:58 -0400] "GET /2026/07/15/casinos-sin-deposito-permitido-en-espa%C3%B1a/ HTTP/1.1" 200 46592 "https://casavalle.vsptdigital.cl/?p=17134" "Mozilla/5.0 AppleWebKit/537.36 (KHTML, like Gecko; compatible; GPTBot/1.4; +https://openai.com/gptbot)"
108.167.132.74 - - [11/Aug/2026:16:34:34 -0400] "GET /wp-json/wp/v2/users/me HTTP/1.1" 401 88 "-" "Mozilla/5.0 (Windows NT 10.0; Win64; x64) AppleWebKit/537.36 (KHTML, like Gecko) Chrome/133.0.0.0 Safari/537.36"
74.7.242.19 - - [11/Aug/2026:16:34:01 -0400] "GET /?p=17000 HTTP/1.1" 301 - "https://casavalle.vsptdigital.cl/2026/07/15/blackjack-bono-sin-deposito/" "Mozilla/5.0 AppleWebKit/537.36 (KHTML, like Gecko; compatible; GPTBot/1.4; +https://openai.com/gptbot)"
139.180.225.66 - - [11/Aug/2026:16:35:38 -0400] "GET /2026/07/07/juegos-giros-gratis-sin-registrarse-ni-descargar-es/ HTTP/1.1" 200 46483 "https://casavalle.vsptdigital.cl/" "Mozilla/5.0 (Windows NT 6.1; Win64; x64; rv:109.0) Gecko/20100101 Firefox/115.0"
74.7.242.19 - - [11/Aug/2026:16:35:02 -0400] "GET /2026/07/15/blackjack-juegos-de-cartas/ HTTP/1.1" 200 46884 "http://casavalle.vsptdigital.cl" "Mozilla/5.0 AppleWebKit/537.36 (KHTML, like Gecko; compatible; GPTBot/1.4; +https://openai.com/gptbot)"
74.7.242.19 - - [11/Aug/2026:16:36:07 -0400] "GET /?p=17537 HTTP/1.1" 301 - "https://casavalle.vsptdigital.cl/2026/07/15/la-ruleta-casino-online/" "Mozilla/5.0 AppleWebKit/537.36 (KHTML, like Gecko; compatible; GPTBot/1.4; +https://openai.com/gptbot)"
74.7.242.19 - - [11/Aug/2026:16:37:10 -0400] "GET /?p=17662 HTTP/1.1" 301 - "https://casavalle.vsptdigital.cl/2026/07/15/la-ruleta-casino-online/" "Mozilla/5.0 AppleWebKit/537.36 (KHTML, like Gecko; compatible; GPTBot/1.4; +https://openai.com/gptbot)"
74.7.242.19 - - [11/Aug/2026:16:37:10 -0400] "GET /2026/07/15/m%C3%A1quina-tragamonedas-gratis/ HTTP/1.1" 200 46038 "https://casavalle.vsptdigital.cl/?p=17662" "Mozilla/5.0 AppleWebKit/537.36 (KHTML, like Gecko; compatible; GPTBot/1.4; +https://openai.com/gptbot)"
74.7.242.19 - - [11/Aug/2026:16:38:12 -0400] "GET /?p=16775 HTTP/1.1" 301 - "https://casavalle.vsptdigital.cl/2026/07/15/la-ruleta-casino-online/" "Mozilla/5.0 AppleWebKit/537.36 (KHTML, like Gecko; compatible; GPTBot/1.4; +https://openai.com/gptbot)"
173.254.29.175 - - [11/Aug/2026:16:39:02 -0400] "GET /wp-login.php HTTP/1.1" 302 - "-" "Mozilla/5.0 (Windows NT 10.0; Win64; x64) AppleWebKit/537.36 (KHTML, like Gecko) Chrome/133.0.0.0 Safari/537.36"
173.254.29.175 - - [11/Aug/2026:16:39:04 -0400] "GET /wp-login.php HTTP/1.1" 302 - "https://casavalle.vsptdigital.cl/wp-login.php" "Mozilla/5.0 (Windows NT 10.0; Win64; x64) AppleWebKit/537.36 (KHTML, like Gecko) Chrome/133.0.0.0 Safari/537.36"
74.7.242.19 - - [11/Aug/2026:16:39:13 -0400] "GET /?p=18308 HTTP/1.1" 301 - "https://casavalle.vsptdigital.cl/2026/07/15/la-ruleta-casino-online/" "Mozilla/5.0 AppleWebKit/537.36 (KHTML, like Gecko; compatible; GPTBot/1.4; +https://openai.com/gptbot)"
74.7.242.19 - - [11/Aug/2026:16:40:16 -0400] "GET /?p=17379 HTTP/1.1" 301 - "https://casavalle.vsptdigital.cl/2026/07/15/mejores-maquinas-de-slots/" "Mozilla/5.0 AppleWebKit/537.36 (KHTML, like Gecko; compatible; GPTBot/1.4; +https://openai.com/gptbot)"
74.7.242.19 - - [11/Aug/2026:16:42:21 -0400] "GET /?p=18314 HTTP/1.1" 301 - "https://casavalle.vsptdigital.cl/2026/07/15/mejores-maquinas-de-slots/" "Mozilla/5.0 AppleWebKit/537.36 (KHTML, like Gecko; compatible; GPTBot/1.4; +https://openai.com/gptbot)"
74.7.242.19 - - [11/Aug/2026:16:43:24 -0400] "GET /?p=17556 HTTP/1.1" 301 - "https://casavalle.vsptdigital.cl/2026/07/15/mejores-maquinas-de-slots/" "Mozilla/5.0 AppleWebKit/537.36 (KHTML, like Gecko; compatible; GPTBot/1.4; +https://openai.com/gptbot)"
74.7.242.19 - - [11/Aug/2026:16:43:25 -0400] "GET /2026/07/15/como-ganar-en-las-maquinas-tragaperras/ HTTP/1.1" 200 46762 "https://casavalle.vsptdigital.cl/?p=17556" "Mozilla/5.0 AppleWebKit/537.36 (KHTML, like Gecko; compatible; GPTBot/1.4; +https://openai.com/gptbot)"
147.53.122.110 - - [11/Aug/2026:16:44:36 -0400] "GET /2026/06/25/casino-automaten-online-mindestens-5-euro-2026/ HTTP/1.1" 200 46059 "https://casavalle.vsptdigital.cl/" "Mozilla/5.0 (Macintosh; Intel Mac OS X 10.15; rv:148.0) Gecko/20100101 Firefox/148.0"
74.7.242.19 - - [11/Aug/2026:16:44:30 -0400] "GET /?p=17617 HTTP/1.1" 301 - "https://casavalle.vsptdigital.cl/2026/07/15/mejores-maquinas-de-slots/" "Mozilla/5.0 AppleWebKit/537.36 (KHTML, like Gecko; compatible; GPTBot/1.4; +https://openai.com/gptbot)"
62.210.185.4 - - [11/Aug/2026:16:45:34 -0400] "GET /wp-login.php HTTP/1.1" 302 - "-" "Mozilla/5.0 (Windows NT 10.0; Win64; x64) AppleWebKit/537.36 (KHTML, like Gecko) Chrome/133.0.0.0 Safari/537.36"
62.210.185.4 - - [11/Aug/2026:16:45:35 -0400] "GET /wp-login.php HTTP/1.1" 302 - "https://casavalle.vsptdigital.cl/wp-login.php" "Mozilla/5.0 (Windows NT 10.0; Win64; x64) AppleWebKit/537.36 (KHTML, like Gecko) Chrome/133.0.0.0 Safari/537.36"
62.210.185.4 - - [11/Aug/2026:16:45:36 -0400] "GET /wp-login.php HTTP/1.1" 302 - "https://casavalle.vsptdigital.cl/wp-login.php" "Mozilla/5.0 (Windows NT 10.0; Win64; x64) AppleWebKit/537.36 (KHTML, like Gecko) Chrome/133.0.0.0 Safari/537.36"
62.210.185.4 - - [11/Aug/2026:16:45:36 -0400] "GET /wp-login.php HTTP/1.1" 302 - "https://casavalle.vsptdigital.cl/wp-login.php" "Mozilla/5.0 (Windows NT 10.0; Win64; x64) AppleWebKit/537.36 (KHTML, like Gecko) Chrome/133.0.0.0 Safari/537.36"
62.210.185.4 - - [11/Aug/2026:16:45:36 -0400] "GET /wp-login.php HTTP/1.1" 302 - "https://casavalle.vsptdigital.cl/wp-login.php" "Mozilla/5.0 (Windows NT 10.0; Win64; x64) AppleWebKit/537.36 (KHTML, like Gecko) Chrome/133.0.0.0 Safari/537.36"
62.210.185.4 - - [11/Aug/2026:16:45:37 -0400] "GET /wp-login.php HTTP/1.1" 302 - "https://casavalle.vsptdigital.cl/wp-login.php" "Mozilla/5.0 (Windows NT 10.0; Win64; x64) AppleWebKit/537.36 (KHTML, like Gecko) Chrome/133.0.0.0 Safari/537.36"
62.210.185.4 - - [11/Aug/2026:16:45:37 -0400] "GET /wp-login.php HTTP/1.1" 302 - "https://casavalle.vsptdigital.cl/wp-login.php" "Mozilla/5.0 (Windows NT 10.0; Win64; x64) AppleWebKit/537.36 (KHTML, like Gecko) Chrome/133.0.0.0 Safari/537.36"
62.210.185.4 - - [11/Aug/2026:16:45:38 -0400] "GET /wp-login.php HTTP/1.1" 302 - "https://casavalle.vsptdigital.cl/wp-login.php" "Mozilla/5.0 (Windows NT 10.0; Win64; x64) AppleWebKit/537.36 (KHTML, like Gecko) Chrome/133.0.0.0 Safari/537.36"
62.210.185.4 - - [11/Aug/2026:16:45:38 -0400] "GET /wp-login.php HTTP/1.1" 302 - "https://casavalle.vsptdigital.cl/wp-login.php" "Mozilla/5.0 (Windows NT 10.0; Win64; x64) AppleWebKit/537.36 (KHTML, like Gecko) Chrome/133.0.0.0 Safari/537.36"
62.210.185.4 - - [11/Aug/2026:16:45:39 -0400] "GET /wp-login.php HTTP/1.1" 302 - "https://casavalle.vsptdigital.cl/wp-login.php" "Mozilla/5.0 (Windows NT 10.0; Win64; x64) AppleWebKit/537.36 (KHTML, like Gecko) Chrome/133.0.0.0 Safari/537.36"
62.210.185.4 - - [11/Aug/2026:16:45:40 -0400] "GET /wp-json/wp/v2/users/me HTTP/1.1" 401 88 "-" "Mozilla/5.0 (Windows NT 10.0; Win64; x64) AppleWebKit/537.36 (KHTML, like Gecko) Chrome/133.0.0.0 Safari/537.36"
50.116.87.45 - - [11/Aug/2026:16:45:52 -0400] "GET /wp-login.php HTTP/1.1" 302 - "-" "Mozilla/5.0 (Windows NT 10.0; Win64; x64) AppleWebKit/537.36 (KHTML, like Gecko) Chrome/133.0.0.0 Safari/537.36"
50.116.87.45 - - [11/Aug/2026:16:45:52 -0400] "GET /wp-login.php HTTP/1.1" 302 - "https://casavalle.vsptdigital.cl/wp-login.php" "Mozilla/5.0 (Windows NT 10.0; Win64; x64) AppleWebKit/537.36 (KHTML, like Gecko) Chrome/133.0.0.0 Safari/537.36"
50.116.87.45 - - [11/Aug/2026:16:45:53 -0400] "GET /wp-login.php HTTP/1.1" 302 - "https://casavalle.vsptdigital.cl/wp-login.php" "Mozilla/5.0 (Windows NT 10.0; Win64; x64) AppleWebKit/537.36 (KHTML, like Gecko) Chrome/133.0.0.0 Safari/537.36"
50.116.87.45 - - [11/Aug/2026:16:45:54 -0400] "GET /wp-login.php HTTP/1.1" 302 - "https://casavalle.vsptdigital.cl/wp-login.php" "Mozilla/5.0 (Windows NT 10.0; Win64; x64) AppleWebKit/537.36 (KHTML, like Gecko) Chrome/133.0.0.0 Safari/537.36"
50.116.87.45 - - [11/Aug/2026:16:45:54 -0400] "GET /wp-login.php HTTP/1.1" 302 - "https://casavalle.vsptdigital.cl/wp-login.php" "Mozilla/5.0 (Windows NT 10.0; Win64; x64) AppleWebKit/537.36 (KHTML, like Gecko) Chrome/133.0.0.0 Safari/537.36"
50.116.87.45 - - [11/Aug/2026:16:45:55 -0400] "GET /wp-login.php HTTP/1.1" 302 - "https://casavalle.vsptdigital.cl/wp-login.php" "Mozilla/5.0 (Windows NT 10.0; Win64; x64) AppleWebKit/537.36 (KHTML, like Gecko) Chrome/133.0.0.0 Safari/537.36"
50.116.87.45 - - [11/Aug/2026:16:45:56 -0400] "GET /wp-login.php HTTP/1.1" 302 - "https://casavalle.vsptdigital.cl/wp-login.php" "Mozilla/5.0 (Windows NT 10.0; Win64; x64) AppleWebKit/537.36 (KHTML, like Gecko) Chrome/133.0.0.0 Safari/537.36"
50.116.87.45 - - [11/Aug/2026:16:45:56 -0400] "GET /wp-login.php HTTP/1.1" 302 - "https://casavalle.vsptdigital.cl/wp-login.php" "Mozilla/5.0 (Windows NT 10.0; Win64; x64) AppleWebKit/537.36 (KHTML, like Gecko) Chrome/133.0.0.0 Safari/537.36"
50.116.87.45 - - [11/Aug/2026:16:45:57 -0400] "GET /wp-login.php HTTP/1.1" 302 - "https://casavalle.vsptdigital.cl/wp-login.php" "Mozilla/5.0 (Windows NT 10.0; Win64; x64) AppleWebKit/537.36 (KHTML, like Gecko) Chrome/133.0.0.0 Safari/537.36"
50.116.87.45 - - [11/Aug/2026:16:45:57 -0400] "GET /wp-login.php HTTP/1.1" 302 - "https://casavalle.vsptdigital.cl/wp-login.php" "Mozilla/5.0 (Windows NT 10.0; Win64; x64) AppleWebKit/537.36 (KHTML, like Gecko) Chrome/133.0.0.0 Safari/537.36"
50.116.87.45 - - [11/Aug/2026:16:45:59 -0400] "GET /wp-json/wp/v2/users/me HTTP/1.1" 401 88 "-" "Mozilla/5.0 (Windows NT 10.0; Win64; x64) AppleWebKit/537.36 (KHTML, like Gecko) Chrome/133.0.0.0 Safari/537.36"
74.7.242.19 - - [11/Aug/2026:16:45:31 -0400] "GET /?p=18271 HTTP/1.1" 301 - "https://casavalle.vsptdigital.cl/2026/07/15/mejores-maquinas-de-slots/" "Mozilla/5.0 AppleWebKit/537.36 (KHTML, like Gecko; compatible; GPTBot/1.4; +https://openai.com/gptbot)"
64.182.46.134 - - [11/Aug/2026:16:47:13 -0400] "GET /wp-json/wp/v2/users/me HTTP/1.1" 401 88 "-" "Mozilla/5.0 (Windows NT 10.0; Win64; x64) AppleWebKit/537.36 (KHTML, like Gecko) Chrome/133.0.0.0 Safari/537.36"
74.7.242.19 - - [11/Aug/2026:16:46:31 -0400] "GET /2026/07/15/juego-de-ruleta-descargar/ HTTP/1.1" 200 46679 "http://casavalle.vsptdigital.cl" "Mozilla/5.0 AppleWebKit/537.36 (KHTML, like Gecko; compatible; GPTBot/1.4; +https://openai.com/gptbot)"
74.7.242.19 - - [11/Aug/2026:16:47:34 -0400] "GET /2026/07/15/juegos-de-bingo-gratis-real/ HTTP/1.1" 200 47207 "http://casavalle.vsptdigital.cl" "Mozilla/5.0 AppleWebKit/537.36 (KHTML, like Gecko; compatible; GPTBot/1.4; +https://openai.com/gptbot)"
209.50.191.50 - - [11/Aug/2026:16:48:56 -0400] "GET /2026/07/07/tragamonedas-gratis-modernas-espana/ HTTP/1.1" 200 46919 "https://casavalle.vsptdigital.cl/" "Mozilla/5.0 (Windows NT 10.0; Win64; x64) AppleWebKit/537.36 (KHTML, like Gecko) Chrome/133.0.0.0 Safari/537.36 OPR/118.0.0.0"
209.50.191.50 - - [11/Aug/2026:16:48:58 -0400] "GET /2026/07/07/tragamonedas-gratis-modernas-espana/ HTTP/1.1" 200 46919 "https://casavalle.vsptdigital.cl/2026/07/07/tragamonedas-gratis-modernas-espana/" "Mozilla/5.0 (Windows NT 10.0; Win64; x64) AppleWebKit/537.36 (KHTML, like Gecko) Chrome/133.0.0.0 Safari/537.36 OPR/118.0.0.0"
65.111.23.199 - - [11/Aug/2026:16:48:24 -0400] "GET /2026/07/07/tragamonedas-gratis-modernas-espana/ HTTP/1.1" 200 46919 "https://casavalle.vsptdigital.cl/" "Mozilla/5.0 (Windows NT 10.0; Win64; x64) AppleWebKit/537.36 (KHTML, like Gecko) Chrome/133.0.0.0 Safari/537.36 OPR/118.0.0.0"
74.7.242.19 - - [11/Aug/2026:16:48:39 -0400] "GET /2026/07/15/gente-jugando-en-los-casinos/ HTTP/1.1" 200 46498 "http://casavalle.vsptdigital.cl" "Mozilla/5.0 AppleWebKit/537.36 (KHTML, like Gecko; compatible; GPTBot/1.4; +https://openai.com/gptbot)"
74.7.242.19 - - [11/Aug/2026:16:49:34 -0400] "GET /2026/07/15/como-ser-croupier-de-casino/ HTTP/1.1" 200 46255 "http://casavalle.vsptdigital.cl" "Mozilla/5.0 AppleWebKit/537.36 (KHTML, like Gecko; compatible; GPTBot/1.4; +https://openai.com/gptbot)"
74.7.242.19 - - [11/Aug/2026:16:50:35 -0400] "GET /2026/07/15/casino-online-regala-20-euros-gratis/ HTTP/1.1" 200 47160 "http://casavalle.vsptdigital.cl" "Mozilla/5.0 AppleWebKit/537.36 (KHTML, like Gecko; compatible; GPTBot/1.4; +https://openai.com/gptbot)"
74.7.242.19 - - [11/Aug/2026:16:51:39 -0400] "GET /2026/07/15/paginas-de-tragamonedas/ HTTP/1.1" 200 46364 "http://casavalle.vsptdigital.cl" "Mozilla/5.0 AppleWebKit/537.36 (KHTML, like Gecko; compatible; GPTBot/1.4; +https://openai.com/gptbot)"
206.189.35.233 - - [11/Aug/2026:16:52:31 -0400] "GET /2026/07/07/tragamonedas-gratis-modernas-espana/ HTTP/1.1" 200 46919 "https://casavalle.vsptdigital.cl/" "Mozilla/5.0 (Windows NT 10.0; Win64; x64) AppleWebKit/537.36 (KHTML, like Gecko) Chrome/142.0.0.0 Safari/537.36"
206.189.35.233 - - [11/Aug/2026:16:53:23 -0400] "GET /2026/07/07/tragamonedas-gratis-modernas-espana/ HTTP/1.1" 200 46919 "https://casavalle.vsptdigital.cl/2026/07/07/tragamonedas-gratis-modernas-espana/" "Mozilla/5.0 (Windows NT 10.0; Win64; x64) AppleWebKit/537.36 (KHTML, like Gecko) Chrome/142.0.0.0 Safari/537.36"
74.7.242.19 - - [11/Aug/2026:16:52:42 -0400] "GET /2026/07/15/tragamonedas-de-palermo/ HTTP/1.1" 200 46772 "http://casavalle.vsptdigital.cl" "Mozilla/5.0 AppleWebKit/537.36 (KHTML, like Gecko; compatible; GPTBot/1.4; +https://openai.com/gptbot)"
74.7.242.19 - - [11/Aug/2026:16:53:41 -0400] "GET /2026/07/15/ganar-siempre-en-la-ruleta/ HTTP/1.1" 200 47758 "http://casavalle.vsptdigital.cl" "Mozilla/5.0 AppleWebKit/537.36 (KHTML, like Gecko; compatible; GPTBot/1.4; +https://openai.com/gptbot)"
74.7.242.19 - - [11/Aug/2026:16:54:43 -0400] "GET /2026/07/15/como-paga-la-ruleta/ HTTP/1.1" 200 46769 "http://casavalle.vsptdigital.cl" "Mozilla/5.0 AppleWebKit/537.36 (KHTML, like Gecko; compatible; GPTBot/1.4; +https://openai.com/gptbot)"
74.7.242.19 - - [11/Aug/2026:16:55:41 -0400] "GET /2026/07/15/tragamonedas-dinero-facil/ HTTP/1.1" 200 46698 "http://casavalle.vsptdigital.cl" "Mozilla/5.0 AppleWebKit/537.36 (KHTML, like Gecko; compatible; GPTBot/1.4; +https://openai.com/gptbot)"
74.7.242.19 - - [11/Aug/2026:16:56:45 -0400] "GET /2026/07/15/casino-nuevos-ministerios/ HTTP/1.1" 200 46219 "http://casavalle.vsptdigital.cl" "Mozilla/5.0 AppleWebKit/537.36 (KHTML, like Gecko; compatible; GPTBot/1.4; +https://openai.com/gptbot)"
74.7.242.19 - - [11/Aug/2026:16:57:42 -0400] "GET /?p=16847 HTTP/1.1" 301 - "https://casavalle.vsptdigital.cl/2026/07/15/juegos-de-bingo-gratis-real/" "Mozilla/5.0 AppleWebKit/537.36 (KHTML, like Gecko; compatible; GPTBot/1.4; +https://openai.com/gptbot)"
115.146.125.52 - - [11/Aug/2026:16:58:09 -0400] "GET /wp-json/wp/v2/users/me HTTP/1.1" 401 88 "-" "Mozilla/5.0 (Windows NT 10.0; Win64; x64) AppleWebKit/537.36 (KHTML, like Gecko) Chrome/133.0.0.0 Safari/537.36"
74.7.242.19 - - [11/Aug/2026:16:57:42 -0400] "GET /2026/07/15/casino-de-menta-bono-sin-dep%C3%B3sito-50-giros-gratis-2026/ HTTP/1.1" 200 47555 "https://casavalle.vsptdigital.cl/?p=16847" "Mozilla/5.0 AppleWebKit/537.36 (KHTML, like Gecko; compatible; GPTBot/1.4; +https://openai.com/gptbot)"
74.7.242.19 - - [11/Aug/2026:16:58:47 -0400] "GET /?p=16635 HTTP/1.1" 301 - "https://casavalle.vsptdigital.cl/2026/07/15/juegos-de-bingo-gratis-real/" "Mozilla/5.0 AppleWebKit/537.36 (KHTML, like Gecko; compatible; GPTBot/1.4; +https://openai.com/gptbot)"
115.146.125.52 - - [11/Aug/2026:16:58:03 -0400] "GET /wp-login.php HTTP/1.1" 302 - "-" "Mozilla/5.0 (Windows NT 10.0; Win64; x64) AppleWebKit/537.36 (KHTML, like Gecko) Chrome/133.0.0.0 Safari/537.36"
74.7.242.19 - - [11/Aug/2026:16:58:47 -0400] "GET /2026/07/15/999-casino-codigo-promocional-y-bonus-code/ HTTP/1.1" 200 47713 "https://casavalle.vsptdigital.cl/?p=16635" "Mozilla/5.0 AppleWebKit/537.36 (KHTML, like Gecko; compatible; GPTBot/1.4; +https://openai.com/gptbot)"
85.208.96.198 - - [11/Aug/2026:16:59:45 -0400] "GET /robots.txt HTTP/1.1" 200 148 "-" "Mozilla/5.0 (compatible; SemrushBot/7~bl; +http://www.semrush.com/bot.html)"
74.7.242.19 - - [11/Aug/2026:16:59:47 -0400] "GET /?p=18123 HTTP/1.1" 301 - "https://casavalle.vsptdigital.cl/2026/07/15/juegos-de-bingo-gratis-real/" "Mozilla/5.0 AppleWebKit/537.36 (KHTML, like Gecko; compatible; GPTBot/1.4; +https://openai.com/gptbot)"
85.208.96.199 - - [11/Aug/2026:16:59:46 -0400] "GET /2026/01/30/jugar-icy-wilds-gratis/ HTTP/1.1" 200 47136 "-" "Mozilla/5.0 (compatible; SemrushBot/7~bl; +http://www.semrush.com/bot.html)"
74.7.242.19 - - [11/Aug/2026:17:00:51 -0400] "GET /?p=17335 HTTP/1.1" 301 - "https://casavalle.vsptdigital.cl/2026/07/15/juegos-de-bingo-gratis-real/" "Mozilla/5.0 AppleWebKit/537.36 (KHTML, like Gecko; compatible; GPTBot/1.4; +https://openai.com/gptbot)"
74.7.242.19 - - [11/Aug/2026:17:01:45 -0400] "GET /2026/07/15/como-se-gana-en-los-casinos/ HTTP/1.1" 200 47160 "http://casavalle.vsptdigital.cl" "Mozilla/5.0 AppleWebKit/537.36 (KHTML, like Gecko; compatible; GPTBot/1.4; +https://openai.com/gptbot)"
103.115.186.119 - - [11/Aug/2026:17:02:40 -0400] "GET /wp-content/themes/hello-elementor/style.min.css?ver=3.1.1 HTTP/1.1" 200 5501 "https://vsptdigital.cl/" "Mozilla/5.0 (iPhone; CPU iPhone OS 26_3_0 like Mac OS X) AppleWebKit/605.1.15 (KHTML, like Gecko) CriOS/144.0.7559.95 Mobile/15E148 Safari/604.1"
103.115.186.119 - - [11/Aug/2026:17:02:40 -0400] "GET /wp-content/themes/hello-elementor/theme.min.css?ver=3.1.1 HTTP/1.1" 200 5146 "https://vsptdigital.cl/" "Mozilla/5.0 (iPhone; CPU iPhone OS 26_3_0 like Mac OS X) AppleWebKit/605.1.15 (KHTML, like Gecko) CriOS/144.0.7559.95 Mobile/15E148 Safari/604.1"
103.115.186.119 - - [11/Aug/2026:17:02:40 -0400] "GET /wp-content/plugins/contact-form-7/includes/css/styles.css?ver=6.0.1 HTTP/1.1" 200 2894 "https://vsptdigital.cl/" "Mozilla/5.0 (iPhone; CPU iPhone OS 26_3_0 like Mac OS X) AppleWebKit/605.1.15 (KHTML, like Gecko) CriOS/144.0.7559.95 Mobile/15E148 Safari/604.1"
103.115.186.119 - - [11/Aug/2026:17:02:40 -0400] "GET /wp-content/themes/hello-elementor/header-footer.min.css?ver=3.1.1 HTTP/1.1" 200 7212 "https://vsptdigital.cl/" "Mozilla/5.0 (iPhone; CPU iPhone OS 26_3_0 like Mac OS X) AppleWebKit/605.1.15 (KHTML, like Gecko) CriOS/144.0.7559.95 Mobile/15E148 Safari/604.1"
103.115.186.119 - - [11/Aug/2026:17:02:40 -0400] "GET /wp-content/plugins/elementor/assets/css/frontend.min.css?ver=3.25.11 HTTP/1.1" 200 60575 "https://vsptdigital.cl/" "Mozilla/5.0 (iPhone; CPU iPhone OS 26_3_0 like Mac OS X) AppleWebKit/605.1.15 (KHTML, like Gecko) CriOS/144.0.7559.95 Mobile/15E148 Safari/604.1"
