185.191.171.11 - - [12/Aug/2026:05:12:52 -0400] "GET /2026/01/30/jugar-cleopatra-gratis/ HTTP/1.1" 200 46896 "-" "Mozilla/5.0 (compatible; SemrushBot/7~bl; +http://www.semrush.com/bot.html)"
115.146.125.52 - - [12/Aug/2026:05:13:52 -0400] "GET /wp-login.php HTTP/1.1" 302 - "-" "Mozilla/5.0 (Windows NT 10.0; Win64; x64) AppleWebKit/537.36 (KHTML, like Gecko) Chrome/133.0.0.0 Safari/537.36"
115.146.125.52 - - [12/Aug/2026:05:13:54 -0400] "GET /wp-login.php HTTP/1.1" 302 - "https://casavalle.vsptdigital.cl/wp-login.php" "Mozilla/5.0 (Windows NT 10.0; Win64; x64) AppleWebKit/537.36 (KHTML, like Gecko) Chrome/133.0.0.0 Safari/537.36"
115.146.125.52 - - [12/Aug/2026:05:13:55 -0400] "GET /wp-login.php HTTP/1.1" 302 - "https://casavalle.vsptdigital.cl/wp-login.php" "Mozilla/5.0 (Windows NT 10.0; Win64; x64) AppleWebKit/537.36 (KHTML, like Gecko) Chrome/133.0.0.0 Safari/537.36"
74.7.227.147 - - [12/Aug/2026:05:13:15 -0400] "GET /2026/01/30/casinos-en-pueblo-libre/ HTTP/1.1" 200 47227 "https://casavalle.vsptdigital.cl/?p=9536" "Mozilla/5.0 AppleWebKit/537.36 (KHTML, like Gecko; compatible; GPTBot/1.4; +https://openai.com/gptbot)"
115.146.125.52 - - [12/Aug/2026:05:13:57 -0400] "GET /wp-json/wp/v2/users/me HTTP/1.1" 401 88 "-" "Mozilla/5.0 (Windows NT 10.0; Win64; x64) AppleWebKit/537.36 (KHTML, like Gecko) Chrome/133.0.0.0 Safari/537.36"
185.191.171.16 - - [12/Aug/2026:05:13:35 -0400] "GET /2026/01/30/juegos-que-mas-pagan-en-bet365/ HTTP/1.1" 200 46755 "-" "Mozilla/5.0 (compatible; SemrushBot/7~bl; +http://www.semrush.com/bot.html)"
103.216.117.118 - - [12/Aug/2026:05:14:52 -0400] "GET /wp-login.php HTTP/1.1" 301 - "-" "Mozilla/5.0 (Windows NT 10.0; Win64; x64) AppleWebKit/537.36 (KHTML, like Gecko) Chrome/133.0.0.0 Safari/537.36"
103.216.117.118 - - [12/Aug/2026:05:14:53 -0400] "GET /wp-login.php HTTP/1.1" 302 - "https://www.casavalle.vsptdigital.cl/wp-login.php" "Mozilla/5.0 (Windows NT 10.0; Win64; x64) AppleWebKit/537.36 (KHTML, like Gecko) Chrome/133.0.0.0 Safari/537.36"
103.216.117.118 - - [12/Aug/2026:05:14:54 -0400] "GET /wp-login.php HTTP/1.1" 302 - "https://www.casavalle.vsptdigital.cl/wp-login.php" "Mozilla/5.0 (Windows NT 10.0; Win64; x64) AppleWebKit/537.36 (KHTML, like Gecko) Chrome/133.0.0.0 Safari/537.36"
103.216.117.118 - - [12/Aug/2026:05:14:54 -0400] "GET /wp-login.php HTTP/1.1" 302 - "https://www.casavalle.vsptdigital.cl/wp-login.php" "Mozilla/5.0 (Windows NT 10.0; Win64; x64) AppleWebKit/537.36 (KHTML, like Gecko) Chrome/133.0.0.0 Safari/537.36"
103.216.117.118 - - [12/Aug/2026:05:14:55 -0400] "GET /wp-login.php HTTP/1.1" 302 - "https://www.casavalle.vsptdigital.cl/wp-login.php" "Mozilla/5.0 (Windows NT 10.0; Win64; x64) AppleWebKit/537.36 (KHTML, like Gecko) Chrome/133.0.0.0 Safari/537.36"
103.216.117.118 - - [12/Aug/2026:05:14:55 -0400] "GET /wp-login.php HTTP/1.1" 302 - "https://www.casavalle.vsptdigital.cl/wp-login.php" "Mozilla/5.0 (Windows NT 10.0; Win64; x64) AppleWebKit/537.36 (KHTML, like Gecko) Chrome/133.0.0.0 Safari/537.36"
103.216.117.118 - - [12/Aug/2026:05:14:56 -0400] "GET /wp-login.php HTTP/1.1" 302 - "https://www.casavalle.vsptdigital.cl/wp-login.php" "Mozilla/5.0 (Windows NT 10.0; Win64; x64) AppleWebKit/537.36 (KHTML, like Gecko) Chrome/133.0.0.0 Safari/537.36"
103.216.117.118 - - [12/Aug/2026:05:14:56 -0400] "GET /wp-login.php HTTP/1.1" 302 - "https://www.casavalle.vsptdigital.cl/wp-login.php" "Mozilla/5.0 (Windows NT 10.0; Win64; x64) AppleWebKit/537.36 (KHTML, like Gecko) Chrome/133.0.0.0 Safari/537.36"
103.216.117.118 - - [12/Aug/2026:05:14:57 -0400] "GET /wp-login.php HTTP/1.1" 302 - "https://www.casavalle.vsptdigital.cl/wp-login.php" "Mozilla/5.0 (Windows NT 10.0; Win64; x64) AppleWebKit/537.36 (KHTML, like Gecko) Chrome/133.0.0.0 Safari/537.36"
74.7.227.147 - - [12/Aug/2026:05:14:17 -0400] "GET /2026/01/30/mcw-casino-bono-sin-dep%C3%B3sito-50-giros-gratis-2026/ HTTP/1.1" 200 46764 "http://casavalle.vsptdigital.cl" "Mozilla/5.0 AppleWebKit/537.36 (KHTML, like Gecko; compatible; GPTBot/1.4; +https://openai.com/gptbot)"
103.216.117.118 - - [12/Aug/2026:05:14:57 -0400] "GET /wp-login.php HTTP/1.1" 302 - "https://www.casavalle.vsptdigital.cl/wp-login.php" "Mozilla/5.0 (Windows NT 10.0; Win64; x64) AppleWebKit/537.36 (KHTML, like Gecko) Chrome/133.0.0.0 Safari/537.36"
103.216.117.118 - - [12/Aug/2026:05:14:58 -0400] "GET /wp-json/wp/v2/users/me HTTP/1.1" 401 88 "-" "Mozilla/5.0 (Windows NT 10.0; Win64; x64) AppleWebKit/537.36 (KHTML, like Gecko) Chrome/133.0.0.0 Safari/537.36"
103.216.117.118 - - [12/Aug/2026:05:15:00 -0400] "GET /wp-login.php HTTP/1.1" 301 - "-" "Mozilla/5.0 (Windows NT 10.0; Win64; x64) AppleWebKit/537.36 (KHTML, like Gecko) Chrome/133.0.0.0 Safari/537.36"
103.216.117.118 - - [12/Aug/2026:05:15:01 -0400] "GET /wp-login.php HTTP/1.1" 302 - "https://www.casavalle.vsptdigital.cl/wp-login.php" "Mozilla/5.0 (Windows NT 10.0; Win64; x64) AppleWebKit/537.36 (KHTML, like Gecko) Chrome/133.0.0.0 Safari/537.36"
103.216.117.118 - - [12/Aug/2026:05:15:02 -0400] "GET /wp-login.php HTTP/1.1" 302 - "https://www.casavalle.vsptdigital.cl/wp-login.php" "Mozilla/5.0 (Windows NT 10.0; Win64; x64) AppleWebKit/537.36 (KHTML, like Gecko) Chrome/133.0.0.0 Safari/537.36"
185.191.171.9 - - [12/Aug/2026:05:14:22 -0400] "GET /2026/01/30/ganar-en-la-tragaperras/ HTTP/1.1" 200 46280 "-" "Mozilla/5.0 (compatible; SemrushBot/7~bl; +http://www.semrush.com/bot.html)"
103.216.117.118 - - [12/Aug/2026:05:15:02 -0400] "GET /wp-login.php HTTP/1.1" 302 - "https://www.casavalle.vsptdigital.cl/wp-login.php" "Mozilla/5.0 (Windows NT 10.0; Win64; x64) AppleWebKit/537.36 (KHTML, like Gecko) Chrome/133.0.0.0 Safari/537.36"
103.216.117.118 - - [12/Aug/2026:05:15:03 -0400] "GET /wp-login.php HTTP/1.1" 302 - "https://www.casavalle.vsptdigital.cl/wp-login.php" "Mozilla/5.0 (Windows NT 10.0; Win64; x64) AppleWebKit/537.36 (KHTML, like Gecko) Chrome/133.0.0.0 Safari/537.36"
103.216.117.118 - - [12/Aug/2026:05:15:03 -0400] "GET /wp-login.php HTTP/1.1" 302 - "https://www.casavalle.vsptdigital.cl/wp-login.php" "Mozilla/5.0 (Windows NT 10.0; Win64; x64) AppleWebKit/537.36 (KHTML, like Gecko) Chrome/133.0.0.0 Safari/537.36"
103.216.117.118 - - [12/Aug/2026:05:15:04 -0400] "GET /wp-login.php HTTP/1.1" 302 - "https://www.casavalle.vsptdigital.cl/wp-login.php" "Mozilla/5.0 (Windows NT 10.0; Win64; x64) AppleWebKit/537.36 (KHTML, like Gecko) Chrome/133.0.0.0 Safari/537.36"
103.216.117.118 - - [12/Aug/2026:05:15:04 -0400] "GET /wp-login.php HTTP/1.1" 302 - "https://www.casavalle.vsptdigital.cl/wp-login.php" "Mozilla/5.0 (Windows NT 10.0; Win64; x64) AppleWebKit/537.36 (KHTML, like Gecko) Chrome/133.0.0.0 Safari/537.36"
103.216.117.118 - - [12/Aug/2026:05:15:05 -0400] "GET /wp-login.php HTTP/1.1" 302 - "https://www.casavalle.vsptdigital.cl/wp-login.php" "Mozilla/5.0 (Windows NT 10.0; Win64; x64) AppleWebKit/537.36 (KHTML, like Gecko) Chrome/133.0.0.0 Safari/537.36"
103.216.117.118 - - [12/Aug/2026:05:15:05 -0400] "GET /wp-login.php HTTP/1.1" 302 - "https://www.casavalle.vsptdigital.cl/wp-login.php" "Mozilla/5.0 (Windows NT 10.0; Win64; x64) AppleWebKit/537.36 (KHTML, like Gecko) Chrome/133.0.0.0 Safari/537.36"
103.216.117.118 - - [12/Aug/2026:05:15:06 -0400] "GET /wp-json/wp/v2/users/me HTTP/1.1" 401 88 "-" "Mozilla/5.0 (Windows NT 10.0; Win64; x64) AppleWebKit/537.36 (KHTML, like Gecko) Chrome/133.0.0.0 Safari/537.36"
211.201.169.71 - - [12/Aug/2026:05:14:42 -0400] "GET /2026/07/07/tragamonedas-gratis-modernas-espana/ HTTP/1.1" 200 46919 "https://casavalle.vsptdigital.cl/" "Mozilla/5.0 (Windows NT 10.0; Win64; x64) AppleWebKit/537.36 (KHTML, like Gecko) Chrome/126.0.0.0 Safari/537.36"
211.201.169.71 - - [12/Aug/2026:05:15:29 -0400] "GET /2026/07/07/tragamonedas-gratis-modernas-espana/ HTTP/1.1" 200 46919 "https://casavalle.vsptdigital.cl/2026/07/07/tragamonedas-gratis-modernas-espana/" "Mozilla/5.0 (Windows NT 10.0; Win64; x64) AppleWebKit/537.36 (KHTML, like Gecko) Chrome/126.0.0.0 Safari/537.36"
85.208.96.209 - - [12/Aug/2026:05:15:03 -0400] "GET /2026/07/15/casinos-dep%C3%B3sito/ HTTP/1.1" 200 46721 "-" "Mozilla/5.0 (compatible; SemrushBot/7~bl; +http://www.semrush.com/bot.html)"
74.7.227.147 - - [12/Aug/2026:05:15:20 -0400] "GET /2026/01/30/friday-casino-bono-sin-dep%C3%B3sito-50-giros-gratis-2026/ HTTP/1.1" 200 46365 "http://casavalle.vsptdigital.cl" "Mozilla/5.0 AppleWebKit/537.36 (KHTML, like Gecko; compatible; GPTBot/1.4; +https://openai.com/gptbot)"
200.10.35.27 - - [12/Aug/2026:05:15:46 -0400] "GET /2026/05/14/wie-spielt-man-im-jahr-2026-in-den-spielbanken-um-echtgeld/ HTTP/1.1" 200 46081 "https://casavalle.vsptdigital.cl/" "Mozilla/5.0 (Macintosh; Intel Mac OS X 10_15_7) AppleWebKit/537.36 (KHTML, like Gecko) obsidian/1.6.5 Chrome/124.0.6367.243 Electron/30.1.2 Safari/537.36"
185.191.171.11 - - [12/Aug/2026:05:15:50 -0400] "GET /2026/01/30/casino-online-inpay-espa%C3%B1a/ HTTP/1.1" 200 45831 "-" "Mozilla/5.0 (compatible; SemrushBot/7~bl; +http://www.semrush.com/bot.html)"
185.191.171.14 - - [12/Aug/2026:05:16:54 -0400] "GET /robots.txt HTTP/1.1" 200 148 "-" "Mozilla/5.0 (compatible; SemrushBot/7~bl; +http://www.semrush.com/bot.html)"
74.7.227.147 - - [12/Aug/2026:05:16:22 -0400] "GET /2026/07/15/bcn-casino-bono-sin-dep%C3%B3sito-50-giros-gratis-2026/ HTTP/1.1" 200 47274 "https://casavalle.vsptdigital.cl/?feed=xmlsitemap1711" "Mozilla/5.0 AppleWebKit/537.36 (KHTML, like Gecko; compatible; GPTBot/1.4; +https://openai.com/gptbot)"
85.208.96.197 - - [12/Aug/2026:05:16:32 -0400] "GET /2026/01/30/coinkings-casino-codigo-promocional-y-bonus-code-2026/ HTTP/1.1" 200 46937 "-" "Mozilla/5.0 (compatible; SemrushBot/7~bl; +http://www.semrush.com/bot.html)"
130.254.112.73 - - [12/Aug/2026:05:17:15 -0400] "GET /2026/07/26/logiciel-d-aide-a-la-roulette-pour-ios-en-2026/ HTTP/1.1" 200 47273 "https://casavalle.vsptdigital.cl/" "Mozilla/5.0 (Windows NT 10.0; Win64; x64) AppleWebKit/537.36 (KHTML, like Gecko) Chrome/146.0.0.0 Safari/537.36 Edg/146.0.0.0"
196.242.47.204 - - [12/Aug/2026:05:16:51 -0400] "GET /2026/07/04/cual-es-el-mejor-casino-en-linea-de-espana/ HTTP/1.1" 200 46528 "https://casavalle.vsptdigital.cl/" "Mozilla/5.0 (Windows NT 10.0; Win64; x64) AppleWebKit/537.36 (KHTML, like Gecko) Chrome/114.0.0.0 YaBrowser/22.7.0 Yowser/2.5 Safari/537.36"
196.242.47.204 - - [12/Aug/2026:05:17:34 -0400] "GET /2026/07/04/cual-es-el-mejor-casino-en-linea-de-espana/ HTTP/1.1" 200 46528 "https://casavalle.vsptdigital.cl/2026/07/04/cual-es-el-mejor-casino-en-linea-de-espana/" "Mozilla/5.0 (Windows NT 10.0; Win64; x64) AppleWebKit/537.36 (KHTML, like Gecko) Chrome/114.0.0.0 YaBrowser/22.7.0 Yowser/2.5 Safari/537.36"
85.208.96.199 - - [12/Aug/2026:05:17:13 -0400] "GET /2026/01/30/que-es-juego-de-azar/ HTTP/1.1" 200 45829 "-" "Mozilla/5.0 (compatible; SemrushBot/7~bl; +http://www.semrush.com/bot.html)"
74.7.227.147 - - [12/Aug/2026:05:17:22 -0400] "GET /2026/01/30/alipay-casino-bono-sin-dep%C3%B3sito-50-giros-gratis-2026/ HTTP/1.1" 200 46889 "http://casavalle.vsptdigital.cl" "Mozilla/5.0 AppleWebKit/537.36 (KHTML, like Gecko; compatible; GPTBot/1.4; +https://openai.com/gptbot)"
185.191.171.10 - - [12/Aug/2026:05:17:55 -0400] "GET /2026/01/30/jugador-de-casino-profesional/ HTTP/1.1" 200 45717 "-" "Mozilla/5.0 (compatible; SemrushBot/7~bl; +http://www.semrush.com/bot.html)"
74.7.227.147 - - [12/Aug/2026:05:18:25 -0400] "GET /2026/01/30/fortuna-casino-bono-sin-dep%C3%B3sito-50-giros-gratis-2026/ HTTP/1.1" 200 46815 "http://casavalle.vsptdigital.cl" "Mozilla/5.0 AppleWebKit/537.36 (KHTML, like Gecko; compatible; GPTBot/1.4; +https://openai.com/gptbot)"
185.191.171.2 - - [12/Aug/2026:05:18:41 -0400] "GET /2026/01/30/ganar-dinero-tragaperras/ HTTP/1.1" 200 46681 "-" "Mozilla/5.0 (compatible; SemrushBot/7~bl; +http://www.semrush.com/bot.html)"
85.208.96.211 - - [12/Aug/2026:05:19:23 -0400] "GET /2026/01/30/casino-online-pugglepay-espa%C3%B1a/ HTTP/1.1" 200 46873 "-" "Mozilla/5.0 (compatible; SemrushBot/7~bl; +http://www.semrush.com/bot.html)"
74.7.227.147 - - [12/Aug/2026:05:19:27 -0400] "GET /2026/01/30/casinos-sin-verificaci%C3%B3n/ HTTP/1.1" 200 46686 "http://casavalle.vsptdigital.cl" "Mozilla/5.0 AppleWebKit/537.36 (KHTML, like Gecko; compatible; GPTBot/1.4; +https://openai.com/gptbot)"
85.208.96.211 - - [12/Aug/2026:05:20:09 -0400] "GET /2026/07/15/pokerstars-casino-codigo-promocional-y-bonus-code/ HTTP/1.1" 200 47526 "-" "Mozilla/5.0 (compatible; SemrushBot/7~bl; +http://www.semrush.com/bot.html)"
74.7.227.147 - - [12/Aug/2026:05:20:30 -0400] "GET /2026/07/15/juego-de-ruleta-en-espa%C3%B1ol-gratis/ HTTP/1.1" 200 45954 "https://casavalle.vsptdigital.cl/?feed=xmlsitemap1711" "Mozilla/5.0 AppleWebKit/537.36 (KHTML, like Gecko; compatible; GPTBot/1.4; +https://openai.com/gptbot)"
185.191.171.2 - - [12/Aug/2026:05:20:51 -0400] "GET /2026/01/30/que-juego-de-casino-online-tiene-m%C3%A1s-probabilidades/ HTTP/1.1" 200 47223 "-" "Mozilla/5.0 (compatible; SemrushBot/7~bl; +http://www.semrush.com/bot.html)"
185.191.171.9 - - [12/Aug/2026:05:21:32 -0400] "GET /2026/01/30/hay-casino-en-cancun/ HTTP/1.1" 200 46906 "-" "Mozilla/5.0 (compatible; SemrushBot/7~bl; +http://www.semrush.com/bot.html)"
74.7.227.147 - - [12/Aug/2026:05:21:33 -0400] "GET /2026/01/30/m%C3%A1quinas-de-azar/ HTTP/1.1" 200 47501 "http://casavalle.vsptdigital.cl" "Mozilla/5.0 AppleWebKit/537.36 (KHTML, like Gecko; compatible; GPTBot/1.4; +https://openai.com/gptbot)"
74.7.227.147 - - [12/Aug/2026:05:22:34 -0400] "GET /?p=13693 HTTP/1.1" 301 - "https://casavalle.vsptdigital.cl/2026/01/30/green-casino-bono-sin-dep%C3%B3sito-50-giros-gratis-2026/" "Mozilla/5.0 AppleWebKit/537.36 (KHTML, like Gecko; compatible; GPTBot/1.4; +https://openai.com/gptbot)"
185.191.171.13 - - [12/Aug/2026:05:22:20 -0400] "GET /2026/01/30/entrenador-de-blackjack/ HTTP/1.1" 200 46393 "-" "Mozilla/5.0 (compatible; SemrushBot/7~bl; +http://www.semrush.com/bot.html)"
104.207.32.126 - - [12/Aug/2026:05:23:31 -0400] "GET /2026/07/04/cual-es-el-mejor-casino-en-linea-de-espana/ HTTP/1.1" 200 46528 "https://casavalle.vsptdigital.cl/" "Mozilla/5.0 (Windows NT 10.0; Win64; x64) AppleWebKit/537.36 (KHTML, like Gecko) Chrome/120.0.0.0 Safari/537.36"
104.207.32.126 - - [12/Aug/2026:05:23:33 -0400] "GET /2026/07/04/cual-es-el-mejor-casino-en-linea-de-espana/ HTTP/1.1" 200 46528 "https://casavalle.vsptdigital.cl/2026/07/04/cual-es-el-mejor-casino-en-linea-de-espana/" "Mozilla/5.0 (Windows NT 10.0; Win64; x64) AppleWebKit/537.36 (KHTML, like Gecko) Chrome/120.0.0.0 Safari/537.36"
74.7.227.147 - - [12/Aug/2026:05:23:39 -0400] "GET /?p=9721 HTTP/1.1" 301 - "https://casavalle.vsptdigital.cl/2026/01/30/green-casino-bono-sin-dep%C3%B3sito-50-giros-gratis-2026/" "Mozilla/5.0 AppleWebKit/537.36 (KHTML, like Gecko; compatible; GPTBot/1.4; +https://openai.com/gptbot)"
50.6.160.37 - - [12/Aug/2026:05:23:39 -0400] "GET /wp-login.php HTTP/1.1" 301 - "-" "Mozilla/5.0 (Windows NT 10.0; Win64; x64) AppleWebKit/537.36 (KHTML, like Gecko) Chrome/133.0.0.0 Safari/537.36"
209.50.189.142 - - [12/Aug/2026:05:23:00 -0400] "GET /2026/07/04/cual-es-el-mejor-casino-en-linea-de-espana/ HTTP/1.1" 200 46528 "https://casavalle.vsptdigital.cl/" "Mozilla/5.0 (Windows NT 10.0; Win64; x64) AppleWebKit/537.36 (KHTML, like Gecko) Chrome/120.0.0.0 Safari/537.36"
85.208.96.210 - - [12/Aug/2026:05:23:02 -0400] "GET /2026/01/30/bellis-casino-codigo-promocional-y-bonus-code/ HTTP/1.1" 200 46993 "-" "Mozilla/5.0 (compatible; SemrushBot/7~bl; +http://www.semrush.com/bot.html)"
85.208.96.198 - - [12/Aug/2026:05:23:48 -0400] "GET /2026/01/30/como-jugar-para-ganar-en-el-casino-online/ HTTP/1.1" 200 46597 "-" "Mozilla/5.0 (compatible; SemrushBot/7~bl; +http://www.semrush.com/bot.html)"
50.6.160.37 - - [12/Aug/2026:05:23:49 -0400] "GET /wp-json/wp/v2/users/me HTTP/1.1" 401 88 "-" "Mozilla/5.0 (Windows NT 10.0; Win64; x64) AppleWebKit/537.36 (KHTML, like Gecko) Chrome/133.0.0.0 Safari/537.36"
185.191.171.13 - - [12/Aug/2026:05:23:51 -0400] "GET /2026/01/30/jugar-double-play-superbet-hq-gratis/ HTTP/1.1" 200 47248 "-" "Mozilla/5.0 (compatible; SemrushBot/7~bl; +http://www.semrush.com/bot.html)"
204.48.20.184 - - [12/Aug/2026:05:24:04 -0400] "GET / HTTP/1.1" 200 67650 "-" "Mozilla/5.0 (X11; Linux x86_64; rv:142.0) Gecko/20100101 Firefox/142.0"
156.246.151.67 - - [12/Aug/2026:05:23:21 -0400] "GET / HTTP/1.1" 200 190 "-" "Mozilla/5.0 (X11; Linux x86_64) AppleWebKit/537.36 (KHTML, like Gecko) Chrome/143.0.0.0 Safari/537.36"
138.16.138.2 - - [12/Aug/2026:05:24:06 -0400] "GET / HTTP/1.1" 200 190 "-" "Mozilla/5.0 (X11; Linux x86_64) AppleWebKit/537.36 (KHTML, like Gecko) Chrome/143.0.0.0 Safari/537.36"
204.48.20.184 - - [12/Aug/2026:05:24:08 -0400] "GET /wp-content/uploads/2022/05/cropped-logo_landing_-casa-valle-32x32.png HTTP/1.1" 200 728 "https://casavalle.vsptdigital.cl/" "Mozilla/5.0 (X11; Linux x86_64; rv:142.0) Gecko/20100101 Firefox/142.0"
138.16.33.90 - - [12/Aug/2026:05:23:39 -0400] "GET / HTTP/1.1" 200 190 "-" "Mozilla/5.0 (X11; Linux x86_64) AppleWebKit/537.36 (KHTML, like Gecko) Chrome/143.0.0.0 Safari/537.36"
74.7.227.147 - - [12/Aug/2026:05:23:39 -0400] "GET /2026/01/30/monopoly-casino-bono-sin-dep%C3%B3sito-50-giros-gratis-2026/ HTTP/1.1" 200 46384 "https://casavalle.vsptdigital.cl/?p=9721" "Mozilla/5.0 AppleWebKit/537.36 (KHTML, like Gecko; compatible; GPTBot/1.4; +https://openai.com/gptbot)"
186.243.225.31 - - [12/Aug/2026:05:23:51 -0400] "GET / HTTP/1.1" 200 190 "-" "Mozilla/5.0 (X11; Linux x86_64) AppleWebKit/537.36 (KHTML, like Gecko) Chrome/143.0.0.0 Safari/537.36"
85.208.96.196 - - [12/Aug/2026:05:23:55 -0400] "GET /2026/01/30/casino-con-ruleta-juego/ HTTP/1.1" 200 47444 "-" "Mozilla/5.0 (compatible; SemrushBot/7~bl; +http://www.semrush.com/bot.html)"
74.7.227.147 - - [12/Aug/2026:05:24:37 -0400] "GET /2026/01/30/nano-casino-bono-sin-dep%C3%B3sito-50-giros-gratis-2026/ HTTP/1.1" 200 47141 "http://casavalle.vsptdigital.cl" "Mozilla/5.0 AppleWebKit/537.36 (KHTML, like Gecko; compatible; GPTBot/1.4; +https://openai.com/gptbot)"
156.246.151.67 - - [12/Aug/2026:05:24:20 -0400] "GET / HTTP/1.1" 200 153 "-" "Mozilla/5.0 (X11; Linux x86_64) AppleWebKit/537.36 (KHTML, like Gecko) Chrome/143.0.0.0 Safari/537.36"
186.243.225.31 - - [12/Aug/2026:05:24:35 -0400] "GET / HTTP/1.1" 200 153 "-" "Mozilla/5.0 (X11; Linux x86_64) AppleWebKit/537.36 (KHTML, like Gecko) Chrome/143.0.0.0 Safari/537.36"
185.191.171.13 - - [12/Aug/2026:05:24:36 -0400] "GET /2026/01/30/como-vivir-de-las-tragaperras/ HTTP/1.1" 200 46317 "-" "Mozilla/5.0 (compatible; SemrushBot/7~bl; +http://www.semrush.com/bot.html)"
154.209.133.105 - - [12/Aug/2026:05:25:22 -0400] "GET / HTTP/1.1" 200 153 "-" "Mozilla/5.0 (X11; Linux x86_64) AppleWebKit/537.36 (KHTML, like Gecko) Chrome/143.0.0.0 Safari/537.36"
138.16.33.90 - - [12/Aug/2026:05:24:50 -0400] "GET / HTTP/1.1" 200 153 "-" "Mozilla/5.0 (X11; Linux x86_64) AppleWebKit/537.36 (KHTML, like Gecko) Chrome/143.0.0.0 Safari/537.36"
138.16.33.90 - - [12/Aug/2026:05:25:07 -0400] "GET / HTTP/1.1" 200 153 "-" "Mozilla/5.0 (X11; Linux x86_64) AppleWebKit/537.36 (KHTML, like Gecko) Chrome/143.0.0.0 Safari/537.36"
154.195.154.243 - - [12/Aug/2026:05:25:22 -0400] "GET / HTTP/1.1" 200 170 "-" "Mozilla/5.0 (X11; Linux x86_64) AppleWebKit/537.36 (KHTML, like Gecko) Chrome/143.0.0.0 Safari/537.36"
85.208.96.211 - - [12/Aug/2026:05:25:18 -0400] "GET /2026/07/15/casinos-benidorm/ HTTP/1.1" 200 47214 "-" "Mozilla/5.0 (compatible; SemrushBot/7~bl; +http://www.semrush.com/bot.html)"
186.246.89.28 - - [12/Aug/2026:05:25:38 -0400] "GET / HTTP/1.1" 200 170 "-" "Mozilla/5.0 (X11; Linux x86_64) AppleWebKit/537.36 (KHTML, like Gecko) Chrome/143.0.0.0 Safari/537.36"
74.7.227.147 - - [12/Aug/2026:05:25:39 -0400] "GET /2026/01/30/saona-casino-bono-sin-dep%C3%B3sito-50-giros-gratis-2026/ HTTP/1.1" 200 47103 "http://casavalle.vsptdigital.cl" "Mozilla/5.0 AppleWebKit/537.36 (KHTML, like Gecko; compatible; GPTBot/1.4; +https://openai.com/gptbot)"
156.246.151.67 - - [12/Aug/2026:05:25:55 -0400] "GET / HTTP/1.1" 200 170 "-" "Mozilla/5.0 (X11; Linux x86_64) AppleWebKit/537.36 (KHTML, like Gecko) Chrome/143.0.0.0 Safari/537.36"
185.191.171.11 - - [12/Aug/2026:05:26:05 -0400] "GET /2026/01/30/hotbet-casino-codigo-promocional-y-bonus-code-2026/ HTTP/1.1" 200 46626 "-" "Mozilla/5.0 (compatible; SemrushBot/7~bl; +http://www.semrush.com/bot.html)"
186.243.154.41 - - [12/Aug/2026:05:26:11 -0400] "GET / HTTP/1.1" 200 170 "-" "Mozilla/5.0 (X11; Linux x86_64) AppleWebKit/537.36 (KHTML, like Gecko) Chrome/143.0.0.0 Safari/537.36"
162.240.102.228 - - [12/Aug/2026:05:26:55 -0400] "GET /wp-login.php HTTP/1.1" 301 - "-" "Mozilla/5.0 (Windows NT 10.0; Win64; x64) AppleWebKit/537.36 (KHTML, like Gecko) Chrome/133.0.0.0 Safari/537.36"
162.240.102.228 - - [12/Aug/2026:05:26:57 -0400] "GET /wp-login.php HTTP/1.1" 302 - "https://www.casavalle.vsptdigital.cl/wp-login.php" "Mozilla/5.0 (Windows NT 10.0; Win64; x64) AppleWebKit/537.36 (KHTML, like Gecko) Chrome/133.0.0.0 Safari/537.36"
162.240.102.228 - - [12/Aug/2026:05:26:58 -0400] "GET /wp-login.php HTTP/1.1" 302 - "https://www.casavalle.vsptdigital.cl/wp-login.php" "Mozilla/5.0 (Windows NT 10.0; Win64; x64) AppleWebKit/537.36 (KHTML, like Gecko) Chrome/133.0.0.0 Safari/537.36"
162.240.102.228 - - [12/Aug/2026:05:26:58 -0400] "GET /wp-login.php HTTP/1.1" 302 - "https://www.casavalle.vsptdigital.cl/wp-login.php" "Mozilla/5.0 (Windows NT 10.0; Win64; x64) AppleWebKit/537.36 (KHTML, like Gecko) Chrome/133.0.0.0 Safari/537.36"
162.240.102.228 - - [12/Aug/2026:05:26:59 -0400] "GET /wp-login.php HTTP/1.1" 302 - "https://www.casavalle.vsptdigital.cl/wp-login.php" "Mozilla/5.0 (Windows NT 10.0; Win64; x64) AppleWebKit/537.36 (KHTML, like Gecko) Chrome/133.0.0.0 Safari/537.36"
162.240.102.228 - - [12/Aug/2026:05:26:59 -0400] "GET /wp-login.php HTTP/1.1" 302 - "https://www.casavalle.vsptdigital.cl/wp-login.php" "Mozilla/5.0 (Windows NT 10.0; Win64; x64) AppleWebKit/537.36 (KHTML, like Gecko) Chrome/133.0.0.0 Safari/537.36"
162.240.102.228 - - [12/Aug/2026:05:27:00 -0400] "GET /wp-login.php HTTP/1.1" 302 - "https://www.casavalle.vsptdigital.cl/wp-login.php" "Mozilla/5.0 (Windows NT 10.0; Win64; x64) AppleWebKit/537.36 (KHTML, like Gecko) Chrome/133.0.0.0 Safari/537.36"
162.240.102.228 - - [12/Aug/2026:05:27:00 -0400] "GET /wp-login.php HTTP/1.1" 302 - "https://www.casavalle.vsptdigital.cl/wp-login.php" "Mozilla/5.0 (Windows NT 10.0; Win64; x64) AppleWebKit/537.36 (KHTML, like Gecko) Chrome/133.0.0.0 Safari/537.36"
162.240.102.228 - - [12/Aug/2026:05:27:01 -0400] "GET /wp-login.php HTTP/1.1" 302 - "https://www.casavalle.vsptdigital.cl/wp-login.php" "Mozilla/5.0 (Windows NT 10.0; Win64; x64) AppleWebKit/537.36 (KHTML, like Gecko) Chrome/133.0.0.0 Safari/537.36"
162.240.102.228 - - [12/Aug/2026:05:27:01 -0400] "GET /wp-login.php HTTP/1.1" 302 - "https://www.casavalle.vsptdigital.cl/wp-login.php" "Mozilla/5.0 (Windows NT 10.0; Win64; x64) AppleWebKit/537.36 (KHTML, like Gecko) Chrome/133.0.0.0 Safari/537.36"
154.195.154.243 - - [12/Aug/2026:05:26:22 -0400] "GET / HTTP/1.1" 200 154 "-" "Mozilla/5.0 (X11; Linux x86_64) AppleWebKit/537.36 (KHTML, like Gecko) Chrome/143.0.0.0 Safari/537.36"
162.240.102.228 - - [12/Aug/2026:05:27:02 -0400] "GET /wp-json/wp/v2/users/me HTTP/1.1" 401 88 "-" "Mozilla/5.0 (Windows NT 10.0; Win64; x64) AppleWebKit/537.36 (KHTML, like Gecko) Chrome/133.0.0.0 Safari/537.36"
156.246.151.67 - - [12/Aug/2026:05:26:25 -0400] "GET / HTTP/1.1" 200 170 "-" "Mozilla/5.0 (X11; Linux x86_64) AppleWebKit/537.36 (KHTML, like Gecko) Chrome/143.0.0.0 Safari/537.36"
138.16.138.2 - - [12/Aug/2026:05:26:37 -0400] "GET / HTTP/1.1" 200 154 "-" "Mozilla/5.0 (X11; Linux x86_64) AppleWebKit/537.36 (KHTML, like Gecko) Chrome/143.0.0.0 Safari/537.36"
74.7.227.147 - - [12/Aug/2026:05:26:37 -0400] "GET /2026/01/30/casino-en-vivo/ HTTP/1.1" 200 47062 "http://casavalle.vsptdigital.cl" "Mozilla/5.0 AppleWebKit/537.36 (KHTML, like Gecko; compatible; GPTBot/1.4; +https://openai.com/gptbot)"
138.16.138.2 - - [12/Aug/2026:05:26:40 -0400] "GET / HTTP/1.1" 200 170 "-" "Mozilla/5.0 (X11; Linux x86_64) AppleWebKit/537.36 (KHTML, like Gecko) Chrome/143.0.0.0 Safari/537.36"
85.208.96.204 - - [12/Aug/2026:05:26:47 -0400] "GET /2026/01/30/jugar-al-21-cartas/ HTTP/1.1" 200 47500 "-" "Mozilla/5.0 (compatible; SemrushBot/7~bl; +http://www.semrush.com/bot.html)"
186.243.225.31 - - [12/Aug/2026:05:26:52 -0400] "GET / HTTP/1.1" 200 154 "-" "Mozilla/5.0 (X11; Linux x86_64) AppleWebKit/537.36 (KHTML, like Gecko) Chrome/143.0.0.0 Safari/537.36"
186.246.89.28 - - [12/Aug/2026:05:26:56 -0400] "GET / HTTP/1.1" 200 170 "-" "Mozilla/5.0 (X11; Linux x86_64) AppleWebKit/537.36 (KHTML, like Gecko) Chrome/143.0.0.0 Safari/537.36"
186.243.154.41 - - [12/Aug/2026:05:27:41 -0400] "GET / HTTP/1.1" 200 170 "-" "Mozilla/5.0 (X11; Linux x86_64) AppleWebKit/537.36 (KHTML, like Gecko) Chrome/143.0.0.0 Safari/537.36"
154.209.133.105 - - [12/Aug/2026:05:27:07 -0400] "GET / HTTP/1.1" 200 154 "-" "Mozilla/5.0 (X11; Linux x86_64) AppleWebKit/537.36 (KHTML, like Gecko) Chrome/143.0.0.0 Safari/537.36"
156.246.151.67 - - [12/Aug/2026:05:27:11 -0400] "GET / HTTP/1.1" 200 170 "-" "Mozilla/5.0 (X11; Linux x86_64) AppleWebKit/537.36 (KHTML, like Gecko) Chrome/143.0.0.0 Safari/537.36"
154.195.154.243 - - [12/Aug/2026:05:27:22 -0400] "GET / HTTP/1.1" 200 154 "-" "Mozilla/5.0 (X11; Linux x86_64) AppleWebKit/537.36 (KHTML, like Gecko) Chrome/143.0.0.0 Safari/537.36"
186.246.89.28 - - [12/Aug/2026:05:27:22 -0400] "GET / HTTP/1.1" 200 155 "-" "Mozilla/5.0 (X11; Linux x86_64) AppleWebKit/537.36 (KHTML, like Gecko) Chrome/143.0.0.0 Safari/537.36"
94.143.224.41 - - [12/Aug/2026:05:27:28 -0400] "GET / HTTP/1.1" 200 170 "-" "Mozilla/5.0 (X11; Linux x86_64) AppleWebKit/537.36 (KHTML, like Gecko) Chrome/143.0.0.0 Safari/537.36"
185.191.171.7 - - [12/Aug/2026:05:27:29 -0400] "GET /2026/01/30/casino-%C3%A0-fuerteventura/ HTTP/1.1" 200 46724 "-" "Mozilla/5.0 (compatible; SemrushBot/7~bl; +http://www.semrush.com/bot.html)"
212.112.19.169 - - [12/Aug/2026:05:28:15 -0400] "GET /2026/07/26/bonus-rejestracyjny-bez-wymaganego-depozytu-w-kasynie/ HTTP/1.1" 200 45731 "https://casavalle.vsptdigital.cl/" "Mozilla/5.0 (Windows NT 10.0; Win64; x64) AppleWebKit/537.36 (KHTML, like Gecko) Chrome/132.0.0.0 Safari/537.36 OPR/117.0.0.0"
186.243.225.31 - - [12/Aug/2026:05:27:37 -0400] "GET / HTTP/1.1" 200 154 "-" "Mozilla/5.0 (X11; Linux x86_64) AppleWebKit/537.36 (KHTML, like Gecko) Chrome/143.0.0.0 Safari/537.36"
138.16.33.90 - - [12/Aug/2026:05:27:37 -0400] "GET / HTTP/1.1" 200 155 "-" "Mozilla/5.0 (X11; Linux x86_64) AppleWebKit/537.36 (KHTML, like Gecko) Chrome/143.0.0.0 Safari/537.36"
74.7.227.147 - - [12/Aug/2026:05:27:40 -0400] "GET /2026/01/30/casinos-en-neza/ HTTP/1.1" 200 46426 "http://casavalle.vsptdigital.cl" "Mozilla/5.0 AppleWebKit/537.36 (KHTML, like Gecko; compatible; GPTBot/1.4; +https://openai.com/gptbot)"
94.143.224.41 - - [12/Aug/2026:05:27:52 -0400] "GET / HTTP/1.1" 200 154 "-" "Mozilla/5.0 (X11; Linux x86_64) AppleWebKit/537.36 (KHTML, like Gecko) Chrome/143.0.0.0 Safari/537.36"
154.195.154.243 - - [12/Aug/2026:05:27:52 -0400] "GET / HTTP/1.1" 200 155 "-" "Mozilla/5.0 (X11; Linux x86_64) AppleWebKit/537.36 (KHTML, like Gecko) Chrome/143.0.0.0 Safari/537.36"
186.246.89.28 - - [12/Aug/2026:05:28:07 -0400] "GET / HTTP/1.1" 200 154 "-" "Mozilla/5.0 (X11; Linux x86_64) AppleWebKit/537.36 (KHTML, like Gecko) Chrome/143.0.0.0 Safari/537.36"
94.143.224.41 - - [12/Aug/2026:05:28:07 -0400] "GET / HTTP/1.1" 200 155 "-" "Mozilla/5.0 (X11; Linux x86_64) AppleWebKit/537.36 (KHTML, like Gecko) Chrome/143.0.0.0 Safari/537.36"
85.208.96.197 - - [12/Aug/2026:05:28:12 -0400] "GET /2026/01/30/como-jugar-al-baccarat/ HTTP/1.1" 200 46669 "-" "Mozilla/5.0 (compatible; SemrushBot/7~bl; +http://www.semrush.com/bot.html)"
94.143.224.41 - - [12/Aug/2026:05:28:22 -0400] "GET / HTTP/1.1" 200 154 "-" "Mozilla/5.0 (X11; Linux x86_64) AppleWebKit/537.36 (KHTML, like Gecko) Chrome/143.0.0.0 Safari/537.36"
186.243.225.31 - - [12/Aug/2026:05:28:23 -0400] "GET / HTTP/1.1" 200 155 "-" "Mozilla/5.0 (X11; Linux x86_64) AppleWebKit/537.36 (KHTML, like Gecko) Chrome/143.0.0.0 Safari/537.36"
94.143.224.41 - - [12/Aug/2026:05:28:37 -0400] "GET / HTTP/1.1" 200 154 "-" "Mozilla/5.0 (X11; Linux x86_64) AppleWebKit/537.36 (KHTML, like Gecko) Chrome/143.0.0.0 Safari/537.36"
154.195.154.243 - - [12/Aug/2026:05:28:38 -0400] "GET / HTTP/1.1" 200 155 "-" "Mozilla/5.0 (X11; Linux x86_64) AppleWebKit/537.36 (KHTML, like Gecko) Chrome/143.0.0.0 Safari/537.36"
74.7.227.147 - - [12/Aug/2026:05:28:40 -0400] "GET /2026/01/30/m%C3%A1quina-ruleta-electr%C3%B3nica-precio/ HTTP/1.1" 200 47554 "http://casavalle.vsptdigital.cl" "Mozilla/5.0 AppleWebKit/537.36 (KHTML, like Gecko; compatible; GPTBot/1.4; +https://openai.com/gptbot)"
154.195.154.243 - - [12/Aug/2026:05:28:53 -0400] "GET / HTTP/1.1" 200 155 "-" "Mozilla/5.0 (X11; Linux x86_64) AppleWebKit/537.36 (KHTML, like Gecko) Chrome/143.0.0.0 Safari/537.36"
85.208.96.200 - - [12/Aug/2026:05:28:53 -0400] "GET /2026/01/30/tragaperras-online-cats/ HTTP/1.1" 200 46912 "-" "Mozilla/5.0 (compatible; SemrushBot/7~bl; +http://www.semrush.com/bot.html)"
186.246.89.28 - - [12/Aug/2026:05:29:10 -0400] "GET / HTTP/1.1" 200 155 "-" "Mozilla/5.0 (X11; Linux x86_64) AppleWebKit/537.36 (KHTML, like Gecko) Chrome/143.0.0.0 Safari/537.36"
186.243.225.31 - - [12/Aug/2026:05:29:23 -0400] "GET / HTTP/1.1" 200 155 "-" "Mozilla/5.0 (X11; Linux x86_64) AppleWebKit/537.36 (KHTML, like Gecko) Chrome/143.0.0.0 Safari/537.36"
85.208.96.196 - - [12/Aug/2026:05:29:35 -0400] "GET /2026/01/30/ruleta-de-numeros-del-1-al-27/ HTTP/1.1" 200 47019 "-" "Mozilla/5.0 (compatible; SemrushBot/7~bl; +http://www.semrush.com/bot.html)"
138.16.33.90 - - [12/Aug/2026:05:29:38 -0400] "GET / HTTP/1.1" 200 155 "-" "Mozilla/5.0 (X11; Linux x86_64) AppleWebKit/537.36 (KHTML, like Gecko) Chrome/143.0.0.0 Safari/537.36"
74.7.227.147 - - [12/Aug/2026:05:29:45 -0400] "GET /2026/01/30/nuevos-casinos-espa%C3%B1oles/ HTTP/1.1" 200 46821 "http://casavalle.vsptdigital.cl" "Mozilla/5.0 AppleWebKit/537.36 (KHTML, like Gecko; compatible; GPTBot/1.4; +https://openai.com/gptbot)"
185.191.171.13 - - [12/Aug/2026:05:30:16 -0400] "GET /2026/01/30/como-ganar-mucho-en-la-ruleta/ HTTP/1.1" 200 46328 "-" "Mozilla/5.0 (compatible; SemrushBot/7~bl; +http://www.semrush.com/bot.html)"
70.40.220.123 - - [12/Aug/2026:05:31:29 -0400] "GET /wp-login.php HTTP/1.1" 302 - "-" "Mozilla/5.0 (Windows NT 10.0; Win64; x64) AppleWebKit/537.36 (KHTML, like Gecko) Chrome/133.0.0.0 Safari/537.36"
70.40.220.123 - - [12/Aug/2026:05:31:31 -0400] "GET /wp-login.php HTTP/1.1" 302 - "https://casavalle.vsptdigital.cl/wp-login.php" "Mozilla/5.0 (Windows NT 10.0; Win64; x64) AppleWebKit/537.36 (KHTML, like Gecko) Chrome/133.0.0.0 Safari/537.36"
70.40.220.123 - - [12/Aug/2026:05:31:32 -0400] "GET /wp-login.php HTTP/1.1" 302 - "https://casavalle.vsptdigital.cl/wp-login.php" "Mozilla/5.0 (Windows NT 10.0; Win64; x64) AppleWebKit/537.36 (KHTML, like Gecko) Chrome/133.0.0.0 Safari/537.36"
70.40.220.123 - - [12/Aug/2026:05:31:32 -0400] "GET /wp-login.php HTTP/1.1" 302 - "https://casavalle.vsptdigital.cl/wp-login.php" "Mozilla/5.0 (Windows NT 10.0; Win64; x64) AppleWebKit/537.36 (KHTML, like Gecko) Chrome/133.0.0.0 Safari/537.36"
70.40.220.123 - - [12/Aug/2026:05:31:33 -0400] "GET /wp-login.php HTTP/1.1" 302 - "https://casavalle.vsptdigital.cl/wp-login.php" "Mozilla/5.0 (Windows NT 10.0; Win64; x64) AppleWebKit/537.36 (KHTML, like Gecko) Chrome/133.0.0.0 Safari/537.36"
70.40.220.123 - - [12/Aug/2026:05:31:33 -0400] "GET /wp-login.php HTTP/1.1" 302 - "https://casavalle.vsptdigital.cl/wp-login.php" "Mozilla/5.0 (Windows NT 10.0; Win64; x64) AppleWebKit/537.36 (KHTML, like Gecko) Chrome/133.0.0.0 Safari/537.36"
70.40.220.123 - - [12/Aug/2026:05:31:34 -0400] "GET /wp-login.php HTTP/1.1" 302 - "https://casavalle.vsptdigital.cl/wp-login.php" "Mozilla/5.0 (Windows NT 10.0; Win64; x64) AppleWebKit/537.36 (KHTML, like Gecko) Chrome/133.0.0.0 Safari/537.36"
70.40.220.123 - - [12/Aug/2026:05:31:34 -0400] "GET /wp-login.php HTTP/1.1" 302 - "https://casavalle.vsptdigital.cl/wp-login.php" "Mozilla/5.0 (Windows NT 10.0; Win64; x64) AppleWebKit/537.36 (KHTML, like Gecko) Chrome/133.0.0.0 Safari/537.36"
70.40.220.123 - - [12/Aug/2026:05:31:34 -0400] "GET /wp-login.php HTTP/1.1" 302 - "https://casavalle.vsptdigital.cl/wp-login.php" "Mozilla/5.0 (Windows NT 10.0; Win64; x64) AppleWebKit/537.36 (KHTML, like Gecko) Chrome/133.0.0.0 Safari/537.36"
70.40.220.123 - - [12/Aug/2026:05:31:35 -0400] "GET /wp-login.php HTTP/1.1" 302 - "https://casavalle.vsptdigital.cl/wp-login.php" "Mozilla/5.0 (Windows NT 10.0; Win64; x64) AppleWebKit/537.36 (KHTML, like Gecko) Chrome/133.0.0.0 Safari/537.36"
74.7.227.147 - - [12/Aug/2026:05:30:50 -0400] "GET /2026/01/30/betmaximus-casino-bono-sin-dep%C3%B3sito-50-giros-gratis-2026/ HTTP/1.1" 200 46678 "http://casavalle.vsptdigital.cl" "Mozilla/5.0 AppleWebKit/537.36 (KHTML, like Gecko; compatible; GPTBot/1.4; +https://openai.com/gptbot)"
70.40.220.123 - - [12/Aug/2026:05:31:36 -0400] "GET /wp-json/wp/v2/users/me HTTP/1.1" 401 88 "-" "Mozilla/5.0 (Windows NT 10.0; Win64; x64) AppleWebKit/537.36 (KHTML, like Gecko) Chrome/133.0.0.0 Safari/537.36"
185.191.171.18 - - [12/Aug/2026:05:30:58 -0400] "GET /2026/01/30/jugar-cleopatra-18-gratis/ HTTP/1.1" 200 47428 "-" "Mozilla/5.0 (compatible; SemrushBot/7~bl; +http://www.semrush.com/bot.html)"
85.208.96.194 - - [12/Aug/2026:05:31:40 -0400] "GET /2026/01/30/minijuegos-de-casino/ HTTP/1.1" 200 45850 "-" "Mozilla/5.0 (compatible; SemrushBot/7~bl; +http://www.semrush.com/bot.html)"
74.7.227.147 - - [12/Aug/2026:05:31:55 -0400] "GET /2026/01/30/vilafranca-casino-bono-sin-dep%C3%B3sito-50-giros-gratis-2026/ HTTP/1.1" 200 47340 "http://casavalle.vsptdigital.cl" "Mozilla/5.0 AppleWebKit/537.36 (KHTML, like Gecko; compatible; GPTBot/1.4; +https://openai.com/gptbot)"
85.208.96.196 - - [12/Aug/2026:05:32:21 -0400] "GET /2026/07/15/casino-de-menta-bono-sin-dep%C3%B3sito-50-giros-gratis-2026/ HTTP/1.1" 200 47555 "-" "Mozilla/5.0 (compatible; SemrushBot/7~bl; +http://www.semrush.com/bot.html)"
85.208.96.210 - - [12/Aug/2026:05:33:04 -0400] "GET /2026/01/30/simulador-de-juegos-de-casino/ HTTP/1.1" 200 46787 "-" "Mozilla/5.0 (compatible; SemrushBot/7~bl; +http://www.semrush.com/bot.html)"
74.7.227.147 - - [12/Aug/2026:05:33:00 -0400] "GET /wp-json/oembed/1.0/embed?format=xml&url=https%3A%2F%2Fcasavalle.vsptdigital.cl%2F2026%2F01%2F30%2Fbono-de-bienvenida-sin-dep%25C3%25B3sito-chile%2F HTTP/1.1" 200 2514 "https://casavalle.vsptdigital.cl/?p=11073" "Mozilla/5.0 AppleWebKit/537.36 (KHTML, like Gecko; compatible; GPTBot/1.4; +https://openai.com/gptbot)"
141.94.95.76 - - [12/Aug/2026:05:34:29 -0400] "GET /2026/06/25/was-sind-die-prozentsatze-der-slots-auszahlungen-im-jahr-2026/ HTTP/1.1" 200 46200 "-" "Mozilla/5.0 (Windows NT 10.0; Win64; x64) AppleWebKit/537.36 (KHTML, like Gecko) Chrome/148.0.0.0 Safari/537.36"
85.208.96.207 - - [12/Aug/2026:05:33:52 -0400] "GET /2026/01/30/juego-de-ruleta-de-casino/ HTTP/1.1" 200 46760 "-" "Mozilla/5.0 (compatible; SemrushBot/7~bl; +http://www.semrush.com/bot.html)"
74.7.227.147 - - [12/Aug/2026:05:34:03 -0400] "GET /2026/01/30/c%C3%B3digos-para-m%C3%A1quinas-tragamonedas/ HTTP/1.1" 200 47370 "http://casavalle.vsptdigital.cl" "Mozilla/5.0 AppleWebKit/537.36 (KHTML, like Gecko; compatible; GPTBot/1.4; +https://openai.com/gptbot)"
57.129.81.225 - - [12/Aug/2026:05:34:19 -0400] "GET /2026/06/25/was-sind-die-prozentsatze-der-slots-auszahlungen-im-jahr-2026/ HTTP/1.1" 200 46200 "-" "Mozilla/5.0 (Windows NT 10.0; Win64; x64) AppleWebKit/537.36 (KHTML, like Gecko) Chrome/148.0.0.0 Safari/537.36"
85.208.96.210 - - [12/Aug/2026:05:34:34 -0400] "GET /2026/01/30/vegasplus-casino-codigo-promocional-y-bonus-code/ HTTP/1.1" 200 46851 "-" "Mozilla/5.0 (compatible; SemrushBot/7~bl; +http://www.semrush.com/bot.html)"
74.7.227.147 - - [12/Aug/2026:05:35:07 -0400] "GET /2026/07/15/apuesta-total-espa%C3%B1a/ HTTP/1.1" 200 46822 "https://casavalle.vsptdigital.cl/?feed=xmlsitemap1711" "Mozilla/5.0 AppleWebKit/537.36 (KHTML, like Gecko; compatible; GPTBot/1.4; +https://openai.com/gptbot)"
185.191.171.5 - - [12/Aug/2026:05:35:21 -0400] "GET /2026/07/15/jugar-the-one-armed-bandit-gratis/ HTTP/1.1" 200 46792 "-" "Mozilla/5.0 (compatible; SemrushBot/7~bl; +http://www.semrush.com/bot.html)"
74.7.227.147 - - [12/Aug/2026:05:36:08 -0400] "GET /?p=10014 HTTP/1.1" 301 - "https://casavalle.vsptdigital.cl/2026/01/30/nano-casino-bono-sin-dep%C3%B3sito-50-giros-gratis-2026/" "Mozilla/5.0 AppleWebKit/537.36 (KHTML, like Gecko; compatible; GPTBot/1.4; +https://openai.com/gptbot)"
36.71.211.83 - - [12/Aug/2026:05:36:38 -0400] "GET /2026/07/26/como-ganar-con-casino-en-es-2026/ HTTP/1.1" 200 47012 "https://casavalle.vsptdigital.cl/" "Mozilla/5.0 (Windows NT 10.0; Win64; x64) AppleWebKit/537.36 (KHTML, like Gecko) Chrome/146.0.0.0 Safari/537.36"
36.71.211.83 - - [12/Aug/2026:05:36:40 -0400] "GET /2026/07/26/como-ganar-con-casino-en-es-2026/ HTTP/1.1" 200 47012 "https://casavalle.vsptdigital.cl/2026/07/26/como-ganar-con-casino-en-es-2026/" "Mozilla/5.0 (Windows NT 10.0; Win64; x64) AppleWebKit/537.36 (KHTML, like Gecko) Chrome/146.0.0.0 Safari/537.36"
185.191.171.6 - - [12/Aug/2026:05:36:08 -0400] "GET /2026/01/30/jugar-aftershock-gratis/ HTTP/1.1" 200 47007 "-" "Mozilla/5.0 (compatible; SemrushBot/7~bl; +http://www.semrush.com/bot.html)"
85.208.96.208 - - [12/Aug/2026:05:36:49 -0400] "GET /2026/07/15/casino-con-retiro-instant%C3%A1neo-de-bitcoin/ HTTP/1.1" 200 46421 "-" "Mozilla/5.0 (compatible; SemrushBot/7~bl; +http://www.semrush.com/bot.html)"
85.208.96.200 - - [12/Aug/2026:05:36:51 -0400] "GET /2026/07/15/gate777-casino-bono-sin-dep%C3%B3sito-50-giros-gratis-2026/ HTTP/1.1" 200 47312 "-" "Mozilla/5.0 (compatible; SemrushBot/7~bl; +http://www.semrush.com/bot.html)"
74.7.227.147 - - [12/Aug/2026:05:36:08 -0400] "GET /2026/01/30/juega-ruleta-gratis/ HTTP/1.1" 200 46111 "https://casavalle.vsptdigital.cl/?p=10014" "Mozilla/5.0 AppleWebKit/537.36 (KHTML, like Gecko; compatible; GPTBot/1.4; +https://openai.com/gptbot)"
156.146.51.70 - - [12/Aug/2026:05:37:03 -0400] "GET /2026/07/07/slot-casino-juegos-en-es-2026/ HTTP/1.1" 200 46302 "https://casavalle.vsptdigital.cl/" "Mozilla/5.0 (Macintosh; Intel Mac OS X 10_15_7) AppleWebKit/537.36 (KHTML, like Gecko) Chrome/147.0.0.0 Safari/537.36"
156.146.51.70 - - [12/Aug/2026:05:37:05 -0400] "GET /2026/07/07/slot-casino-juegos-en-es-2026/ HTTP/1.1" 200 46302 "https://casavalle.vsptdigital.cl/2026/07/07/slot-casino-juegos-en-es-2026/" "Mozilla/5.0 (Macintosh; Intel Mac OS X 10_15_7) AppleWebKit/537.36 (KHTML, like Gecko) Chrome/147.0.0.0 Safari/537.36"
74.7.227.147 - - [12/Aug/2026:05:37:10 -0400] "GET /?p=16135 HTTP/1.1" 301 - "https://casavalle.vsptdigital.cl/2026/01/30/nano-casino-bono-sin-dep%C3%B3sito-50-giros-gratis-2026/" "Mozilla/5.0 AppleWebKit/537.36 (KHTML, like Gecko; compatible; GPTBot/1.4; +https://openai.com/gptbot)"
212.112.19.169 - - [12/Aug/2026:05:37:18 -0400] "GET /2026/07/07/tragamonedas-gratis-modernas-espana/ HTTP/1.1" 200 46919 "https://casavalle.vsptdigital.cl/" "Mozilla/5.0 (Macintosh; Intel Mac OS X 10_15_7) AppleWebKit/537.36 (KHTML, like Gecko) Chrome/132.0.0.0 Safari/537.36"
212.112.19.169 - - [12/Aug/2026:05:36:37 -0400] "GET /2026/07/07/tragamonedas-gratis-modernas-espana/ HTTP/1.1" 200 46919 "https://casavalle.vsptdigital.cl/" "Mozilla/5.0 (Macintosh; Intel Mac OS X 10_15_7) AppleWebKit/537.36 (KHTML, like Gecko) Chrome/132.0.0.0 Safari/537.36"
85.208.96.206 - - [12/Aug/2026:05:36:54 -0400] "GET /2026/01/30/casinos-de-juego-en-asturias/ HTTP/1.1" 200 46881 "-" "Mozilla/5.0 (compatible; SemrushBot/7~bl; +http://www.semrush.com/bot.html)"
185.191.171.1 - - [12/Aug/2026:05:38:03 -0400] "GET /robots.txt HTTP/1.1" 200 148 "-" "Mozilla/5.0 (compatible; SemrushBot/7~bl; +http://www.semrush.com/bot.html)"
74.7.227.147 - - [12/Aug/2026:05:38:11 -0400] "GET /?p=14644 HTTP/1.1" 301 - "https://casavalle.vsptdigital.cl/2026/01/30/nano-casino-bono-sin-dep%C3%B3sito-50-giros-gratis-2026/" "Mozilla/5.0 AppleWebKit/537.36 (KHTML, like Gecko; compatible; GPTBot/1.4; +https://openai.com/gptbot)"
43.229.135.118 - - [12/Aug/2026:05:38:14 -0400] "GET /2026/05/14/wie-spielt-man-im-jahr-2026-in-den-spielbanken-um-echtgeld/ HTTP/1.1" 200 46081 "https://casavalle.vsptdigital.cl/" "Mozilla/5.0 (Macintosh; Intel Mac OS X 10_15_7) AppleWebKit/537.36 (KHTML, like Gecko) Chrome/135.0.0.0 Safari/537.36"
43.229.135.118 - - [12/Aug/2026:05:38:17 -0400] "GET /2026/05/14/wie-spielt-man-im-jahr-2026-in-den-spielbanken-um-echtgeld/ HTTP/1.1" 200 46081 "https://casavalle.vsptdigital.cl/2026/05/14/wie-spielt-man-im-jahr-2026-in-den-spielbanken-um-echtgeld/" "Mozilla/5.0 (Macintosh; Intel Mac OS X 10_15_7) AppleWebKit/537.36 (KHTML, like Gecko) Chrome/135.0.0.0 Safari/537.36"
185.191.171.1 - - [12/Aug/2026:05:37:37 -0400] "GET /2026/01/30/jugar-juegos-del-casino-gratis/ HTTP/1.1" 200 47088 "-" "Mozilla/5.0 (compatible; SemrushBot/7~bl; +http://www.semrush.com/bot.html)"
74.7.227.147 - - [12/Aug/2026:05:38:11 -0400] "GET /2026/01/30/tragamonedas-spinomenal-con-bitcoin/ HTTP/1.1" 200 47460 "https://casavalle.vsptdigital.cl/?p=14644" "Mozilla/5.0 AppleWebKit/537.36 (KHTML, like Gecko; compatible; GPTBot/1.4; +https://openai.com/gptbot)"
185.191.171.1 - - [12/Aug/2026:05:38:24 -0400] "GET /2026/01/30/ruleta-al-azar-online-gratis/ HTTP/1.1" 200 46726 "-" "Mozilla/5.0 (compatible; SemrushBot/7~bl; +http://www.semrush.com/bot.html)"
74.7.227.147 - - [12/Aug/2026:05:39:08 -0400] "GET /?p=11183 HTTP/1.1" 301 - "https://casavalle.vsptdigital.cl/2026/01/30/nano-casino-bono-sin-dep%C3%B3sito-50-giros-gratis-2026/" "Mozilla/5.0 AppleWebKit/537.36 (KHTML, like Gecko; compatible; GPTBot/1.4; +https://openai.com/gptbot)"
185.191.171.4 - - [12/Aug/2026:05:39:11 -0400] "GET /2026/01/30/unibet-casino-codigo-promocional-y-bonus-code-2026/ HTTP/1.1" 200 46270 "-" "Mozilla/5.0 (compatible; SemrushBot/7~bl; +http://www.semrush.com/bot.html)"
85.208.96.195 - - [12/Aug/2026:05:39:52 -0400] "GET /2026/01/30/juegos-de-tragamonedas-antiguas-gratis/ HTTP/1.1" 200 46993 "-" "Mozilla/5.0 (compatible; SemrushBot/7~bl; +http://www.semrush.com/bot.html)"
162.128.133.10 - - [12/Aug/2026:05:40:39 -0400] "GET /2026/07/07/tragamonedas-gratis-modernas-espana/ HTTP/1.1" 200 46919 "https://casavalle.vsptdigital.cl/" "Mozilla/5.0 (Macintosh; Intel Mac OS X 10_15_7) AppleWebKit/537.36 (KHTML, like Gecko) obsidian/1.8.10 Chrome/132.0.6834.196 Electron/34.2.0 Safari/537.36"
162.128.133.10 - - [12/Aug/2026:05:40:42 -0400] "GET /2026/07/07/tragamonedas-gratis-modernas-espana/ HTTP/1.1" 200 46919 "https://casavalle.vsptdigital.cl/2026/07/07/tragamonedas-gratis-modernas-espana/" "Mozilla/5.0 (Macintosh; Intel Mac OS X 10_15_7) AppleWebKit/537.36 (KHTML, like Gecko) obsidian/1.8.10 Chrome/132.0.6834.196 Electron/34.2.0 Safari/537.36"
74.7.227.147 - - [12/Aug/2026:05:40:10 -0400] "GET /2026/01/30/aplicaci%C3%B3n-en-dados/ HTTP/1.1" 200 46829 "http://casavalle.vsptdigital.cl" "Mozilla/5.0 AppleWebKit/537.36 (KHTML, like Gecko; compatible; GPTBot/1.4; +https://openai.com/gptbot)"
31.129.170.42 - - [12/Aug/2026:05:40:55 -0400] "GET /2026/05/14/wie-spielt-man-im-jahr-2026-in-den-spielbanken-um-echtgeld/ HTTP/1.0" 200 46081 "-" "Mozilla/5.0 (Windows NT 10.0; Win64; x64) AppleWebKit/537.36 (KHTML, like Gecko) Chrome/118.0.0.0 Safari/537.36"
162.0.208.45 - - [12/Aug/2026:05:40:58 -0400] "GET /wp-login.php HTTP/1.1" 302 - "-" "Mozilla/5.0 (Windows NT 10.0; Win64; x64) AppleWebKit/537.36 (KHTML, like Gecko) Chrome/133.0.0.0 Safari/537.36"
162.0.208.45 - - [12/Aug/2026:05:40:59 -0400] "GET /wp-login.php HTTP/1.1" 302 - "https://casavalle.vsptdigital.cl/wp-login.php" "Mozilla/5.0 (Windows NT 10.0; Win64; x64) AppleWebKit/537.36 (KHTML, like Gecko) Chrome/133.0.0.0 Safari/537.36"
162.0.208.45 - - [12/Aug/2026:05:41:00 -0400] "GET /wp-login.php HTTP/1.1" 302 - "https://casavalle.vsptdigital.cl/wp-login.php" "Mozilla/5.0 (Windows NT 10.0; Win64; x64) AppleWebKit/537.36 (KHTML, like Gecko) Chrome/133.0.0.0 Safari/537.36"
162.0.208.45 - - [12/Aug/2026:05:41:01 -0400] "GET /wp-login.php HTTP/1.1" 302 - "https://casavalle.vsptdigital.cl/wp-login.php" "Mozilla/5.0 (Windows NT 10.0; Win64; x64) AppleWebKit/537.36 (KHTML, like Gecko) Chrome/133.0.0.0 Safari/537.36"
162.0.208.45 - - [12/Aug/2026:05:41:02 -0400] "GET /wp-login.php HTTP/1.1" 302 - "https://casavalle.vsptdigital.cl/wp-login.php" "Mozilla/5.0 (Windows NT 10.0; Win64; x64) AppleWebKit/537.36 (KHTML, like Gecko) Chrome/133.0.0.0 Safari/537.36"
162.0.208.45 - - [12/Aug/2026:05:41:02 -0400] "GET /wp-login.php HTTP/1.1" 302 - "https://casavalle.vsptdigital.cl/wp-login.php" "Mozilla/5.0 (Windows NT 10.0; Win64; x64) AppleWebKit/537.36 (KHTML, like Gecko) Chrome/133.0.0.0 Safari/537.36"
162.0.208.45 - - [12/Aug/2026:05:41:03 -0400] "GET /wp-login.php HTTP/1.1" 302 - "https://casavalle.vsptdigital.cl/wp-login.php" "Mozilla/5.0 (Windows NT 10.0; Win64; x64) AppleWebKit/537.36 (KHTML, like Gecko) Chrome/133.0.0.0 Safari/537.36"
162.0.208.45 - - [12/Aug/2026:05:41:03 -0400] "GET /wp-login.php HTTP/1.1" 302 - "https://casavalle.vsptdigital.cl/wp-login.php" "Mozilla/5.0 (Windows NT 10.0; Win64; x64) AppleWebKit/537.36 (KHTML, like Gecko) Chrome/133.0.0.0 Safari/537.36"
162.0.208.45 - - [12/Aug/2026:05:41:03 -0400] "GET /wp-login.php HTTP/1.1" 302 - "https://casavalle.vsptdigital.cl/wp-login.php" "Mozilla/5.0 (Windows NT 10.0; Win64; x64) AppleWebKit/537.36 (KHTML, like Gecko) Chrome/133.0.0.0 Safari/537.36"
162.0.208.45 - - [12/Aug/2026:05:41:04 -0400] "GET /wp-login.php HTTP/1.1" 302 - "https://casavalle.vsptdigital.cl/wp-login.php" "Mozilla/5.0 (Windows NT 10.0; Win64; x64) AppleWebKit/537.36 (KHTML, like Gecko) Chrome/133.0.0.0 Safari/537.36"
162.0.208.45 - - [12/Aug/2026:05:41:05 -0400] "GET /wp-json/wp/v2/users/me HTTP/1.1" 401 88 "-" "Mozilla/5.0 (Windows NT 10.0; Win64; x64) AppleWebKit/537.36 (KHTML, like Gecko) Chrome/133.0.0.0 Safari/537.36"
185.191.171.13 - - [12/Aug/2026:05:40:34 -0400] "GET /2026/07/15/casino-online-cual-es-el-mejor/ HTTP/1.1" 200 46489 "-" "Mozilla/5.0 (compatible; SemrushBot/7~bl; +http://www.semrush.com/bot.html)"
70.40.220.123 - - [12/Aug/2026:05:41:15 -0400] "GET /wp-login.php HTTP/1.1" 302 - "-" "Mozilla/5.0 (Windows NT 10.0; Win64; x64) AppleWebKit/537.36 (KHTML, like Gecko) Chrome/133.0.0.0 Safari/537.36"
70.40.220.123 - - [12/Aug/2026:05:41:15 -0400] "GET /wp-login.php HTTP/1.1" 302 - "https://casavalle.vsptdigital.cl/wp-login.php" "Mozilla/5.0 (Windows NT 10.0; Win64; x64) AppleWebKit/537.36 (KHTML, like Gecko) Chrome/133.0.0.0 Safari/537.36"
70.40.220.123 - - [12/Aug/2026:05:41:24 -0400] "GET /wp-json/wp/v2/users/me HTTP/1.1" 401 88 "-" "Mozilla/5.0 (Windows NT 10.0; Win64; x64) AppleWebKit/537.36 (KHTML, like Gecko) Chrome/133.0.0.0 Safari/537.36"
70.40.220.123 - - [12/Aug/2026:05:41:16 -0400] "GET /wp-login.php HTTP/1.1" 302 - "https://casavalle.vsptdigital.cl/wp-login.php" "Mozilla/5.0 (Windows NT 10.0; Win64; x64) AppleWebKit/537.36 (KHTML, like Gecko) Chrome/133.0.0.0 Safari/537.36"
74.7.227.147 - - [12/Aug/2026:05:41:12 -0400] "GET /2026/01/30/trucos-m%C3%A1quinas-tragamonedas-espa%C3%B1a/ HTTP/1.1" 200 47514 "http://casavalle.vsptdigital.cl" "Mozilla/5.0 AppleWebKit/537.36 (KHTML, like Gecko; compatible; GPTBot/1.4; +https://openai.com/gptbot)"
185.191.171.2 - - [12/Aug/2026:05:41:16 -0400] "GET /2026/01/30/jugar-tragamonedas-gratis-en-espa%C3%B1ol-sin-descargar-y-sin-registrarse/ HTTP/1.1" 200 47434 "-" "Mozilla/5.0 (compatible; SemrushBot/7~bl; +http://www.semrush.com/bot.html)"
74.7.227.147 - - [12/Aug/2026:05:42:15 -0400] "GET /2026/01/30/m%C3%A1quinas-juego-casino/ HTTP/1.1" 200 46739 "http://casavalle.vsptdigital.cl" "Mozilla/5.0 AppleWebKit/537.36 (KHTML, like Gecko; compatible; GPTBot/1.4; +https://openai.com/gptbot)"
85.208.96.203 - - [12/Aug/2026:05:42:02 -0400] "GET /2026/07/15/casino-significado-en-mexico/ HTTP/1.1" 200 46989 "-" "Mozilla/5.0 (compatible; SemrushBot/7~bl; +http://www.semrush.com/bot.html)"
185.191.171.18 - - [12/Aug/2026:05:42:45 -0400] "GET /2026/01/30/casino-real-con-mercado-pago/ HTTP/1.1" 200 47421 "-" "Mozilla/5.0 (compatible; SemrushBot/7~bl; +http://www.semrush.com/bot.html)"
34.46.208.187 - - [12/Aug/2026:05:42:42 -0400] "GET /2026/07/15/jugar-a-la-ruleta-en-el-casino-online-gratis-en-espanol-en-2026-para-argentina/ HTTP/1.1" 200 47333 "-" "Mozilla/5.0 (Macintosh; Intel Mac OS X 10_15_7) AppleWebKit/537.36 (KHTML, like Gecko) Chrome/120.0.0.0 Safari/537.36"
74.7.227.147 - - [12/Aug/2026:05:43:18 -0400] "GET /2026/01/30/ruleta-n%C3%BAmeros-fuerte/ HTTP/1.1" 200 47263 "http://casavalle.vsptdigital.cl" "Mozilla/5.0 AppleWebKit/537.36 (KHTML, like Gecko; compatible; GPTBot/1.4; +https://openai.com/gptbot)"
185.191.171.4 - - [12/Aug/2026:05:43:26 -0400] "GET /2026/01/30/roulette-que-es/ HTTP/1.1" 200 46563 "-" "Mozilla/5.0 (compatible; SemrushBot/7~bl; +http://www.semrush.com/bot.html)"
85.208.96.208 - - [12/Aug/2026:05:44:08 -0400] "GET /2026/01/30/reglas-del-blackjack-europeo/ HTTP/1.1" 200 46553 "-" "Mozilla/5.0 (compatible; SemrushBot/7~bl; +http://www.semrush.com/bot.html)"
74.7.227.147 - - [12/Aug/2026:05:44:16 -0400] "GET /2026/01/30/casino-apuesta-m%C3%ADnima/ HTTP/1.1" 200 46313 "http://casavalle.vsptdigital.cl" "Mozilla/5.0 AppleWebKit/537.36 (KHTML, like Gecko; compatible; GPTBot/1.4; +https://openai.com/gptbot)"
85.208.96.194 - - [12/Aug/2026:05:44:55 -0400] "GET /2026/01/30/jugar-casino-online-en-linea/ HTTP/1.1" 200 46535 "-" "Mozilla/5.0 (compatible; SemrushBot/7~bl; +http://www.semrush.com/bot.html)"
74.7.227.147 - - [12/Aug/2026:05:45:19 -0400] "GET /2026/01/30/casino-en-l%C3%ADnea-bono-sin-dep%C3%B3sito/ HTTP/1.1" 200 48442 "http://casavalle.vsptdigital.cl" "Mozilla/5.0 AppleWebKit/537.36 (KHTML, like Gecko; compatible; GPTBot/1.4; +https://openai.com/gptbot)"
