62.3.58.45 - - [11/Aug/2026:21:31:23 -0400] "GET /wp-content/plugins/elementor-pro/assets/css/frontend.min.css?ver=3.7.1 HTTP/1.1" 200 480945 "https://casavalle.vsptdigital.cl/wp-login.php?action=register" "Mozilla/5.0 (Windows NT 10.0; Win64; x64) AppleWebKit/537.36 (KHTML, like Gecko) Chrome/149.0.0.0 Safari/537.36"
62.3.58.45 - - [11/Aug/2026:21:31:25 -0400] "GET /wp-content/uploads/elementor/css/post-35.css?ver=1734010644 HTTP/1.1" 200 5018 "https://casavalle.vsptdigital.cl/wp-login.php?action=register" "Mozilla/5.0 (Windows NT 10.0; Win64; x64) AppleWebKit/537.36 (KHTML, like Gecko) Chrome/149.0.0.0 Safari/537.36"
62.3.58.45 - - [11/Aug/2026:21:31:26 -0400] "GET /wp-content/uploads/pum/pum-site-styles.css?generated=1734010667&ver=1.20.3 HTTP/1.1" 200 17449 "https://casavalle.vsptdigital.cl/wp-login.php?action=register" "Mozilla/5.0 (Windows NT 10.0; Win64; x64) AppleWebKit/537.36 (KHTML, like Gecko) Chrome/149.0.0.0 Safari/537.36"
62.3.58.45 - - [11/Aug/2026:21:31:27 -0400] "GET /wp-content/plugins/elementor/assets/css/widget-image.min.css?ver=3.25.11 HTTP/1.1" 200 254 "https://casavalle.vsptdigital.cl/wp-login.php?action=register" "Mozilla/5.0 (Windows NT 10.0; Win64; x64) AppleWebKit/537.36 (KHTML, like Gecko) Chrome/149.0.0.0 Safari/537.36"
62.3.58.45 - - [11/Aug/2026:21:31:28 -0400] "GET /wp-content/plugins/elementor/assets/lib/animations/styles/fadeInRight.min.css?ver=3.25.11 HTTP/1.1" 200 139 "https://casavalle.vsptdigital.cl/wp-login.php?action=register" "Mozilla/5.0 (Windows NT 10.0; Win64; x64) AppleWebKit/537.36 (KHTML, like Gecko) Chrome/149.0.0.0 Safari/537.36"
62.3.58.45 - - [11/Aug/2026:21:31:29 -0400] "GET /wp-content/plugins/elementor/assets/css/widget-heading.min.css?ver=3.25.11 HTTP/1.1" 200 600 "https://casavalle.vsptdigital.cl/wp-login.php?action=register" "Mozilla/5.0 (Windows NT 10.0; Win64; x64) AppleWebKit/537.36 (KHTML, like Gecko) Chrome/149.0.0.0 Safari/537.36"
74.7.227.147 - - [11/Aug/2026:21:30:50 -0400] "GET /2026/07/15/sue%C3%B1o-con-ganar-dinero-en-el-casino/ HTTP/1.1" 200 46288 "https://casavalle.vsptdigital.cl/?p=17253" "Mozilla/5.0 AppleWebKit/537.36 (KHTML, like Gecko; compatible; GPTBot/1.4; +https://openai.com/gptbot)"
74.7.227.147 - - [11/Aug/2026:21:31:50 -0400] "GET /?p=18013 HTTP/1.1" 301 - "https://casavalle.vsptdigital.cl/2026/07/15/juega-gratis-a-red-hot-tamales-en-modo-demo/" "Mozilla/5.0 AppleWebKit/537.36 (KHTML, like Gecko; compatible; GPTBot/1.4; +https://openai.com/gptbot)"
85.208.96.203 - - [11/Aug/2026:21:31:21 -0400] "GET /2026/01/30/casino-de-apuestas-online/ HTTP/1.1" 200 46688 "-" "Mozilla/5.0 (compatible; SemrushBot/7~bl; +http://www.semrush.com/bot.html)"
158.62.211.128 - - [11/Aug/2026:21:32:48 -0400] "GET /2026/06/25/casino-automaten-online-mindestens-5-euro-2026/ HTTP/1.1" 200 46059 "https://casavalle.vsptdigital.cl/" "Mozilla/5.0 (Windows NT 10.0; Win64; x64; rv:148.0) Gecko/20100101 Firefox/148.0"
85.208.96.212 - - [11/Aug/2026:21:32:08 -0400] "GET /2026/01/30/casino-en-temuco-chile/ HTTP/1.1" 200 47525 "-" "Mozilla/5.0 (compatible; SemrushBot/7~bl; +http://www.semrush.com/bot.html)"
85.208.96.198 - - [11/Aug/2026:21:32:54 -0400] "GET /2026/07/15/mx-win-casino-codigo-promocional-y-bonus-code-2026/ HTTP/1.1" 200 46933 "-" "Mozilla/5.0 (compatible; SemrushBot/7~bl; +http://www.semrush.com/bot.html)"
74.7.227.147 - - [11/Aug/2026:21:32:51 -0400] "GET /2026/07/15/juegos-de-casinos-que-mas-pagan/ HTTP/1.1" 200 47551 "http://casavalle.vsptdigital.cl" "Mozilla/5.0 AppleWebKit/537.36 (KHTML, like Gecko; compatible; GPTBot/1.4; +https://openai.com/gptbot)"
85.208.96.202 - - [11/Aug/2026:21:33:36 -0400] "GET /2026/01/30/casinos-con-apuestas-reales/ HTTP/1.1" 200 46985 "-" "Mozilla/5.0 (compatible; SemrushBot/7~bl; +http://www.semrush.com/bot.html)"
74.7.227.147 - - [11/Aug/2026:21:33:47 -0400] "GET /2026/07/15/hoy-abre-el-casino-de-mendoza/ HTTP/1.1" 200 47732 "http://casavalle.vsptdigital.cl" "Mozilla/5.0 AppleWebKit/537.36 (KHTML, like Gecko; compatible; GPTBot/1.4; +https://openai.com/gptbot)"
162.214.211.238 - - [11/Aug/2026:21:34:53 -0400] "GET /wp-json/wp/v2/users/me HTTP/1.1" 401 88 "-" "Mozilla/5.0 (Windows NT 10.0; Win64; x64) AppleWebKit/537.36 (KHTML, like Gecko) Chrome/133.0.0.0 Safari/537.36"
185.191.171.14 - - [11/Aug/2026:21:34:23 -0400] "GET /2026/01/30/qu%C3%A9-casino-cripto-tiene-el-mejor-pago/ HTTP/1.1" 200 47456 "-" "Mozilla/5.0 (compatible; SemrushBot/7~bl; +http://www.semrush.com/bot.html)"
162.214.211.238 - - [11/Aug/2026:21:34:43 -0400] "GET /wp-login.php HTTP/1.1" 302 - "-" "Mozilla/5.0 (Windows NT 10.0; Win64; x64) AppleWebKit/537.36 (KHTML, like Gecko) Chrome/133.0.0.0 Safari/537.36"
85.208.96.195 - - [11/Aug/2026:21:35:28 -0400] "GET /robots.txt HTTP/1.1" 200 148 "-" "Mozilla/5.0 (compatible; SemrushBot/7~bl; +http://www.semrush.com/bot.html)"
74.7.227.147 - - [11/Aug/2026:21:34:48 -0400] "GET /2026/07/15/need-for-spin-casino-no-deposit-bonus/ HTTP/1.1" 200 47032 "http://casavalle.vsptdigital.cl" "Mozilla/5.0 AppleWebKit/537.36 (KHTML, like Gecko; compatible; GPTBot/1.4; +https://openai.com/gptbot)"
185.191.171.11 - - [11/Aug/2026:21:35:06 -0400] "GET /2026/07/15/aprender-jugar-ruleta/ HTTP/1.1" 200 47241 "-" "Mozilla/5.0 (compatible; SemrushBot/7~bl; +http://www.semrush.com/bot.html)"
74.7.227.147 - - [11/Aug/2026:21:35:51 -0400] "GET /2026/07/15/valores-de-cartas-de-blackjack/ HTTP/1.1" 200 47685 "http://casavalle.vsptdigital.cl" "Mozilla/5.0 AppleWebKit/537.36 (KHTML, like Gecko; compatible; GPTBot/1.4; +https://openai.com/gptbot)"
185.191.171.9 - - [11/Aug/2026:21:35:53 -0400] "GET /2026/01/30/codigo-promocional-casino-barcelona-2026/ HTTP/1.1" 200 46977 "-" "Mozilla/5.0 (compatible; SemrushBot/7~bl; +http://www.semrush.com/bot.html)"
85.208.96.197 - - [11/Aug/2026:21:36:39 -0400] "GET /2026/01/30/casino-online-trucos-para-ganar/ HTTP/1.1" 200 47017 "-" "Mozilla/5.0 (compatible; SemrushBot/7~bl; +http://www.semrush.com/bot.html)"
74.7.227.147 - - [11/Aug/2026:21:36:52 -0400] "GET /2026/07/15/numeros-para-jugar-a-la-ruleta/ HTTP/1.1" 200 46916 "http://casavalle.vsptdigital.cl" "Mozilla/5.0 AppleWebKit/537.36 (KHTML, like Gecko; compatible; GPTBot/1.4; +https://openai.com/gptbot)"
43.225.53.201 - - [11/Aug/2026:21:37:38 -0400] "GET /wp-login.php HTTP/1.1" 301 - "-" "Mozilla/5.0 (Windows NT 10.0; Win64; x64) AppleWebKit/537.36 (KHTML, like Gecko) Chrome/133.0.0.0 Safari/537.36"
43.225.53.201 - - [11/Aug/2026:21:37:39 -0400] "GET /wp-login.php HTTP/1.1" 302 - "https://www.casavalle.vsptdigital.cl/wp-login.php" "Mozilla/5.0 (Windows NT 10.0; Win64; x64) AppleWebKit/537.36 (KHTML, like Gecko) Chrome/133.0.0.0 Safari/537.36"
43.225.53.201 - - [11/Aug/2026:21:37:40 -0400] "GET /wp-login.php HTTP/1.1" 302 - "https://www.casavalle.vsptdigital.cl/wp-login.php" "Mozilla/5.0 (Windows NT 10.0; Win64; x64) AppleWebKit/537.36 (KHTML, like Gecko) Chrome/133.0.0.0 Safari/537.36"
43.225.53.201 - - [11/Aug/2026:21:37:41 -0400] "GET /wp-login.php HTTP/1.1" 302 - "https://www.casavalle.vsptdigital.cl/wp-login.php" "Mozilla/5.0 (Windows NT 10.0; Win64; x64) AppleWebKit/537.36 (KHTML, like Gecko) Chrome/133.0.0.0 Safari/537.36"
43.225.53.201 - - [11/Aug/2026:21:37:41 -0400] "GET /wp-login.php HTTP/1.1" 302 - "https://www.casavalle.vsptdigital.cl/wp-login.php" "Mozilla/5.0 (Windows NT 10.0; Win64; x64) AppleWebKit/537.36 (KHTML, like Gecko) Chrome/133.0.0.0 Safari/537.36"
43.225.53.201 - - [11/Aug/2026:21:37:42 -0400] "GET /wp-login.php HTTP/1.1" 302 - "https://www.casavalle.vsptdigital.cl/wp-login.php" "Mozilla/5.0 (Windows NT 10.0; Win64; x64) AppleWebKit/537.36 (KHTML, like Gecko) Chrome/133.0.0.0 Safari/537.36"
43.225.53.201 - - [11/Aug/2026:21:37:42 -0400] "GET /wp-login.php HTTP/1.1" 302 - "https://www.casavalle.vsptdigital.cl/wp-login.php" "Mozilla/5.0 (Windows NT 10.0; Win64; x64) AppleWebKit/537.36 (KHTML, like Gecko) Chrome/133.0.0.0 Safari/537.36"
43.225.53.201 - - [11/Aug/2026:21:37:43 -0400] "GET /wp-login.php HTTP/1.1" 302 - "https://www.casavalle.vsptdigital.cl/wp-login.php" "Mozilla/5.0 (Windows NT 10.0; Win64; x64) AppleWebKit/537.36 (KHTML, like Gecko) Chrome/133.0.0.0 Safari/537.36"
43.225.53.201 - - [11/Aug/2026:21:37:44 -0400] "GET /wp-login.php HTTP/1.1" 302 - "https://www.casavalle.vsptdigital.cl/wp-login.php" "Mozilla/5.0 (Windows NT 10.0; Win64; x64) AppleWebKit/537.36 (KHTML, like Gecko) Chrome/133.0.0.0 Safari/537.36"
43.225.53.201 - - [11/Aug/2026:21:37:44 -0400] "GET /wp-login.php HTTP/1.1" 302 - "https://www.casavalle.vsptdigital.cl/wp-login.php" "Mozilla/5.0 (Windows NT 10.0; Win64; x64) AppleWebKit/537.36 (KHTML, like Gecko) Chrome/133.0.0.0 Safari/537.36"
43.225.53.201 - - [11/Aug/2026:21:37:46 -0400] "GET /wp-json/wp/v2/users/me HTTP/1.1" 401 88 "-" "Mozilla/5.0 (Windows NT 10.0; Win64; x64) AppleWebKit/537.36 (KHTML, like Gecko) Chrome/133.0.0.0 Safari/537.36"
74.7.227.147 - - [11/Aug/2026:21:37:58 -0400] "GET /?p=18085 HTTP/1.1" 301 - "https://casavalle.vsptdigital.cl/2026/07/15/juega-gratis-a-hand-of-anubis-en-modo-demo/" "Mozilla/5.0 AppleWebKit/537.36 (KHTML, like Gecko; compatible; GPTBot/1.4; +https://openai.com/gptbot)"
185.191.171.12 - - [11/Aug/2026:21:37:21 -0400] "GET /2026/01/30/cuanto-vale-el-jackpot/ HTTP/1.1" 200 47653 "-" "Mozilla/5.0 (compatible; SemrushBot/7~bl; +http://www.semrush.com/bot.html)"
74.7.227.147 - - [11/Aug/2026:21:37:58 -0400] "GET /2026/07/15/mini-ruleta-casino/ HTTP/1.1" 200 47682 "https://casavalle.vsptdigital.cl/?p=18085" "Mozilla/5.0 AppleWebKit/537.36 (KHTML, like Gecko; compatible; GPTBot/1.4; +https://openai.com/gptbot)"
185.191.171.4 - - [11/Aug/2026:21:38:09 -0400] "GET /2026/01/30/casino-virtual-que-es/ HTTP/1.1" 200 47029 "-" "Mozilla/5.0 (compatible; SemrushBot/7~bl; +http://www.semrush.com/bot.html)"
74.7.227.147 - - [11/Aug/2026:21:39:00 -0400] "GET /?p=18076 HTTP/1.1" 301 - "https://casavalle.vsptdigital.cl/2026/07/15/juega-gratis-a-hand-of-anubis-en-modo-demo/" "Mozilla/5.0 AppleWebKit/537.36 (KHTML, like Gecko; compatible; GPTBot/1.4; +https://openai.com/gptbot)"
85.208.96.208 - - [11/Aug/2026:21:38:52 -0400] "GET /2026/01/30/jugar-bingo-gratis-sin-registrarse/ HTTP/1.1" 200 47373 "-" "Mozilla/5.0 (compatible; SemrushBot/7~bl; +http://www.semrush.com/bot.html)"
74.7.227.147 - - [11/Aug/2026:21:39:00 -0400] "GET /2026/07/15/tragaperras-online-tropical-wilds/ HTTP/1.1" 200 47284 "https://casavalle.vsptdigital.cl/?p=18076" "Mozilla/5.0 AppleWebKit/537.36 (KHTML, like Gecko; compatible; GPTBot/1.4; +https://openai.com/gptbot)"
85.208.96.207 - - [11/Aug/2026:21:39:39 -0400] "GET /2026/07/15/casino-tiana-carta/ HTTP/1.1" 200 47320 "-" "Mozilla/5.0 (compatible; SemrushBot/7~bl; +http://www.semrush.com/bot.html)"
74.7.227.147 - - [11/Aug/2026:21:40:01 -0400] "GET /?p=18328 HTTP/1.1" 301 - "https://casavalle.vsptdigital.cl/2026/07/15/juega-gratis-a-hand-of-anubis-en-modo-demo/" "Mozilla/5.0 AppleWebKit/537.36 (KHTML, like Gecko; compatible; GPTBot/1.4; +https://openai.com/gptbot)"
185.191.171.10 - - [11/Aug/2026:21:40:20 -0400] "GET /2026/01/30/maquinas-tragamonedas-de-casino-para-jugar-gratis/ HTTP/1.1" 200 47055 "-" "Mozilla/5.0 (compatible; SemrushBot/7~bl; +http://www.semrush.com/bot.html)"
185.191.171.14 - - [11/Aug/2026:21:41:02 -0400] "GET /2026/01/30/bajar-juegos-casino-gratis/ HTTP/1.1" 200 45912 "-" "Mozilla/5.0 (compatible; SemrushBot/7~bl; +http://www.semrush.com/bot.html)"
74.7.227.147 - - [11/Aug/2026:21:41:04 -0400] "GET /2026/07/15/como-ganar-en-la-maquina-del-casino/ HTTP/1.1" 200 47934 "http://casavalle.vsptdigital.cl" "Mozilla/5.0 AppleWebKit/537.36 (KHTML, like Gecko; compatible; GPTBot/1.4; +https://openai.com/gptbot)"
85.208.96.195 - - [11/Aug/2026:21:41:49 -0400] "GET /2026/01/30/casino-nuevo-en-guadalupe/ HTTP/1.1" 200 47579 "-" "Mozilla/5.0 (compatible; SemrushBot/7~bl; +http://www.semrush.com/bot.html)"
74.7.227.147 - - [11/Aug/2026:21:42:10 -0400] "GET /2026/07/15/juegos-que-pagan-en-casino-online/ HTTP/1.1" 200 46129 "http://casavalle.vsptdigital.cl" "Mozilla/5.0 AppleWebKit/537.36 (KHTML, like Gecko; compatible; GPTBot/1.4; +https://openai.com/gptbot)"
85.208.96.209 - - [11/Aug/2026:21:42:30 -0400] "GET /2026/01/30/m%C3%A1quina-de-bingo-online/ HTTP/1.1" 200 47241 "-" "Mozilla/5.0 (compatible; SemrushBot/7~bl; +http://www.semrush.com/bot.html)"
51.83.6.44 - - [11/Aug/2026:21:43:33 -0400] "GET /2026/07/26/logiciel-d-aide-a-la-roulette-pour-ios-en-2026/ HTTP/1.1" 200 47273 "https://casavalle.vsptdigital.cl/" "Mozilla/5.0 (X11; Linux x86_64) AppleWebKit/537.36 (KHTML, like Gecko) Chrome/130.0.0.0 Safari/537.36"
167.71.240.77 - - [11/Aug/2026:21:43:37 -0400] "GET /wp-json/wp/v2/users/me HTTP/1.1" 401 88 "-" "Mozilla/5.0 (Windows NT 10.0; Win64; x64) AppleWebKit/537.36 (KHTML, like Gecko) Chrome/133.0.0.0 Safari/537.36"
45.145.131.147 - - [11/Aug/2026:21:43:41 -0400] "GET /wp-login.php?action=register HTTP/1.1" 404 40829 "https://casavalle.vsptdigital.cl/2026/07/26/logiciel-d-aide-a-la-roulette-pour-ios-en-2026/" "Mozilla/5.0 (Windows NT 6.3; Win64; x64) AppleWebKit/537.36 (KHTML, like Gecko) Chrome/103.0.0.0 Safari/537.36"
45.145.131.147 - - [11/Aug/2026:21:43:42 -0400] "GET /wp-login.php?action=register HTTP/1.1" 404 40829 "https://casavalle.vsptdigital.cl/wp-login.php?action=register" "Mozilla/5.0 (Windows NT 6.3; Win64; x64) AppleWebKit/537.36 (KHTML, like Gecko) Chrome/103.0.0.0 Safari/537.36"
45.145.131.147 - - [11/Aug/2026:21:43:43 -0400] "GET /wp-content/plugins/contact-form-7/includes/css/styles.css?ver=6.0.1 HTTP/1.1" 200 2894 "https://casavalle.vsptdigital.cl/wp-login.php?action=register" "Mozilla/5.0 (Windows NT 10.0; Win64; x64) AppleWebKit/537.36 (KHTML, like Gecko) Chrome/149.0.0.0 Safari/537.36"
45.145.131.147 - - [11/Aug/2026:21:43:44 -0400] "GET /wp-content/themes/hello-elementor/style.min.css?ver=3.1.1 HTTP/1.1" 200 5501 "https://casavalle.vsptdigital.cl/wp-login.php?action=register" "Mozilla/5.0 (Windows NT 10.0; Win64; x64) AppleWebKit/537.36 (KHTML, like Gecko) Chrome/149.0.0.0 Safari/537.36"
45.145.131.147 - - [11/Aug/2026:21:43:44 -0400] "GET /wp-content/themes/hello-elementor/theme.min.css?ver=3.1.1 HTTP/1.1" 200 5146 "https://casavalle.vsptdigital.cl/wp-login.php?action=register" "Mozilla/5.0 (Windows NT 10.0; Win64; x64) AppleWebKit/537.36 (KHTML, like Gecko) Chrome/149.0.0.0 Safari/537.36"
45.145.131.147 - - [11/Aug/2026:21:43:45 -0400] "GET /wp-content/themes/hello-elementor/header-footer.min.css?ver=3.1.1 HTTP/1.1" 200 7212 "https://casavalle.vsptdigital.cl/wp-login.php?action=register" "Mozilla/5.0 (Windows NT 10.0; Win64; x64) AppleWebKit/537.36 (KHTML, like Gecko) Chrome/149.0.0.0 Safari/537.36"
45.145.131.147 - - [11/Aug/2026:21:43:46 -0400] "GET /wp-content/plugins/elementor/assets/css/frontend.min.css?ver=3.25.11 HTTP/1.1" 200 60575 "https://casavalle.vsptdigital.cl/wp-login.php?action=register" "Mozilla/5.0 (Windows NT 10.0; Win64; x64) AppleWebKit/537.36 (KHTML, like Gecko) Chrome/149.0.0.0 Safari/537.36"
45.145.131.147 - - [11/Aug/2026:21:43:47 -0400] "GET /wp-content/uploads/elementor/css/post-5.css?ver=1734010644 HTTP/1.1" 200 1230 "https://casavalle.vsptdigital.cl/wp-login.php?action=register" "Mozilla/5.0 (Windows NT 10.0; Win64; x64) AppleWebKit/537.36 (KHTML, like Gecko) Chrome/149.0.0.0 Safari/537.36"
45.145.131.147 - - [11/Aug/2026:21:43:47 -0400] "GET /wp-content/plugins/elementor/assets/lib/eicons/css/elementor-icons.min.css?ver=5.34.0 HTTP/1.1" 200 20060 "https://casavalle.vsptdigital.cl/wp-login.php?action=register" "Mozilla/5.0 (Windows NT 10.0; Win64; x64) AppleWebKit/537.36 (KHTML, like Gecko) Chrome/149.0.0.0 Safari/537.36"
45.145.131.147 - - [11/Aug/2026:21:43:48 -0400] "GET /wp-content/plugins/elementor/assets/lib/swiper/v8/css/swiper.min.css?ver=8.4.5 HTTP/1.1" 200 16471 "https://casavalle.vsptdigital.cl/wp-login.php?action=register" "Mozilla/5.0 (Windows NT 10.0; Win64; x64) AppleWebKit/537.36 (KHTML, like Gecko) Chrome/149.0.0.0 Safari/537.36"
45.145.131.147 - - [11/Aug/2026:21:43:49 -0400] "GET /wp-content/plugins/elementor/assets/css/conditionals/e-swiper.min.css?ver=3.25.11 HTTP/1.1" 200 10260 "https://casavalle.vsptdigital.cl/wp-login.php?action=register" "Mozilla/5.0 (Windows NT 10.0; Win64; x64) AppleWebKit/537.36 (KHTML, like Gecko) Chrome/149.0.0.0 Safari/537.36"
45.145.131.147 - - [11/Aug/2026:21:43:50 -0400] "GET /wp-content/plugins/elementor-pro/assets/css/frontend.min.css?ver=3.7.1 HTTP/1.1" 200 480945 "https://casavalle.vsptdigital.cl/wp-login.php?action=register" "Mozilla/5.0 (Windows NT 10.0; Win64; x64) AppleWebKit/537.36 (KHTML, like Gecko) Chrome/149.0.0.0 Safari/537.36"
45.145.131.147 - - [11/Aug/2026:21:43:52 -0400] "GET /wp-content/uploads/elementor/css/post-35.css?ver=1734010644 HTTP/1.1" 200 5018 "https://casavalle.vsptdigital.cl/wp-login.php?action=register" "Mozilla/5.0 (Windows NT 10.0; Win64; x64) AppleWebKit/537.36 (KHTML, like Gecko) Chrome/149.0.0.0 Safari/537.36"
45.145.131.147 - - [11/Aug/2026:21:43:53 -0400] "GET /wp-content/uploads/pum/pum-site-styles.css?generated=1734010667&ver=1.20.3 HTTP/1.1" 200 17449 "https://casavalle.vsptdigital.cl/wp-login.php?action=register" "Mozilla/5.0 (Windows NT 10.0; Win64; x64) AppleWebKit/537.36 (KHTML, like Gecko) Chrome/149.0.0.0 Safari/537.36"
45.145.131.147 - - [11/Aug/2026:21:43:53 -0400] "GET /wp-content/plugins/elementor/assets/css/widget-image.min.css?ver=3.25.11 HTTP/1.1" 200 254 "https://casavalle.vsptdigital.cl/wp-login.php?action=register" "Mozilla/5.0 (Windows NT 10.0; Win64; x64) AppleWebKit/537.36 (KHTML, like Gecko) Chrome/149.0.0.0 Safari/537.36"
45.145.131.147 - - [11/Aug/2026:21:43:54 -0400] "GET /wp-content/plugins/elementor/assets/lib/animations/styles/fadeInRight.min.css?ver=3.25.11 HTTP/1.1" 200 139 "https://casavalle.vsptdigital.cl/wp-login.php?action=register" "Mozilla/5.0 (Windows NT 10.0; Win64; x64) AppleWebKit/537.36 (KHTML, like Gecko) Chrome/149.0.0.0 Safari/537.36"
45.145.131.147 - - [11/Aug/2026:21:43:55 -0400] "GET /wp-content/plugins/elementor/assets/css/widget-heading.min.css?ver=3.25.11 HTTP/1.1" 200 600 "https://casavalle.vsptdigital.cl/wp-login.php?action=register" "Mozilla/5.0 (Windows NT 10.0; Win64; x64) AppleWebKit/537.36 (KHTML, like Gecko) Chrome/149.0.0.0 Safari/537.36"
74.7.227.147 - - [11/Aug/2026:21:43:12 -0400] "GET /2026/07/15/casas-de-apuestas-casino-online/ HTTP/1.1" 200 47458 "http://casavalle.vsptdigital.cl" "Mozilla/5.0 AppleWebKit/537.36 (KHTML, like Gecko; compatible; GPTBot/1.4; +https://openai.com/gptbot)"
85.208.96.201 - - [11/Aug/2026:21:43:12 -0400] "GET /2026/01/30/el-casino-el-perello/ HTTP/1.1" 200 46424 "-" "Mozilla/5.0 (compatible; SemrushBot/7~bl; +http://www.semrush.com/bot.html)"
209.50.191.50 - - [11/Aug/2026:21:44:25 -0400] "GET /2026/07/26/jakie-kasyno-oferuje-najlepszy-bonus-za-rejestracje-w-2026-roku/ HTTP/1.1" 200 46405 "https://casavalle.vsptdigital.cl/" "Mozilla/5.0 (Macintosh; Intel Mac OS X 10_15_7) AppleWebKit/605.1.15 (KHTML, like Gecko) Version/18.2 Safari/605.1.15"
209.50.191.50 - - [11/Aug/2026:21:44:26 -0400] "GET /2026/07/26/jakie-kasyno-oferuje-najlepszy-bonus-za-rejestracje-w-2026-roku/ HTTP/1.1" 200 46405 "https://casavalle.vsptdigital.cl/2026/07/26/jakie-kasyno-oferuje-najlepszy-bonus-za-rejestracje-w-2026-roku/" "Mozilla/5.0 (Macintosh; Intel Mac OS X 10_15_7) AppleWebKit/605.1.15 (KHTML, like Gecko) Version/18.2 Safari/605.1.15"
85.208.96.196 - - [11/Aug/2026:21:43:59 -0400] "GET /2026/07/15/cuales-son-los-juegos-de-casino-virtual-que-mas-pagan/ HTTP/1.1" 200 47058 "-" "Mozilla/5.0 (compatible; SemrushBot/7~bl; +http://www.semrush.com/bot.html)"
74.7.227.147 - - [11/Aug/2026:21:44:16 -0400] "GET /2026/07/15/juego-para-ganar-dinero-de-verdad/ HTTP/1.1" 200 46723 "http://casavalle.vsptdigital.cl" "Mozilla/5.0 AppleWebKit/537.36 (KHTML, like Gecko; compatible; GPTBot/1.4; +https://openai.com/gptbot)"
85.208.96.199 - - [11/Aug/2026:21:44:40 -0400] "GET /2026/07/15/bono-de-bienvenida-casino-mexico/ HTTP/1.1" 200 46084 "-" "Mozilla/5.0 (compatible; SemrushBot/7~bl; +http://www.semrush.com/bot.html)"
18.97.14.88 - - [11/Aug/2026:21:45:41 -0400] "GET /robots.txt HTTP/1.1" 200 148 "-" "CCBot/2.0 (https://commoncrawl.org/faq/)"
18.97.14.88 - - [11/Aug/2026:21:45:41 -0400] "GET /2026/07/07/tragamonedas-gratis-modernas-espana/ HTTP/1.1" 200 46919 "-" "CCBot/2.0 (https://commoncrawl.org/faq/)"
74.7.227.147 - - [11/Aug/2026:21:45:16 -0400] "GET /2026/07/15/como-jugar-ala-ruleta-online-y-ganar/ HTTP/1.1" 200 47438 "http://casavalle.vsptdigital.cl" "Mozilla/5.0 AppleWebKit/537.36 (KHTML, like Gecko; compatible; GPTBot/1.4; +https://openai.com/gptbot)"
185.191.171.17 - - [11/Aug/2026:21:45:22 -0400] "GET /2026/07/15/mejor-juego-de-la-ruleta/ HTTP/1.1" 200 46955 "-" "Mozilla/5.0 (compatible; SemrushBot/7~bl; +http://www.semrush.com/bot.html)"
51.15.217.215 - - [11/Aug/2026:21:46:42 -0400] "GET /robots.txt HTTP/1.1" 200 148 "-" "Python/3.14 aiohttp/3.14.1"
51.15.217.215 - - [11/Aug/2026:21:46:42 -0400] "GET /2026/06/25/wie-lautet-der-bonus-fur-das-elektronische-casino-auf-deutsch-im-jahr-2026/ HTTP/1.1" 200 46619 "-" "Python/3.14 aiohttp/3.14.1"
185.191.171.9 - - [11/Aug/2026:21:46:04 -0400] "GET /2026/01/30/juegos-de-apuestas-en-linea-gratis/ HTTP/1.1" 200 47178 "-" "Mozilla/5.0 (compatible; SemrushBot/7~bl; +http://www.semrush.com/bot.html)"
74.7.227.147 - - [11/Aug/2026:21:46:17 -0400] "GET /2026/07/15/consejos-para-ganar-en-un-casino/ HTTP/1.1" 200 47278 "http://casavalle.vsptdigital.cl" "Mozilla/5.0 AppleWebKit/537.36 (KHTML, like Gecko; compatible; GPTBot/1.4; +https://openai.com/gptbot)"
185.191.171.13 - - [11/Aug/2026:21:46:46 -0400] "GET /2026/01/30/juego-de-apostar-ruleta/ HTTP/1.1" 200 46607 "-" "Mozilla/5.0 (compatible; SemrushBot/7~bl; +http://www.semrush.com/bot.html)"
74.7.227.147 - - [11/Aug/2026:21:47:19 -0400] "GET /2026/07/15/la-mejor-app-de-casino-online/ HTTP/1.1" 200 46944 "http://casavalle.vsptdigital.cl" "Mozilla/5.0 AppleWebKit/537.36 (KHTML, like Gecko; compatible; GPTBot/1.4; +https://openai.com/gptbot)"
185.191.171.9 - - [11/Aug/2026:21:47:33 -0400] "GET /2026/01/30/jugar-avalon-gratis/ HTTP/1.1" 200 47315 "-" "Mozilla/5.0 (compatible; SemrushBot/7~bl; +http://www.semrush.com/bot.html)"
160.250.130.168 - - [11/Aug/2026:21:48:50 -0400] "GET /wp-json/wp/v2/users/me HTTP/1.1" 401 88 "-" "Mozilla/5.0 (Windows NT 10.0; Win64; x64) AppleWebKit/537.36 (KHTML, like Gecko) Chrome/133.0.0.0 Safari/537.36"
85.208.96.208 - - [11/Aug/2026:21:48:14 -0400] "GET /2026/01/30/juegos-de-ruleta-casino/ HTTP/1.1" 200 47229 "-" "Mozilla/5.0 (compatible; SemrushBot/7~bl; +http://www.semrush.com/bot.html)"
74.7.227.147 - - [11/Aug/2026:21:48:25 -0400] "GET /2026/07/15/trucos-para-ganar-ruleta-maquina/ HTTP/1.1" 200 47358 "http://casavalle.vsptdigital.cl" "Mozilla/5.0 AppleWebKit/537.36 (KHTML, like Gecko; compatible; GPTBot/1.4; +https://openai.com/gptbot)"
74.7.227.147 - - [11/Aug/2026:21:49:30 -0400] "GET /2026/07/15/jugar-juegos-de-casino-tragamonedas/ HTTP/1.1" 200 46886 "http://casavalle.vsptdigital.cl" "Mozilla/5.0 AppleWebKit/537.36 (KHTML, like Gecko; compatible; GPTBot/1.4; +https://openai.com/gptbot)"
85.208.96.205 - - [11/Aug/2026:21:48:56 -0400] "GET /2026/01/30/ganar-en-blackjack-con-eth/ HTTP/1.1" 200 46077 "-" "Mozilla/5.0 (compatible; SemrushBot/7~bl; +http://www.semrush.com/bot.html)"
85.208.96.211 - - [11/Aug/2026:21:49:43 -0400] "GET /2026/01/30/casinos-online-con-retirada-instantanea/ HTTP/1.1" 200 47589 "-" "Mozilla/5.0 (compatible; SemrushBot/7~bl; +http://www.semrush.com/bot.html)"
185.191.171.16 - - [11/Aug/2026:21:50:30 -0400] "GET /2026/01/30/1-o-2-ruleta/ HTTP/1.1" 200 47461 "-" "Mozilla/5.0 (compatible; SemrushBot/7~bl; +http://www.semrush.com/bot.html)"
74.7.227.147 - - [11/Aug/2026:21:50:34 -0400] "GET /2026/07/15/descarga-de-juegos-casino-gratis/ HTTP/1.1" 200 46844 "http://casavalle.vsptdigital.cl" "Mozilla/5.0 AppleWebKit/537.36 (KHTML, like Gecko; compatible; GPTBot/1.4; +https://openai.com/gptbot)"
85.208.96.195 - - [11/Aug/2026:21:51:12 -0400] "GET /2026/07/15/mejores-estrategias-para-la-ruleta/ HTTP/1.1" 200 47181 "-" "Mozilla/5.0 (compatible; SemrushBot/7~bl; +http://www.semrush.com/bot.html)"
74.7.227.147 - - [11/Aug/2026:21:51:31 -0400] "GET /2026/07/15/casino-de-juegos-temuco-direccion/ HTTP/1.1" 200 45363 "http://casavalle.vsptdigital.cl" "Mozilla/5.0 AppleWebKit/537.36 (KHTML, like Gecko; compatible; GPTBot/1.4; +https://openai.com/gptbot)"
85.208.96.210 - - [11/Aug/2026:21:52:00 -0400] "GET /2026/07/15/casino-sabaris-carta/ HTTP/1.1" 200 46478 "-" "Mozilla/5.0 (compatible; SemrushBot/7~bl; +http://www.semrush.com/bot.html)"
74.7.227.147 - - [11/Aug/2026:21:52:34 -0400] "GET /2026/07/15/juegos-de-slot-gratis-sin-descargar/ HTTP/1.1" 200 46807 "http://casavalle.vsptdigital.cl" "Mozilla/5.0 AppleWebKit/537.36 (KHTML, like Gecko; compatible; GPTBot/1.4; +https://openai.com/gptbot)"
85.208.96.193 - - [11/Aug/2026:21:52:42 -0400] "GET /2026/01/30/juega-gratis-a-pillars-of-asgard-en-modo-demo/ HTTP/1.1" 200 47521 "-" "Mozilla/5.0 (compatible; SemrushBot/7~bl; +http://www.semrush.com/bot.html)"
213.180.203.227 - - [11/Aug/2026:21:53:37 -0400] "GET /robots.txt HTTP/1.1" 200 148 "-" "Mozilla/5.0 (compatible; YandexBot/3.0; +http://yandex.com/bots)"
213.180.203.95 - - [11/Aug/2026:21:53:38 -0400] "GET /?p=11396 HTTP/1.1" 301 - "-" "Mozilla/5.0 (compatible; YandexBot/3.0; +http://yandex.com/bots)"
85.208.96.210 - - [11/Aug/2026:21:53:23 -0400] "GET /2026/01/30/como-se-juegan-las-maquinas-de-casino/ HTTP/1.1" 200 46550 "-" "Mozilla/5.0 (compatible; SemrushBot/7~bl; +http://www.semrush.com/bot.html)"
74.7.227.147 - - [11/Aug/2026:21:53:36 -0400] "GET /2026/07/15/trucos-para-cantar-bingo/ HTTP/1.1" 200 47137 "http://casavalle.vsptdigital.cl" "Mozilla/5.0 AppleWebKit/537.36 (KHTML, like Gecko; compatible; GPTBot/1.4; +https://openai.com/gptbot)"
5.255.231.118 - - [11/Aug/2026:21:53:39 -0400] "GET /2026/01/30/ruleta-como-se-juega/ HTTP/1.1" 200 46792 "-" "Mozilla/5.0 (compatible; YandexBot/3.0; +http://yandex.com/bots)"
36.71.211.83 - - [11/Aug/2026:21:54:31 -0400] "GET /2026/06/25/wie-lautet-der-bonus-fur-das-elektronische-casino-auf-deutsch-im-jahr-2026/ HTTP/1.1" 200 46619 "https://casavalle.vsptdigital.cl/" "Mozilla/5.0 (Windows NT 10.0; Win64; x64) AppleWebKit/537.36 (KHTML, like Gecko) Chrome/134.0.0.0 Safari/537.36"
36.71.211.83 - - [11/Aug/2026:21:54:33 -0400] "GET /2026/06/25/wie-lautet-der-bonus-fur-das-elektronische-casino-auf-deutsch-im-jahr-2026/ HTTP/1.1" 200 46619 "https://casavalle.vsptdigital.cl/2026/06/25/wie-lautet-der-bonus-fur-das-elektronische-casino-auf-deutsch-im-jahr-2026/" "Mozilla/5.0 (Windows NT 10.0; Win64; x64) AppleWebKit/537.36 (KHTML, like Gecko) Chrome/134.0.0.0 Safari/537.36"
136.115.117.113 - - [11/Aug/2026:21:54:42 -0400] "GET /wp-json/oembed/1.0/embed?format=xml&url=https://casavalle.vsptdigital.cl/2026/06/25/deutschs-mobiles-casino-2026/ HTTP/1.1" 200 2438 "-" "Mozilla/5.0 (Macintosh; Intel Mac OS X 10_15_7) AppleWebKit/537.36 (KHTML, like Gecko) Chrome/120.0.0.0 Safari/537.36"
85.208.96.212 - - [11/Aug/2026:21:54:05 -0400] "GET /2026/01/30/estrategia-para-ganar-dinero-en-la-ruleta/ HTTP/1.1" 200 48126 "-" "Mozilla/5.0 (compatible; SemrushBot/7~bl; +http://www.semrush.com/bot.html)"
213.180.203.87 - - [11/Aug/2026:21:55:26 -0400] "GET /xmlrpc.php?rsd HTTP/1.1" 404 40829 "-" "Mozilla/5.0 (compatible; YandexBot/3.0; +http://yandex.com/bots)"
74.7.227.147 - - [11/Aug/2026:21:54:42 -0400] "GET /2026/07/15/como-paga-la-ruleta-en-argentina/ HTTP/1.1" 200 46744 "http://casavalle.vsptdigital.cl" "Mozilla/5.0 AppleWebKit/537.36 (KHTML, like Gecko; compatible; GPTBot/1.4; +https://openai.com/gptbot)"
213.180.203.127 - - [11/Aug/2026:21:55:28 -0400] "GET /?p=9420 HTTP/1.1" 301 - "-" "Mozilla/5.0 (compatible; YandexBot/3.0; +http://yandex.com/bots)"
185.191.171.13 - - [11/Aug/2026:21:54:46 -0400] "GET /2026/07/15/aplicaci%C3%B3n-de-casinos-online/ HTTP/1.1" 200 46863 "-" "Mozilla/5.0 (compatible; SemrushBot/7~bl; +http://www.semrush.com/bot.html)"
74.7.227.147 - - [11/Aug/2026:21:55:45 -0400] "GET /2026/07/15/son-legales-los-casinos-de-cripto/ HTTP/1.1" 200 45855 "http://casavalle.vsptdigital.cl" "Mozilla/5.0 AppleWebKit/537.36 (KHTML, like Gecko; compatible; GPTBot/1.4; +https://openai.com/gptbot)"
185.191.171.7 - - [11/Aug/2026:21:56:04 -0400] "GET /robots.txt HTTP/1.1" 200 148 "-" "Mozilla/5.0 (compatible; SemrushBot/7~bl; +http://www.semrush.com/bot.html)"
87.250.224.88 - - [11/Aug/2026:21:55:29 -0400] "GET /2026/01/30/casinos-virtuales-peru/ HTTP/1.1" 200 46643 "-" "Mozilla/5.0 (compatible; YandexBot/3.0; +http://yandex.com/bots)"
85.208.96.194 - - [11/Aug/2026:21:55:33 -0400] "GET /2026/01/30/numeros-ruleta-mas-se-repiten/ HTTP/1.1" 200 46717 "-" "Mozilla/5.0 (compatible; SemrushBot/7~bl; +http://www.semrush.com/bot.html)"
185.191.171.1 - - [11/Aug/2026:21:56:15 -0400] "GET /2026/01/30/juegos-de-cartas-de-casino/ HTTP/1.1" 200 47045 "-" "Mozilla/5.0 (compatible; SemrushBot/7~bl; +http://www.semrush.com/bot.html)"
74.7.227.147 - - [11/Aug/2026:21:56:49 -0400] "GET /2026/07/15/black-jack-jugar-online-gratis/ HTTP/1.1" 200 47046 "http://casavalle.vsptdigital.cl" "Mozilla/5.0 AppleWebKit/537.36 (KHTML, like Gecko; compatible; GPTBot/1.4; +https://openai.com/gptbot)"
185.191.171.15 - - [11/Aug/2026:21:57:02 -0400] "GET /2026/01/30/boleto-casino-codigo-promocional-y-bonus-code/ HTTP/1.1" 200 47493 "-" "Mozilla/5.0 (compatible; SemrushBot/7~bl; +http://www.semrush.com/bot.html)"
85.208.96.205 - - [11/Aug/2026:21:57:44 -0400] "GET /2026/01/30/descargar-juegos-de-ruleta/ HTTP/1.1" 200 46972 "-" "Mozilla/5.0 (compatible; SemrushBot/7~bl; +http://www.semrush.com/bot.html)"
74.7.227.147 - - [11/Aug/2026:21:57:47 -0400] "GET /2026/07/15/juego-de-ruleta-gratis-para-pc/ HTTP/1.1" 200 46626 "http://casavalle.vsptdigital.cl" "Mozilla/5.0 AppleWebKit/537.36 (KHTML, like Gecko; compatible; GPTBot/1.4; +https://openai.com/gptbot)"
185.191.171.1 - - [11/Aug/2026:21:58:30 -0400] "GET /2026/01/30/el-dinero-del-casino-se-declara/ HTTP/1.1" 200 46628 "-" "Mozilla/5.0 (compatible; SemrushBot/7~bl; +http://www.semrush.com/bot.html)"
74.7.227.147 - - [11/Aug/2026:21:58:49 -0400] "GET /2026/07/15/tragaperras-online-king-of-wealth/ HTTP/1.1" 200 47047 "http://casavalle.vsptdigital.cl" "Mozilla/5.0 AppleWebKit/537.36 (KHTML, like Gecko; compatible; GPTBot/1.4; +https://openai.com/gptbot)"
85.208.96.212 - - [11/Aug/2026:21:59:12 -0400] "GET /2026/01/30/como-hago-para-no-entrar-mas-al-casino/ HTTP/1.1" 200 46701 "-" "Mozilla/5.0 (compatible; SemrushBot/7~bl; +http://www.semrush.com/bot.html)"
74.7.227.147 - - [11/Aug/2026:21:59:50 -0400] "GET /2026/07/15/casinos-abiertos-hoy-en-mendoza-abierto-ahora/ HTTP/1.1" 200 47784 "http://casavalle.vsptdigital.cl" "Mozilla/5.0 AppleWebKit/537.36 (KHTML, like Gecko; compatible; GPTBot/1.4; +https://openai.com/gptbot)"
185.191.171.13 - - [11/Aug/2026:21:59:54 -0400] "GET /2026/01/30/como-jugar-al-grand-ccct-casino/ HTTP/1.1" 200 46400 "-" "Mozilla/5.0 (compatible; SemrushBot/7~bl; +http://www.semrush.com/bot.html)"
74.7.227.147 - - [11/Aug/2026:22:00:53 -0400] "GET /?p=17640 HTTP/1.1" 301 - "https://casavalle.vsptdigital.cl/2026/07/15/jugar-juegos-de-casino-tragamonedas/" "Mozilla/5.0 AppleWebKit/537.36 (KHTML, like Gecko; compatible; GPTBot/1.4; +https://openai.com/gptbot)"
185.191.171.19 - - [11/Aug/2026:22:00:41 -0400] "GET /2026/01/30/sic-bo-pragmatic/ HTTP/1.1" 200 46802 "-" "Mozilla/5.0 (compatible; SemrushBot/7~bl; +http://www.semrush.com/bot.html)"
74.7.227.147 - - [11/Aug/2026:22:00:54 -0400] "GET /2026/07/15/cripto-casinos-que-aceptan-paypal/ HTTP/1.1" 200 46373 "https://casavalle.vsptdigital.cl/?p=17640" "Mozilla/5.0 AppleWebKit/537.36 (KHTML, like Gecko; compatible; GPTBot/1.4; +https://openai.com/gptbot)"
74.7.227.147 - - [11/Aug/2026:22:01:58 -0400] "GET /?p=18392 HTTP/1.1" 301 - "https://casavalle.vsptdigital.cl/2026/07/15/jugar-juegos-de-casino-tragamonedas/" "Mozilla/5.0 AppleWebKit/537.36 (KHTML, like Gecko; compatible; GPTBot/1.4; +https://openai.com/gptbot)"
185.191.171.14 - - [11/Aug/2026:22:01:23 -0400] "GET /2026/01/30/jugar-maquinas-tragamonedas-clasicas-gratis/ HTTP/1.1" 200 46937 "-" "Mozilla/5.0 (compatible; SemrushBot/7~bl; +http://www.semrush.com/bot.html)"
85.208.96.200 - - [11/Aug/2026:22:02:09 -0400] "GET /2026/01/30/apuesta-de-casino/ HTTP/1.1" 200 47593 "-" "Mozilla/5.0 (compatible; SemrushBot/7~bl; +http://www.semrush.com/bot.html)"
165.101.18.192 - - [11/Aug/2026:22:03:30 -0400] "GET /2026/07/15/wyniki-losowania-eurojackpotautomat-do-gier-hazardowych-jak-grac/ HTTP/1.1" 200 46065 "https://casavalle.vsptdigital.cl/" "Mozilla/5.0 (Macintosh; Intel Mac OS X 10_15_7) AppleWebKit/537.36 (KHTML, like Gecko) Chrome/136.0.0.0 Safari/537.36"
165.101.18.192 - - [11/Aug/2026:22:03:33 -0400] "GET /2026/07/15/wyniki-losowania-eurojackpotautomat-do-gier-hazardowych-jak-grac/ HTTP/1.1" 200 46065 "https://casavalle.vsptdigital.cl/2026/07/15/wyniki-losowania-eurojackpotautomat-do-gier-hazardowych-jak-grac/" "Mozilla/5.0 (Macintosh; Intel Mac OS X 10_15_7) AppleWebKit/537.36 (KHTML, like Gecko) Chrome/136.0.0.0 Safari/537.36"
185.191.171.3 - - [11/Aug/2026:22:02:51 -0400] "GET /2026/01/30/aparato-para-ganar-en-las-maquinas-tragamonedas/ HTTP/1.1" 200 46375 "-" "Mozilla/5.0 (compatible; SemrushBot/7~bl; +http://www.semrush.com/bot.html)"
74.7.227.147 - - [11/Aug/2026:22:03:02 -0400] "GET /2026/07/15/jugar-temple-tumble-megaways-gratis/ HTTP/1.1" 200 47770 "http://casavalle.vsptdigital.cl" "Mozilla/5.0 AppleWebKit/537.36 (KHTML, like Gecko; compatible; GPTBot/1.4; +https://openai.com/gptbot)"
160.30.200.37 - - [11/Aug/2026:22:03:49 -0400] "GET /2026/05/14/wie-spielt-man-im-jahr-2026-in-den-spielbanken-um-echtgeld/ HTTP/1.1" 200 46081 "https://casavalle.vsptdigital.cl/" "Mozilla/5.0 (Macintosh; Intel Mac OS X 10_15_7) AppleWebKit/537.36 (KHTML, like Gecko) obsidian/1.6.5 Chrome/124.0.6367.243 Electron/30.1.2 Safari/537.36"
160.30.200.37 - - [11/Aug/2026:22:03:52 -0400] "GET /2026/05/14/wie-spielt-man-im-jahr-2026-in-den-spielbanken-um-echtgeld/ HTTP/1.1" 200 46081 "https://casavalle.vsptdigital.cl/2026/05/14/wie-spielt-man-im-jahr-2026-in-den-spielbanken-um-echtgeld/" "Mozilla/5.0 (Macintosh; Intel Mac OS X 10_15_7) AppleWebKit/537.36 (KHTML, like Gecko) obsidian/1.6.5 Chrome/124.0.6367.243 Electron/30.1.2 Safari/537.36"
85.208.96.197 - - [11/Aug/2026:22:03:39 -0400] "GET /2026/01/30/ruleta-online-dinero/ HTTP/1.1" 200 46737 "-" "Mozilla/5.0 (compatible; SemrushBot/7~bl; +http://www.semrush.com/bot.html)"
164.52.218.210 - - [11/Aug/2026:22:04:36 -0400] "GET /wp-login.php HTTP/1.1" 301 - "-" "Mozilla/5.0 (Windows NT 10.0; Win64; x64) AppleWebKit/537.36 (KHTML, like Gecko) Chrome/133.0.0.0 Safari/537.36"
164.52.218.210 - - [11/Aug/2026:22:04:38 -0400] "GET /wp-login.php HTTP/1.1" 302 - "https://www.casavalle.vsptdigital.cl/wp-login.php" "Mozilla/5.0 (Windows NT 10.0; Win64; x64) AppleWebKit/537.36 (KHTML, like Gecko) Chrome/133.0.0.0 Safari/537.36"
164.52.218.210 - - [11/Aug/2026:22:04:39 -0400] "GET /wp-login.php HTTP/1.1" 302 - "https://www.casavalle.vsptdigital.cl/wp-login.php" "Mozilla/5.0 (Windows NT 10.0; Win64; x64) AppleWebKit/537.36 (KHTML, like Gecko) Chrome/133.0.0.0 Safari/537.36"
164.52.218.210 - - [11/Aug/2026:22:04:39 -0400] "GET /wp-login.php HTTP/1.1" 302 - "https://www.casavalle.vsptdigital.cl/wp-login.php" "Mozilla/5.0 (Windows NT 10.0; Win64; x64) AppleWebKit/537.36 (KHTML, like Gecko) Chrome/133.0.0.0 Safari/537.36"
164.52.218.210 - - [11/Aug/2026:22:04:40 -0400] "GET /wp-login.php HTTP/1.1" 302 - "https://www.casavalle.vsptdigital.cl/wp-login.php" "Mozilla/5.0 (Windows NT 10.0; Win64; x64) AppleWebKit/537.36 (KHTML, like Gecko) Chrome/133.0.0.0 Safari/537.36"
164.52.218.210 - - [11/Aug/2026:22:04:41 -0400] "GET /wp-login.php HTTP/1.1" 302 - "https://www.casavalle.vsptdigital.cl/wp-login.php" "Mozilla/5.0 (Windows NT 10.0; Win64; x64) AppleWebKit/537.36 (KHTML, like Gecko) Chrome/133.0.0.0 Safari/537.36"
164.52.218.210 - - [11/Aug/2026:22:04:42 -0400] "GET /wp-login.php HTTP/1.1" 302 - "https://www.casavalle.vsptdigital.cl/wp-login.php" "Mozilla/5.0 (Windows NT 10.0; Win64; x64) AppleWebKit/537.36 (KHTML, like Gecko) Chrome/133.0.0.0 Safari/537.36"
164.52.218.210 - - [11/Aug/2026:22:04:42 -0400] "GET /wp-login.php HTTP/1.1" 302 - "https://www.casavalle.vsptdigital.cl/wp-login.php" "Mozilla/5.0 (Windows NT 10.0; Win64; x64) AppleWebKit/537.36 (KHTML, like Gecko) Chrome/133.0.0.0 Safari/537.36"
164.52.218.210 - - [11/Aug/2026:22:04:43 -0400] "GET /wp-login.php HTTP/1.1" 302 - "https://www.casavalle.vsptdigital.cl/wp-login.php" "Mozilla/5.0 (Windows NT 10.0; Win64; x64) AppleWebKit/537.36 (KHTML, like Gecko) Chrome/133.0.0.0 Safari/537.36"
164.52.218.210 - - [11/Aug/2026:22:04:44 -0400] "GET /wp-login.php HTTP/1.1" 302 - "https://www.casavalle.vsptdigital.cl/wp-login.php" "Mozilla/5.0 (Windows NT 10.0; Win64; x64) AppleWebKit/537.36 (KHTML, like Gecko) Chrome/133.0.0.0 Safari/537.36"
164.52.218.210 - - [11/Aug/2026:22:04:46 -0400] "GET /wp-json/wp/v2/users/me HTTP/1.1" 401 88 "-" "Mozilla/5.0 (Windows NT 10.0; Win64; x64) AppleWebKit/537.36 (KHTML, like Gecko) Chrome/133.0.0.0 Safari/537.36"
74.7.227.147 - - [11/Aug/2026:22:04:01 -0400] "GET /2026/07/15/juegos-para-descargar-casinos/ HTTP/1.1" 200 46749 "http://casavalle.vsptdigital.cl" "Mozilla/5.0 AppleWebKit/537.36 (KHTML, like Gecko; compatible; GPTBot/1.4; +https://openai.com/gptbot)"
185.191.171.3 - - [11/Aug/2026:22:04:20 -0400] "GET /2026/01/30/casinos-santa-fe-mexico/ HTTP/1.1" 200 46675 "-" "Mozilla/5.0 (compatible; SemrushBot/7~bl; +http://www.semrush.com/bot.html)"
85.208.96.204 - - [11/Aug/2026:22:05:02 -0400] "GET /2026/07/15/blackjack-en-vivo-con-cripto/ HTTP/1.1" 200 47418 "-" "Mozilla/5.0 (compatible; SemrushBot/7~bl; +http://www.semrush.com/bot.html)"
74.7.227.147 - - [11/Aug/2026:22:05:03 -0400] "GET /2026/07/15/casino-sin-deposito-inicial-mexico/ HTTP/1.1" 200 46192 "http://casavalle.vsptdigital.cl" "Mozilla/5.0 AppleWebKit/537.36 (KHTML, like Gecko; compatible; GPTBot/1.4; +https://openai.com/gptbot)"
87.199.207.61 - - [11/Aug/2026:22:05:54 -0400] "GET /2026/07/15/wyniki-losowania-eurojackpotautomat-do-gier-hazardowych-jak-grac/ HTTP/1.1" 200 46065 "https://casavalle.vsptdigital.cl/" "Mozilla/5.0 (Macintosh; Intel Mac OS X 10_15_7) AppleWebKit/605.1.15 (KHTML, like Gecko) Version/26.4 Safari/605.1.15"
87.199.207.61 - - [11/Aug/2026:22:05:56 -0400] "GET /2026/07/15/wyniki-losowania-eurojackpotautomat-do-gier-hazardowych-jak-grac/ HTTP/1.1" 200 46065 "https://casavalle.vsptdigital.cl/2026/07/15/wyniki-losowania-eurojackpotautomat-do-gier-hazardowych-jak-grac/" "Mozilla/5.0 (Macintosh; Intel Mac OS X 10_15_7) AppleWebKit/605.1.15 (KHTML, like Gecko) Version/26.4 Safari/605.1.15"
85.208.96.208 - - [11/Aug/2026:22:05:49 -0400] "GET /2026/07/15/el-casino-plentzia/ HTTP/1.1" 200 47346 "-" "Mozilla/5.0 (compatible; SemrushBot/7~bl; +http://www.semrush.com/bot.html)"
74.7.227.147 - - [11/Aug/2026:22:06:07 -0400] "GET /2026/07/15/casinos-dinero-gratis-sin-deposito/ HTTP/1.1" 200 47004 "http://casavalle.vsptdigital.cl" "Mozilla/5.0 AppleWebKit/537.36 (KHTML, like Gecko; compatible; GPTBot/1.4; +https://openai.com/gptbot)"
74.7.227.147 - - [11/Aug/2026:22:07:07 -0400] "GET /?p=16940 HTTP/1.1" 301 - "https://casavalle.vsptdigital.cl/2026/07/15/son-legales-los-casinos-de-cripto/" "Mozilla/5.0 AppleWebKit/537.36 (KHTML, like Gecko; compatible; GPTBot/1.4; +https://openai.com/gptbot)"
85.208.96.201 - - [11/Aug/2026:22:06:31 -0400] "GET /2026/01/30/casino-ronda-malaga/ HTTP/1.1" 200 46132 "-" "Mozilla/5.0 (compatible; SemrushBot/7~bl; +http://www.semrush.com/bot.html)"
74.7.227.147 - - [11/Aug/2026:22:07:08 -0400] "GET /2026/07/15/tragamonedas-5-rodillos/ HTTP/1.1" 200 47021 "https://casavalle.vsptdigital.cl/?p=16940" "Mozilla/5.0 AppleWebKit/537.36 (KHTML, like Gecko; compatible; GPTBot/1.4; +https://openai.com/gptbot)"
185.191.171.12 - - [11/Aug/2026:22:07:13 -0400] "GET /2026/01/30/casinos-en-vivo-con-crupier-de-bitcoin/ HTTP/1.1" 200 46761 "-" "Mozilla/5.0 (compatible; SemrushBot/7~bl; +http://www.semrush.com/bot.html)"
185.191.171.5 - - [11/Aug/2026:22:07:57 -0400] "GET /2026/01/30/ruleta-para-ganar-dinero/ HTTP/1.1" 200 46358 "-" "Mozilla/5.0 (compatible; SemrushBot/7~bl; +http://www.semrush.com/bot.html)"
74.7.227.147 - - [11/Aug/2026:22:08:13 -0400] "GET /?p=18381 HTTP/1.1" 301 - "https://casavalle.vsptdigital.cl/2026/07/15/son-legales-los-casinos-de-cripto/" "Mozilla/5.0 AppleWebKit/537.36 (KHTML, like Gecko; compatible; GPTBot/1.4; +https://openai.com/gptbot)"
85.208.96.195 - - [11/Aug/2026:22:08:39 -0400] "GET /2026/01/30/algoritmo-juegos-de-azar/ HTTP/1.1" 200 45693 "-" "Mozilla/5.0 (compatible; SemrushBot/7~bl; +http://www.semrush.com/bot.html)"
74.7.227.147 - - [11/Aug/2026:22:09:14 -0400] "GET /2026/07/15/juegos-gratis-tragamonedas-davinci/ HTTP/1.1" 200 46832 "http://casavalle.vsptdigital.cl" "Mozilla/5.0 AppleWebKit/537.36 (KHTML, like Gecko; compatible; GPTBot/1.4; +https://openai.com/gptbot)"
85.208.96.199 - - [11/Aug/2026:22:09:21 -0400] "GET /2026/01/30/casino-en-torres-de-la-alameda/ HTTP/1.1" 200 46542 "-" "Mozilla/5.0 (compatible; SemrushBot/7~bl; +http://www.semrush.com/bot.html)"
85.208.96.208 - - [11/Aug/2026:22:10:02 -0400] "GET /2026/01/30/juego-gratis-la-ruleta-dela-suerte/ HTTP/1.1" 200 46661 "-" "Mozilla/5.0 (compatible; SemrushBot/7~bl; +http://www.semrush.com/bot.html)"
74.7.227.147 - - [11/Aug/2026:22:10:18 -0400] "GET /2026/07/15/juegos-tragamonedas-sin-descargar/ HTTP/1.1" 200 46761 "http://casavalle.vsptdigital.cl" "Mozilla/5.0 AppleWebKit/537.36 (KHTML, like Gecko; compatible; GPTBot/1.4; +https://openai.com/gptbot)"
85.208.96.210 - - [11/Aug/2026:22:10:45 -0400] "GET /2026/07/15/bonos-de-casino-bitcoin-sin-dep%C3%B3sito/ HTTP/1.1" 200 46511 "-" "Mozilla/5.0 (compatible; SemrushBot/7~bl; +http://www.semrush.com/bot.html)"
74.7.227.147 - - [11/Aug/2026:22:11:21 -0400] "GET /2026/07/15/estadistica-y-probabilidad-ruleta/ HTTP/1.1" 200 47802 "http://casavalle.vsptdigital.cl" "Mozilla/5.0 AppleWebKit/537.36 (KHTML, like Gecko; compatible; GPTBot/1.4; +https://openai.com/gptbot)"
185.191.171.1 - - [11/Aug/2026:22:11:32 -0400] "GET /2026/01/30/casino-san-nicol%C3%A1s/ HTTP/1.1" 200 46828 "-" "Mozilla/5.0 (compatible; SemrushBot/7~bl; +http://www.semrush.com/bot.html)"
85.208.96.197 - - [11/Aug/2026:22:12:14 -0400] "GET /2026/07/15/ruleta-con-nombre-online/ HTTP/1.1" 200 47067 "-" "Mozilla/5.0 (compatible; SemrushBot/7~bl; +http://www.semrush.com/bot.html)"
74.7.227.147 - - [11/Aug/2026:22:12:26 -0400] "GET /2026/07/15/instrucciones-de-juego-ruleta/ HTTP/1.1" 200 46344 "http://casavalle.vsptdigital.cl" "Mozilla/5.0 AppleWebKit/537.36 (KHTML, like Gecko; compatible; GPTBot/1.4; +https://openai.com/gptbot)"
85.208.96.212 - - [11/Aug/2026:22:12:56 -0400] "GET /2026/07/15/maquinas-tragamonedas-mas-nuevas-para-jugar-gratis/ HTTP/1.1" 200 47608 "-" "Mozilla/5.0 (compatible; SemrushBot/7~bl; +http://www.semrush.com/bot.html)"
74.7.227.147 - - [11/Aug/2026:22:13:26 -0400] "GET /2026/07/15/precio-de-maquinas-de-casinos/ HTTP/1.1" 200 46587 "http://casavalle.vsptdigital.cl" "Mozilla/5.0 AppleWebKit/537.36 (KHTML, like Gecko; compatible; GPTBot/1.4; +https://openai.com/gptbot)"
85.208.96.208 - - [11/Aug/2026:22:13:38 -0400] "GET /2026/01/30/que-juegos-hay-en-un-casino/ HTTP/1.1" 200 46309 "-" "Mozilla/5.0 (compatible; SemrushBot/7~bl; +http://www.semrush.com/bot.html)"
45.144.54.40 - - [11/Aug/2026:22:14:23 -0400] "GET /2026/06/25/casino-automaten-online-mindestens-5-euro-2026/ HTTP/1.1" 200 46059 "https://casavalle.vsptdigital.cl/" "Mozilla/5.0 (Windows NT 10.0; Win64; x64; rv:138.0) Gecko/20100101 Firefox/138.0"
45.144.54.40 - - [11/Aug/2026:22:14:25 -0400] "GET /2026/06/25/casino-automaten-online-mindestens-5-euro-2026/ HTTP/1.1" 200 46059 "https://casavalle.vsptdigital.cl/2026/06/25/casino-automaten-online-mindestens-5-euro-2026/" "Mozilla/5.0 (Windows NT 10.0; Win64; x64; rv:138.0) Gecko/20100101 Firefox/138.0"
85.208.96.209 - - [11/Aug/2026:22:14:20 -0400] "GET /2026/07/15/ruleta-online-sin-deposito/ HTTP/1.1" 200 46850 "-" "Mozilla/5.0 (compatible; SemrushBot/7~bl; +http://www.semrush.com/bot.html)"
74.7.227.147 - - [11/Aug/2026:22:14:26 -0400] "GET /2026/07/15/juegos-ruleta-gratis-para-jugar/ HTTP/1.1" 200 47278 "http://casavalle.vsptdigital.cl" "Mozilla/5.0 AppleWebKit/537.36 (KHTML, like Gecko; compatible; GPTBot/1.4; +https://openai.com/gptbot)"
85.208.96.195 - - [11/Aug/2026:22:15:02 -0400] "GET /2026/01/30/hay-casinos-en-mendoza/ HTTP/1.1" 200 46328 "-" "Mozilla/5.0 (compatible; SemrushBot/7~bl; +http://www.semrush.com/bot.html)"
74.7.227.147 - - [11/Aug/2026:22:15:29 -0400] "GET /2026/07/15/precio-maquinas-tragamonedas-nuevas/ HTTP/1.1" 200 46631 "http://casavalle.vsptdigital.cl" "Mozilla/5.0 AppleWebKit/537.36 (KHTML, like Gecko; compatible; GPTBot/1.4; +https://openai.com/gptbot)"
85.208.96.210 - - [11/Aug/2026:22:15:49 -0400] "GET /2026/01/30/casino-gratis-sin-registrarse-ni-descargar/ HTTP/1.1" 200 46574 "-" "Mozilla/5.0 (compatible; SemrushBot/7~bl; +http://www.semrush.com/bot.html)"
212.47.252.170 - - [11/Aug/2026:22:16:44 -0400] "GET /robots.txt HTTP/1.1" 200 148 "-" "Python/3.14 aiohttp/3.14.1"
212.47.252.170 - - [11/Aug/2026:22:16:45 -0400] "GET / HTTP/1.1" 200 67650 "-" "Python/3.14 aiohttp/3.14.1"
212.47.252.170 - - [11/Aug/2026:22:16:51 -0400] "GET /robots.txt HTTP/1.1" 200 148 "-" "Python/3.14 aiohttp/3.14.1"
212.47.252.170 - - [11/Aug/2026:22:16:51 -0400] "GET /2026/05/14/wie-spielt-man-im-jahr-2026-in-den-spielbanken-um-echtgeld/ HTTP/1.1" 200 46081 "-" "Python/3.14 aiohttp/3.14.1"
185.191.171.1 - - [11/Aug/2026:22:16:30 -0400] "GET /2026/01/30/como-se-juega-en-los-tragamonedas/ HTTP/1.1" 200 47090 "-" "Mozilla/5.0 (compatible; SemrushBot/7~bl; +http://www.semrush.com/bot.html)"
74.7.227.147 - - [11/Aug/2026:22:16:32 -0400] "GET /2026/07/15/como-ganar-en-los-casinos-tragamonedas/ HTTP/1.1" 200 47181 "http://casavalle.vsptdigital.cl" "Mozilla/5.0 AppleWebKit/537.36 (KHTML, like Gecko; compatible; GPTBot/1.4; +https://openai.com/gptbot)"
185.191.171.13 - - [11/Aug/2026:22:17:57 -0400] "GET /robots.txt HTTP/1.1" 200 148 "-" "Mozilla/5.0 (compatible; SemrushBot/7~bl; +http://www.semrush.com/bot.html)"
185.191.171.9 - - [11/Aug/2026:22:17:17 -0400] "GET /2026/01/30/fenix-casino-codigo-promocional-y-bonus-code-2026/ HTTP/1.1" 200 47152 "-" "Mozilla/5.0 (compatible; SemrushBot/7~bl; +http://www.semrush.com/bot.html)"
162.240.105.3 - - [11/Aug/2026:22:18:01 -0400] "GET /wp-login.php HTTP/1.1" 301 - "-" "Mozilla/5.0 (Windows NT 10.0; Win64; x64) AppleWebKit/537.36 (KHTML, like Gecko) Chrome/133.0.0.0 Safari/537.36"
162.240.105.3 - - [11/Aug/2026:22:18:02 -0400] "GET /wp-login.php HTTP/1.1" 302 - "https://www.casavalle.vsptdigital.cl/wp-login.php" "Mozilla/5.0 (Windows NT 10.0; Win64; x64) AppleWebKit/537.36 (KHTML, like Gecko) Chrome/133.0.0.0 Safari/537.36"
162.240.105.3 - - [11/Aug/2026:22:18:02 -0400] "GET /wp-login.php HTTP/1.1" 302 - "https://www.casavalle.vsptdigital.cl/wp-login.php" "Mozilla/5.0 (Windows NT 10.0; Win64; x64) AppleWebKit/537.36 (KHTML, like Gecko) Chrome/133.0.0.0 Safari/537.36"
162.240.105.3 - - [11/Aug/2026:22:18:03 -0400] "GET /wp-login.php HTTP/1.1" 302 - "https://www.casavalle.vsptdigital.cl/wp-login.php" "Mozilla/5.0 (Windows NT 10.0; Win64; x64) AppleWebKit/537.36 (KHTML, like Gecko) Chrome/133.0.0.0 Safari/537.36"
162.240.105.3 - - [11/Aug/2026:22:18:03 -0400] "GET /wp-login.php HTTP/1.1" 302 - "https://www.casavalle.vsptdigital.cl/wp-login.php" "Mozilla/5.0 (Windows NT 10.0; Win64; x64) AppleWebKit/537.36 (KHTML, like Gecko) Chrome/133.0.0.0 Safari/537.36"
162.240.105.3 - - [11/Aug/2026:22:18:04 -0400] "GET /wp-login.php HTTP/1.1" 302 - "https://www.casavalle.vsptdigital.cl/wp-login.php" "Mozilla/5.0 (Windows NT 10.0; Win64; x64) AppleWebKit/537.36 (KHTML, like Gecko) Chrome/133.0.0.0 Safari/537.36"
162.240.105.3 - - [11/Aug/2026:22:18:04 -0400] "GET /wp-login.php HTTP/1.1" 302 - "https://www.casavalle.vsptdigital.cl/wp-login.php" "Mozilla/5.0 (Windows NT 10.0; Win64; x64) AppleWebKit/537.36 (KHTML, like Gecko) Chrome/133.0.0.0 Safari/537.36"
162.240.105.3 - - [11/Aug/2026:22:18:05 -0400] "GET /wp-login.php HTTP/1.1" 302 - "https://www.casavalle.vsptdigital.cl/wp-login.php" "Mozilla/5.0 (Windows NT 10.0; Win64; x64) AppleWebKit/537.36 (KHTML, like Gecko) Chrome/133.0.0.0 Safari/537.36"
162.240.105.3 - - [11/Aug/2026:22:18:05 -0400] "GET /wp-login.php HTTP/1.1" 302 - "https://www.casavalle.vsptdigital.cl/wp-login.php" "Mozilla/5.0 (Windows NT 10.0; Win64; x64) AppleWebKit/537.36 (KHTML, like Gecko) Chrome/133.0.0.0 Safari/537.36"
162.240.105.3 - - [11/Aug/2026:22:18:05 -0400] "GET /wp-login.php HTTP/1.1" 302 - "https://www.casavalle.vsptdigital.cl/wp-login.php" "Mozilla/5.0 (Windows NT 10.0; Win64; x64) AppleWebKit/537.36 (KHTML, like Gecko) Chrome/133.0.0.0 Safari/537.36"
162.240.105.3 - - [11/Aug/2026:22:18:06 -0400] "GET /wp-json/wp/v2/users/me HTTP/1.1" 401 88 "-" "Mozilla/5.0 (Windows NT 10.0; Win64; x64) AppleWebKit/537.36 (KHTML, like Gecko) Chrome/133.0.0.0 Safari/537.36"
74.7.227.147 - - [11/Aug/2026:22:17:35 -0400] "GET /2026/07/15/tragaperras-online-triple-dragons/ HTTP/1.1" 200 46869 "http://casavalle.vsptdigital.cl" "Mozilla/5.0 AppleWebKit/537.36 (KHTML, like Gecko; compatible; GPTBot/1.4; +https://openai.com/gptbot)"
85.208.96.198 - - [11/Aug/2026:22:17:59 -0400] "GET /2026/01/30/jugar-blackjack-por-dinero-real/ HTTP/1.1" 200 46628 "-" "Mozilla/5.0 (compatible; SemrushBot/7~bl; +http://www.semrush.com/bot.html)"
195.86.42.5 - - [11/Aug/2026:22:18:59 -0400] "GET /2026/07/04/cual-es-el-mejor-casino-en-linea-de-espana/ HTTP/1.1" 200 46528 "https://casavalle.vsptdigital.cl/" "Mozilla/5.0 (Windows NT 10.0; Win64; x64) AppleWebKit/537.36 (KHTML, like Gecko) Chrome/148.0.0.0 Safari/537.36"
