85.208.96.198 - - [12/Aug/2026:06:22:18 -0400] "GET /2026/07/15/casinos-con-licencia-en-espa%C3%B1a/ HTTP/1.1" 200 47866 "-" "Mozilla/5.0 (compatible; SemrushBot/7~bl; +http://www.semrush.com/bot.html)"
74.7.227.147 - - [12/Aug/2026:06:22:51 -0400] "GET /2026/01/30/juega-gratis-a-witches-charm-en-modo-demo/ HTTP/1.1" 200 47625 "https://casavalle.vsptdigital.cl/?p=12005" "Mozilla/5.0 AppleWebKit/537.36 (KHTML, like Gecko; compatible; GPTBot/1.4; +https://openai.com/gptbot)"
185.191.171.19 - - [12/Aug/2026:06:23:00 -0400] "GET /2026/01/30/mejores-juegos-casino-playdoit/ HTTP/1.1" 200 46370 "-" "Mozilla/5.0 (compatible; SemrushBot/7~bl; +http://www.semrush.com/bot.html)"
74.7.227.147 - - [12/Aug/2026:06:23:56 -0400] "GET /?p=15417 HTTP/1.1" 301 - "https://casavalle.vsptdigital.cl/2026/01/30/maverick-casino-bono-sin-dep%C3%B3sito-50-giros-gratis-2026/" "Mozilla/5.0 AppleWebKit/537.36 (KHTML, like Gecko; compatible; GPTBot/1.4; +https://openai.com/gptbot)"
74.7.227.147 - - [12/Aug/2026:06:23:56 -0400] "GET /2026/01/30/juegos-blackjack-gratis-en-espa%C3%B1ol-grill/ HTTP/1.1" 200 46628 "https://casavalle.vsptdigital.cl/?p=15417" "Mozilla/5.0 AppleWebKit/537.36 (KHTML, like Gecko; compatible; GPTBot/1.4; +https://openai.com/gptbot)"
185.191.171.16 - - [12/Aug/2026:06:23:47 -0400] "GET /2026/01/30/la-ruleta-activa-de-hoy/ HTTP/1.1" 200 47176 "-" "Mozilla/5.0 (compatible; SemrushBot/7~bl; +http://www.semrush.com/bot.html)"
74.7.227.147 - - [12/Aug/2026:06:24:58 -0400] "GET /?p=16445 HTTP/1.1" 301 - "https://casavalle.vsptdigital.cl/2026/01/30/maverick-casino-bono-sin-dep%C3%B3sito-50-giros-gratis-2026/" "Mozilla/5.0 AppleWebKit/537.36 (KHTML, like Gecko; compatible; GPTBot/1.4; +https://openai.com/gptbot)"
185.191.171.7 - - [12/Aug/2026:06:24:30 -0400] "GET /2026/01/30/bet365-casino-bono-sin-dep%C3%B3sito-50-giros-gratis-2026/ HTTP/1.1" 200 48299 "-" "Mozilla/5.0 (compatible; SemrushBot/7~bl; +http://www.semrush.com/bot.html)"
185.191.171.15 - - [12/Aug/2026:06:25:17 -0400] "GET /2026/07/15/tecnicas-para-ganar-en-blackjack/ HTTP/1.1" 200 46258 "-" "Mozilla/5.0 (compatible; SemrushBot/7~bl; +http://www.semrush.com/bot.html)"
74.7.227.147 - - [12/Aug/2026:06:25:54 -0400] "GET /2026/07/15/bebe-coche-casino-bono-sin-dep%C3%B3sito-50-giros-gratis-2026/ HTTP/1.1" 200 46711 "https://casavalle.vsptdigital.cl/?feed=xmlsitemap1711" "Mozilla/5.0 AppleWebKit/537.36 (KHTML, like Gecko; compatible; GPTBot/1.4; +https://openai.com/gptbot)"
185.191.171.4 - - [12/Aug/2026:06:25:58 -0400] "GET /2026/01/30/petit-casino-bono-sin-dep%C3%B3sito-50-giros-gratis-2026/ HTTP/1.1" 200 46440 "-" "Mozilla/5.0 (compatible; SemrushBot/7~bl; +http://www.semrush.com/bot.html)"
185.191.171.7 - - [12/Aug/2026:06:26:45 -0400] "GET /2026/01/30/ruleta-online-bono-bienvenida/ HTTP/1.1" 200 45983 "-" "Mozilla/5.0 (compatible; SemrushBot/7~bl; +http://www.semrush.com/bot.html)"
85.208.96.196 - - [12/Aug/2026:06:26:47 -0400] "GET /2026/01/30/tragaperras-casino-gratis/ HTTP/1.1" 200 46395 "-" "Mozilla/5.0 (compatible; SemrushBot/7~bl; +http://www.semrush.com/bot.html)"
85.208.96.199 - - [12/Aug/2026:06:26:49 -0400] "GET /2026/07/15/todos-los-juegos-de-maquinas-tragamonedas/ HTTP/1.1" 200 46873 "-" "Mozilla/5.0 (compatible; SemrushBot/7~bl; +http://www.semrush.com/bot.html)"
185.191.171.4 - - [12/Aug/2026:06:26:51 -0400] "GET /2026/01/30/apuestas-de-bitcoin-en-tragamonedas-progresivas/ HTTP/1.1" 200 46937 "-" "Mozilla/5.0 (compatible; SemrushBot/7~bl; +http://www.semrush.com/bot.html)"
185.191.171.3 - - [12/Aug/2026:06:26:53 -0400] "GET /2026/07/15/m%C3%A1quinas-tragamonedas-gratis-nuevas/ HTTP/1.1" 200 46788 "-" "Mozilla/5.0 (compatible; SemrushBot/7~bl; +http://www.semrush.com/bot.html)"
74.7.227.147 - - [12/Aug/2026:06:26:43 -0400] "GET /2026/07/15/vulkan-vegas-casino-bono-sin-dep%C3%B3sito-50-giros-gratis-2026/ HTTP/1.1" 200 47215 "https://casavalle.vsptdigital.cl/?feed=xmlsitemap1711" "Mozilla/5.0 AppleWebKit/537.36 (KHTML, like Gecko; compatible; GPTBot/1.4; +https://openai.com/gptbot)"
85.208.96.195 - - [12/Aug/2026:06:26:55 -0400] "GET /2026/07/15/juego-de-casino-book-of-ra-gratis-en-espa%C3%B1ol-online/ HTTP/1.1" 200 47182 "-" "Mozilla/5.0 (compatible; SemrushBot/7~bl; +http://www.semrush.com/bot.html)"
185.191.171.6 - - [12/Aug/2026:06:27:42 -0400] "GET /2026/07/15/juegos-de-slots-gratis/ HTTP/1.1" 200 46470 "-" "Mozilla/5.0 (compatible; SemrushBot/7~bl; +http://www.semrush.com/bot.html)"
85.208.96.207 - - [12/Aug/2026:06:27:45 -0400] "GET /2026/07/15/tragaperras-online-triple-dragons/ HTTP/1.1" 200 46869 "-" "Mozilla/5.0 (compatible; SemrushBot/7~bl; +http://www.semrush.com/bot.html)"
85.208.96.195 - - [12/Aug/2026:06:27:47 -0400] "GET /2026/01/30/casino-puerto-rico-online/ HTTP/1.1" 200 47795 "-" "Mozilla/5.0 (compatible; SemrushBot/7~bl; +http://www.semrush.com/bot.html)"
74.7.227.147 - - [12/Aug/2026:06:27:47 -0400] "GET /2026/01/30/juegos-bingo-gratis-en-espa%C3%B1ol/ HTTP/1.1" 200 46455 "http://casavalle.vsptdigital.cl" "Mozilla/5.0 AppleWebKit/537.36 (KHTML, like Gecko; compatible; GPTBot/1.4; +https://openai.com/gptbot)"
185.191.171.19 - - [12/Aug/2026:06:27:48 -0400] "GET /2026/07/15/bono-gratis-sin-dep%C3%B3sito/ HTTP/1.1" 200 47279 "-" "Mozilla/5.0 (compatible; SemrushBot/7~bl; +http://www.semrush.com/bot.html)"
85.208.96.204 - - [12/Aug/2026:06:27:50 -0400] "GET /2026/01/30/estrat%C3%A9gia-do-blackjack/ HTTP/1.1" 200 47164 "-" "Mozilla/5.0 (compatible; SemrushBot/7~bl; +http://www.semrush.com/bot.html)"
185.191.171.6 - - [12/Aug/2026:06:27:52 -0400] "GET /2026/07/15/casino-paysafecard-5-euro/ HTTP/1.1" 200 47057 "-" "Mozilla/5.0 (compatible; SemrushBot/7~bl; +http://www.semrush.com/bot.html)"
198.235.24.58 - - [12/Aug/2026:06:27:09 -0400] "GET / HTTP/1.1" 200 67650 "-" "Hello from Palo Alto Networks, find out more about our scans in https://docs-cortex.paloaltonetworks.com/r/1/Cortex-Xpanse/Scanning-activity"
185.191.171.17 - - [12/Aug/2026:06:27:54 -0400] "GET /2026/01/30/rummy-online-bonus-app/ HTTP/1.1" 200 46962 "-" "Mozilla/5.0 (compatible; SemrushBot/7~bl; +http://www.semrush.com/bot.html)"
85.208.96.210 - - [12/Aug/2026:06:27:58 -0400] "GET /2026/01/30/apuestas-del-casino/ HTTP/1.1" 200 47609 "-" "Mozilla/5.0 (compatible; SemrushBot/7~bl; +http://www.semrush.com/bot.html)"
185.191.171.5 - - [12/Aug/2026:06:28:00 -0400] "GET /2026/01/30/tragamonedas-gratis-online-sin-descargar-ni-registrarse/ HTTP/1.1" 200 47131 "-" "Mozilla/5.0 (compatible; SemrushBot/7~bl; +http://www.semrush.com/bot.html)"
85.208.96.206 - - [12/Aug/2026:06:28:03 -0400] "GET /2026/01/30/el-mejor-slots-casino/ HTTP/1.1" 200 47736 "-" "Mozilla/5.0 (compatible; SemrushBot/7~bl; +http://www.semrush.com/bot.html)"
185.191.171.6 - - [12/Aug/2026:06:28:05 -0400] "GET /2026/01/30/casino-las-le%C3%B1as/ HTTP/1.1" 200 45894 "-" "Mozilla/5.0 (compatible; SemrushBot/7~bl; +http://www.semrush.com/bot.html)"
85.208.96.198 - - [12/Aug/2026:06:28:07 -0400] "GET /2026/01/30/casinos-mas-importantes-de-chile/ HTTP/1.1" 200 46687 "-" "Mozilla/5.0 (compatible; SemrushBot/7~bl; +http://www.semrush.com/bot.html)"
85.208.96.195 - - [12/Aug/2026:06:28:09 -0400] "GET /2026/01/30/casino-solaz-chihuahua/ HTTP/1.1" 200 46876 "-" "Mozilla/5.0 (compatible; SemrushBot/7~bl; +http://www.semrush.com/bot.html)"
74.7.227.147 - - [12/Aug/2026:06:28:51 -0400] "GET /2026/01/30/cripto-casino-en-espa%C3%B1a/ HTTP/1.1" 200 46616 "http://casavalle.vsptdigital.cl" "Mozilla/5.0 AppleWebKit/537.36 (KHTML, like Gecko; compatible; GPTBot/1.4; +https://openai.com/gptbot)"
85.208.96.209 - - [12/Aug/2026:06:28:11 -0400] "GET /2026/01/30/casino-juego-nuevo/ HTTP/1.1" 200 46196 "-" "Mozilla/5.0 (compatible; SemrushBot/7~bl; +http://www.semrush.com/bot.html)"
185.191.171.16 - - [12/Aug/2026:06:28:58 -0400] "GET /2026/07/15/la-ruletas-de-la-suerte/ HTTP/1.1" 200 46911 "-" "Mozilla/5.0 (compatible; SemrushBot/7~bl; +http://www.semrush.com/bot.html)"
185.191.171.19 - - [12/Aug/2026:06:29:40 -0400] "GET /2026/07/15/nuevos-casinos-online/ HTTP/1.1" 200 46483 "-" "Mozilla/5.0 (compatible; SemrushBot/7~bl; +http://www.semrush.com/bot.html)"
74.7.227.147 - - [12/Aug/2026:06:29:46 -0400] "GET /2026/07/15/casinos-espa%C3%B1a-sin-dep%C3%B3sito/ HTTP/1.1" 200 45965 "https://casavalle.vsptdigital.cl/?feed=xmlsitemap1711" "Mozilla/5.0 AppleWebKit/537.36 (KHTML, like Gecko; compatible; GPTBot/1.4; +https://openai.com/gptbot)"
85.208.96.200 - - [12/Aug/2026:06:30:26 -0400] "GET /2026/01/30/numero-de-casinos-en-espa%C3%B1a/ HTTP/1.1" 200 46687 "-" "Mozilla/5.0 (compatible; SemrushBot/7~bl; +http://www.semrush.com/bot.html)"
74.7.227.147 - - [12/Aug/2026:06:30:39 -0400] "GET /2026/07/15/casino-vi%C3%B1a-del-mar-online/ HTTP/1.1" 200 47264 "https://casavalle.vsptdigital.cl/?feed=xmlsitemap1711" "Mozilla/5.0 AppleWebKit/537.36 (KHTML, like Gecko; compatible; GPTBot/1.4; +https://openai.com/gptbot)"
85.208.96.197 - - [12/Aug/2026:06:31:08 -0400] "GET /2026/01/30/joya-casino-codigo-promocional-y-bonus-code-2026/ HTTP/1.1" 200 46948 "-" "Mozilla/5.0 (compatible; SemrushBot/7~bl; +http://www.semrush.com/bot.html)"
136.113.134.68 - - [12/Aug/2026:06:32:04 -0400] "GET /wp-json/oembed/1.0/embed?format=xml&url=https://casavalle.vsptdigital.cl/2026/07/15/juegos-de-maquina-tragaperras-en-linea-para-jugar-ahora/ HTTP/1.1" 200 2588 "-" "Mozilla/5.0 (Macintosh; Intel Mac OS X 10_15_7) AppleWebKit/537.36 (KHTML, like Gecko) Chrome/120.0.0.0 Safari/537.36"
74.7.227.147 - - [12/Aug/2026:06:31:43 -0400] "GET /2026/07/15/lucky-tiger-casino-bono-sin-dep%C3%B3sito-50-giros-gratis-2026/ HTTP/1.1" 200 47400 "https://casavalle.vsptdigital.cl/?feed=xmlsitemap1711" "Mozilla/5.0 AppleWebKit/537.36 (KHTML, like Gecko; compatible; GPTBot/1.4; +https://openai.com/gptbot)"
185.191.171.13 - - [12/Aug/2026:06:31:55 -0400] "GET /2026/01/30/juegos-de-tragamonedas-gratis-casino/ HTTP/1.1" 200 46864 "-" "Mozilla/5.0 (compatible; SemrushBot/7~bl; +http://www.semrush.com/bot.html)"
74.7.227.147 - - [12/Aug/2026:06:32:47 -0400] "GET /2026/01/30/casinos-online-fiables-en-espa%C3%B1a/ HTTP/1.1" 200 47440 "http://casavalle.vsptdigital.cl" "Mozilla/5.0 AppleWebKit/537.36 (KHTML, like Gecko; compatible; GPTBot/1.4; +https://openai.com/gptbot)"
162.144.20.85 - - [12/Aug/2026:06:32:49 -0400] "GET /wp-login.php HTTP/1.1" 301 - "-" "Mozilla/5.0 (Windows NT 10.0; Win64; x64) AppleWebKit/537.36 (KHTML, like Gecko) Chrome/133.0.0.0 Safari/537.36"
162.144.20.85 - - [12/Aug/2026:06:32:51 -0400] "GET /wp-login.php HTTP/1.1" 302 - "https://www.casavalle.vsptdigital.cl/wp-login.php" "Mozilla/5.0 (Windows NT 10.0; Win64; x64) AppleWebKit/537.36 (KHTML, like Gecko) Chrome/133.0.0.0 Safari/537.36"
162.144.20.85 - - [12/Aug/2026:06:32:52 -0400] "GET /wp-login.php HTTP/1.1" 302 - "https://www.casavalle.vsptdigital.cl/wp-login.php" "Mozilla/5.0 (Windows NT 10.0; Win64; x64) AppleWebKit/537.36 (KHTML, like Gecko) Chrome/133.0.0.0 Safari/537.36"
162.144.20.85 - - [12/Aug/2026:06:32:52 -0400] "GET /wp-login.php HTTP/1.1" 302 - "https://www.casavalle.vsptdigital.cl/wp-login.php" "Mozilla/5.0 (Windows NT 10.0; Win64; x64) AppleWebKit/537.36 (KHTML, like Gecko) Chrome/133.0.0.0 Safari/537.36"
162.144.20.85 - - [12/Aug/2026:06:32:53 -0400] "GET /wp-login.php HTTP/1.1" 302 - "https://www.casavalle.vsptdigital.cl/wp-login.php" "Mozilla/5.0 (Windows NT 10.0; Win64; x64) AppleWebKit/537.36 (KHTML, like Gecko) Chrome/133.0.0.0 Safari/537.36"
162.144.20.85 - - [12/Aug/2026:06:32:54 -0400] "GET /wp-login.php HTTP/1.1" 302 - "https://www.casavalle.vsptdigital.cl/wp-login.php" "Mozilla/5.0 (Windows NT 10.0; Win64; x64) AppleWebKit/537.36 (KHTML, like Gecko) Chrome/133.0.0.0 Safari/537.36"
162.144.20.85 - - [12/Aug/2026:06:32:54 -0400] "GET /wp-login.php HTTP/1.1" 302 - "https://www.casavalle.vsptdigital.cl/wp-login.php" "Mozilla/5.0 (Windows NT 10.0; Win64; x64) AppleWebKit/537.36 (KHTML, like Gecko) Chrome/133.0.0.0 Safari/537.36"
162.144.20.85 - - [12/Aug/2026:06:32:55 -0400] "GET /wp-login.php HTTP/1.1" 302 - "https://www.casavalle.vsptdigital.cl/wp-login.php" "Mozilla/5.0 (Windows NT 10.0; Win64; x64) AppleWebKit/537.36 (KHTML, like Gecko) Chrome/133.0.0.0 Safari/537.36"
162.144.20.85 - - [12/Aug/2026:06:32:55 -0400] "GET /wp-login.php HTTP/1.1" 302 - "https://www.casavalle.vsptdigital.cl/wp-login.php" "Mozilla/5.0 (Windows NT 10.0; Win64; x64) AppleWebKit/537.36 (KHTML, like Gecko) Chrome/133.0.0.0 Safari/537.36"
162.144.20.85 - - [12/Aug/2026:06:32:56 -0400] "GET /wp-login.php HTTP/1.1" 302 - "https://www.casavalle.vsptdigital.cl/wp-login.php" "Mozilla/5.0 (Windows NT 10.0; Win64; x64) AppleWebKit/537.36 (KHTML, like Gecko) Chrome/133.0.0.0 Safari/537.36"
162.144.20.85 - - [12/Aug/2026:06:32:57 -0400] "GET /wp-json/wp/v2/users/me HTTP/1.1" 401 88 "-" "Mozilla/5.0 (Windows NT 10.0; Win64; x64) AppleWebKit/537.36 (KHTML, like Gecko) Chrome/133.0.0.0 Safari/537.36"
85.208.96.211 - - [12/Aug/2026:06:32:37 -0400] "GET /2026/01/30/ggbet-casino-codigo-promocional-y-bonus-code/ HTTP/1.1" 200 47702 "-" "Mozilla/5.0 (compatible; SemrushBot/7~bl; +http://www.semrush.com/bot.html)"
66.102.134.13 - - [12/Aug/2026:06:33:27 -0400] "GET /wp-login.php HTTP/1.1" 301 - "-" "Mozilla/5.0 (Windows NT 10.0; Win64; x64) AppleWebKit/537.36 (KHTML, like Gecko) Chrome/133.0.0.0 Safari/537.36"
66.102.134.13 - - [12/Aug/2026:06:33:28 -0400] "GET /wp-login.php HTTP/1.1" 302 - "https://www.casavalle.vsptdigital.cl/wp-login.php" "Mozilla/5.0 (Windows NT 10.0; Win64; x64) AppleWebKit/537.36 (KHTML, like Gecko) Chrome/133.0.0.0 Safari/537.36"
66.102.134.13 - - [12/Aug/2026:06:33:29 -0400] "GET /wp-login.php HTTP/1.1" 302 - "https://www.casavalle.vsptdigital.cl/wp-login.php" "Mozilla/5.0 (Windows NT 10.0; Win64; x64) AppleWebKit/537.36 (KHTML, like Gecko) Chrome/133.0.0.0 Safari/537.36"
66.102.134.13 - - [12/Aug/2026:06:33:29 -0400] "GET /wp-login.php HTTP/1.1" 302 - "https://www.casavalle.vsptdigital.cl/wp-login.php" "Mozilla/5.0 (Windows NT 10.0; Win64; x64) AppleWebKit/537.36 (KHTML, like Gecko) Chrome/133.0.0.0 Safari/537.36"
66.102.134.13 - - [12/Aug/2026:06:33:30 -0400] "GET /wp-login.php HTTP/1.1" 302 - "https://www.casavalle.vsptdigital.cl/wp-login.php" "Mozilla/5.0 (Windows NT 10.0; Win64; x64) AppleWebKit/537.36 (KHTML, like Gecko) Chrome/133.0.0.0 Safari/537.36"
66.102.134.13 - - [12/Aug/2026:06:33:30 -0400] "GET /wp-login.php HTTP/1.1" 302 - "https://www.casavalle.vsptdigital.cl/wp-login.php" "Mozilla/5.0 (Windows NT 10.0; Win64; x64) AppleWebKit/537.36 (KHTML, like Gecko) Chrome/133.0.0.0 Safari/537.36"
66.102.134.13 - - [12/Aug/2026:06:33:30 -0400] "GET /wp-login.php HTTP/1.1" 302 - "https://www.casavalle.vsptdigital.cl/wp-login.php" "Mozilla/5.0 (Windows NT 10.0; Win64; x64) AppleWebKit/537.36 (KHTML, like Gecko) Chrome/133.0.0.0 Safari/537.36"
66.102.134.13 - - [12/Aug/2026:06:33:31 -0400] "GET /wp-login.php HTTP/1.1" 302 - "https://www.casavalle.vsptdigital.cl/wp-login.php" "Mozilla/5.0 (Windows NT 10.0; Win64; x64) AppleWebKit/537.36 (KHTML, like Gecko) Chrome/133.0.0.0 Safari/537.36"
66.102.134.13 - - [12/Aug/2026:06:33:31 -0400] "GET /wp-login.php HTTP/1.1" 302 - "https://www.casavalle.vsptdigital.cl/wp-login.php" "Mozilla/5.0 (Windows NT 10.0; Win64; x64) AppleWebKit/537.36 (KHTML, like Gecko) Chrome/133.0.0.0 Safari/537.36"
66.102.134.13 - - [12/Aug/2026:06:33:32 -0400] "GET /wp-login.php HTTP/1.1" 302 - "https://www.casavalle.vsptdigital.cl/wp-login.php" "Mozilla/5.0 (Windows NT 10.0; Win64; x64) AppleWebKit/537.36 (KHTML, like Gecko) Chrome/133.0.0.0 Safari/537.36"
66.102.134.13 - - [12/Aug/2026:06:33:33 -0400] "GET /wp-json/wp/v2/users/me HTTP/1.1" 401 88 "-" "Mozilla/5.0 (Windows NT 10.0; Win64; x64) AppleWebKit/537.36 (KHTML, like Gecko) Chrome/133.0.0.0 Safari/537.36"
85.208.96.196 - - [12/Aug/2026:06:33:24 -0400] "GET /2026/07/15/como-ganar-en-el-casino-tragamonedas/ HTTP/1.1" 200 46305 "-" "Mozilla/5.0 (compatible; SemrushBot/7~bl; +http://www.semrush.com/bot.html)"
74.7.227.147 - - [12/Aug/2026:06:33:53 -0400] "GET /2026/01/30/ruleta-aplicaci%C3%B3n/ HTTP/1.1" 200 46515 "http://casavalle.vsptdigital.cl" "Mozilla/5.0 AppleWebKit/537.36 (KHTML, like Gecko; compatible; GPTBot/1.4; +https://openai.com/gptbot)"
74.7.227.147 - - [12/Aug/2026:06:34:50 -0400] "GET /?p=13722 HTTP/1.1" 301 - "https://casavalle.vsptdigital.cl/?p=15417" "Mozilla/5.0 AppleWebKit/537.36 (KHTML, like Gecko; compatible; GPTBot/1.4; +https://openai.com/gptbot)"
185.191.171.10 - - [12/Aug/2026:06:34:05 -0400] "GET /2026/01/30/jugar-tragamonedas-gratis-sin-dinero-y-sin-registrarse-cl%C3%A1sicas-neonslots/ HTTP/1.1" 200 48443 "-" "Mozilla/5.0 (compatible; SemrushBot/7~bl; +http://www.semrush.com/bot.html)"
74.7.227.147 - - [12/Aug/2026:06:34:50 -0400] "GET /2026/01/30/como-jugar-tragamonedas-88-fortune-gratis/ HTTP/1.1" 200 47532 "https://casavalle.vsptdigital.cl/?p=13722" "Mozilla/5.0 AppleWebKit/537.36 (KHTML, like Gecko; compatible; GPTBot/1.4; +https://openai.com/gptbot)"
185.191.171.5 - - [12/Aug/2026:06:34:51 -0400] "GET /2026/01/30/permiso-para-m%C3%A1quina-tragamonedas-en-ecuador/ HTTP/1.1" 200 47266 "-" "Mozilla/5.0 (compatible; SemrushBot/7~bl; +http://www.semrush.com/bot.html)"
188.164.197.230 - - [12/Aug/2026:06:35:45 -0400] "GET /wp-login.php HTTP/1.1" 302 - "-" "Mozilla/5.0 (Windows NT 10.0; Win64; x64) AppleWebKit/537.36 (KHTML, like Gecko) Chrome/133.0.0.0 Safari/537.36"
188.164.197.230 - - [12/Aug/2026:06:35:47 -0400] "GET /wp-login.php HTTP/1.1" 302 - "https://casavalle.vsptdigital.cl/wp-login.php" "Mozilla/5.0 (Windows NT 10.0; Win64; x64) AppleWebKit/537.36 (KHTML, like Gecko) Chrome/133.0.0.0 Safari/537.36"
188.164.197.230 - - [12/Aug/2026:06:35:50 -0400] "GET /wp-login.php HTTP/1.1" 302 - "https://casavalle.vsptdigital.cl/wp-login.php" "Mozilla/5.0 (Windows NT 10.0; Win64; x64) AppleWebKit/537.36 (KHTML, like Gecko) Chrome/133.0.0.0 Safari/537.36"
188.164.197.230 - - [12/Aug/2026:06:35:51 -0400] "GET /wp-login.php HTTP/1.1" 302 - "https://casavalle.vsptdigital.cl/wp-login.php" "Mozilla/5.0 (Windows NT 10.0; Win64; x64) AppleWebKit/537.36 (KHTML, like Gecko) Chrome/133.0.0.0 Safari/537.36"
74.7.227.147 - - [12/Aug/2026:06:35:53 -0400] "GET /?p=13971 HTTP/1.1" 301 - "https://casavalle.vsptdigital.cl/?p=15417" "Mozilla/5.0 AppleWebKit/537.36 (KHTML, like Gecko; compatible; GPTBot/1.4; +https://openai.com/gptbot)"
188.164.197.230 - - [12/Aug/2026:06:35:54 -0400] "GET /wp-json/wp/v2/users/me HTTP/1.1" 401 88 "-" "Mozilla/5.0 (Windows NT 10.0; Win64; x64) AppleWebKit/537.36 (KHTML, like Gecko) Chrome/133.0.0.0 Safari/537.36"
74.7.227.147 - - [12/Aug/2026:06:35:54 -0400] "GET /2026/01/30/cartagena-casino-codigo-promocional-y-bonus-code/ HTTP/1.1" 200 47205 "https://casavalle.vsptdigital.cl/?p=13971" "Mozilla/5.0 AppleWebKit/537.36 (KHTML, like Gecko; compatible; GPTBot/1.4; +https://openai.com/gptbot)"
141.164.86.70 - - [12/Aug/2026:06:36:01 -0400] "GET /2026/06/25/deutschs-mobiles-casino-2026/ HTTP/1.1" 200 46037 "https://casavalle.vsptdigital.cl/" "Mozilla/5.0 (Macintosh; Intel Mac OS X 10_15_7) AppleWebKit/605.1.15 (KHTML, like Gecko) Version/26.2 Safari/605.1.15"
185.191.171.3 - - [12/Aug/2026:06:35:38 -0400] "GET /2026/01/30/juego-online-blackjack/ HTTP/1.1" 200 46605 "-" "Mozilla/5.0 (compatible; SemrushBot/7~bl; +http://www.semrush.com/bot.html)"
85.208.96.193 - - [12/Aug/2026:06:36:25 -0400] "GET /2026/01/30/numeros-de-la-suerte-ruleta/ HTTP/1.1" 200 45774 "-" "Mozilla/5.0 (compatible; SemrushBot/7~bl; +http://www.semrush.com/bot.html)"
162.241.2.199 - - [12/Aug/2026:06:37:32 -0400] "GET /wp-login.php HTTP/1.1" 301 - "-" "Mozilla/5.0 (Windows NT 10.0; Win64; x64) AppleWebKit/537.36 (KHTML, like Gecko) Chrome/133.0.0.0 Safari/537.36"
74.7.227.147 - - [12/Aug/2026:06:36:57 -0400] "GET /?p=9739 HTTP/1.1" 301 - "https://casavalle.vsptdigital.cl/?p=15417" "Mozilla/5.0 AppleWebKit/537.36 (KHTML, like Gecko; compatible; GPTBot/1.4; +https://openai.com/gptbot)"
85.208.96.204 - - [12/Aug/2026:06:37:07 -0400] "GET /2026/01/30/giro-gratis-bet365/ HTTP/1.1" 200 46664 "-" "Mozilla/5.0 (compatible; SemrushBot/7~bl; +http://www.semrush.com/bot.html)"
74.7.227.147 - - [12/Aug/2026:06:37:56 -0400] "GET /?p=9411 HTTP/1.1" 301 - "https://casavalle.vsptdigital.cl/?p=15417" "Mozilla/5.0 AppleWebKit/537.36 (KHTML, like Gecko; compatible; GPTBot/1.4; +https://openai.com/gptbot)"
85.208.96.204 - - [12/Aug/2026:06:37:48 -0400] "GET /2026/07/15/casino-nuevos-ministerios/ HTTP/1.1" 200 46219 "-" "Mozilla/5.0 (compatible; SemrushBot/7~bl; +http://www.semrush.com/bot.html)"
162.241.224.83 - - [12/Aug/2026:06:38:38 -0400] "GET /wp-login.php HTTP/1.1" 302 - "-" "Mozilla/5.0 (Windows NT 10.0; Win64; x64) AppleWebKit/537.36 (KHTML, like Gecko) Chrome/133.0.0.0 Safari/537.36"
162.241.224.83 - - [12/Aug/2026:06:38:39 -0400] "GET /wp-login.php HTTP/1.1" 302 - "https://casavalle.vsptdigital.cl/wp-login.php" "Mozilla/5.0 (Windows NT 10.0; Win64; x64) AppleWebKit/537.36 (KHTML, like Gecko) Chrome/133.0.0.0 Safari/537.36"
162.241.224.83 - - [12/Aug/2026:06:38:39 -0400] "GET /wp-login.php HTTP/1.1" 302 - "https://casavalle.vsptdigital.cl/wp-login.php" "Mozilla/5.0 (Windows NT 10.0; Win64; x64) AppleWebKit/537.36 (KHTML, like Gecko) Chrome/133.0.0.0 Safari/537.36"
162.241.224.83 - - [12/Aug/2026:06:38:40 -0400] "GET /wp-login.php HTTP/1.1" 302 - "https://casavalle.vsptdigital.cl/wp-login.php" "Mozilla/5.0 (Windows NT 10.0; Win64; x64) AppleWebKit/537.36 (KHTML, like Gecko) Chrome/133.0.0.0 Safari/537.36"
162.241.224.83 - - [12/Aug/2026:06:38:40 -0400] "GET /wp-login.php HTTP/1.1" 302 - "https://casavalle.vsptdigital.cl/wp-login.php" "Mozilla/5.0 (Windows NT 10.0; Win64; x64) AppleWebKit/537.36 (KHTML, like Gecko) Chrome/133.0.0.0 Safari/537.36"
162.241.224.83 - - [12/Aug/2026:06:38:41 -0400] "GET /wp-login.php HTTP/1.1" 302 - "https://casavalle.vsptdigital.cl/wp-login.php" "Mozilla/5.0 (Windows NT 10.0; Win64; x64) AppleWebKit/537.36 (KHTML, like Gecko) Chrome/133.0.0.0 Safari/537.36"
74.7.227.147 - - [12/Aug/2026:06:37:56 -0400] "GET /2026/01/30/streambetz-casino-bono-sin-dep%C3%B3sito-50-giros-gratis-2026/ HTTP/1.1" 200 45817 "https://casavalle.vsptdigital.cl/?p=9411" "Mozilla/5.0 AppleWebKit/537.36 (KHTML, like Gecko; compatible; GPTBot/1.4; +https://openai.com/gptbot)"
162.241.224.83 - - [12/Aug/2026:06:38:41 -0400] "GET /wp-login.php HTTP/1.1" 302 - "https://casavalle.vsptdigital.cl/wp-login.php" "Mozilla/5.0 (Windows NT 10.0; Win64; x64) AppleWebKit/537.36 (KHTML, like Gecko) Chrome/133.0.0.0 Safari/537.36"
162.241.224.83 - - [12/Aug/2026:06:38:42 -0400] "GET /wp-login.php HTTP/1.1" 302 - "https://casavalle.vsptdigital.cl/wp-login.php" "Mozilla/5.0 (Windows NT 10.0; Win64; x64) AppleWebKit/537.36 (KHTML, like Gecko) Chrome/133.0.0.0 Safari/537.36"
162.241.224.83 - - [12/Aug/2026:06:38:42 -0400] "GET /wp-login.php HTTP/1.1" 302 - "https://casavalle.vsptdigital.cl/wp-login.php" "Mozilla/5.0 (Windows NT 10.0; Win64; x64) AppleWebKit/537.36 (KHTML, like Gecko) Chrome/133.0.0.0 Safari/537.36"
162.241.224.83 - - [12/Aug/2026:06:38:43 -0400] "GET /wp-login.php HTTP/1.1" 302 - "https://casavalle.vsptdigital.cl/wp-login.php" "Mozilla/5.0 (Windows NT 10.0; Win64; x64) AppleWebKit/537.36 (KHTML, like Gecko) Chrome/133.0.0.0 Safari/537.36"
74.7.227.147 - - [12/Aug/2026:06:39:00 -0400] "GET /?p=16129 HTTP/1.1" 301 - "https://casavalle.vsptdigital.cl/2026/01/30/juegos-bingo-gratis-en-espa%C3%B1ol/" "Mozilla/5.0 AppleWebKit/537.36 (KHTML, like Gecko; compatible; GPTBot/1.4; +https://openai.com/gptbot)"
185.191.171.6 - - [12/Aug/2026:06:38:30 -0400] "GET /2026/07/15/cartas-de-casino-codigo-promocional-y-bonus-code-2026/ HTTP/1.1" 200 47237 "-" "Mozilla/5.0 (compatible; SemrushBot/7~bl; +http://www.semrush.com/bot.html)"
85.208.96.197 - - [12/Aug/2026:06:39:12 -0400] "GET /2026/01/30/que-pasa-si-sale-verde-en-la-ruleta/ HTTP/1.1" 200 46565 "-" "Mozilla/5.0 (compatible; SemrushBot/7~bl; +http://www.semrush.com/bot.html)"
74.7.227.147 - - [12/Aug/2026:06:40:01 -0400] "GET /?p=12838 HTTP/1.1" 301 - "https://casavalle.vsptdigital.cl/2026/01/30/cripto-casino-en-espa%C3%B1a/" "Mozilla/5.0 AppleWebKit/537.36 (KHTML, like Gecko; compatible; GPTBot/1.4; +https://openai.com/gptbot)"
185.191.171.1 - - [12/Aug/2026:06:40:29 -0400] "GET /robots.txt HTTP/1.1" 200 148 "-" "Mozilla/5.0 (compatible; SemrushBot/7~bl; +http://www.semrush.com/bot.html)"
185.191.171.12 - - [12/Aug/2026:06:39:58 -0400] "GET /2026/07/15/jugar-hot-scatter-gratis/ HTTP/1.1" 200 47807 "-" "Mozilla/5.0 (compatible; SemrushBot/7~bl; +http://www.semrush.com/bot.html)"
74.7.227.147 - - [12/Aug/2026:06:40:56 -0400] "GET /?p=10312 HTTP/1.1" 301 - "https://casavalle.vsptdigital.cl/2026/01/30/cripto-casino-en-espa%C3%B1a/" "Mozilla/5.0 AppleWebKit/537.36 (KHTML, like Gecko; compatible; GPTBot/1.4; +https://openai.com/gptbot)"
196.240.143.124 - - [12/Aug/2026:06:41:21 -0400] "GET /2026/07/07/slot-casino-juegos-en-es-2026/ HTTP/1.1" 200 46302 "https://casavalle.vsptdigital.cl/" "Mozilla/5.0 (Windows NT 10.0; Win64; x64) AppleWebKit/537.36 (KHTML, like Gecko) Chrome/147.0.0.0 Safari/537.36 OPR/131.0.0.0"
85.208.96.212 - - [12/Aug/2026:06:40:41 -0400] "GET /2026/07/15/descargar-el-juego-de-blackjack-21-para-pc/ HTTP/1.1" 200 46872 "-" "Mozilla/5.0 (compatible; SemrushBot/7~bl; +http://www.semrush.com/bot.html)"
196.240.143.124 - - [12/Aug/2026:06:41:30 -0400] "GET /wp-login.php?action=register HTTP/1.1" 404 40829 "https://casavalle.vsptdigital.cl/2026/07/07/slot-casino-juegos-en-es-2026/" "Mozilla/5.0 (Windows NT 6.3; Win64; x64) AppleWebKit/537.36 (KHTML, like Gecko) Chrome/103.0.0.0 Safari/537.36"
196.240.143.124 - - [12/Aug/2026:06:41:33 -0400] "GET /wp-login.php?action=register HTTP/1.1" 404 40829 "https://casavalle.vsptdigital.cl/wp-login.php?action=register" "Mozilla/5.0 (Windows NT 6.3; Win64; x64) AppleWebKit/537.36 (KHTML, like Gecko) Chrome/103.0.0.0 Safari/537.36"
196.240.143.124 - - [12/Aug/2026:06:41:37 -0400] "GET /wp-content/plugins/contact-form-7/includes/css/styles.css?ver=6.0.1 HTTP/1.1" 200 2894 "https://casavalle.vsptdigital.cl/wp-login.php?action=register" "Mozilla/5.0 (Windows NT 10.0; Win64; x64) AppleWebKit/537.36 (KHTML, like Gecko) Chrome/149.0.0.0 Safari/537.36"
196.240.143.124 - - [12/Aug/2026:06:41:38 -0400] "GET /wp-content/themes/hello-elementor/style.min.css?ver=3.1.1 HTTP/1.1" 200 5501 "https://casavalle.vsptdigital.cl/wp-login.php?action=register" "Mozilla/5.0 (Windows NT 10.0; Win64; x64) AppleWebKit/537.36 (KHTML, like Gecko) Chrome/149.0.0.0 Safari/537.36"
196.240.143.124 - - [12/Aug/2026:06:41:40 -0400] "GET /wp-content/themes/hello-elementor/theme.min.css?ver=3.1.1 HTTP/1.1" 200 5146 "https://casavalle.vsptdigital.cl/wp-login.php?action=register" "Mozilla/5.0 (Windows NT 10.0; Win64; x64) AppleWebKit/537.36 (KHTML, like Gecko) Chrome/149.0.0.0 Safari/537.36"
196.240.143.124 - - [12/Aug/2026:06:41:42 -0400] "GET /wp-content/themes/hello-elementor/header-footer.min.css?ver=3.1.1 HTTP/1.1" 200 7212 "https://casavalle.vsptdigital.cl/wp-login.php?action=register" "Mozilla/5.0 (Windows NT 10.0; Win64; x64) AppleWebKit/537.36 (KHTML, like Gecko) Chrome/149.0.0.0 Safari/537.36"
74.7.227.147 - - [12/Aug/2026:06:40:57 -0400] "GET /2026/01/30/jugar-ankh-of-anubis-gratis/ HTTP/1.1" 200 46264 "https://casavalle.vsptdigital.cl/?p=10312" "Mozilla/5.0 AppleWebKit/537.36 (KHTML, like Gecko; compatible; GPTBot/1.4; +https://openai.com/gptbot)"
196.240.143.124 - - [12/Aug/2026:06:41:44 -0400] "GET /wp-content/plugins/elementor/assets/css/frontend.min.css?ver=3.25.11 HTTP/1.1" 200 60575 "https://casavalle.vsptdigital.cl/wp-login.php?action=register" "Mozilla/5.0 (Windows NT 10.0; Win64; x64) AppleWebKit/537.36 (KHTML, like Gecko) Chrome/149.0.0.0 Safari/537.36"
74.7.227.147 - - [12/Aug/2026:06:41:46 -0400] "GET /?p=15755 HTTP/1.1" 301 - "https://casavalle.vsptdigital.cl/2026/01/30/juegos-bingo-gratis-en-espa%C3%B1ol/" "Mozilla/5.0 AppleWebKit/537.36 (KHTML, like Gecko; compatible; GPTBot/1.4; +https://openai.com/gptbot)"
196.240.143.124 - - [12/Aug/2026:06:41:48 -0400] "GET /wp-content/uploads/elementor/css/post-5.css?ver=1734010644 HTTP/1.1" 200 1230 "https://casavalle.vsptdigital.cl/wp-login.php?action=register" "Mozilla/5.0 (Windows NT 10.0; Win64; x64) AppleWebKit/537.36 (KHTML, like Gecko) Chrome/149.0.0.0 Safari/537.36"
196.240.143.124 - - [12/Aug/2026:06:41:50 -0400] "GET /wp-content/plugins/elementor/assets/lib/eicons/css/elementor-icons.min.css?ver=5.34.0 HTTP/1.1" 200 20060 "https://casavalle.vsptdigital.cl/wp-login.php?action=register" "Mozilla/5.0 (Windows NT 10.0; Win64; x64) AppleWebKit/537.36 (KHTML, like Gecko) Chrome/149.0.0.0 Safari/537.36"
196.240.143.124 - - [12/Aug/2026:06:41:52 -0400] "GET /wp-content/plugins/elementor/assets/lib/swiper/v8/css/swiper.min.css?ver=8.4.5 HTTP/1.1" 200 16471 "https://casavalle.vsptdigital.cl/wp-login.php?action=register" "Mozilla/5.0 (Windows NT 10.0; Win64; x64) AppleWebKit/537.36 (KHTML, like Gecko) Chrome/149.0.0.0 Safari/537.36"
196.240.143.124 - - [12/Aug/2026:06:41:55 -0400] "GET /wp-content/plugins/elementor/assets/css/conditionals/e-swiper.min.css?ver=3.25.11 HTTP/1.1" 200 10260 "https://casavalle.vsptdigital.cl/wp-login.php?action=register" "Mozilla/5.0 (Windows NT 10.0; Win64; x64) AppleWebKit/537.36 (KHTML, like Gecko) Chrome/149.0.0.0 Safari/537.36"
196.240.143.124 - - [12/Aug/2026:06:41:57 -0400] "GET /wp-content/plugins/elementor-pro/assets/css/frontend.min.css?ver=3.7.1 HTTP/1.1" 200 480945 "https://casavalle.vsptdigital.cl/wp-login.php?action=register" "Mozilla/5.0 (Windows NT 10.0; Win64; x64) AppleWebKit/537.36 (KHTML, like Gecko) Chrome/149.0.0.0 Safari/537.36"
85.208.96.206 - - [12/Aug/2026:06:41:29 -0400] "GET /2026/01/30/el-casino-orihuela/ HTTP/1.1" 200 46312 "-" "Mozilla/5.0 (compatible; SemrushBot/7~bl; +http://www.semrush.com/bot.html)"
196.240.143.124 - - [12/Aug/2026:06:42:16 -0400] "GET /wp-content/uploads/elementor/css/post-35.css?ver=1734010644 HTTP/1.1" 200 5018 "https://casavalle.vsptdigital.cl/wp-login.php?action=register" "Mozilla/5.0 (Windows NT 10.0; Win64; x64) AppleWebKit/537.36 (KHTML, like Gecko) Chrome/149.0.0.0 Safari/537.36"
196.240.143.124 - - [12/Aug/2026:06:42:18 -0400] "GET /wp-content/uploads/pum/pum-site-styles.css?generated=1734010667&ver=1.20.3 HTTP/1.1" 200 17449 "https://casavalle.vsptdigital.cl/wp-login.php?action=register" "Mozilla/5.0 (Windows NT 10.0; Win64; x64) AppleWebKit/537.36 (KHTML, like Gecko) Chrome/149.0.0.0 Safari/537.36"
196.240.143.124 - - [12/Aug/2026:06:42:20 -0400] "GET /wp-content/plugins/elementor/assets/css/widget-image.min.css?ver=3.25.11 HTTP/1.1" 200 254 "https://casavalle.vsptdigital.cl/wp-login.php?action=register" "Mozilla/5.0 (Windows NT 10.0; Win64; x64) AppleWebKit/537.36 (KHTML, like Gecko) Chrome/149.0.0.0 Safari/537.36"
196.240.143.124 - - [12/Aug/2026:06:42:21 -0400] "GET /wp-content/plugins/elementor/assets/lib/animations/styles/fadeInRight.min.css?ver=3.25.11 HTTP/1.1" 200 139 "https://casavalle.vsptdigital.cl/wp-login.php?action=register" "Mozilla/5.0 (Windows NT 10.0; Win64; x64) AppleWebKit/537.36 (KHTML, like Gecko) Chrome/149.0.0.0 Safari/537.36"
196.240.143.124 - - [12/Aug/2026:06:42:23 -0400] "GET /wp-content/plugins/elementor/assets/css/widget-heading.min.css?ver=3.25.11 HTTP/1.1" 200 600 "https://casavalle.vsptdigital.cl/wp-login.php?action=register" "Mozilla/5.0 (Windows NT 10.0; Win64; x64) AppleWebKit/537.36 (KHTML, like Gecko) Chrome/149.0.0.0 Safari/537.36"
74.7.227.147 - - [12/Aug/2026:06:41:46 -0400] "GET /2026/01/30/casino-de-andorra/ HTTP/1.1" 200 46260 "https://casavalle.vsptdigital.cl/?p=15755" "Mozilla/5.0 AppleWebKit/537.36 (KHTML, like Gecko; compatible; GPTBot/1.4; +https://openai.com/gptbot)"
85.208.96.201 - - [12/Aug/2026:06:42:11 -0400] "GET /2026/01/30/juegos-blackjack-en-espa%C3%B1ol/ HTTP/1.1" 200 47289 "-" "Mozilla/5.0 (compatible; SemrushBot/7~bl; +http://www.semrush.com/bot.html)"
74.7.227.147 - - [12/Aug/2026:06:42:51 -0400] "GET /?feed=xmlsitemap1711 HTTP/1.1" 200 2063547 "-" "Mozilla/5.0 AppleWebKit/537.36 (KHTML, like Gecko; compatible; GPTBot/1.4; +https://openai.com/gptbot)"
212.112.19.169 - - [12/Aug/2026:06:43:33 -0400] "GET /2026/07/04/sitios-web-seguros-de-ruleta-bonos-sin-deposito-en-espanol/ HTTP/1.1" 200 46407 "https://casavalle.vsptdigital.cl/" "Mozilla/5.0 (Linux; Android 10; K) AppleWebKit/537.36 (KHTML, like Gecko) Chrome/147.0.0.0 Mobile Safari/537.36"
85.208.96.193 - - [12/Aug/2026:06:42:53 -0400] "GET /2026/01/30/casinos-online-ruleta/ HTTP/1.1" 200 46913 "-" "Mozilla/5.0 (compatible; SemrushBot/7~bl; +http://www.semrush.com/bot.html)"
85.208.96.204 - - [12/Aug/2026:06:43:35 -0400] "GET /2026/01/30/montecito-las-vegas-casino/ HTTP/1.1" 200 46070 "-" "Mozilla/5.0 (compatible; SemrushBot/7~bl; +http://www.semrush.com/bot.html)"
74.7.227.147 - - [12/Aug/2026:06:43:54 -0400] "GET /?p=13561 HTTP/1.1" 301 - "https://casavalle.vsptdigital.cl/2026/01/30/casinos-online-fiables-en-espa%C3%B1a/" "Mozilla/5.0 AppleWebKit/537.36 (KHTML, like Gecko; compatible; GPTBot/1.4; +https://openai.com/gptbot)"
85.208.96.196 - - [12/Aug/2026:06:44:17 -0400] "GET /2026/01/30/aplicaci%C3%B3n-en-dados/ HTTP/1.1" 200 46829 "-" "Mozilla/5.0 (compatible; SemrushBot/7~bl; +http://www.semrush.com/bot.html)"
74.7.227.147 - - [12/Aug/2026:06:44:58 -0400] "GET /?p=11579 HTTP/1.1" 301 - "https://casavalle.vsptdigital.cl/2026/01/30/casinos-online-fiables-en-espa%C3%B1a/" "Mozilla/5.0 AppleWebKit/537.36 (KHTML, like Gecko; compatible; GPTBot/1.4; +https://openai.com/gptbot)"
209.42.18.223 - - [12/Aug/2026:06:45:40 -0400] "GET /wp-json/wp/v2/users/me HTTP/1.1" 401 88 "-" "Mozilla/5.0 (Windows NT 10.0; Win64; x64) AppleWebKit/537.36 (KHTML, like Gecko) Chrome/133.0.0.0 Safari/537.36"
85.208.96.194 - - [12/Aug/2026:06:44:59 -0400] "GET /2026/07/15/normas-juego-ruleta/ HTTP/1.1" 200 47419 "-" "Mozilla/5.0 (compatible; SemrushBot/7~bl; +http://www.semrush.com/bot.html)"
74.7.227.147 - - [12/Aug/2026:06:46:02 -0400] "GET /?p=12292 HTTP/1.1" 301 - "https://casavalle.vsptdigital.cl/2026/01/30/casinos-online-fiables-en-espa%C3%B1a/" "Mozilla/5.0 AppleWebKit/537.36 (KHTML, like Gecko; compatible; GPTBot/1.4; +https://openai.com/gptbot)"
74.7.227.147 - - [12/Aug/2026:06:46:02 -0400] "GET /2026/01/30/ruleta-numeros-del-0-al-9/ HTTP/1.1" 200 46537 "https://casavalle.vsptdigital.cl/?p=12292" "Mozilla/5.0 AppleWebKit/537.36 (KHTML, like Gecko; compatible; GPTBot/1.4; +https://openai.com/gptbot)"
185.191.171.14 - - [12/Aug/2026:06:45:47 -0400] "GET /2026/01/30/ruleta-numeros-1-al-45/ HTTP/1.1" 200 45617 "-" "Mozilla/5.0 (compatible; SemrushBot/7~bl; +http://www.semrush.com/bot.html)"
85.208.96.206 - - [12/Aug/2026:06:46:29 -0400] "GET /2026/06/25/spins-online-echtgeld-startguthaben-in-osterreich-2026/ HTTP/1.1" 200 46279 "-" "Mozilla/5.0 (compatible; SemrushBot/7~bl; +http://www.semrush.com/bot.html)"
209.42.18.223 - - [12/Aug/2026:06:46:00 -0400] "GET /wp-json/wp/v2/users/me HTTP/1.1" 401 88 "-" "Mozilla/5.0 (Windows NT 10.0; Win64; x64) AppleWebKit/537.36 (KHTML, like Gecko) Chrome/133.0.0.0 Safari/537.36"
185.191.171.15 - - [12/Aug/2026:06:46:30 -0400] "GET /2026/01/30/android-casino-codigo-promocional-y-bonus-code-2026/ HTTP/1.1" 200 47216 "-" "Mozilla/5.0 (compatible; SemrushBot/7~bl; +http://www.semrush.com/bot.html)"
162.128.133.10 - - [12/Aug/2026:06:47:25 -0400] "GET /2026/05/14/wie-spielt-man-im-jahr-2026-in-den-spielbanken-um-echtgeld/ HTTP/1.1" 200 46081 "https://casavalle.vsptdigital.cl/" "Mozilla/5.0 (Macintosh; Intel Mac OS X 10_15_7) AppleWebKit/537.36 (KHTML, like Gecko) obsidian/1.8.10 Chrome/132.0.6834.196 Electron/34.2.0 Safari/537.36"
162.128.133.10 - - [12/Aug/2026:06:47:27 -0400] "GET /2026/05/14/wie-spielt-man-im-jahr-2026-in-den-spielbanken-um-echtgeld/ HTTP/1.1" 200 46081 "https://casavalle.vsptdigital.cl/2026/05/14/wie-spielt-man-im-jahr-2026-in-den-spielbanken-um-echtgeld/" "Mozilla/5.0 (Macintosh; Intel Mac OS X 10_15_7) AppleWebKit/537.36 (KHTML, like Gecko) obsidian/1.8.10 Chrome/132.0.6834.196 Electron/34.2.0 Safari/537.36"
74.7.227.147 - - [12/Aug/2026:06:47:06 -0400] "GET /?p=12916 HTTP/1.1" 301 - "https://casavalle.vsptdigital.cl/?p=13971" "Mozilla/5.0 AppleWebKit/537.36 (KHTML, like Gecko; compatible; GPTBot/1.4; +https://openai.com/gptbot)"
85.208.96.194 - - [12/Aug/2026:06:47:12 -0400] "GET /2026/01/30/reglas-del-crupier-en-blackjack/ HTTP/1.1" 200 47556 "-" "Mozilla/5.0 (compatible; SemrushBot/7~bl; +http://www.semrush.com/bot.html)"
74.7.227.147 - - [12/Aug/2026:06:48:02 -0400] "GET /?p=12628 HTTP/1.1" 301 - "https://casavalle.vsptdigital.cl/?p=13971" "Mozilla/5.0 AppleWebKit/537.36 (KHTML, like Gecko; compatible; GPTBot/1.4; +https://openai.com/gptbot)"
85.208.96.201 - - [12/Aug/2026:06:47:53 -0400] "GET /2026/07/15/jugar-blackjack-21-online-gratis-con-otros-jugadores/ HTTP/1.1" 200 47014 "-" "Mozilla/5.0 (compatible; SemrushBot/7~bl; +http://www.semrush.com/bot.html)"
74.7.227.147 - - [12/Aug/2026:06:48:02 -0400] "GET /2026/01/30/casinos-con-paysafecard/ HTTP/1.1" 200 46622 "https://casavalle.vsptdigital.cl/?p=12628" "Mozilla/5.0 AppleWebKit/537.36 (KHTML, like Gecko; compatible; GPTBot/1.4; +https://openai.com/gptbot)"
74.7.227.147 - - [12/Aug/2026:06:49:04 -0400] "GET /?p=12011 HTTP/1.1" 301 - "https://casavalle.vsptdigital.cl/?p=13971" "Mozilla/5.0 AppleWebKit/537.36 (KHTML, like Gecko; compatible; GPTBot/1.4; +https://openai.com/gptbot)"
185.191.171.9 - - [12/Aug/2026:06:48:35 -0400] "GET /2026/01/30/juega-gratis-a-mega-drago-en-modo-demo/ HTTP/1.1" 200 47275 "-" "Mozilla/5.0 (compatible; SemrushBot/7~bl; +http://www.semrush.com/bot.html)"
31.56.177.209 - - [12/Aug/2026:06:49:23 -0400] "GET /2026/05/14/wie-spielt-man-im-jahr-2026-in-den-spielbanken-um-echtgeld/ HTTP/1.1" 200 46081 "https://casavalle.vsptdigital.cl/" "Mozilla/5.0 (Macintosh; Intel Mac OS X 10_15_7) AppleWebKit/537.36 (KHTML, like Gecko) Chrome/145.0.0.0 Safari/537.36 Edg/145.0.0.0"
31.56.177.209 - - [12/Aug/2026:06:49:26 -0400] "GET /2026/05/14/wie-spielt-man-im-jahr-2026-in-den-spielbanken-um-echtgeld/ HTTP/1.1" 200 46081 "https://casavalle.vsptdigital.cl/2026/05/14/wie-spielt-man-im-jahr-2026-in-den-spielbanken-um-echtgeld/" "Mozilla/5.0 (Macintosh; Intel Mac OS X 10_15_7) AppleWebKit/537.36 (KHTML, like Gecko) Chrome/145.0.0.0 Safari/537.36 Edg/145.0.0.0"
74.7.227.147 - - [12/Aug/2026:06:49:04 -0400] "GET /2026/01/30/como-ganar-en-maquinas-tragamonedas-de-casino/ HTTP/1.1" 200 47261 "https://casavalle.vsptdigital.cl/?p=12011" "Mozilla/5.0 AppleWebKit/537.36 (KHTML, like Gecko; compatible; GPTBot/1.4; +https://openai.com/gptbot)"
85.208.96.201 - - [12/Aug/2026:06:49:17 -0400] "GET /2026/01/30/como-ganar-en-la-ruleta-con-5-euros/ HTTP/1.1" 200 47410 "-" "Mozilla/5.0 (compatible; SemrushBot/7~bl; +http://www.semrush.com/bot.html)"
85.208.96.202 - - [12/Aug/2026:06:49:59 -0400] "GET /2026/01/30/hyatt-mendoza-casino/ HTTP/1.1" 200 46899 "-" "Mozilla/5.0 (compatible; SemrushBot/7~bl; +http://www.semrush.com/bot.html)"
185.191.171.16 - - [12/Aug/2026:06:50:46 -0400] "GET /2026/01/30/juegos-gratis-casino-tragamonedas-nuevas-sin-descargar-5-tambores/ HTTP/1.1" 200 47253 "-" "Mozilla/5.0 (compatible; SemrushBot/7~bl; +http://www.semrush.com/bot.html)"
43.229.135.118 - - [12/Aug/2026:06:50:46 -0400] "GET /2026/07/04/cual-es-el-mejor-casino-en-linea-de-espana/ HTTP/1.1" 200 46528 "https://casavalle.vsptdigital.cl/" "Mozilla/5.0 (X11; Ubuntu; Linux x86_64; rv:136.0) Gecko/20100101 Firefox/136.0"
43.229.135.118 - - [12/Aug/2026:06:50:49 -0400] "GET /2026/07/04/cual-es-el-mejor-casino-en-linea-de-espana/ HTTP/1.1" 200 46528 "https://casavalle.vsptdigital.cl/2026/07/04/cual-es-el-mejor-casino-en-linea-de-espana/" "Mozilla/5.0 (X11; Ubuntu; Linux x86_64; rv:136.0) Gecko/20100101 Firefox/136.0"
74.7.227.147 - - [12/Aug/2026:06:50:04 -0400] "GET /2026/01/30/aplicaci%C3%B3n-ruleta/ HTTP/1.1" 200 46137 "http://casavalle.vsptdigital.cl" "Mozilla/5.0 AppleWebKit/537.36 (KHTML, like Gecko; compatible; GPTBot/1.4; +https://openai.com/gptbot)"
185.191.171.19 - - [12/Aug/2026:06:50:48 -0400] "GET /2026/01/30/la-ruleta-dela-suerte-directo/ HTTP/1.1" 200 45909 "-" "Mozilla/5.0 (compatible; SemrushBot/7~bl; +http://www.semrush.com/bot.html)"
74.7.227.147 - - [12/Aug/2026:06:51:10 -0400] "GET /feed/ HTTP/1.1" 200 2035 "https://casavalle.vsptdigital.cl/?p=17259" "Mozilla/5.0 AppleWebKit/537.36 (KHTML, like Gecko; compatible; GPTBot/1.4; +https://openai.com/gptbot)"
85.208.96.194 - - [12/Aug/2026:06:51:29 -0400] "GET /2026/07/15/casino-con-dep%C3%B3sito-en-bitcoin/ HTTP/1.1" 200 47432 "-" "Mozilla/5.0 (compatible; SemrushBot/7~bl; +http://www.semrush.com/bot.html)"
74.7.227.147 - - [12/Aug/2026:06:52:15 -0400] "GET /2026/01/30/casino-ruleta-en-vivo-espa%C3%B1a/ HTTP/1.1" 200 46644 "http://casavalle.vsptdigital.cl" "Mozilla/5.0 AppleWebKit/537.36 (KHTML, like Gecko; compatible; GPTBot/1.4; +https://openai.com/gptbot)"
85.208.96.204 - - [12/Aug/2026:06:52:17 -0400] "GET /2026/07/15/ruleta-sin-dinero-juego/ HTTP/1.1" 200 47056 "-" "Mozilla/5.0 (compatible; SemrushBot/7~bl; +http://www.semrush.com/bot.html)"
85.208.96.207 - - [12/Aug/2026:06:53:03 -0400] "GET /2026/01/30/los-mejores-juegos-de-casino-online-para-ganar-dinero/ HTTP/1.1" 200 47287 "-" "Mozilla/5.0 (compatible; SemrushBot/7~bl; +http://www.semrush.com/bot.html)"
74.7.227.147 - - [12/Aug/2026:06:53:18 -0400] "GET /2026/01/30/casino-dep%C3%B3sito-m%C3%ADnimo-20-pesos-m%C3%A9xico/ HTTP/1.1" 200 47572 "http://casavalle.vsptdigital.cl" "Mozilla/5.0 AppleWebKit/537.36 (KHTML, like Gecko; compatible; GPTBot/1.4; +https://openai.com/gptbot)"
185.191.171.3 - - [12/Aug/2026:06:53:45 -0400] "GET /2026/01/30/casinos-en-manchester/ HTTP/1.1" 200 46626 "-" "Mozilla/5.0 (compatible; SemrushBot/7~bl; +http://www.semrush.com/bot.html)"
74.7.227.147 - - [12/Aug/2026:06:54:20 -0400] "GET /2026/01/30/bingo-en-espa%C3%B1ol/ HTTP/1.1" 200 47395 "http://casavalle.vsptdigital.cl" "Mozilla/5.0 AppleWebKit/537.36 (KHTML, like Gecko; compatible; GPTBot/1.4; +https://openai.com/gptbot)"
185.191.171.4 - - [12/Aug/2026:06:54:28 -0400] "GET /2026/01/30/casinos-online-que-aceptan-ethereum/ HTTP/1.1" 200 46736 "-" "Mozilla/5.0 (compatible; SemrushBot/7~bl; +http://www.semrush.com/bot.html)"
185.191.171.5 - - [12/Aug/2026:06:55:10 -0400] "GET /2026/01/30/bonos-gratis-sin-dep%C3%B3sito/ HTTP/1.1" 200 46561 "-" "Mozilla/5.0 (compatible; SemrushBot/7~bl; +http://www.semrush.com/bot.html)"
74.7.227.147 - - [12/Aug/2026:06:55:24 -0400] "GET /2026/07/15/ruleta-de-los-numeros-del-1-al-30/ HTTP/1.1" 200 46165 "https://casavalle.vsptdigital.cl/?feed=xmlsitemap1711" "Mozilla/5.0 AppleWebKit/537.36 (KHTML, like Gecko; compatible; GPTBot/1.4; +https://openai.com/gptbot)"
216.213.29.227 - - [12/Aug/2026:06:56:11 -0400] "GET /2026/06/25/casino-automaten-online-mindestens-5-euro-2026/ HTTP/1.1" 200 46059 "https://casavalle.vsptdigital.cl/" "Mozilla/5.0 (Windows NT 10.0; Win64; x64) AppleWebKit/537.36 (KHTML, like Gecko) Chrome/142.0.0.0 Safari/537.36"
108.179.192.15 - - [12/Aug/2026:06:56:21 -0400] "GET /wp-login.php HTTP/1.1" 302 - "-" "Mozilla/5.0 (Windows NT 10.0; Win64; x64) AppleWebKit/537.36 (KHTML, like Gecko) Chrome/133.0.0.0 Safari/537.36"
108.179.192.15 - - [12/Aug/2026:06:56:26 -0400] "GET /wp-login.php HTTP/1.1" 302 - "https://casavalle.vsptdigital.cl/wp-login.php" "Mozilla/5.0 (Windows NT 10.0; Win64; x64) AppleWebKit/537.36 (KHTML, like Gecko) Chrome/133.0.0.0 Safari/537.36"
185.191.171.4 - - [12/Aug/2026:06:55:52 -0400] "GET /2026/07/15/10-giros-gratis-da-betano-toda-segunda-feira/ HTTP/1.1" 200 47265 "-" "Mozilla/5.0 (compatible; SemrushBot/7~bl; +http://www.semrush.com/bot.html)"
74.7.227.147 - - [12/Aug/2026:06:56:26 -0400] "GET /2026/01/30/juegos-blackjack-en-espa%C3%B1ol/ HTTP/1.1" 200 47289 "http://casavalle.vsptdigital.cl" "Mozilla/5.0 AppleWebKit/537.36 (KHTML, like Gecko; compatible; GPTBot/1.4; +https://openai.com/gptbot)"
185.191.171.6 - - [12/Aug/2026:06:56:34 -0400] "GET /2026/01/30/tragaperras-sin-dep%C3%B3sito/ HTTP/1.1" 200 46371 "-" "Mozilla/5.0 (compatible; SemrushBot/7~bl; +http://www.semrush.com/bot.html)"
74.7.227.147 - - [12/Aug/2026:06:57:29 -0400] "GET /?p=11796 HTTP/1.1" 301 - "https://casavalle.vsptdigital.cl/?p=12292" "Mozilla/5.0 AppleWebKit/537.36 (KHTML, like Gecko; compatible; GPTBot/1.4; +https://openai.com/gptbot)"
85.208.96.200 - - [12/Aug/2026:06:57:16 -0400] "GET /2026/01/30/fichas-de-casino-para-imprimir/ HTTP/1.1" 200 47295 "-" "Mozilla/5.0 (compatible; SemrushBot/7~bl; +http://www.semrush.com/bot.html)"
74.7.227.147 - - [12/Aug/2026:06:57:30 -0400] "GET /2026/01/30/tragaperras-de-casino-gratis/ HTTP/1.1" 200 46857 "https://casavalle.vsptdigital.cl/?p=11796" "Mozilla/5.0 AppleWebKit/537.36 (KHTML, like Gecko; compatible; GPTBot/1.4; +https://openai.com/gptbot)"
74.7.227.147 - - [12/Aug/2026:06:58:32 -0400] "GET /?p=11241 HTTP/1.1" 301 - "https://casavalle.vsptdigital.cl/?p=12292" "Mozilla/5.0 AppleWebKit/537.36 (KHTML, like Gecko; compatible; GPTBot/1.4; +https://openai.com/gptbot)"
85.208.96.204 - - [12/Aug/2026:06:57:58 -0400] "GET /2026/01/30/como-saber-que-caera-en-tragamonedas/ HTTP/1.1" 200 47616 "-" "Mozilla/5.0 (compatible; SemrushBot/7~bl; +http://www.semrush.com/bot.html)"
74.7.227.147 - - [12/Aug/2026:06:58:32 -0400] "GET /2026/01/30/88-casino-codigo-promocional-y-bonus-code/ HTTP/1.1" 200 48084 "https://casavalle.vsptdigital.cl/?p=11241" "Mozilla/5.0 AppleWebKit/537.36 (KHTML, like Gecko; compatible; GPTBot/1.4; +https://openai.com/gptbot)"
185.191.171.16 - - [12/Aug/2026:06:58:40 -0400] "GET /2026/07/15/casino-enjoy-vi%C3%B1a-del-mar-horario/ HTTP/1.1" 200 47616 "-" "Mozilla/5.0 (compatible; SemrushBot/7~bl; +http://www.semrush.com/bot.html)"
74.7.227.147 - - [12/Aug/2026:06:59:37 -0400] "GET /?p=11182 HTTP/1.1" 301 - "https://casavalle.vsptdigital.cl/?p=12292" "Mozilla/5.0 AppleWebKit/537.36 (KHTML, like Gecko; compatible; GPTBot/1.4; +https://openai.com/gptbot)"
85.208.96.193 - - [12/Aug/2026:06:59:22 -0400] "GET /2026/01/30/mejores-juegos-de-tragamonedas-online/ HTTP/1.1" 200 46732 "-" "Mozilla/5.0 (compatible; SemrushBot/7~bl; +http://www.semrush.com/bot.html)"
74.7.227.147 - - [12/Aug/2026:06:59:37 -0400] "GET /2026/01/30/reglas-ruleta-cartas/ HTTP/1.1" 200 47249 "https://casavalle.vsptdigital.cl/?p=11182" "Mozilla/5.0 AppleWebKit/537.36 (KHTML, like Gecko; compatible; GPTBot/1.4; +https://openai.com/gptbot)"
185.191.171.14 - - [12/Aug/2026:07:00:04 -0400] "GET /2026/01/30/jackpots-casino-online/ HTTP/1.1" 200 47224 "-" "Mozilla/5.0 (compatible; SemrushBot/7~bl; +http://www.semrush.com/bot.html)"
108.167.161.148 - - [12/Aug/2026:07:01:21 -0400] "GET /wp-login.php HTTP/1.1" 301 - "-" "Mozilla/5.0 (Windows NT 10.0; Win64; x64) AppleWebKit/537.36 (KHTML, like Gecko) Chrome/133.0.0.0 Safari/537.36"
108.167.161.148 - - [12/Aug/2026:07:01:22 -0400] "GET /wp-login.php HTTP/1.1" 302 - "https://www.casavalle.vsptdigital.cl/wp-login.php" "Mozilla/5.0 (Windows NT 10.0; Win64; x64) AppleWebKit/537.36 (KHTML, like Gecko) Chrome/133.0.0.0 Safari/537.36"
108.167.161.148 - - [12/Aug/2026:07:01:23 -0400] "GET /wp-login.php HTTP/1.1" 302 - "https://www.casavalle.vsptdigital.cl/wp-login.php" "Mozilla/5.0 (Windows NT 10.0; Win64; x64) AppleWebKit/537.36 (KHTML, like Gecko) Chrome/133.0.0.0 Safari/537.36"
108.167.161.148 - - [12/Aug/2026:07:01:23 -0400] "GET /wp-login.php HTTP/1.1" 302 - "https://www.casavalle.vsptdigital.cl/wp-login.php" "Mozilla/5.0 (Windows NT 10.0; Win64; x64) AppleWebKit/537.36 (KHTML, like Gecko) Chrome/133.0.0.0 Safari/537.36"
108.167.161.148 - - [12/Aug/2026:07:01:24 -0400] "GET /wp-login.php HTTP/1.1" 302 - "https://www.casavalle.vsptdigital.cl/wp-login.php" "Mozilla/5.0 (Windows NT 10.0; Win64; x64) AppleWebKit/537.36 (KHTML, like Gecko) Chrome/133.0.0.0 Safari/537.36"
108.167.161.148 - - [12/Aug/2026:07:01:24 -0400] "GET /wp-login.php HTTP/1.1" 302 - "https://www.casavalle.vsptdigital.cl/wp-login.php" "Mozilla/5.0 (Windows NT 10.0; Win64; x64) AppleWebKit/537.36 (KHTML, like Gecko) Chrome/133.0.0.0 Safari/537.36"
108.167.161.148 - - [12/Aug/2026:07:01:25 -0400] "GET /wp-login.php HTTP/1.1" 302 - "https://www.casavalle.vsptdigital.cl/wp-login.php" "Mozilla/5.0 (Windows NT 10.0; Win64; x64) AppleWebKit/537.36 (KHTML, like Gecko) Chrome/133.0.0.0 Safari/537.36"
108.167.161.148 - - [12/Aug/2026:07:01:25 -0400] "GET /wp-login.php HTTP/1.1" 302 - "https://www.casavalle.vsptdigital.cl/wp-login.php" "Mozilla/5.0 (Windows NT 10.0; Win64; x64) AppleWebKit/537.36 (KHTML, like Gecko) Chrome/133.0.0.0 Safari/537.36"
108.167.161.148 - - [12/Aug/2026:07:01:25 -0400] "GET /wp-login.php HTTP/1.1" 302 - "https://www.casavalle.vsptdigital.cl/wp-login.php" "Mozilla/5.0 (Windows NT 10.0; Win64; x64) AppleWebKit/537.36 (KHTML, like Gecko) Chrome/133.0.0.0 Safari/537.36"
108.167.161.148 - - [12/Aug/2026:07:01:26 -0400] "GET /wp-login.php HTTP/1.1" 302 - "https://www.casavalle.vsptdigital.cl/wp-login.php" "Mozilla/5.0 (Windows NT 10.0; Win64; x64) AppleWebKit/537.36 (KHTML, like Gecko) Chrome/133.0.0.0 Safari/537.36"
74.7.227.147 - - [12/Aug/2026:07:00:42 -0400] "GET /2026/01/30/casino-en-linea-espa%C3%B1a/ HTTP/1.1" 200 46630 "http://casavalle.vsptdigital.cl" "Mozilla/5.0 AppleWebKit/537.36 (KHTML, like Gecko; compatible; GPTBot/1.4; +https://openai.com/gptbot)"
108.167.161.148 - - [12/Aug/2026:07:01:29 -0400] "GET /wp-json/wp/v2/users/me HTTP/1.1" 401 88 "-" "Mozilla/5.0 (Windows NT 10.0; Win64; x64) AppleWebKit/537.36 (KHTML, like Gecko) Chrome/133.0.0.0 Safari/537.36"
85.208.96.197 - - [12/Aug/2026:07:00:46 -0400] "GET /2026/07/15/maquinas-casino-como-jugar/ HTTP/1.1" 200 46954 "-" "Mozilla/5.0 (compatible; SemrushBot/7~bl; +http://www.semrush.com/bot.html)"
85.208.96.212 - - [12/Aug/2026:07:02:03 -0400] "GET /robots.txt HTTP/1.1" 200 148 "-" "Mozilla/5.0 (compatible; SemrushBot/7~bl; +http://www.semrush.com/bot.html)"
85.208.96.206 - - [12/Aug/2026:07:01:33 -0400] "GET /2026/07/15/juega-gratis-a-starlight-kiss-en-modo-demo/ HTTP/1.1" 200 47192 "-" "Mozilla/5.0 (compatible; SemrushBot/7~bl; +http://www.semrush.com/bot.html)"
