149.62.41.162 - - [12/Aug/2026:10:35:05 -0400] "GET /wp-content/plugins/contact-form-7/includes/css/styles.css?ver=6.0.1 HTTP/1.1" 200 2894 "https://casavalle.vsptdigital.cl/wp-login.php?action=register" "Mozilla/5.0 (Windows NT 10.0; Win64; x64) AppleWebKit/537.36 (KHTML, like Gecko) Chrome/149.0.0.0 Safari/537.36"
149.62.41.162 - - [12/Aug/2026:10:35:06 -0400] "GET /wp-content/themes/hello-elementor/style.min.css?ver=3.1.1 HTTP/1.1" 200 5501 "https://casavalle.vsptdigital.cl/wp-login.php?action=register" "Mozilla/5.0 (Windows NT 10.0; Win64; x64) AppleWebKit/537.36 (KHTML, like Gecko) Chrome/149.0.0.0 Safari/537.36"
149.62.41.162 - - [12/Aug/2026:10:35:08 -0400] "GET /wp-content/themes/hello-elementor/theme.min.css?ver=3.1.1 HTTP/1.1" 200 5146 "https://casavalle.vsptdigital.cl/wp-login.php?action=register" "Mozilla/5.0 (Windows NT 10.0; Win64; x64) AppleWebKit/537.36 (KHTML, like Gecko) Chrome/149.0.0.0 Safari/537.36"
149.62.41.162 - - [12/Aug/2026:10:35:10 -0400] "GET /wp-content/themes/hello-elementor/header-footer.min.css?ver=3.1.1 HTTP/1.1" 200 7212 "https://casavalle.vsptdigital.cl/wp-login.php?action=register" "Mozilla/5.0 (Windows NT 10.0; Win64; x64) AppleWebKit/537.36 (KHTML, like Gecko) Chrome/149.0.0.0 Safari/537.36"
149.62.41.162 - - [12/Aug/2026:10:35:12 -0400] "GET /wp-content/plugins/elementor/assets/css/frontend.min.css?ver=3.25.11 HTTP/1.1" 200 60575 "https://casavalle.vsptdigital.cl/wp-login.php?action=register" "Mozilla/5.0 (Windows NT 10.0; Win64; x64) AppleWebKit/537.36 (KHTML, like Gecko) Chrome/149.0.0.0 Safari/537.36"
149.62.41.162 - - [12/Aug/2026:10:35:14 -0400] "GET /wp-content/uploads/elementor/css/post-5.css?ver=1734010644 HTTP/1.1" 200 1230 "https://casavalle.vsptdigital.cl/wp-login.php?action=register" "Mozilla/5.0 (Windows NT 10.0; Win64; x64) AppleWebKit/537.36 (KHTML, like Gecko) Chrome/149.0.0.0 Safari/537.36"
149.62.41.162 - - [12/Aug/2026:10:35:15 -0400] "GET /wp-content/plugins/elementor/assets/lib/eicons/css/elementor-icons.min.css?ver=5.34.0 HTTP/1.1" 200 20060 "https://casavalle.vsptdigital.cl/wp-login.php?action=register" "Mozilla/5.0 (Windows NT 10.0; Win64; x64) AppleWebKit/537.36 (KHTML, like Gecko) Chrome/149.0.0.0 Safari/537.36"
149.62.41.162 - - [12/Aug/2026:10:35:17 -0400] "GET /wp-content/plugins/elementor/assets/lib/swiper/v8/css/swiper.min.css?ver=8.4.5 HTTP/1.1" 200 16471 "https://casavalle.vsptdigital.cl/wp-login.php?action=register" "Mozilla/5.0 (Windows NT 10.0; Win64; x64) AppleWebKit/537.36 (KHTML, like Gecko) Chrome/149.0.0.0 Safari/537.36"
149.62.41.162 - - [12/Aug/2026:10:35:19 -0400] "GET /wp-content/plugins/elementor/assets/css/conditionals/e-swiper.min.css?ver=3.25.11 HTTP/1.1" 200 10260 "https://casavalle.vsptdigital.cl/wp-login.php?action=register" "Mozilla/5.0 (Windows NT 10.0; Win64; x64) AppleWebKit/537.36 (KHTML, like Gecko) Chrome/149.0.0.0 Safari/537.36"
149.62.41.162 - - [12/Aug/2026:10:35:21 -0400] "GET /wp-content/plugins/elementor-pro/assets/css/frontend.min.css?ver=3.7.1 HTTP/1.1" 200 480945 "https://casavalle.vsptdigital.cl/wp-login.php?action=register" "Mozilla/5.0 (Windows NT 10.0; Win64; x64) AppleWebKit/537.36 (KHTML, like Gecko) Chrome/149.0.0.0 Safari/537.36"
74.7.227.147 - - [12/Aug/2026:10:34:42 -0400] "GET /wp-json/wp/v2/posts/13491 HTTP/1.1" 200 5940 "https://casavalle.vsptdigital.cl/?p=13491" "Mozilla/5.0 AppleWebKit/537.36 (KHTML, like Gecko; compatible; GPTBot/1.4; +https://openai.com/gptbot)"
149.62.41.162 - - [12/Aug/2026:10:35:27 -0400] "GET /wp-content/uploads/elementor/css/post-35.css?ver=1734010644 HTTP/1.1" 200 5018 "https://casavalle.vsptdigital.cl/wp-login.php?action=register" "Mozilla/5.0 (Windows NT 10.0; Win64; x64) AppleWebKit/537.36 (KHTML, like Gecko) Chrome/149.0.0.0 Safari/537.36"
74.7.227.147 - - [12/Aug/2026:10:35:29 -0400] "GET /wp-json/wp/v2/posts/17328 HTTP/1.1" 200 6033 "https://casavalle.vsptdigital.cl/?p=17328" "Mozilla/5.0 AppleWebKit/537.36 (KHTML, like Gecko; compatible; GPTBot/1.4; +https://openai.com/gptbot)"
149.62.41.162 - - [12/Aug/2026:10:35:29 -0400] "GET /wp-content/uploads/pum/pum-site-styles.css?generated=1734010667&ver=1.20.3 HTTP/1.1" 200 17449 "https://casavalle.vsptdigital.cl/wp-login.php?action=register" "Mozilla/5.0 (Windows NT 10.0; Win64; x64) AppleWebKit/537.36 (KHTML, like Gecko) Chrome/149.0.0.0 Safari/537.36"
149.62.41.162 - - [12/Aug/2026:10:35:34 -0400] "GET /wp-content/plugins/elementor/assets/css/widget-image.min.css?ver=3.25.11 HTTP/1.1" 200 254 "https://casavalle.vsptdigital.cl/wp-login.php?action=register" "Mozilla/5.0 (Windows NT 10.0; Win64; x64) AppleWebKit/537.36 (KHTML, like Gecko) Chrome/149.0.0.0 Safari/537.36"
149.62.41.162 - - [12/Aug/2026:10:35:36 -0400] "GET /wp-content/plugins/elementor/assets/lib/animations/styles/fadeInRight.min.css?ver=3.25.11 HTTP/1.1" 200 139 "https://casavalle.vsptdigital.cl/wp-login.php?action=register" "Mozilla/5.0 (Windows NT 10.0; Win64; x64) AppleWebKit/537.36 (KHTML, like Gecko) Chrome/149.0.0.0 Safari/537.36"
149.62.41.162 - - [12/Aug/2026:10:35:38 -0400] "GET /wp-content/plugins/elementor/assets/css/widget-heading.min.css?ver=3.25.11 HTTP/1.1" 200 600 "https://casavalle.vsptdigital.cl/wp-login.php?action=register" "Mozilla/5.0 (Windows NT 10.0; Win64; x64) AppleWebKit/537.36 (KHTML, like Gecko) Chrome/149.0.0.0 Safari/537.36"
85.208.96.206 - - [12/Aug/2026:10:34:56 -0400] "GET /2026/01/30/slots-maquinas-de-juegos/ HTTP/1.1" 200 46677 "-" "Mozilla/5.0 (compatible; SemrushBot/7~bl; +http://www.semrush.com/bot.html)"
185.191.171.9 - - [12/Aug/2026:10:35:43 -0400] "GET /2026/01/30/como-se-juega-a-la-ruleta-francesa/ HTTP/1.1" 200 46988 "-" "Mozilla/5.0 (compatible; SemrushBot/7~bl; +http://www.semrush.com/bot.html)"
74.7.227.147 - - [12/Aug/2026:10:36:34 -0400] "GET /wp-json/wp/v2/posts/14088 HTTP/1.1" 200 6175 "https://casavalle.vsptdigital.cl/?p=14088" "Mozilla/5.0 AppleWebKit/537.36 (KHTML, like Gecko; compatible; GPTBot/1.4; +https://openai.com/gptbot)"
85.208.96.203 - - [12/Aug/2026:10:36:42 -0400] "GET /robots.txt HTTP/1.1" 200 148 "-" "Mozilla/5.0 (compatible; SemrushBot/7~bl; +http://www.semrush.com/bot.html)"
162.0.208.45 - - [12/Aug/2026:10:37:09 -0400] "GET /wp-json/wp/v2/users/me HTTP/1.1" 401 88 "-" "Mozilla/5.0 (Windows NT 10.0; Win64; x64) AppleWebKit/537.36 (KHTML, like Gecko) Chrome/133.0.0.0 Safari/537.36"
185.191.171.17 - - [12/Aug/2026:10:36:30 -0400] "GET /2026/01/30/juegos-que-mas-pagan-en-el-casino/ HTTP/1.1" 200 47042 "-" "Mozilla/5.0 (compatible; SemrushBot/7~bl; +http://www.semrush.com/bot.html)"
162.0.208.45 - - [12/Aug/2026:10:37:00 -0400] "GET /wp-login.php HTTP/1.1" 302 - "-" "Mozilla/5.0 (Windows NT 10.0; Win64; x64) AppleWebKit/537.36 (KHTML, like Gecko) Chrome/133.0.0.0 Safari/537.36"
185.191.171.6 - - [12/Aug/2026:10:37:12 -0400] "GET /2026/01/30/online-blackjack-mexico/ HTTP/1.1" 200 47997 "-" "Mozilla/5.0 (compatible; SemrushBot/7~bl; +http://www.semrush.com/bot.html)"
158.69.22.136 - - [12/Aug/2026:10:37:57 -0400] "GET /2026/07/04/juego-de-slots-gratis-con-bonus-en-es-2026/ HTTP/1.1" 200 46585 "https://casavalle.vsptdigital.cl/" "Mozilla/5.0 (Windows NT 10.0; Win64; x64) AppleWebKit/537.36 (KHTML, like Gecko) Chrome/143.0.0.0 Safari/537.36 Edg/143.0.0.0"
158.69.22.136 - - [12/Aug/2026:10:38:01 -0400] "GET /2026/07/04/juego-de-slots-gratis-con-bonus-en-es-2026/ HTTP/1.1" 200 46585 "https://casavalle.vsptdigital.cl/2026/07/04/juego-de-slots-gratis-con-bonus-en-es-2026/" "Mozilla/5.0 (Windows NT 10.0; Win64; x64) AppleWebKit/537.36 (KHTML, like Gecko) Chrome/143.0.0.0 Safari/537.36 Edg/143.0.0.0"
155.117.127.108 - - [12/Aug/2026:10:38:11 -0400] "GET /2026/07/15/wyniki-losowania-eurojackpotautomat-do-gier-hazardowych-jak-grac/ HTTP/1.1" 200 46065 "https://casavalle.vsptdigital.cl/" "Mozilla/5.0 (Windows NT 10.0; Win64; x64; rv:136.0) Gecko/20100101 Firefox/136.0"
155.117.127.108 - - [12/Aug/2026:10:38:13 -0400] "GET /wp-login.php?action=register HTTP/1.1" 404 40829 "https://casavalle.vsptdigital.cl/2026/07/15/wyniki-losowania-eurojackpotautomat-do-gier-hazardowych-jak-grac/" "Mozilla/5.0 (Windows NT 6.3; Win64; x64) AppleWebKit/537.36 (KHTML, like Gecko) Chrome/103.0.0.0 Safari/537.36"
155.117.127.108 - - [12/Aug/2026:10:38:15 -0400] "GET /wp-login.php?action=register HTTP/1.1" 404 40829 "https://casavalle.vsptdigital.cl/wp-login.php?action=register" "Mozilla/5.0 (Windows NT 6.3; Win64; x64) AppleWebKit/537.36 (KHTML, like Gecko) Chrome/103.0.0.0 Safari/537.36"
74.7.227.147 - - [12/Aug/2026:10:37:30 -0400] "GET /wp-json/wp/v2/posts/16674 HTTP/1.1" 200 6013 "https://casavalle.vsptdigital.cl/?p=16674" "Mozilla/5.0 AppleWebKit/537.36 (KHTML, like Gecko; compatible; GPTBot/1.4; +https://openai.com/gptbot)"
155.117.127.108 - - [12/Aug/2026:10:38:16 -0400] "GET /wp-content/plugins/contact-form-7/includes/css/styles.css?ver=6.0.1 HTTP/1.1" 200 2894 "https://casavalle.vsptdigital.cl/wp-login.php?action=register" "Mozilla/5.0 (Windows NT 10.0; Win64; x64) AppleWebKit/537.36 (KHTML, like Gecko) Chrome/149.0.0.0 Safari/537.36"
155.117.127.108 - - [12/Aug/2026:10:38:17 -0400] "GET /wp-content/themes/hello-elementor/style.min.css?ver=3.1.1 HTTP/1.1" 200 5501 "https://casavalle.vsptdigital.cl/wp-login.php?action=register" "Mozilla/5.0 (Windows NT 10.0; Win64; x64) AppleWebKit/537.36 (KHTML, like Gecko) Chrome/149.0.0.0 Safari/537.36"
216.73.217.110 - - [12/Aug/2026:10:38:17 -0400] "GET /robots.txt HTTP/1.1" 200 148 "-" "Mozilla/5.0 AppleWebKit/537.36 (KHTML, like Gecko; compatible; ClaudeBot/1.0; +claudebot@anthropic.com)"
155.117.127.108 - - [12/Aug/2026:10:38:17 -0400] "GET /wp-content/themes/hello-elementor/theme.min.css?ver=3.1.1 HTTP/1.1" 200 5146 "https://casavalle.vsptdigital.cl/wp-login.php?action=register" "Mozilla/5.0 (Windows NT 10.0; Win64; x64) AppleWebKit/537.36 (KHTML, like Gecko) Chrome/149.0.0.0 Safari/537.36"
155.117.127.108 - - [12/Aug/2026:10:38:18 -0400] "GET /wp-content/themes/hello-elementor/header-footer.min.css?ver=3.1.1 HTTP/1.1" 200 7212 "https://casavalle.vsptdigital.cl/wp-login.php?action=register" "Mozilla/5.0 (Windows NT 10.0; Win64; x64) AppleWebKit/537.36 (KHTML, like Gecko) Chrome/149.0.0.0 Safari/537.36"
155.117.127.108 - - [12/Aug/2026:10:38:19 -0400] "GET /wp-content/plugins/elementor/assets/css/frontend.min.css?ver=3.25.11 HTTP/1.1" 200 60575 "https://casavalle.vsptdigital.cl/wp-login.php?action=register" "Mozilla/5.0 (Windows NT 10.0; Win64; x64) AppleWebKit/537.36 (KHTML, like Gecko) Chrome/149.0.0.0 Safari/537.36"
155.117.127.108 - - [12/Aug/2026:10:38:20 -0400] "GET /wp-content/uploads/elementor/css/post-5.css?ver=1734010644 HTTP/1.1" 200 1230 "https://casavalle.vsptdigital.cl/wp-login.php?action=register" "Mozilla/5.0 (Windows NT 10.0; Win64; x64) AppleWebKit/537.36 (KHTML, like Gecko) Chrome/149.0.0.0 Safari/537.36"
155.117.127.108 - - [12/Aug/2026:10:38:20 -0400] "GET /wp-content/plugins/elementor/assets/lib/eicons/css/elementor-icons.min.css?ver=5.34.0 HTTP/1.1" 200 20060 "https://casavalle.vsptdigital.cl/wp-login.php?action=register" "Mozilla/5.0 (Windows NT 10.0; Win64; x64) AppleWebKit/537.36 (KHTML, like Gecko) Chrome/149.0.0.0 Safari/537.36"
155.117.127.108 - - [12/Aug/2026:10:38:21 -0400] "GET /wp-content/plugins/elementor/assets/lib/swiper/v8/css/swiper.min.css?ver=8.4.5 HTTP/1.1" 200 16471 "https://casavalle.vsptdigital.cl/wp-login.php?action=register" "Mozilla/5.0 (Windows NT 10.0; Win64; x64) AppleWebKit/537.36 (KHTML, like Gecko) Chrome/149.0.0.0 Safari/537.36"
74.7.227.147 - - [12/Aug/2026:10:38:22 -0400] "GET /wp-json/wp/v2/posts/16982 HTTP/1.1" 200 7644 "https://casavalle.vsptdigital.cl/?p=16982" "Mozilla/5.0 AppleWebKit/537.36 (KHTML, like Gecko; compatible; GPTBot/1.4; +https://openai.com/gptbot)"
155.117.127.108 - - [12/Aug/2026:10:38:22 -0400] "GET /wp-content/plugins/elementor/assets/css/conditionals/e-swiper.min.css?ver=3.25.11 HTTP/1.1" 200 10260 "https://casavalle.vsptdigital.cl/wp-login.php?action=register" "Mozilla/5.0 (Windows NT 10.0; Win64; x64) AppleWebKit/537.36 (KHTML, like Gecko) Chrome/149.0.0.0 Safari/537.36"
155.117.127.108 - - [12/Aug/2026:10:38:23 -0400] "GET /wp-content/plugins/elementor-pro/assets/css/frontend.min.css?ver=3.7.1 HTTP/1.1" 200 480945 "https://casavalle.vsptdigital.cl/wp-login.php?action=register" "Mozilla/5.0 (Windows NT 10.0; Win64; x64) AppleWebKit/537.36 (KHTML, like Gecko) Chrome/149.0.0.0 Safari/537.36"
216.73.217.110 - - [12/Aug/2026:10:38:18 -0400] "GET /?feed=xmlsitemap1711 HTTP/1.1" 200 2063547 "-" "Mozilla/5.0 AppleWebKit/537.36 (KHTML, like Gecko; compatible; ClaudeBot/1.0; +claudebot@anthropic.com)"
155.117.127.108 - - [12/Aug/2026:10:38:25 -0400] "GET /wp-content/uploads/elementor/css/post-35.css?ver=1734010644 HTTP/1.1" 200 5018 "https://casavalle.vsptdigital.cl/wp-login.php?action=register" "Mozilla/5.0 (Windows NT 10.0; Win64; x64) AppleWebKit/537.36 (KHTML, like Gecko) Chrome/149.0.0.0 Safari/537.36"
155.117.127.108 - - [12/Aug/2026:10:38:26 -0400] "GET /wp-content/uploads/pum/pum-site-styles.css?generated=1734010667&ver=1.20.3 HTTP/1.1" 200 17449 "https://casavalle.vsptdigital.cl/wp-login.php?action=register" "Mozilla/5.0 (Windows NT 10.0; Win64; x64) AppleWebKit/537.36 (KHTML, like Gecko) Chrome/149.0.0.0 Safari/537.36"
155.117.127.108 - - [12/Aug/2026:10:38:27 -0400] "GET /wp-content/plugins/elementor/assets/css/widget-image.min.css?ver=3.25.11 HTTP/1.1" 200 254 "https://casavalle.vsptdigital.cl/wp-login.php?action=register" "Mozilla/5.0 (Windows NT 10.0; Win64; x64) AppleWebKit/537.36 (KHTML, like Gecko) Chrome/149.0.0.0 Safari/537.36"
155.117.127.108 - - [12/Aug/2026:10:38:27 -0400] "GET /wp-content/plugins/elementor/assets/lib/animations/styles/fadeInRight.min.css?ver=3.25.11 HTTP/1.1" 200 139 "https://casavalle.vsptdigital.cl/wp-login.php?action=register" "Mozilla/5.0 (Windows NT 10.0; Win64; x64) AppleWebKit/537.36 (KHTML, like Gecko) Chrome/149.0.0.0 Safari/537.36"
155.117.127.108 - - [12/Aug/2026:10:38:28 -0400] "GET /wp-content/plugins/elementor/assets/css/widget-heading.min.css?ver=3.25.11 HTTP/1.1" 200 600 "https://casavalle.vsptdigital.cl/wp-login.php?action=register" "Mozilla/5.0 (Windows NT 10.0; Win64; x64) AppleWebKit/537.36 (KHTML, like Gecko) Chrome/149.0.0.0 Safari/537.36"
185.191.171.5 - - [12/Aug/2026:10:37:55 -0400] "GET /2026/01/30/c%C3%B3digo-promocional-en-cripto-casino/ HTTP/1.1" 200 46988 "-" "Mozilla/5.0 (compatible; SemrushBot/7~bl; +http://www.semrush.com/bot.html)"
185.191.171.5 - - [12/Aug/2026:10:38:42 -0400] "GET /2026/07/15/juegos-de-tirar-dados/ HTTP/1.1" 200 46496 "-" "Mozilla/5.0 (compatible; SemrushBot/7~bl; +http://www.semrush.com/bot.html)"
185.191.171.7 - - [12/Aug/2026:10:39:24 -0400] "GET /2026/01/30/como-jugar-al-whamoo-casino/ HTTP/1.1" 200 46779 "-" "Mozilla/5.0 (compatible; SemrushBot/7~bl; +http://www.semrush.com/bot.html)"
74.7.227.147 - - [12/Aug/2026:10:39:27 -0400] "GET /wp-json/wp/v2/posts/12374 HTTP/1.1" 200 6753 "https://casavalle.vsptdigital.cl/?p=12374" "Mozilla/5.0 AppleWebKit/537.36 (KHTML, like Gecko; compatible; GPTBot/1.4; +https://openai.com/gptbot)"
74.7.227.147 - - [12/Aug/2026:10:40:24 -0400] "GET /wp-json/wp/v2/posts/15261 HTTP/1.1" 200 6792 "https://casavalle.vsptdigital.cl/?p=15261" "Mozilla/5.0 AppleWebKit/537.36 (KHTML, like Gecko; compatible; GPTBot/1.4; +https://openai.com/gptbot)"
85.208.96.199 - - [12/Aug/2026:10:40:11 -0400] "GET /2026/07/15/juegos-de-dinero/ HTTP/1.1" 200 47183 "-" "Mozilla/5.0 (compatible; SemrushBot/7~bl; +http://www.semrush.com/bot.html)"
94.143.224.41 - - [12/Aug/2026:10:40:09 -0400] "GET / HTTP/1.1" 200 184 "-" "Mozilla/5.0 (X11; Linux x86_64) AppleWebKit/537.36 (KHTML, like Gecko) Chrome/143.0.0.0 Safari/537.36"
138.16.138.2 - - [12/Aug/2026:10:40:56 -0400] "GET / HTTP/1.1" 200 184 "-" "Mozilla/5.0 (X11; Linux x86_64) AppleWebKit/537.36 (KHTML, like Gecko) Chrome/143.0.0.0 Safari/537.36"
94.143.224.41 - - [12/Aug/2026:10:40:23 -0400] "GET / HTTP/1.1" 200 184 "-" "Mozilla/5.0 (X11; Linux x86_64) AppleWebKit/537.36 (KHTML, like Gecko) Chrome/143.0.0.0 Safari/537.36"
87.199.207.61 - - [12/Aug/2026:10:41:07 -0400] "GET /2026/06/25/wie-lautet-der-bonus-fur-das-elektronische-casino-auf-deutsch-im-jahr-2026/ HTTP/1.1" 200 46619 "https://casavalle.vsptdigital.cl/" "Mozilla/5.0 (X11; Linux x86_64; rv:146.0) Gecko/20100101 Firefox/146.0"
87.199.207.61 - - [12/Aug/2026:10:41:08 -0400] "GET /2026/06/25/wie-lautet-der-bonus-fur-das-elektronische-casino-auf-deutsch-im-jahr-2026/ HTTP/1.1" 200 46619 "https://casavalle.vsptdigital.cl/2026/06/25/wie-lautet-der-bonus-fur-das-elektronische-casino-auf-deutsch-im-jahr-2026/" "Mozilla/5.0 (X11; Linux x86_64; rv:146.0) Gecko/20100101 Firefox/146.0"
156.246.151.67 - - [12/Aug/2026:10:40:39 -0400] "GET / HTTP/1.1" 200 184 "-" "Mozilla/5.0 (X11; Linux x86_64) AppleWebKit/537.36 (KHTML, like Gecko) Chrome/143.0.0.0 Safari/537.36"
74.7.227.147 - - [12/Aug/2026:10:41:28 -0400] "GET /wp-json/wp/v2/posts/18083 HTTP/1.1" 200 6291 "https://casavalle.vsptdigital.cl/?p=18083" "Mozilla/5.0 AppleWebKit/537.36 (KHTML, like Gecko; compatible; GPTBot/1.4; +https://openai.com/gptbot)"
85.208.96.211 - - [12/Aug/2026:10:40:53 -0400] "GET /2026/01/30/tragaperras-online-ted-megaways/ HTTP/1.1" 200 46445 "-" "Mozilla/5.0 (compatible; SemrushBot/7~bl; +http://www.semrush.com/bot.html)"
94.143.224.41 - - [12/Aug/2026:10:41:42 -0400] "GET / HTTP/1.1" 200 150 "-" "Mozilla/5.0 (X11; Linux x86_64) AppleWebKit/537.36 (KHTML, like Gecko) Chrome/143.0.0.0 Safari/537.36"
156.246.151.67 - - [12/Aug/2026:10:41:12 -0400] "GET / HTTP/1.1" 200 150 "-" "Mozilla/5.0 (X11; Linux x86_64) AppleWebKit/537.36 (KHTML, like Gecko) Chrome/143.0.0.0 Safari/537.36"
186.243.154.41 - - [12/Aug/2026:10:41:28 -0400] "GET / HTTP/1.1" 200 150 "-" "Mozilla/5.0 (X11; Linux x86_64) AppleWebKit/537.36 (KHTML, like Gecko) Chrome/143.0.0.0 Safari/537.36"
85.208.96.199 - - [12/Aug/2026:10:41:40 -0400] "GET /2026/01/30/juegos-gratis-de-frutas-por-niveles/ HTTP/1.1" 200 47027 "-" "Mozilla/5.0 (compatible; SemrushBot/7~bl; +http://www.semrush.com/bot.html)"
74.7.227.147 - - [12/Aug/2026:10:42:27 -0400] "GET /wp-json/wp/v2/posts/10301 HTTP/1.1" 200 6096 "https://casavalle.vsptdigital.cl/?p=10301" "Mozilla/5.0 AppleWebKit/537.36 (KHTML, like Gecko; compatible; GPTBot/1.4; +https://openai.com/gptbot)"
154.209.133.105 - - [12/Aug/2026:10:42:11 -0400] "GET / HTTP/1.1" 200 151 "-" "Mozilla/5.0 (X11; Linux x86_64) AppleWebKit/537.36 (KHTML, like Gecko) Chrome/143.0.0.0 Safari/537.36"
185.191.171.9 - - [12/Aug/2026:10:42:21 -0400] "GET /2026/01/30/blackjack-5-cartas/ HTTP/1.1" 200 46148 "-" "Mozilla/5.0 (compatible; SemrushBot/7~bl; +http://www.semrush.com/bot.html)"
186.243.225.31 - - [12/Aug/2026:10:42:26 -0400] "GET / HTTP/1.1" 200 151 "-" "Mozilla/5.0 (X11; Linux x86_64) AppleWebKit/537.36 (KHTML, like Gecko) Chrome/143.0.0.0 Safari/537.36"
74.7.227.147 - - [12/Aug/2026:10:43:16 -0400] "GET /wp-json/wp/v2/posts/17507 HTTP/1.1" 200 7305 "https://casavalle.vsptdigital.cl/?p=17507" "Mozilla/5.0 AppleWebKit/537.36 (KHTML, like Gecko; compatible; GPTBot/1.4; +https://openai.com/gptbot)"
154.209.133.105 - - [12/Aug/2026:10:42:40 -0400] "GET / HTTP/1.1" 200 151 "-" "Mozilla/5.0 (X11; Linux x86_64) AppleWebKit/537.36 (KHTML, like Gecko) Chrome/143.0.0.0 Safari/537.36"
94.143.224.41 - - [12/Aug/2026:10:42:55 -0400] "GET / HTTP/1.1" 200 151 "-" "Mozilla/5.0 (X11; Linux x86_64) AppleWebKit/537.36 (KHTML, like Gecko) Chrome/143.0.0.0 Safari/537.36"
186.246.89.28 - - [12/Aug/2026:10:43:42 -0400] "GET / HTTP/1.1" 200 151 "-" "Mozilla/5.0 (X11; Linux x86_64) AppleWebKit/537.36 (KHTML, like Gecko) Chrome/143.0.0.0 Safari/537.36"
85.208.96.206 - - [12/Aug/2026:10:43:08 -0400] "GET /2026/01/30/tragamonedas-chile-ley/ HTTP/1.1" 200 46139 "-" "Mozilla/5.0 (compatible; SemrushBot/7~bl; +http://www.semrush.com/bot.html)"
138.16.33.90 - - [12/Aug/2026:10:43:14 -0400] "GET / HTTP/1.1" 200 151 "-" "Mozilla/5.0 (X11; Linux x86_64) AppleWebKit/537.36 (KHTML, like Gecko) Chrome/143.0.0.0 Safari/537.36"
138.16.138.2 - - [12/Aug/2026:10:43:14 -0400] "GET / HTTP/1.1" 200 156 "-" "Mozilla/5.0 (X11; Linux x86_64) AppleWebKit/537.36 (KHTML, like Gecko) Chrome/143.0.0.0 Safari/537.36"
74.7.227.147 - - [12/Aug/2026:10:44:03 -0400] "GET /wp-json/wp/v2/posts/16782 HTTP/1.1" 200 6978 "https://casavalle.vsptdigital.cl/?p=16782" "Mozilla/5.0 AppleWebKit/537.36 (KHTML, like Gecko; compatible; GPTBot/1.4; +https://openai.com/gptbot)"
156.246.151.67 - - [12/Aug/2026:10:43:26 -0400] "GET / HTTP/1.1" 200 151 "-" "Mozilla/5.0 (X11; Linux x86_64) AppleWebKit/537.36 (KHTML, like Gecko) Chrome/143.0.0.0 Safari/537.36"
186.243.154.41 - - [12/Aug/2026:10:43:26 -0400] "GET / HTTP/1.1" 200 156 "-" "Mozilla/5.0 (X11; Linux x86_64) AppleWebKit/537.36 (KHTML, like Gecko) Chrome/143.0.0.0 Safari/537.36"
129.121.103.155 - - [12/Aug/2026:10:43:35 -0400] "GET /wp-json/wp/v2/users/me HTTP/1.1" 401 88 "-" "Mozilla/5.0 (Windows NT 10.0; Win64; x64) AppleWebKit/537.36 (KHTML, like Gecko) Chrome/133.0.0.0 Safari/537.36"
94.143.224.41 - - [12/Aug/2026:10:43:41 -0400] "GET / HTTP/1.1" 200 156 "-" "Mozilla/5.0 (X11; Linux x86_64) AppleWebKit/537.36 (KHTML, like Gecko) Chrome/143.0.0.0 Safari/537.36"
85.208.96.208 - - [12/Aug/2026:10:43:51 -0400] "GET /2026/01/30/qu%C3%A9-juegos-hay-en-un-casino/ HTTP/1.1" 200 47629 "-" "Mozilla/5.0 (compatible; SemrushBot/7~bl; +http://www.semrush.com/bot.html)"
186.243.154.41 - - [12/Aug/2026:10:43:56 -0400] "GET / HTTP/1.1" 200 156 "-" "Mozilla/5.0 (X11; Linux x86_64) AppleWebKit/537.36 (KHTML, like Gecko) Chrome/143.0.0.0 Safari/537.36"
74.7.227.147 - - [12/Aug/2026:10:44:46 -0400] "GET /wp-json/wp/v2/posts/10989 HTTP/1.1" 200 6313 "https://casavalle.vsptdigital.cl/?p=10989" "Mozilla/5.0 AppleWebKit/537.36 (KHTML, like Gecko; compatible; GPTBot/1.4; +https://openai.com/gptbot)"
138.16.33.90 - - [12/Aug/2026:10:44:14 -0400] "GET / HTTP/1.1" 200 156 "-" "Mozilla/5.0 (X11; Linux x86_64) AppleWebKit/537.36 (KHTML, like Gecko) Chrome/143.0.0.0 Safari/537.36"
186.243.154.41 - - [12/Aug/2026:10:44:15 -0400] "GET / HTTP/1.1" 200 156 "-" "Mozilla/5.0 (X11; Linux x86_64) AppleWebKit/537.36 (KHTML, like Gecko) Chrome/143.0.0.0 Safari/537.36"
186.243.225.31 - - [12/Aug/2026:10:44:29 -0400] "GET / HTTP/1.1" 200 156 "-" "Mozilla/5.0 (X11; Linux x86_64) AppleWebKit/537.36 (KHTML, like Gecko) Chrome/143.0.0.0 Safari/537.36"
186.246.89.28 - - [12/Aug/2026:10:44:31 -0400] "GET / HTTP/1.1" 200 156 "-" "Mozilla/5.0 (X11; Linux x86_64) AppleWebKit/537.36 (KHTML, like Gecko) Chrome/143.0.0.0 Safari/537.36"
74.7.227.147 - - [12/Aug/2026:10:45:22 -0400] "GET /wp-json/wp/v2/posts/10274 HTTP/1.1" 200 5766 "https://casavalle.vsptdigital.cl/?p=10274" "Mozilla/5.0 AppleWebKit/537.36 (KHTML, like Gecko; compatible; GPTBot/1.4; +https://openai.com/gptbot)"
185.191.171.9 - - [12/Aug/2026:10:44:38 -0400] "GET /2026/01/30/ganar-en-el-blackjack/ HTTP/1.1" 200 46592 "-" "Mozilla/5.0 (compatible; SemrushBot/7~bl; +http://www.semrush.com/bot.html)"
186.243.154.41 - - [12/Aug/2026:10:44:45 -0400] "GET / HTTP/1.1" 200 156 "-" "Mozilla/5.0 (X11; Linux x86_64) AppleWebKit/537.36 (KHTML, like Gecko) Chrome/143.0.0.0 Safari/537.36"
186.246.89.28 - - [12/Aug/2026:10:44:45 -0400] "GET / HTTP/1.1" 200 156 "-" "Mozilla/5.0 (X11; Linux x86_64) AppleWebKit/537.36 (KHTML, like Gecko) Chrome/143.0.0.0 Safari/537.36"
186.246.89.28 - - [12/Aug/2026:10:45:30 -0400] "GET / HTTP/1.1" 200 156 "-" "Mozilla/5.0 (X11; Linux x86_64) AppleWebKit/537.36 (KHTML, like Gecko) Chrome/143.0.0.0 Safari/537.36"
186.246.89.28 - - [12/Aug/2026:10:45:00 -0400] "GET / HTTP/1.1" 200 156 "-" "Mozilla/5.0 (X11; Linux x86_64) AppleWebKit/537.36 (KHTML, like Gecko) Chrome/143.0.0.0 Safari/537.36"
138.16.33.90 - - [12/Aug/2026:10:44:59 -0400] "GET / HTTP/1.1" 200 156 "-" "Mozilla/5.0 (X11; Linux x86_64) AppleWebKit/537.36 (KHTML, like Gecko) Chrome/143.0.0.0 Safari/537.36"
138.16.33.90 - - [12/Aug/2026:10:45:14 -0400] "GET / HTTP/1.1" 200 156 "-" "Mozilla/5.0 (X11; Linux x86_64) AppleWebKit/537.36 (KHTML, like Gecko) Chrome/143.0.0.0 Safari/537.36"
186.246.89.28 - - [12/Aug/2026:10:45:15 -0400] "GET / HTTP/1.1" 200 156 "-" "Mozilla/5.0 (X11; Linux x86_64) AppleWebKit/537.36 (KHTML, like Gecko) Chrome/143.0.0.0 Safari/537.36"
85.208.96.209 - - [12/Aug/2026:10:45:25 -0400] "GET /2026/01/30/casinos-en-san-clemente-del-tuyu/ HTTP/1.1" 200 46746 "-" "Mozilla/5.0 (compatible; SemrushBot/7~bl; +http://www.semrush.com/bot.html)"
186.246.89.28 - - [12/Aug/2026:10:45:30 -0400] "GET / HTTP/1.1" 200 156 "-" "Mozilla/5.0 (X11; Linux x86_64) AppleWebKit/537.36 (KHTML, like Gecko) Chrome/143.0.0.0 Safari/537.36"
74.7.227.147 - - [12/Aug/2026:10:46:25 -0400] "GET /wp-json/wp/v2/posts/18283 HTTP/1.1" 200 7516 "https://casavalle.vsptdigital.cl/?p=18283" "Mozilla/5.0 AppleWebKit/537.36 (KHTML, like Gecko; compatible; GPTBot/1.4; +https://openai.com/gptbot)"
74.7.227.147 - - [12/Aug/2026:10:45:55 -0400] "GET /wp-json/wp/v2/posts/16672 HTTP/1.1" 200 6271 "https://casavalle.vsptdigital.cl/?p=16672" "Mozilla/5.0 AppleWebKit/537.36 (KHTML, like Gecko; compatible; GPTBot/1.4; +https://openai.com/gptbot)"
85.208.96.203 - - [12/Aug/2026:10:46:07 -0400] "GET /2026/07/15/casinos-de-juego-en-catalu%C3%B1a/ HTTP/1.1" 200 47290 "-" "Mozilla/5.0 (compatible; SemrushBot/7~bl; +http://www.semrush.com/bot.html)"
103.108.220.222 - - [12/Aug/2026:10:47:24 -0400] "GET /wp-json/wp/v2/users/me HTTP/1.1" 401 88 "-" "Mozilla/5.0 (Windows NT 10.0; Win64; x64) AppleWebKit/537.36 (KHTML, like Gecko) Chrome/133.0.0.0 Safari/537.36"
74.7.227.147 - - [12/Aug/2026:10:47:29 -0400] "GET /wp-json/wp/v2/posts/12370 HTTP/1.1" 200 6260 "https://casavalle.vsptdigital.cl/?p=12370" "Mozilla/5.0 AppleWebKit/537.36 (KHTML, like Gecko; compatible; GPTBot/1.4; +https://openai.com/gptbot)"
185.191.171.9 - - [12/Aug/2026:10:46:49 -0400] "GET /2026/01/30/juega-gratis-a-taco-brothers-en-modo-demo/ HTTP/1.1" 200 47069 "-" "Mozilla/5.0 (compatible; SemrushBot/7~bl; +http://www.semrush.com/bot.html)"
88.99.104.138 - - [12/Aug/2026:10:47:50 -0400] "GET /wp-login.php HTTP/1.1" 302 - "-" "Mozilla/5.0 (Windows NT 10.0; Win64; x64) AppleWebKit/537.36 (KHTML, like Gecko) Chrome/133.0.0.0 Safari/537.36"
88.99.104.138 - - [12/Aug/2026:10:47:50 -0400] "GET /wp-login.php HTTP/1.1" 302 - "https://casavalle.vsptdigital.cl/wp-login.php" "Mozilla/5.0 (Windows NT 10.0; Win64; x64) AppleWebKit/537.36 (KHTML, like Gecko) Chrome/133.0.0.0 Safari/537.36"
88.99.104.138 - - [12/Aug/2026:10:47:51 -0400] "GET /wp-login.php HTTP/1.1" 302 - "https://casavalle.vsptdigital.cl/wp-login.php" "Mozilla/5.0 (Windows NT 10.0; Win64; x64) AppleWebKit/537.36 (KHTML, like Gecko) Chrome/133.0.0.0 Safari/537.36"
88.99.104.138 - - [12/Aug/2026:10:47:55 -0400] "GET /wp-login.php HTTP/1.1" 302 - "https://casavalle.vsptdigital.cl/wp-login.php" "Mozilla/5.0 (Windows NT 10.0; Win64; x64) AppleWebKit/537.36 (KHTML, like Gecko) Chrome/133.0.0.0 Safari/537.36"
88.99.104.138 - - [12/Aug/2026:10:47:56 -0400] "GET /wp-login.php HTTP/1.1" 302 - "https://casavalle.vsptdigital.cl/wp-login.php" "Mozilla/5.0 (Windows NT 10.0; Win64; x64) AppleWebKit/537.36 (KHTML, like Gecko) Chrome/133.0.0.0 Safari/537.36"
88.99.104.138 - - [12/Aug/2026:10:47:56 -0400] "GET /wp-login.php HTTP/1.1" 302 - "https://casavalle.vsptdigital.cl/wp-login.php" "Mozilla/5.0 (Windows NT 10.0; Win64; x64) AppleWebKit/537.36 (KHTML, like Gecko) Chrome/133.0.0.0 Safari/537.36"
88.99.104.138 - - [12/Aug/2026:10:47:58 -0400] "GET /wp-login.php HTTP/1.1" 302 - "https://casavalle.vsptdigital.cl/wp-login.php" "Mozilla/5.0 (Windows NT 10.0; Win64; x64) AppleWebKit/537.36 (KHTML, like Gecko) Chrome/133.0.0.0 Safari/537.36"
88.99.104.138 - - [12/Aug/2026:10:47:59 -0400] "GET /wp-login.php HTTP/1.1" 302 - "https://casavalle.vsptdigital.cl/wp-login.php" "Mozilla/5.0 (Windows NT 10.0; Win64; x64) AppleWebKit/537.36 (KHTML, like Gecko) Chrome/133.0.0.0 Safari/537.36"
88.99.104.138 - - [12/Aug/2026:10:47:59 -0400] "GET /wp-login.php HTTP/1.1" 302 - "https://casavalle.vsptdigital.cl/wp-login.php" "Mozilla/5.0 (Windows NT 10.0; Win64; x64) AppleWebKit/537.36 (KHTML, like Gecko) Chrome/133.0.0.0 Safari/537.36"
88.99.104.138 - - [12/Aug/2026:10:47:59 -0400] "GET /wp-login.php HTTP/1.1" 302 - "https://casavalle.vsptdigital.cl/wp-login.php" "Mozilla/5.0 (Windows NT 10.0; Win64; x64) AppleWebKit/537.36 (KHTML, like Gecko) Chrome/133.0.0.0 Safari/537.36"
103.108.220.222 - - [12/Aug/2026:10:47:15 -0400] "GET /wp-login.php HTTP/1.1" 301 - "-" "Mozilla/5.0 (Windows NT 10.0; Win64; x64) AppleWebKit/537.36 (KHTML, like Gecko) Chrome/133.0.0.0 Safari/537.36"
88.99.104.138 - - [12/Aug/2026:10:48:06 -0400] "GET /wp-json/wp/v2/users/me HTTP/1.1" 401 88 "-" "Mozilla/5.0 (Windows NT 10.0; Win64; x64) AppleWebKit/537.36 (KHTML, like Gecko) Chrome/133.0.0.0 Safari/537.36"
85.208.96.211 - - [12/Aug/2026:10:47:36 -0400] "GET /2026/01/30/blackjack-estrategia/ HTTP/1.1" 200 47647 "-" "Mozilla/5.0 (compatible; SemrushBot/7~bl; +http://www.semrush.com/bot.html)"
74.7.227.147 - - [12/Aug/2026:10:48:26 -0400] "GET /wp-json/wp/v2/posts/16654 HTTP/1.1" 200 6761 "https://casavalle.vsptdigital.cl/?p=16654" "Mozilla/5.0 AppleWebKit/537.36 (KHTML, like Gecko; compatible; GPTBot/1.4; +https://openai.com/gptbot)"
88.99.104.138 - - [12/Aug/2026:10:48:33 -0400] "GET /wp-json/wp/v2/users/me HTTP/1.1" 401 88 "-" "Mozilla/5.0 (Windows NT 10.0; Win64; x64) AppleWebKit/537.36 (KHTML, like Gecko) Chrome/133.0.0.0 Safari/537.36"
185.191.171.10 - - [12/Aug/2026:10:48:18 -0400] "GET /2026/01/30/tragamonedas-9-en-1-para-pc/ HTTP/1.1" 200 46604 "-" "Mozilla/5.0 (compatible; SemrushBot/7~bl; +http://www.semrush.com/bot.html)"
74.7.227.147 - - [12/Aug/2026:10:49:19 -0400] "GET /wp-json/wp/v2/posts/16725 HTTP/1.1" 200 5829 "https://casavalle.vsptdigital.cl/?p=16725" "Mozilla/5.0 AppleWebKit/537.36 (KHTML, like Gecko; compatible; GPTBot/1.4; +https://openai.com/gptbot)"
85.208.96.208 - - [12/Aug/2026:10:49:04 -0400] "GET /2026/01/30/el-mayor-casino-ethereum/ HTTP/1.1" 200 46776 "-" "Mozilla/5.0 (compatible; SemrushBot/7~bl; +http://www.semrush.com/bot.html)"
74.7.227.147 - - [12/Aug/2026:10:50:06 -0400] "GET /wp-json/wp/v2/posts/14887 HTTP/1.1" 200 5885 "https://casavalle.vsptdigital.cl/?p=14887" "Mozilla/5.0 AppleWebKit/537.36 (KHTML, like Gecko; compatible; GPTBot/1.4; +https://openai.com/gptbot)"
85.208.96.202 - - [12/Aug/2026:10:49:46 -0400] "GET /2026/07/15/jugar-a-tragaperras-con-dinero-real/ HTTP/1.1" 200 47325 "-" "Mozilla/5.0 (compatible; SemrushBot/7~bl; +http://www.semrush.com/bot.html)"
74.7.227.147 - - [12/Aug/2026:10:50:46 -0400] "GET /wp-json/wp/v2/posts/10609 HTTP/1.1" 200 5908 "https://casavalle.vsptdigital.cl/?p=10609" "Mozilla/5.0 AppleWebKit/537.36 (KHTML, like Gecko; compatible; GPTBot/1.4; +https://openai.com/gptbot)"
185.191.171.12 - - [12/Aug/2026:10:50:33 -0400] "GET /2026/01/30/lista-de-casinos-exclusivos-de-bitcoin/ HTTP/1.1" 200 46455 "-" "Mozilla/5.0 (compatible; SemrushBot/7~bl; +http://www.semrush.com/bot.html)"
74.7.227.147 - - [12/Aug/2026:10:51:24 -0400] "GET /wp-json/wp/v2/posts/17818 HTTP/1.1" 200 6841 "https://casavalle.vsptdigital.cl/?p=17818" "Mozilla/5.0 AppleWebKit/537.36 (KHTML, like Gecko; compatible; GPTBot/1.4; +https://openai.com/gptbot)"
69.30.231.90 - - [12/Aug/2026:10:51:45 -0400] "GET /wp-login.php HTTP/1.1" 302 - "-" "Mozilla/5.0 (Windows NT 10.0; Win64; x64) AppleWebKit/537.36 (KHTML, like Gecko) Chrome/133.0.0.0 Safari/537.36"
69.30.231.90 - - [12/Aug/2026:10:51:46 -0400] "GET /wp-login.php HTTP/1.1" 302 - "https://casavalle.vsptdigital.cl/wp-login.php" "Mozilla/5.0 (Windows NT 10.0; Win64; x64) AppleWebKit/537.36 (KHTML, like Gecko) Chrome/133.0.0.0 Safari/537.36"
69.30.231.90 - - [12/Aug/2026:10:51:47 -0400] "GET /wp-login.php HTTP/1.1" 302 - "https://casavalle.vsptdigital.cl/wp-login.php" "Mozilla/5.0 (Windows NT 10.0; Win64; x64) AppleWebKit/537.36 (KHTML, like Gecko) Chrome/133.0.0.0 Safari/537.36"
69.30.231.90 - - [12/Aug/2026:10:51:47 -0400] "GET /wp-login.php HTTP/1.1" 302 - "https://casavalle.vsptdigital.cl/wp-login.php" "Mozilla/5.0 (Windows NT 10.0; Win64; x64) AppleWebKit/537.36 (KHTML, like Gecko) Chrome/133.0.0.0 Safari/537.36"
69.30.231.90 - - [12/Aug/2026:10:51:47 -0400] "GET /wp-login.php HTTP/1.1" 302 - "https://casavalle.vsptdigital.cl/wp-login.php" "Mozilla/5.0 (Windows NT 10.0; Win64; x64) AppleWebKit/537.36 (KHTML, like Gecko) Chrome/133.0.0.0 Safari/537.36"
69.30.231.90 - - [12/Aug/2026:10:51:48 -0400] "GET /wp-login.php HTTP/1.1" 302 - "https://casavalle.vsptdigital.cl/wp-login.php" "Mozilla/5.0 (Windows NT 10.0; Win64; x64) AppleWebKit/537.36 (KHTML, like Gecko) Chrome/133.0.0.0 Safari/537.36"
69.30.231.90 - - [12/Aug/2026:10:51:48 -0400] "GET /wp-login.php HTTP/1.1" 302 - "https://casavalle.vsptdigital.cl/wp-login.php" "Mozilla/5.0 (Windows NT 10.0; Win64; x64) AppleWebKit/537.36 (KHTML, like Gecko) Chrome/133.0.0.0 Safari/537.36"
69.30.231.90 - - [12/Aug/2026:10:51:49 -0400] "GET /wp-login.php HTTP/1.1" 302 - "https://casavalle.vsptdigital.cl/wp-login.php" "Mozilla/5.0 (Windows NT 10.0; Win64; x64) AppleWebKit/537.36 (KHTML, like Gecko) Chrome/133.0.0.0 Safari/537.36"
69.30.231.90 - - [12/Aug/2026:10:51:49 -0400] "GET /wp-login.php HTTP/1.1" 302 - "https://casavalle.vsptdigital.cl/wp-login.php" "Mozilla/5.0 (Windows NT 10.0; Win64; x64) AppleWebKit/537.36 (KHTML, like Gecko) Chrome/133.0.0.0 Safari/537.36"
69.30.231.90 - - [12/Aug/2026:10:51:50 -0400] "GET /wp-login.php HTTP/1.1" 302 - "https://casavalle.vsptdigital.cl/wp-login.php" "Mozilla/5.0 (Windows NT 10.0; Win64; x64) AppleWebKit/537.36 (KHTML, like Gecko) Chrome/133.0.0.0 Safari/537.36"
69.30.231.90 - - [12/Aug/2026:10:51:50 -0400] "GET /wp-json/wp/v2/users/me HTTP/1.1" 401 88 "-" "Mozilla/5.0 (Windows NT 10.0; Win64; x64) AppleWebKit/537.36 (KHTML, like Gecko) Chrome/133.0.0.0 Safari/537.36"
74.7.227.147 - - [12/Aug/2026:10:51:59 -0400] "GET /wp-json/wp/v2/posts/14026 HTTP/1.1" 200 6799 "https://casavalle.vsptdigital.cl/?p=14026" "Mozilla/5.0 AppleWebKit/537.36 (KHTML, like Gecko; compatible; GPTBot/1.4; +https://openai.com/gptbot)"
85.208.96.209 - - [12/Aug/2026:10:51:15 -0400] "GET /2026/07/15/dinero-en-m%C3%A1quinas-tragamonedas/ HTTP/1.1" 200 47868 "-" "Mozilla/5.0 (compatible; SemrushBot/7~bl; +http://www.semrush.com/bot.html)"
85.208.96.193 - - [12/Aug/2026:10:52:02 -0400] "GET /2026/07/15/casino-online-2026/ HTTP/1.1" 200 46497 "-" "Mozilla/5.0 (compatible; SemrushBot/7~bl; +http://www.semrush.com/bot.html)"
74.7.227.147 - - [12/Aug/2026:10:53:00 -0400] "GET /wp-json/wp/v2/posts/12298 HTTP/1.1" 200 6878 "https://casavalle.vsptdigital.cl/?p=12298" "Mozilla/5.0 AppleWebKit/537.36 (KHTML, like Gecko; compatible; GPTBot/1.4; +https://openai.com/gptbot)"
173.252.70.26 - - [12/Aug/2026:10:53:08 -0400] "GET /robots.txt HTTP/1.1" 206 148 "-" "facebookexternalhit/1.1 (+http://www.facebook.com/externalhit_uatext.php)"
74.7.227.147 - - [12/Aug/2026:10:52:30 -0400] "GET /wp-json/wp/v2/posts/13755 HTTP/1.1" 200 5993 "https://casavalle.vsptdigital.cl/?p=13755" "Mozilla/5.0 AppleWebKit/537.36 (KHTML, like Gecko; compatible; GPTBot/1.4; +https://openai.com/gptbot)"
85.208.96.200 - - [12/Aug/2026:10:52:49 -0400] "GET /2026/01/30/casinos-bonos-bienvenida-gratis/ HTTP/1.1" 200 47145 "-" "Mozilla/5.0 (compatible; SemrushBot/7~bl; +http://www.semrush.com/bot.html)"
74.7.227.147 - - [12/Aug/2026:10:54:01 -0400] "GET /wp-json/wp/v2/posts/11841 HTTP/1.1" 200 5536 "https://casavalle.vsptdigital.cl/?p=11841" "Mozilla/5.0 AppleWebKit/537.36 (KHTML, like Gecko; compatible; GPTBot/1.4; +https://openai.com/gptbot)"
185.191.171.7 - - [12/Aug/2026:10:53:31 -0400] "GET /2026/01/30/descargar-pharaoh-tragamonedas-9-en-1/ HTTP/1.1" 200 47016 "-" "Mozilla/5.0 (compatible; SemrushBot/7~bl; +http://www.semrush.com/bot.html)"
185.191.171.5 - - [12/Aug/2026:10:54:18 -0400] "GET /2026/01/30/casino-san-gallo-online/ HTTP/1.1" 200 46776 "-" "Mozilla/5.0 (compatible; SemrushBot/7~bl; +http://www.semrush.com/bot.html)"
85.208.96.193 - - [12/Aug/2026:10:54:59 -0400] "GET /2026/01/30/casino-en-ushuaia/ HTTP/1.1" 200 46696 "-" "Mozilla/5.0 (compatible; SemrushBot/7~bl; +http://www.semrush.com/bot.html)"
74.7.227.147 - - [12/Aug/2026:10:54:59 -0400] "GET /wp-json/wp/v2/posts/11514 HTTP/1.1" 200 6325 "https://casavalle.vsptdigital.cl/?p=11514" "Mozilla/5.0 AppleWebKit/537.36 (KHTML, like Gecko; compatible; GPTBot/1.4; +https://openai.com/gptbot)"
74.7.227.147 - - [12/Aug/2026:10:55:49 -0400] "GET /wp-json/wp/v2/posts/12942 HTTP/1.1" 200 6416 "https://casavalle.vsptdigital.cl/?p=12942" "Mozilla/5.0 AppleWebKit/537.36 (KHTML, like Gecko; compatible; GPTBot/1.4; +https://openai.com/gptbot)"
160.250.130.168 - - [12/Aug/2026:10:56:19 -0400] "GET /wp-login.php HTTP/1.1" 302 - "-" "Mozilla/5.0 (Windows NT 10.0; Win64; x64) AppleWebKit/537.36 (KHTML, like Gecko) Chrome/133.0.0.0 Safari/537.36"
160.250.130.168 - - [12/Aug/2026:10:56:20 -0400] "GET /wp-login.php HTTP/1.1" 302 - "https://casavalle.vsptdigital.cl/wp-login.php" "Mozilla/5.0 (Windows NT 10.0; Win64; x64) AppleWebKit/537.36 (KHTML, like Gecko) Chrome/133.0.0.0 Safari/537.36"
160.250.130.168 - - [12/Aug/2026:10:56:21 -0400] "GET /wp-login.php HTTP/1.1" 302 - "https://casavalle.vsptdigital.cl/wp-login.php" "Mozilla/5.0 (Windows NT 10.0; Win64; x64) AppleWebKit/537.36 (KHTML, like Gecko) Chrome/133.0.0.0 Safari/537.36"
160.250.130.168 - - [12/Aug/2026:10:56:21 -0400] "GET /wp-login.php HTTP/1.1" 302 - "https://casavalle.vsptdigital.cl/wp-login.php" "Mozilla/5.0 (Windows NT 10.0; Win64; x64) AppleWebKit/537.36 (KHTML, like Gecko) Chrome/133.0.0.0 Safari/537.36"
160.250.130.168 - - [12/Aug/2026:10:56:22 -0400] "GET /wp-login.php HTTP/1.1" 302 - "https://casavalle.vsptdigital.cl/wp-login.php" "Mozilla/5.0 (Windows NT 10.0; Win64; x64) AppleWebKit/537.36 (KHTML, like Gecko) Chrome/133.0.0.0 Safari/537.36"
160.250.130.168 - - [12/Aug/2026:10:56:23 -0400] "GET /wp-login.php HTTP/1.1" 302 - "https://casavalle.vsptdigital.cl/wp-login.php" "Mozilla/5.0 (Windows NT 10.0; Win64; x64) AppleWebKit/537.36 (KHTML, like Gecko) Chrome/133.0.0.0 Safari/537.36"
160.250.130.168 - - [12/Aug/2026:10:56:23 -0400] "GET /wp-login.php HTTP/1.1" 302 - "https://casavalle.vsptdigital.cl/wp-login.php" "Mozilla/5.0 (Windows NT 10.0; Win64; x64) AppleWebKit/537.36 (KHTML, like Gecko) Chrome/133.0.0.0 Safari/537.36"
185.191.171.16 - - [12/Aug/2026:10:55:47 -0400] "GET /2026/01/30/c%C3%B3mo-se-juega-el-juego-de-la-ruleta/ HTTP/1.1" 200 47881 "-" "Mozilla/5.0 (compatible; SemrushBot/7~bl; +http://www.semrush.com/bot.html)"
211.201.169.71 - - [12/Aug/2026:10:56:06 -0400] "GET /2026/07/07/slot-casino-juegos-en-es-2026/ HTTP/1.1" 200 46302 "https://casavalle.vsptdigital.cl/" "Mozilla/5.0 (Macintosh; Intel Mac OS X 10_15_7) AppleWebKit/605.1.15 (KHTML, like Gecko) Version/17.6 Safari/605.1.15"
211.201.169.71 - - [12/Aug/2026:10:56:50 -0400] "GET /2026/07/07/slot-casino-juegos-en-es-2026/ HTTP/1.1" 200 46302 "https://casavalle.vsptdigital.cl/2026/07/07/slot-casino-juegos-en-es-2026/" "Mozilla/5.0 (Macintosh; Intel Mac OS X 10_15_7) AppleWebKit/605.1.15 (KHTML, like Gecko) Version/17.6 Safari/605.1.15"
74.7.227.147 - - [12/Aug/2026:10:56:51 -0400] "GET /wp-json/wp/v2/posts/10272 HTTP/1.1" 200 6847 "https://casavalle.vsptdigital.cl/?p=10272" "Mozilla/5.0 AppleWebKit/537.36 (KHTML, like Gecko; compatible; GPTBot/1.4; +https://openai.com/gptbot)"
185.191.171.6 - - [12/Aug/2026:10:56:29 -0400] "GET /2026/07/15/bono-bienvenida-bet365/ HTTP/1.1" 200 46374 "-" "Mozilla/5.0 (compatible; SemrushBot/7~bl; +http://www.semrush.com/bot.html)"
74.7.227.147 - - [12/Aug/2026:10:57:49 -0400] "GET /wp-json/wp/v2/posts/13118 HTTP/1.1" 200 6871 "https://casavalle.vsptdigital.cl/?p=13118" "Mozilla/5.0 AppleWebKit/537.36 (KHTML, like Gecko; compatible; GPTBot/1.4; +https://openai.com/gptbot)"
185.191.171.3 - - [12/Aug/2026:10:57:16 -0400] "GET /2026/01/30/peralada-casino-bono-sin-dep%C3%B3sito-50-giros-gratis-2026/ HTTP/1.1" 200 47379 "-" "Mozilla/5.0 (compatible; SemrushBot/7~bl; +http://www.semrush.com/bot.html)"
185.191.171.10 - - [12/Aug/2026:10:58:28 -0400] "GET /robots.txt HTTP/1.1" 200 148 "-" "Mozilla/5.0 (compatible; SemrushBot/7~bl; +http://www.semrush.com/bot.html)"
85.208.96.210 - - [12/Aug/2026:10:58:03 -0400] "GET /2026/07/15/hay-casino-en-oporto/ HTTP/1.1" 200 47169 "-" "Mozilla/5.0 (compatible; SemrushBot/7~bl; +http://www.semrush.com/bot.html)"
85.208.96.201 - - [12/Aug/2026:10:58:45 -0400] "GET /2026/01/30/casino-santander-interior/ HTTP/1.1" 200 46886 "-" "Mozilla/5.0 (compatible; SemrushBot/7~bl; +http://www.semrush.com/bot.html)"
74.7.227.147 - - [12/Aug/2026:10:58:41 -0400] "GET /wp-json/wp/v2/posts/10282 HTTP/1.1" 200 6919 "https://casavalle.vsptdigital.cl/?p=10282" "Mozilla/5.0 AppleWebKit/537.36 (KHTML, like Gecko; compatible; GPTBot/1.4; +https://openai.com/gptbot)"
74.7.227.147 - - [12/Aug/2026:10:59:26 -0400] "GET /wp-json/wp/v2/posts/12732 HTTP/1.1" 200 6136 "https://casavalle.vsptdigital.cl/?p=12732" "Mozilla/5.0 AppleWebKit/537.36 (KHTML, like Gecko; compatible; GPTBot/1.4; +https://openai.com/gptbot)"
185.191.171.13 - - [12/Aug/2026:10:59:27 -0400] "GET /2026/01/30/-cu%C3%A1les-son-las-probabilidades-de-ganar-en-la-ruleta/ HTTP/1.1" 404 40829 "-" "Mozilla/5.0 (compatible; SemrushBot/7~bl; +http://www.semrush.com/bot.html)"
185.191.171.7 - - [12/Aug/2026:10:59:30 -0400] "GET /2026/01/30/como-se-paga-en-casino/ HTTP/1.1" 200 46892 "-" "Mozilla/5.0 (compatible; SemrushBot/7~bl; +http://www.semrush.com/bot.html)"
108.167.161.133 - - [12/Aug/2026:11:00:29 -0400] "GET /wp-login.php HTTP/1.1" 301 - "-" "Mozilla/5.0 (Windows NT 10.0; Win64; x64) AppleWebKit/537.36 (KHTML, like Gecko) Chrome/133.0.0.0 Safari/537.36"
74.7.227.147 - - [12/Aug/2026:11:00:30 -0400] "GET /wp-json/wp/v2/posts/10226 HTTP/1.1" 200 6370 "https://casavalle.vsptdigital.cl/?p=10226" "Mozilla/5.0 AppleWebKit/537.36 (KHTML, like Gecko; compatible; GPTBot/1.4; +https://openai.com/gptbot)"
108.167.161.133 - - [12/Aug/2026:11:00:31 -0400] "GET /wp-login.php HTTP/1.1" 302 - "https://www.casavalle.vsptdigital.cl/wp-login.php" "Mozilla/5.0 (Windows NT 10.0; Win64; x64) AppleWebKit/537.36 (KHTML, like Gecko) Chrome/133.0.0.0 Safari/537.36"
108.167.161.133 - - [12/Aug/2026:11:00:32 -0400] "GET /wp-login.php HTTP/1.1" 302 - "https://www.casavalle.vsptdigital.cl/wp-login.php" "Mozilla/5.0 (Windows NT 10.0; Win64; x64) AppleWebKit/537.36 (KHTML, like Gecko) Chrome/133.0.0.0 Safari/537.36"
108.167.161.133 - - [12/Aug/2026:11:00:33 -0400] "GET /wp-login.php HTTP/1.1" 302 - "https://www.casavalle.vsptdigital.cl/wp-login.php" "Mozilla/5.0 (Windows NT 10.0; Win64; x64) AppleWebKit/537.36 (KHTML, like Gecko) Chrome/133.0.0.0 Safari/537.36"
108.167.161.133 - - [12/Aug/2026:11:00:34 -0400] "GET /wp-login.php HTTP/1.1" 302 - "https://www.casavalle.vsptdigital.cl/wp-login.php" "Mozilla/5.0 (Windows NT 10.0; Win64; x64) AppleWebKit/537.36 (KHTML, like Gecko) Chrome/133.0.0.0 Safari/537.36"
108.167.161.133 - - [12/Aug/2026:11:00:35 -0400] "GET /wp-login.php HTTP/1.1" 302 - "https://www.casavalle.vsptdigital.cl/wp-login.php" "Mozilla/5.0 (Windows NT 10.0; Win64; x64) AppleWebKit/537.36 (KHTML, like Gecko) Chrome/133.0.0.0 Safari/537.36"
108.167.161.133 - - [12/Aug/2026:11:00:39 -0400] "GET /wp-json/wp/v2/users/me HTTP/1.1" 401 88 "-" "Mozilla/5.0 (Windows NT 10.0; Win64; x64) AppleWebKit/537.36 (KHTML, like Gecko) Chrome/133.0.0.0 Safari/537.36"
185.191.171.13 - - [12/Aug/2026:11:00:12 -0400] "GET /2026/01/30/casino-dinero-real-online/ HTTP/1.1" 200 46465 "-" "Mozilla/5.0 (compatible; SemrushBot/7~bl; +http://www.semrush.com/bot.html)"
85.208.96.206 - - [12/Aug/2026:11:00:59 -0400] "GET /2026/01/30/jugar-kaiju-gratis/ HTTP/1.1" 200 46951 "-" "Mozilla/5.0 (compatible; SemrushBot/7~bl; +http://www.semrush.com/bot.html)"
74.7.227.147 - - [12/Aug/2026:11:01:26 -0400] "GET /wp-json/wp/v2/posts/14611 HTTP/1.1" 200 6269 "https://casavalle.vsptdigital.cl/?p=14611" "Mozilla/5.0 AppleWebKit/537.36 (KHTML, like Gecko; compatible; GPTBot/1.4; +https://openai.com/gptbot)"
74.7.227.147 - - [12/Aug/2026:11:02:16 -0400] "GET /wp-json/oembed/1.0/embed?url=https%3A%2F%2Fcasavalle.vsptdigital.cl%2F2026%2F07%2F15%2F2026-casino-bono-de-bienvenida%2F HTTP/1.1" 200 2299 "https://casavalle.vsptdigital.cl/?p=16748" "Mozilla/5.0 AppleWebKit/537.36 (KHTML, like Gecko; compatible; GPTBot/1.4; +https://openai.com/gptbot)"
85.208.96.199 - - [12/Aug/2026:11:01:41 -0400] "GET /2026/01/30/cuanto-multiplica-el-0-en-la-ruleta/ HTTP/1.1" 200 47160 "-" "Mozilla/5.0 (compatible; SemrushBot/7~bl; +http://www.semrush.com/bot.html)"
185.191.171.1 - - [12/Aug/2026:11:02:23 -0400] "GET /2026/01/30/jugar-multihand-blackjack-gratis/ HTTP/1.1" 200 46985 "-" "Mozilla/5.0 (compatible; SemrushBot/7~bl; +http://www.semrush.com/bot.html)"
74.7.227.147 - - [12/Aug/2026:11:03:21 -0400] "GET /wp-json/oembed/1.0/embed?url=https%3A%2F%2Fcasavalle.vsptdigital.cl%2F2026%2F01%2F30%2Fjugar-the-price-is-right-gratis%2F HTTP/1.1" 200 2304 "https://casavalle.vsptdigital.cl/?p=10528" "Mozilla/5.0 AppleWebKit/537.36 (KHTML, like Gecko; compatible; GPTBot/1.4; +https://openai.com/gptbot)"
85.208.96.208 - - [12/Aug/2026:11:03:10 -0400] "GET /2026/01/30/jugar-buffalo-trail-gratis/ HTTP/1.1" 200 47009 "-" "Mozilla/5.0 (compatible; SemrushBot/7~bl; +http://www.semrush.com/bot.html)"
74.7.227.147 - - [12/Aug/2026:11:04:17 -0400] "GET /wp-json/oembed/1.0/embed?url=https%3A%2F%2Fcasavalle.vsptdigital.cl%2F2026%2F01%2F30%2Fjuegos-de-casino-para-bajar-gratis%2F HTTP/1.1" 200 2319 "https://casavalle.vsptdigital.cl/?p=10231" "Mozilla/5.0 AppleWebKit/537.36 (KHTML, like Gecko; compatible; GPTBot/1.4; +https://openai.com/gptbot)"
185.191.171.6 - - [12/Aug/2026:11:03:51 -0400] "GET /2026/01/30/casino-juegos-maquinas-gratis/ HTTP/1.1" 200 46540 "-" "Mozilla/5.0 (compatible; SemrushBot/7~bl; +http://www.semrush.com/bot.html)"
185.191.171.13 - - [12/Aug/2026:11:04:38 -0400] "GET /2026/01/30/bassbet-casino-no-deposit-bonus/ HTTP/1.1" 200 46733 "-" "Mozilla/5.0 (compatible; SemrushBot/7~bl; +http://www.semrush.com/bot.html)"
162.240.102.228 - - [12/Aug/2026:11:05:28 -0400] "GET /wp-login.php HTTP/1.1" 302 - "-" "Mozilla/5.0 (Windows NT 10.0; Win64; x64) AppleWebKit/537.36 (KHTML, like Gecko) Chrome/133.0.0.0 Safari/537.36"
162.240.102.228 - - [12/Aug/2026:11:05:28 -0400] "GET /wp-login.php HTTP/1.1" 302 - "https://casavalle.vsptdigital.cl/wp-login.php" "Mozilla/5.0 (Windows NT 10.0; Win64; x64) AppleWebKit/537.36 (KHTML, like Gecko) Chrome/133.0.0.0 Safari/537.36"
162.240.102.228 - - [12/Aug/2026:11:05:29 -0400] "GET /wp-login.php HTTP/1.1" 302 - "https://casavalle.vsptdigital.cl/wp-login.php" "Mozilla/5.0 (Windows NT 10.0; Win64; x64) AppleWebKit/537.36 (KHTML, like Gecko) Chrome/133.0.0.0 Safari/537.36"
162.240.102.228 - - [12/Aug/2026:11:05:30 -0400] "GET /wp-login.php HTTP/1.1" 302 - "https://casavalle.vsptdigital.cl/wp-login.php" "Mozilla/5.0 (Windows NT 10.0; Win64; x64) AppleWebKit/537.36 (KHTML, like Gecko) Chrome/133.0.0.0 Safari/537.36"
162.240.102.228 - - [12/Aug/2026:11:05:30 -0400] "GET /wp-login.php HTTP/1.1" 302 - "https://casavalle.vsptdigital.cl/wp-login.php" "Mozilla/5.0 (Windows NT 10.0; Win64; x64) AppleWebKit/537.36 (KHTML, like Gecko) Chrome/133.0.0.0 Safari/537.36"
162.240.102.228 - - [12/Aug/2026:11:05:31 -0400] "GET /wp-login.php HTTP/1.1" 302 - "https://casavalle.vsptdigital.cl/wp-login.php" "Mozilla/5.0 (Windows NT 10.0; Win64; x64) AppleWebKit/537.36 (KHTML, like Gecko) Chrome/133.0.0.0 Safari/537.36"
162.240.102.228 - - [12/Aug/2026:11:05:31 -0400] "GET /wp-login.php HTTP/1.1" 302 - "https://casavalle.vsptdigital.cl/wp-login.php" "Mozilla/5.0 (Windows NT 10.0; Win64; x64) AppleWebKit/537.36 (KHTML, like Gecko) Chrome/133.0.0.0 Safari/537.36"
162.240.102.228 - - [12/Aug/2026:11:05:32 -0400] "GET /wp-login.php HTTP/1.1" 302 - "https://casavalle.vsptdigital.cl/wp-login.php" "Mozilla/5.0 (Windows NT 10.0; Win64; x64) AppleWebKit/537.36 (KHTML, like Gecko) Chrome/133.0.0.0 Safari/537.36"
162.240.102.228 - - [12/Aug/2026:11:05:32 -0400] "GET /wp-login.php HTTP/1.1" 302 - "https://casavalle.vsptdigital.cl/wp-login.php" "Mozilla/5.0 (Windows NT 10.0; Win64; x64) AppleWebKit/537.36 (KHTML, like Gecko) Chrome/133.0.0.0 Safari/537.36"
162.240.102.228 - - [12/Aug/2026:11:05:32 -0400] "GET /wp-login.php HTTP/1.1" 302 - "https://casavalle.vsptdigital.cl/wp-login.php" "Mozilla/5.0 (Windows NT 10.0; Win64; x64) AppleWebKit/537.36 (KHTML, like Gecko) Chrome/133.0.0.0 Safari/537.36"
162.240.102.228 - - [12/Aug/2026:11:05:33 -0400] "GET /wp-json/wp/v2/users/me HTTP/1.1" 401 88 "-" "Mozilla/5.0 (Windows NT 10.0; Win64; x64) AppleWebKit/537.36 (KHTML, like Gecko) Chrome/133.0.0.0 Safari/537.36"
74.7.227.147 - - [12/Aug/2026:11:05:08 -0400] "GET /wp-json/oembed/1.0/embed?url=https%3A%2F%2Fcasavalle.vsptdigital.cl%2F2026%2F01%2F30%2Fjuegos-gratis-para-iphone-casino%2F HTTP/1.1" 200 2309 "https://casavalle.vsptdigital.cl/?p=10280" "Mozilla/5.0 AppleWebKit/537.36 (KHTML, like Gecko; compatible; GPTBot/1.4; +https://openai.com/gptbot)"
74.7.227.147 - - [12/Aug/2026:11:05:54 -0400] "GET /wp-json/oembed/1.0/embed?url=https%3A%2F%2Fcasavalle.vsptdigital.cl%2F2026%2F07%2F15%2Fbono-de-registro-sin-dep%25C3%25B3sito-m%25C3%25A9xico%2F HTTP/1.1" 200 2391 "https://casavalle.vsptdigital.cl/?p=16858" "Mozilla/5.0 AppleWebKit/537.36 (KHTML, like Gecko; compatible; GPTBot/1.4; +https://openai.com/gptbot)"
185.191.171.6 - - [12/Aug/2026:11:05:21 -0400] "GET /2026/07/15/reglas-del-loto-jackpot/ HTTP/1.1" 200 47356 "-" "Mozilla/5.0 (compatible; SemrushBot/7~bl; +http://www.semrush.com/bot.html)"
185.191.171.1 - - [12/Aug/2026:11:06:03 -0400] "GET /2026/01/30/netbet-casino-bono-sin-dep%C3%B3sito-50-giros-gratis-2026/ HTTP/1.1" 200 47279 "-" "Mozilla/5.0 (compatible; SemrushBot/7~bl; +http://www.semrush.com/bot.html)"
