102.165.55.157 - - [11/Aug/2026:23:38:11 -0400] "GET /wp-login.php?action=register HTTP/1.1" 404 40829 "https://casavalle.vsptdigital.cl/2026/07/26/logiciel-d-aide-a-la-roulette-pour-ios-en-2026/" "Mozilla/5.0 (Windows NT 6.3; Win64; x64) AppleWebKit/537.36 (KHTML, like Gecko) Chrome/103.0.0.0 Safari/537.36"
74.7.227.147 - - [11/Aug/2026:23:38:13 -0400] "GET /2026/07/15/casino-con-ruleta-en-vivo/ HTTP/1.1" 200 46503 "http://casavalle.vsptdigital.cl" "Mozilla/5.0 AppleWebKit/537.36 (KHTML, like Gecko; compatible; GPTBot/1.4; +https://openai.com/gptbot)"
102.165.55.157 - - [11/Aug/2026:23:38:17 -0400] "GET /wp-login.php?action=register HTTP/1.1" 404 40829 "https://casavalle.vsptdigital.cl/wp-login.php?action=register" "Mozilla/5.0 (Windows NT 6.3; Win64; x64) AppleWebKit/537.36 (KHTML, like Gecko) Chrome/103.0.0.0 Safari/537.36"
85.208.96.205 - - [11/Aug/2026:23:37:42 -0400] "GET /2026/01/30/juegos-de-azar-en-la-vida-cotidiana/ HTTP/1.1" 200 46587 "-" "Mozilla/5.0 (compatible; SemrushBot/7~bl; +http://www.semrush.com/bot.html)"
102.165.55.157 - - [11/Aug/2026:23:38:23 -0400] "GET /wp-content/plugins/contact-form-7/includes/css/styles.css?ver=6.0.1 HTTP/1.1" 200 2894 "https://casavalle.vsptdigital.cl/wp-login.php?action=register" "Mozilla/5.0 (Windows NT 10.0; Win64; x64) AppleWebKit/537.36 (KHTML, like Gecko) Chrome/149.0.0.0 Safari/537.36"
102.165.55.157 - - [11/Aug/2026:23:38:26 -0400] "GET /wp-content/themes/hello-elementor/style.min.css?ver=3.1.1 HTTP/1.1" 200 5501 "https://casavalle.vsptdigital.cl/wp-login.php?action=register" "Mozilla/5.0 (Windows NT 10.0; Win64; x64) AppleWebKit/537.36 (KHTML, like Gecko) Chrome/149.0.0.0 Safari/537.36"
102.165.55.157 - - [11/Aug/2026:23:38:29 -0400] "GET /wp-content/themes/hello-elementor/theme.min.css?ver=3.1.1 HTTP/1.1" 200 5146 "https://casavalle.vsptdigital.cl/wp-login.php?action=register" "Mozilla/5.0 (Windows NT 10.0; Win64; x64) AppleWebKit/537.36 (KHTML, like Gecko) Chrome/149.0.0.0 Safari/537.36"
102.165.55.157 - - [11/Aug/2026:23:38:32 -0400] "GET /wp-content/themes/hello-elementor/header-footer.min.css?ver=3.1.1 HTTP/1.1" 200 7212 "https://casavalle.vsptdigital.cl/wp-login.php?action=register" "Mozilla/5.0 (Windows NT 10.0; Win64; x64) AppleWebKit/537.36 (KHTML, like Gecko) Chrome/149.0.0.0 Safari/537.36"
102.165.55.157 - - [11/Aug/2026:23:38:35 -0400] "GET /wp-content/plugins/elementor/assets/css/frontend.min.css?ver=3.25.11 HTTP/1.1" 200 60575 "https://casavalle.vsptdigital.cl/wp-login.php?action=register" "Mozilla/5.0 (Windows NT 10.0; Win64; x64) AppleWebKit/537.36 (KHTML, like Gecko) Chrome/149.0.0.0 Safari/537.36"
102.165.55.157 - - [11/Aug/2026:23:38:43 -0400] "GET /wp-content/uploads/elementor/css/post-5.css?ver=1734010644 HTTP/1.1" 200 1230 "https://casavalle.vsptdigital.cl/wp-login.php?action=register" "Mozilla/5.0 (Windows NT 10.0; Win64; x64) AppleWebKit/537.36 (KHTML, like Gecko) Chrome/149.0.0.0 Safari/537.36"
102.165.55.157 - - [11/Aug/2026:23:38:46 -0400] "GET /wp-content/plugins/elementor/assets/lib/eicons/css/elementor-icons.min.css?ver=5.34.0 HTTP/1.1" 200 20060 "https://casavalle.vsptdigital.cl/wp-login.php?action=register" "Mozilla/5.0 (Windows NT 10.0; Win64; x64) AppleWebKit/537.36 (KHTML, like Gecko) Chrome/149.0.0.0 Safari/537.36"
102.165.55.157 - - [11/Aug/2026:23:38:49 -0400] "GET /wp-content/plugins/elementor/assets/lib/swiper/v8/css/swiper.min.css?ver=8.4.5 HTTP/1.1" 200 16471 "https://casavalle.vsptdigital.cl/wp-login.php?action=register" "Mozilla/5.0 (Windows NT 10.0; Win64; x64) AppleWebKit/537.36 (KHTML, like Gecko) Chrome/149.0.0.0 Safari/537.36"
102.165.55.157 - - [11/Aug/2026:23:38:54 -0400] "GET /wp-content/plugins/elementor/assets/css/conditionals/e-swiper.min.css?ver=3.25.11 HTTP/1.1" 200 10260 "https://casavalle.vsptdigital.cl/wp-login.php?action=register" "Mozilla/5.0 (Windows NT 10.0; Win64; x64) AppleWebKit/537.36 (KHTML, like Gecko) Chrome/149.0.0.0 Safari/537.36"
185.191.171.5 - - [11/Aug/2026:23:38:23 -0400] "GET /2026/01/30/casino-dep%C3%B3sito-m%C3%ADnimo-20-pesos-m%C3%A9xico/ HTTP/1.1" 200 47572 "-" "Mozilla/5.0 (compatible; SemrushBot/7~bl; +http://www.semrush.com/bot.html)"
102.165.55.157 - - [11/Aug/2026:23:38:57 -0400] "GET /wp-content/plugins/elementor-pro/assets/css/frontend.min.css?ver=3.7.1 HTTP/1.1" 200 480945 "https://casavalle.vsptdigital.cl/wp-login.php?action=register" "Mozilla/5.0 (Windows NT 10.0; Win64; x64) AppleWebKit/537.36 (KHTML, like Gecko) Chrome/149.0.0.0 Safari/537.36"
102.165.55.157 - - [11/Aug/2026:23:39:50 -0400] "GET /wp-content/uploads/elementor/css/post-35.css?ver=1734010644 HTTP/1.1" 200 5018 "https://casavalle.vsptdigital.cl/wp-login.php?action=register" "Mozilla/5.0 (Windows NT 10.0; Win64; x64) AppleWebKit/537.36 (KHTML, like Gecko) Chrome/149.0.0.0 Safari/537.36"
85.208.96.195 - - [11/Aug/2026:23:39:10 -0400] "GET /2026/01/30/como-se-gana-en-blackjack/ HTTP/1.1" 200 46323 "-" "Mozilla/5.0 (compatible; SemrushBot/7~bl; +http://www.semrush.com/bot.html)"
102.165.55.157 - - [11/Aug/2026:23:39:54 -0400] "GET /wp-content/uploads/pum/pum-site-styles.css?generated=1734010667&ver=1.20.3 HTTP/1.1" 200 17449 "https://casavalle.vsptdigital.cl/wp-login.php?action=register" "Mozilla/5.0 (Windows NT 10.0; Win64; x64) AppleWebKit/537.36 (KHTML, like Gecko) Chrome/149.0.0.0 Safari/537.36"
102.165.55.157 - - [11/Aug/2026:23:40:00 -0400] "GET /wp-content/plugins/elementor/assets/css/widget-image.min.css?ver=3.25.11 HTTP/1.1" 200 254 "https://casavalle.vsptdigital.cl/wp-login.php?action=register" "Mozilla/5.0 (Windows NT 10.0; Win64; x64) AppleWebKit/537.36 (KHTML, like Gecko) Chrome/149.0.0.0 Safari/537.36"
74.7.227.147 - - [11/Aug/2026:23:39:18 -0400] "GET /2026/07/15/jugar-cluster-slide-gratis/ HTTP/1.1" 200 46370 "http://casavalle.vsptdigital.cl" "Mozilla/5.0 AppleWebKit/537.36 (KHTML, like Gecko; compatible; GPTBot/1.4; +https://openai.com/gptbot)"
102.165.55.157 - - [11/Aug/2026:23:40:04 -0400] "GET /wp-content/plugins/elementor/assets/lib/animations/styles/fadeInRight.min.css?ver=3.25.11 HTTP/1.1" 200 139 "https://casavalle.vsptdigital.cl/wp-login.php?action=register" "Mozilla/5.0 (Windows NT 10.0; Win64; x64) AppleWebKit/537.36 (KHTML, like Gecko) Chrome/149.0.0.0 Safari/537.36"
102.165.55.157 - - [11/Aug/2026:23:40:10 -0400] "GET /wp-content/plugins/elementor/assets/css/widget-heading.min.css?ver=3.25.11 HTTP/1.1" 200 600 "https://casavalle.vsptdigital.cl/wp-login.php?action=register" "Mozilla/5.0 (Windows NT 10.0; Win64; x64) AppleWebKit/537.36 (KHTML, like Gecko) Chrome/149.0.0.0 Safari/537.36"
185.191.171.5 - - [11/Aug/2026:23:39:52 -0400] "GET /2026/07/15/la-ruleta-de-la-suerte-consejos/ HTTP/1.1" 200 47047 "-" "Mozilla/5.0 (compatible; SemrushBot/7~bl; +http://www.semrush.com/bot.html)"
74.7.227.147 - - [11/Aug/2026:23:40:16 -0400] "GET /2026/07/15/como-hackear-casino-online/ HTTP/1.1" 200 47833 "http://casavalle.vsptdigital.cl" "Mozilla/5.0 AppleWebKit/537.36 (KHTML, like Gecko; compatible; GPTBot/1.4; +https://openai.com/gptbot)"
185.191.171.9 - - [11/Aug/2026:23:40:38 -0400] "GET /2026/01/30/mejores-paginas-de-slots/ HTTP/1.1" 200 46005 "-" "Mozilla/5.0 (compatible; SemrushBot/7~bl; +http://www.semrush.com/bot.html)"
85.208.96.206 - - [11/Aug/2026:23:41:43 -0400] "GET /robots.txt HTTP/1.1" 200 148 "-" "Mozilla/5.0 (compatible; SemrushBot/7~bl; +http://www.semrush.com/bot.html)"
74.7.227.147 - - [11/Aug/2026:23:41:19 -0400] "GET /2026/07/15/jugar-bushido-ways-gratis/ HTTP/1.1" 200 46833 "http://casavalle.vsptdigital.cl" "Mozilla/5.0 AppleWebKit/537.36 (KHTML, like Gecko; compatible; GPTBot/1.4; +https://openai.com/gptbot)"
185.191.171.4 - - [11/Aug/2026:23:41:20 -0400] "GET /2026/01/30/jugar-elements-gratis/ HTTP/1.1" 200 46981 "-" "Mozilla/5.0 (compatible; SemrushBot/7~bl; +http://www.semrush.com/bot.html)"
74.7.227.147 - - [11/Aug/2026:23:42:23 -0400] "GET /2026/07/15/los-mayores-casinos-cripto/ HTTP/1.1" 200 45854 "http://casavalle.vsptdigital.cl" "Mozilla/5.0 AppleWebKit/537.36 (KHTML, like Gecko; compatible; GPTBot/1.4; +https://openai.com/gptbot)"
185.191.171.5 - - [11/Aug/2026:23:42:06 -0400] "GET /2026/01/30/mayores-casinos-con-cripto/ HTTP/1.1" 200 46647 "-" "Mozilla/5.0 (compatible; SemrushBot/7~bl; +http://www.semrush.com/bot.html)"
206.189.35.233 - - [11/Aug/2026:23:42:36 -0400] "GET /2026/07/26/jakie-kasyno-oferuje-najlepszy-bonus-za-rejestracje-w-2026-roku/ HTTP/1.1" 200 46405 "https://casavalle.vsptdigital.cl/" "Mozilla/5.0 (X11; Linux x86_64; rv:149.0) Gecko/20100101 Firefox/149.0"
206.189.35.233 - - [11/Aug/2026:23:43:22 -0400] "GET /2026/07/26/jakie-kasyno-oferuje-najlepszy-bonus-za-rejestracje-w-2026-roku/ HTTP/1.1" 200 46405 "https://casavalle.vsptdigital.cl/2026/07/26/jakie-kasyno-oferuje-najlepszy-bonus-za-rejestracje-w-2026-roku/" "Mozilla/5.0 (X11; Linux x86_64; rv:149.0) Gecko/20100101 Firefox/149.0"
185.191.171.4 - - [11/Aug/2026:23:42:48 -0400] "GET /2026/07/15/tragamonedas-de-evolution-con-bitcoin/ HTTP/1.1" 200 47143 "-" "Mozilla/5.0 (compatible; SemrushBot/7~bl; +http://www.semrush.com/bot.html)"
74.7.175.165 - - [11/Aug/2026:23:43:55 -0400] "GET /robots.txt HTTP/1.1" 200 148 "-" "Mozilla/5.0 (Macintosh; Intel Mac OS X 10_15_7) AppleWebKit/537.36 (KHTML, like Gecko) Chrome/131.0.0.0 Safari/537.36; compatible; OAI-SearchBot/1.4; robots.txt; +https://openai.com/searchbot"
74.7.227.147 - - [11/Aug/2026:23:43:24 -0400] "GET /2026/07/15/como-jugar-al-plinko-casino/ HTTP/1.1" 200 46983 "http://casavalle.vsptdigital.cl" "Mozilla/5.0 AppleWebKit/537.36 (KHTML, like Gecko; compatible; GPTBot/1.4; +https://openai.com/gptbot)"
85.208.96.202 - - [11/Aug/2026:23:43:29 -0400] "GET /2026/01/30/edad-para-entrar-al-casino-monticello/ HTTP/1.1" 200 47507 "-" "Mozilla/5.0 (compatible; SemrushBot/7~bl; +http://www.semrush.com/bot.html)"
162.0.208.45 - - [11/Aug/2026:23:44:32 -0400] "GET /wp-login.php HTTP/1.1" 302 - "-" "Mozilla/5.0 (Windows NT 10.0; Win64; x64) AppleWebKit/537.36 (KHTML, like Gecko) Chrome/133.0.0.0 Safari/537.36"
162.0.208.45 - - [11/Aug/2026:23:44:32 -0400] "GET /wp-login.php HTTP/1.1" 302 - "https://casavalle.vsptdigital.cl/wp-login.php" "Mozilla/5.0 (Windows NT 10.0; Win64; x64) AppleWebKit/537.36 (KHTML, like Gecko) Chrome/133.0.0.0 Safari/537.36"
162.0.208.45 - - [11/Aug/2026:23:44:33 -0400] "GET /wp-login.php HTTP/1.1" 302 - "https://casavalle.vsptdigital.cl/wp-login.php" "Mozilla/5.0 (Windows NT 10.0; Win64; x64) AppleWebKit/537.36 (KHTML, like Gecko) Chrome/133.0.0.0 Safari/537.36"
162.0.208.45 - - [11/Aug/2026:23:44:33 -0400] "GET /wp-login.php HTTP/1.1" 302 - "https://casavalle.vsptdigital.cl/wp-login.php" "Mozilla/5.0 (Windows NT 10.0; Win64; x64) AppleWebKit/537.36 (KHTML, like Gecko) Chrome/133.0.0.0 Safari/537.36"
162.0.208.45 - - [11/Aug/2026:23:44:34 -0400] "GET /wp-login.php HTTP/1.1" 302 - "https://casavalle.vsptdigital.cl/wp-login.php" "Mozilla/5.0 (Windows NT 10.0; Win64; x64) AppleWebKit/537.36 (KHTML, like Gecko) Chrome/133.0.0.0 Safari/537.36"
162.0.208.45 - - [11/Aug/2026:23:44:34 -0400] "GET /wp-login.php HTTP/1.1" 302 - "https://casavalle.vsptdigital.cl/wp-login.php" "Mozilla/5.0 (Windows NT 10.0; Win64; x64) AppleWebKit/537.36 (KHTML, like Gecko) Chrome/133.0.0.0 Safari/537.36"
162.0.208.45 - - [11/Aug/2026:23:44:35 -0400] "GET /wp-login.php HTTP/1.1" 302 - "https://casavalle.vsptdigital.cl/wp-login.php" "Mozilla/5.0 (Windows NT 10.0; Win64; x64) AppleWebKit/537.36 (KHTML, like Gecko) Chrome/133.0.0.0 Safari/537.36"
162.0.208.45 - - [11/Aug/2026:23:44:35 -0400] "GET /wp-login.php HTTP/1.1" 302 - "https://casavalle.vsptdigital.cl/wp-login.php" "Mozilla/5.0 (Windows NT 10.0; Win64; x64) AppleWebKit/537.36 (KHTML, like Gecko) Chrome/133.0.0.0 Safari/537.36"
162.0.208.45 - - [11/Aug/2026:23:44:36 -0400] "GET /wp-login.php HTTP/1.1" 302 - "https://casavalle.vsptdigital.cl/wp-login.php" "Mozilla/5.0 (Windows NT 10.0; Win64; x64) AppleWebKit/537.36 (KHTML, like Gecko) Chrome/133.0.0.0 Safari/537.36"
162.0.208.45 - - [11/Aug/2026:23:44:36 -0400] "GET /wp-login.php HTTP/1.1" 302 - "https://casavalle.vsptdigital.cl/wp-login.php" "Mozilla/5.0 (Windows NT 10.0; Win64; x64) AppleWebKit/537.36 (KHTML, like Gecko) Chrome/133.0.0.0 Safari/537.36"
162.0.208.45 - - [11/Aug/2026:23:44:37 -0400] "GET /wp-json/wp/v2/users/me HTTP/1.1" 401 88 "-" "Mozilla/5.0 (Windows NT 10.0; Win64; x64) AppleWebKit/537.36 (KHTML, like Gecko) Chrome/133.0.0.0 Safari/537.36"
85.208.96.207 - - [11/Aug/2026:23:44:11 -0400] "GET /2026/01/30/estrategia-para-ganar-en-la-ruleta-americana/ HTTP/1.1" 200 47291 "-" "Mozilla/5.0 (compatible; SemrushBot/7~bl; +http://www.semrush.com/bot.html)"
74.7.227.147 - - [11/Aug/2026:23:44:22 -0400] "GET /2026/07/15/mejor-casino-de-cancun/ HTTP/1.1" 200 47415 "http://casavalle.vsptdigital.cl" "Mozilla/5.0 AppleWebKit/537.36 (KHTML, like Gecko; compatible; GPTBot/1.4; +https://openai.com/gptbot)"
185.191.171.13 - - [11/Aug/2026:23:44:58 -0400] "GET /2026/01/30/juego-ruleta-minijuegos/ HTTP/1.1" 200 46863 "-" "Mozilla/5.0 (compatible; SemrushBot/7~bl; +http://www.semrush.com/bot.html)"
74.7.227.147 - - [11/Aug/2026:23:45:26 -0400] "GET /2026/07/15/juego-de-mesa-craps/ HTTP/1.1" 200 47113 "http://casavalle.vsptdigital.cl" "Mozilla/5.0 AppleWebKit/537.36 (KHTML, like Gecko; compatible; GPTBot/1.4; +https://openai.com/gptbot)"
185.191.171.1 - - [11/Aug/2026:23:45:39 -0400] "GET /2026/01/30/juegos-de-casino-ejemplos/ HTTP/1.1" 200 46217 "-" "Mozilla/5.0 (compatible; SemrushBot/7~bl; +http://www.semrush.com/bot.html)"
85.208.96.199 - - [11/Aug/2026:23:46:21 -0400] "GET /2026/01/30/dep%C3%B3sitos-euteller-casino-espa%C3%B1a/ HTTP/1.1" 200 47165 "-" "Mozilla/5.0 (compatible; SemrushBot/7~bl; +http://www.semrush.com/bot.html)"
74.7.227.147 - - [11/Aug/2026:23:46:28 -0400] "GET /2026/07/15/trucos-para-casinos/ HTTP/1.1" 200 46819 "http://casavalle.vsptdigital.cl" "Mozilla/5.0 AppleWebKit/537.36 (KHTML, like Gecko; compatible; GPTBot/1.4; +https://openai.com/gptbot)"
74.7.227.147 - - [11/Aug/2026:23:47:32 -0400] "GET /?p=17924 HTTP/1.1" 301 - "https://casavalle.vsptdigital.cl/2026/07/15/casino-barcelona-android/" "Mozilla/5.0 AppleWebKit/537.36 (KHTML, like Gecko; compatible; GPTBot/1.4; +https://openai.com/gptbot)"
185.191.171.1 - - [11/Aug/2026:23:47:02 -0400] "GET /2026/01/30/juegos-online-en-casino-tether/ HTTP/1.1" 200 46173 "-" "Mozilla/5.0 (compatible; SemrushBot/7~bl; +http://www.semrush.com/bot.html)"
74.7.227.147 - - [11/Aug/2026:23:47:33 -0400] "GET /2026/07/15/lista-de-todos-los-casinos-bitcoin/ HTTP/1.1" 200 46902 "https://casavalle.vsptdigital.cl/?p=17924" "Mozilla/5.0 AppleWebKit/537.36 (KHTML, like Gecko; compatible; GPTBot/1.4; +https://openai.com/gptbot)"
185.191.171.2 - - [11/Aug/2026:23:47:44 -0400] "GET /2026/01/30/casino-povoa-reveillon-2026/ HTTP/1.1" 200 46949 "-" "Mozilla/5.0 (compatible; SemrushBot/7~bl; +http://www.semrush.com/bot.html)"
74.7.227.147 - - [11/Aug/2026:23:48:35 -0400] "GET /?p=16748 HTTP/1.1" 301 - "https://casavalle.vsptdigital.cl/2026/07/15/casino-barcelona-android/" "Mozilla/5.0 AppleWebKit/537.36 (KHTML, like Gecko; compatible; GPTBot/1.4; +https://openai.com/gptbot)"
74.7.227.147 - - [11/Aug/2026:23:48:35 -0400] "GET /2026/07/15/2026-casino-bono-de-bienvenida/ HTTP/1.1" 200 47396 "https://casavalle.vsptdigital.cl/?p=16748" "Mozilla/5.0 AppleWebKit/537.36 (KHTML, like Gecko; compatible; GPTBot/1.4; +https://openai.com/gptbot)"
185.191.171.7 - - [11/Aug/2026:23:48:31 -0400] "GET /2026/01/30/apuesta-minima-en-un-casino/ HTTP/1.1" 200 46978 "-" "Mozilla/5.0 (compatible; SemrushBot/7~bl; +http://www.semrush.com/bot.html)"
185.227.135.83 - - [11/Aug/2026:23:49:17 -0400] "GET /wp-json/wp/v2/users/me HTTP/1.1" 401 88 "-" "Mozilla/5.0 (Windows NT 10.0; Win64; x64) AppleWebKit/537.36 (KHTML, like Gecko) Chrome/133.0.0.0 Safari/537.36"
74.7.227.147 - - [11/Aug/2026:23:49:39 -0400] "GET /?p=18437 HTTP/1.1" 301 - "https://casavalle.vsptdigital.cl/2026/07/15/casino-barcelona-android/" "Mozilla/5.0 AppleWebKit/537.36 (KHTML, like Gecko; compatible; GPTBot/1.4; +https://openai.com/gptbot)"
185.227.135.83 - - [11/Aug/2026:23:49:07 -0400] "GET /wp-login.php HTTP/1.1" 301 - "-" "Mozilla/5.0 (Windows NT 10.0; Win64; x64) AppleWebKit/537.36 (KHTML, like Gecko) Chrome/133.0.0.0 Safari/537.36"
85.208.96.194 - - [11/Aug/2026:23:49:13 -0400] "GET /2026/01/30/ruleta-de-suerte-online/ HTTP/1.1" 200 46038 "-" "Mozilla/5.0 (compatible; SemrushBot/7~bl; +http://www.semrush.com/bot.html)"
85.208.96.202 - - [11/Aug/2026:23:49:54 -0400] "GET /2026/01/30/casino-tragamonedas-cerca-de-mi/ HTTP/1.1" 200 46786 "-" "Mozilla/5.0 (compatible; SemrushBot/7~bl; +http://www.semrush.com/bot.html)"
74.7.227.147 - - [11/Aug/2026:23:50:36 -0400] "GET /?p=17248 HTTP/1.1" 301 - "https://casavalle.vsptdigital.cl/2026/07/15/casino-con-ruleta-en-vivo/" "Mozilla/5.0 AppleWebKit/537.36 (KHTML, like Gecko; compatible; GPTBot/1.4; +https://openai.com/gptbot)"
85.208.96.193 - - [11/Aug/2026:23:50:36 -0400] "GET /2026/01/30/maquinas-tragamoneda-gratis/ HTTP/1.1" 200 47258 "-" "Mozilla/5.0 (compatible; SemrushBot/7~bl; +http://www.semrush.com/bot.html)"
74.7.227.147 - - [11/Aug/2026:23:51:26 -0400] "GET /?p=17507 HTTP/1.1" 301 - "https://casavalle.vsptdigital.cl/2026/07/15/casino-barcelona-android/" "Mozilla/5.0 AppleWebKit/537.36 (KHTML, like Gecko; compatible; GPTBot/1.4; +https://openai.com/gptbot)"
74.7.227.147 - - [11/Aug/2026:23:51:26 -0400] "GET /2026/07/15/jugar-renoir-riches-gratis/ HTTP/1.1" 200 47808 "https://casavalle.vsptdigital.cl/?p=17507" "Mozilla/5.0 AppleWebKit/537.36 (KHTML, like Gecko; compatible; GPTBot/1.4; +https://openai.com/gptbot)"
185.191.171.9 - - [11/Aug/2026:23:51:23 -0400] "GET /2026/07/15/m%C3%A1quinas-tragamonedas-gratis-online/ HTTP/1.1" 200 46637 "-" "Mozilla/5.0 (compatible; SemrushBot/7~bl; +http://www.semrush.com/bot.html)"
74.7.227.147 - - [11/Aug/2026:23:52:32 -0400] "GET /?p=17761 HTTP/1.1" 301 - "https://casavalle.vsptdigital.cl/2026/07/15/casino-con-ruleta-en-vivo/" "Mozilla/5.0 AppleWebKit/537.36 (KHTML, like Gecko; compatible; GPTBot/1.4; +https://openai.com/gptbot)"
85.208.96.208 - - [11/Aug/2026:23:52:04 -0400] "GET /2026/01/30/tacticas-para-ganar-en-la-ruleta/ HTTP/1.1" 200 46981 "-" "Mozilla/5.0 (compatible; SemrushBot/7~bl; +http://www.semrush.com/bot.html)"
74.7.227.147 - - [11/Aug/2026:23:52:32 -0400] "GET /2026/07/15/jugar-safari-king-gratis/ HTTP/1.1" 200 46285 "https://casavalle.vsptdigital.cl/?p=17761" "Mozilla/5.0 AppleWebKit/537.36 (KHTML, like Gecko; compatible; GPTBot/1.4; +https://openai.com/gptbot)"
185.191.171.6 - - [11/Aug/2026:23:52:52 -0400] "GET /2026/07/15/casino-playa-las-americas-tenerife/ HTTP/1.1" 200 47611 "-" "Mozilla/5.0 (compatible; SemrushBot/7~bl; +http://www.semrush.com/bot.html)"
213.180.203.237 - - [11/Aug/2026:23:53:36 -0400] "GET /robots.txt HTTP/1.1" 200 148 "-" "Mozilla/5.0 (compatible; YandexBot/3.0; +http://yandex.com/bots)"
74.7.227.147 - - [11/Aug/2026:23:53:27 -0400] "GET /?p=18128 HTTP/1.1" 301 - "https://casavalle.vsptdigital.cl/2026/07/15/los-mayores-casinos-cripto/" "Mozilla/5.0 AppleWebKit/537.36 (KHTML, like Gecko; compatible; GPTBot/1.4; +https://openai.com/gptbot)"
85.208.96.194 - - [11/Aug/2026:23:53:33 -0400] "GET /2026/07/15/tragaperras-online-lion-dance/ HTTP/1.1" 200 46965 "-" "Mozilla/5.0 (compatible; SemrushBot/7~bl; +http://www.semrush.com/bot.html)"
185.191.171.14 - - [11/Aug/2026:23:54:15 -0400] "GET /2026/01/30/mejor-juego-slots-android/ HTTP/1.1" 200 46568 "-" "Mozilla/5.0 (compatible; SemrushBot/7~bl; +http://www.semrush.com/bot.html)"
74.7.227.147 - - [11/Aug/2026:23:54:28 -0400] "GET /?p=18272 HTTP/1.1" 301 - "https://casavalle.vsptdigital.cl/2026/07/15/casino-con-ruleta-en-vivo/" "Mozilla/5.0 AppleWebKit/537.36 (KHTML, like Gecko; compatible; GPTBot/1.4; +https://openai.com/gptbot)"
185.191.171.9 - - [11/Aug/2026:23:54:56 -0400] "GET /2026/01/30/juegos-con-maquinas-tragamonedas-gratis/ HTTP/1.1" 200 46725 "-" "Mozilla/5.0 (compatible; SemrushBot/7~bl; +http://www.semrush.com/bot.html)"
74.7.227.147 - - [11/Aug/2026:23:55:31 -0400] "GET /?p=17702 HTTP/1.1" 301 - "https://casavalle.vsptdigital.cl/2026/07/15/los-mayores-casinos-cripto/" "Mozilla/5.0 AppleWebKit/537.36 (KHTML, like Gecko; compatible; GPTBot/1.4; +https://openai.com/gptbot)"
85.208.96.197 - - [11/Aug/2026:23:55:38 -0400] "GET /2026/07/15/juegos-gratis-maquinas-tragaperra-casino/ HTTP/1.1" 200 47174 "-" "Mozilla/5.0 (compatible; SemrushBot/7~bl; +http://www.semrush.com/bot.html)"
185.191.171.13 - - [11/Aug/2026:23:56:20 -0400] "GET /2026/07/15/casinos-de-juegos-en-tacna-peru/ HTTP/1.1" 200 47513 "-" "Mozilla/5.0 (compatible; SemrushBot/7~bl; +http://www.semrush.com/bot.html)"
74.7.227.147 - - [11/Aug/2026:23:56:34 -0400] "GET /?p=16871 HTTP/1.1" 301 - "https://casavalle.vsptdigital.cl/2026/07/15/casino-barcelona-android/" "Mozilla/5.0 AppleWebKit/537.36 (KHTML, like Gecko; compatible; GPTBot/1.4; +https://openai.com/gptbot)"
64.182.46.134 - - [11/Aug/2026:23:57:30 -0400] "GET /wp-json/wp/v2/users/me HTTP/1.1" 401 88 "-" "Mozilla/5.0 (Windows NT 10.0; Win64; x64) AppleWebKit/537.36 (KHTML, like Gecko) Chrome/133.0.0.0 Safari/537.36"
85.208.96.195 - - [11/Aug/2026:23:57:01 -0400] "GET /2026/01/30/casino-entrar/ HTTP/1.1" 200 46906 "-" "Mozilla/5.0 (compatible; SemrushBot/7~bl; +http://www.semrush.com/bot.html)"
74.7.227.147 - - [11/Aug/2026:23:57:39 -0400] "GET /?p=17606 HTTP/1.1" 301 - "https://casavalle.vsptdigital.cl/2026/07/15/casino-barcelona-android/" "Mozilla/5.0 AppleWebKit/537.36 (KHTML, like Gecko; compatible; GPTBot/1.4; +https://openai.com/gptbot)"
185.191.171.1 - - [11/Aug/2026:23:57:43 -0400] "GET /2026/01/30/como-ganar-con-casino/ HTTP/1.1" 200 46857 "-" "Mozilla/5.0 (compatible; SemrushBot/7~bl; +http://www.semrush.com/bot.html)"
202.155.143.185 - - [11/Aug/2026:23:58:58 -0400] "GET /2026/07/07/mini-lotto-ile-liczb-wygrywa/ HTTP/1.1" 200 46074 "https://casavalle.vsptdigital.cl/" "Mozilla/5.0 (Windows NT 10.0; Win64; x64) AppleWebKit/537.36 (KHTML, like Gecko) Chrome/135.0.0.0 Safari/537.36"
202.155.143.185 - - [11/Aug/2026:23:58:15 -0400] "GET /2026/07/07/mini-lotto-ile-liczb-wygrywa/ HTTP/1.1" 200 46074 "https://casavalle.vsptdigital.cl/" "Mozilla/5.0 (Windows NT 10.0; Win64; x64) AppleWebKit/537.36 (KHTML, like Gecko) Chrome/135.0.0.0 Safari/537.36"
85.208.96.198 - - [11/Aug/2026:23:58:24 -0400] "GET /2026/01/30/m%C3%A1quinas-tragamonedas-de-frutas/ HTTP/1.1" 200 46845 "-" "Mozilla/5.0 (compatible; SemrushBot/7~bl; +http://www.semrush.com/bot.html)"
74.7.227.147 - - [11/Aug/2026:23:58:42 -0400] "GET /2026/07/15/grand-casino-maspalomas/ HTTP/1.1" 200 46574 "http://casavalle.vsptdigital.cl" "Mozilla/5.0 AppleWebKit/537.36 (KHTML, like Gecko; compatible; GPTBot/1.4; +https://openai.com/gptbot)"
74.7.227.147 - - [11/Aug/2026:23:59:42 -0400] "GET /?p=16716 HTTP/1.1" 301 - "https://casavalle.vsptdigital.cl/?p=16748" "Mozilla/5.0 AppleWebKit/537.36 (KHTML, like Gecko; compatible; GPTBot/1.4; +https://openai.com/gptbot)"
185.191.171.11 - - [11/Aug/2026:23:59:07 -0400] "GET /2026/01/30/juegos-de-cartas-espa%C3%B1olas-para-tres/ HTTP/1.1" 200 46550 "-" "Mozilla/5.0 (compatible; SemrushBot/7~bl; +http://www.semrush.com/bot.html)"
74.7.227.147 - - [11/Aug/2026:23:59:43 -0400] "GET /2026/07/15/casino-en-vi%C3%B1a-del-mar/ HTTP/1.1" 200 46618 "https://casavalle.vsptdigital.cl/?p=16716" "Mozilla/5.0 AppleWebKit/537.36 (KHTML, like Gecko; compatible; GPTBot/1.4; +https://openai.com/gptbot)"
85.208.96.201 - - [11/Aug/2026:23:59:49 -0400] "GET /2026/01/30/juegos-de-casino-y-tragaperras-gratis-de-belatra-casino/ HTTP/1.1" 200 47237 "-" "Mozilla/5.0 (compatible; SemrushBot/7~bl; +http://www.semrush.com/bot.html)"
202.155.143.185 - - [11/Aug/2026:23:59:47 -0400] "GET /2026/07/07/mini-lotto-ile-liczb-wygrywa/ HTTP/1.1" 200 46074 "https://casavalle.vsptdigital.cl/" "Mozilla/5.0 (Windows NT 10.0; Win64; x64) AppleWebKit/537.36 (KHTML, like Gecko) Chrome/135.0.0.0 Safari/537.36"
185.191.171.4 - - [12/Aug/2026:00:00:31 -0400] "GET /2026/07/15/las-reglas-del-bingo/ HTTP/1.1" 200 46490 "-" "Mozilla/5.0 (compatible; SemrushBot/7~bl; +http://www.semrush.com/bot.html)"
74.7.227.147 - - [12/Aug/2026:00:00:48 -0400] "GET /?p=16676 HTTP/1.1" 301 - "https://casavalle.vsptdigital.cl/?p=16748" "Mozilla/5.0 AppleWebKit/537.36 (KHTML, like Gecko; compatible; GPTBot/1.4; +https://openai.com/gptbot)"
185.191.171.15 - - [12/Aug/2026:00:01:13 -0400] "GET /2026/01/30/juegos-de-casino-para-pc-identi/ HTTP/1.1" 200 46399 "-" "Mozilla/5.0 (compatible; SemrushBot/7~bl; +http://www.semrush.com/bot.html)"
129.121.74.194 - - [12/Aug/2026:00:02:18 -0400] "GET /wp-login.php HTTP/1.1" 301 - "-" "Mozilla/5.0 (Windows NT 10.0; Win64; x64) AppleWebKit/537.36 (KHTML, like Gecko) Chrome/133.0.0.0 Safari/537.36"
185.191.171.2 - - [12/Aug/2026:00:02:26 -0400] "GET /robots.txt HTTP/1.1" 200 148 "-" "Mozilla/5.0 (compatible; SemrushBot/7~bl; +http://www.semrush.com/bot.html)"
129.121.74.194 - - [12/Aug/2026:00:02:26 -0400] "GET /wp-json/wp/v2/users/me HTTP/1.1" 401 88 "-" "Mozilla/5.0 (Windows NT 10.0; Win64; x64) AppleWebKit/537.36 (KHTML, like Gecko) Chrome/133.0.0.0 Safari/537.36"
116.202.22.202 - - [12/Aug/2026:00:02:33 -0400] "GET /wp-login.php HTTP/1.1" 301 - "-" "Mozilla/5.0 (Windows NT 10.0; Win64; x64) AppleWebKit/537.36 (KHTML, like Gecko) Chrome/133.0.0.0 Safari/537.36"
116.202.22.202 - - [12/Aug/2026:00:02:34 -0400] "GET /wp-login.php HTTP/1.1" 302 - "https://www.casavalle.vsptdigital.cl/wp-login.php" "Mozilla/5.0 (Windows NT 10.0; Win64; x64) AppleWebKit/537.36 (KHTML, like Gecko) Chrome/133.0.0.0 Safari/537.36"
116.202.22.202 - - [12/Aug/2026:00:02:34 -0400] "GET /wp-login.php HTTP/1.1" 302 - "https://www.casavalle.vsptdigital.cl/wp-login.php" "Mozilla/5.0 (Windows NT 10.0; Win64; x64) AppleWebKit/537.36 (KHTML, like Gecko) Chrome/133.0.0.0 Safari/537.36"
74.7.227.147 - - [12/Aug/2026:00:01:49 -0400] "GET /2026/07/15/casino-juegos-maquinas/ HTTP/1.1" 200 46980 "http://casavalle.vsptdigital.cl" "Mozilla/5.0 AppleWebKit/537.36 (KHTML, like Gecko; compatible; GPTBot/1.4; +https://openai.com/gptbot)"
116.202.22.202 - - [12/Aug/2026:00:02:35 -0400] "GET /wp-login.php HTTP/1.1" 302 - "https://www.casavalle.vsptdigital.cl/wp-login.php" "Mozilla/5.0 (Windows NT 10.0; Win64; x64) AppleWebKit/537.36 (KHTML, like Gecko) Chrome/133.0.0.0 Safari/537.36"
116.202.22.202 - - [12/Aug/2026:00:02:35 -0400] "GET /wp-login.php HTTP/1.1" 302 - "https://www.casavalle.vsptdigital.cl/wp-login.php" "Mozilla/5.0 (Windows NT 10.0; Win64; x64) AppleWebKit/537.36 (KHTML, like Gecko) Chrome/133.0.0.0 Safari/537.36"
116.202.22.202 - - [12/Aug/2026:00:02:36 -0400] "GET /wp-login.php HTTP/1.1" 302 - "https://www.casavalle.vsptdigital.cl/wp-login.php" "Mozilla/5.0 (Windows NT 10.0; Win64; x64) AppleWebKit/537.36 (KHTML, like Gecko) Chrome/133.0.0.0 Safari/537.36"
116.202.22.202 - - [12/Aug/2026:00:02:36 -0400] "GET /wp-login.php HTTP/1.1" 302 - "https://www.casavalle.vsptdigital.cl/wp-login.php" "Mozilla/5.0 (Windows NT 10.0; Win64; x64) AppleWebKit/537.36 (KHTML, like Gecko) Chrome/133.0.0.0 Safari/537.36"
116.202.22.202 - - [12/Aug/2026:00:02:37 -0400] "GET /wp-login.php HTTP/1.1" 302 - "https://www.casavalle.vsptdigital.cl/wp-login.php" "Mozilla/5.0 (Windows NT 10.0; Win64; x64) AppleWebKit/537.36 (KHTML, like Gecko) Chrome/133.0.0.0 Safari/537.36"
116.202.22.202 - - [12/Aug/2026:00:02:37 -0400] "GET /wp-login.php HTTP/1.1" 302 - "https://www.casavalle.vsptdigital.cl/wp-login.php" "Mozilla/5.0 (Windows NT 10.0; Win64; x64) AppleWebKit/537.36 (KHTML, like Gecko) Chrome/133.0.0.0 Safari/537.36"
116.202.22.202 - - [12/Aug/2026:00:02:37 -0400] "GET /wp-login.php HTTP/1.1" 302 - "https://www.casavalle.vsptdigital.cl/wp-login.php" "Mozilla/5.0 (Windows NT 10.0; Win64; x64) AppleWebKit/537.36 (KHTML, like Gecko) Chrome/133.0.0.0 Safari/537.36"
116.202.22.202 - - [12/Aug/2026:00:02:38 -0400] "GET /wp-json/wp/v2/users/me HTTP/1.1" 401 88 "-" "Mozilla/5.0 (Windows NT 10.0; Win64; x64) AppleWebKit/537.36 (KHTML, like Gecko) Chrome/133.0.0.0 Safari/537.36"
85.208.96.211 - - [12/Aug/2026:00:01:54 -0400] "GET /2026/07/15/maquina-juego-de-azar/ HTTP/1.1" 200 47584 "-" "Mozilla/5.0 (compatible; SemrushBot/7~bl; +http://www.semrush.com/bot.html)"
173.225.100.133 - - [12/Aug/2026:00:02:49 -0400] "GET /2026/07/26/logiciel-d-aide-a-la-roulette-pour-ios-en-2026/ HTTP/1.1" 200 47273 "https://casavalle.vsptdigital.cl/" "Mozilla/5.0 (Macintosh; Intel Mac OS X 10_15_7) AppleWebKit/537.36 (KHTML, like Gecko) Chrome/135.0.0.0 Safari/537.36 Edg/135.0.0.0"
74.7.227.147 - - [12/Aug/2026:00:02:51 -0400] "GET /?p=17096 HTTP/1.1" 301 - "https://casavalle.vsptdigital.cl/?p=17507" "Mozilla/5.0 AppleWebKit/537.36 (KHTML, like Gecko; compatible; GPTBot/1.4; +https://openai.com/gptbot)"
173.225.100.133 - - [12/Aug/2026:00:02:53 -0400] "GET /wp-login.php?action=register HTTP/1.1" 404 40829 "https://casavalle.vsptdigital.cl/2026/07/26/logiciel-d-aide-a-la-roulette-pour-ios-en-2026/" "Mozilla/5.0 (Windows NT 6.3; Win64; x64) AppleWebKit/537.36 (KHTML, like Gecko) Chrome/103.0.0.0 Safari/537.36"
173.225.100.133 - - [12/Aug/2026:00:02:54 -0400] "GET /wp-login.php?action=register HTTP/1.1" 404 40829 "https://casavalle.vsptdigital.cl/wp-login.php?action=register" "Mozilla/5.0 (Windows NT 6.3; Win64; x64) AppleWebKit/537.36 (KHTML, like Gecko) Chrome/103.0.0.0 Safari/537.36"
173.225.100.133 - - [12/Aug/2026:00:02:54 -0400] "GET /wp-content/plugins/contact-form-7/includes/css/styles.css?ver=6.0.1 HTTP/1.1" 200 2894 "https://casavalle.vsptdigital.cl/wp-login.php?action=register" "Mozilla/5.0 (Windows NT 10.0; Win64; x64) AppleWebKit/537.36 (KHTML, like Gecko) Chrome/149.0.0.0 Safari/537.36"
173.225.100.133 - - [12/Aug/2026:00:02:55 -0400] "GET /wp-content/themes/hello-elementor/style.min.css?ver=3.1.1 HTTP/1.1" 200 5501 "https://casavalle.vsptdigital.cl/wp-login.php?action=register" "Mozilla/5.0 (Windows NT 10.0; Win64; x64) AppleWebKit/537.36 (KHTML, like Gecko) Chrome/149.0.0.0 Safari/537.36"
173.225.100.133 - - [12/Aug/2026:00:02:55 -0400] "GET /wp-content/themes/hello-elementor/theme.min.css?ver=3.1.1 HTTP/1.1" 200 5146 "https://casavalle.vsptdigital.cl/wp-login.php?action=register" "Mozilla/5.0 (Windows NT 10.0; Win64; x64) AppleWebKit/537.36 (KHTML, like Gecko) Chrome/149.0.0.0 Safari/537.36"
173.225.100.133 - - [12/Aug/2026:00:02:55 -0400] "GET /wp-content/themes/hello-elementor/header-footer.min.css?ver=3.1.1 HTTP/1.1" 200 7212 "https://casavalle.vsptdigital.cl/wp-login.php?action=register" "Mozilla/5.0 (Windows NT 10.0; Win64; x64) AppleWebKit/537.36 (KHTML, like Gecko) Chrome/149.0.0.0 Safari/537.36"
173.225.100.133 - - [12/Aug/2026:00:02:55 -0400] "GET /wp-content/plugins/elementor/assets/css/frontend.min.css?ver=3.25.11 HTTP/1.1" 200 60575 "https://casavalle.vsptdigital.cl/wp-login.php?action=register" "Mozilla/5.0 (Windows NT 10.0; Win64; x64) AppleWebKit/537.36 (KHTML, like Gecko) Chrome/149.0.0.0 Safari/537.36"
173.225.100.133 - - [12/Aug/2026:00:02:56 -0400] "GET /wp-content/uploads/elementor/css/post-5.css?ver=1734010644 HTTP/1.1" 200 1230 "https://casavalle.vsptdigital.cl/wp-login.php?action=register" "Mozilla/5.0 (Windows NT 10.0; Win64; x64) AppleWebKit/537.36 (KHTML, like Gecko) Chrome/149.0.0.0 Safari/537.36"
173.225.100.133 - - [12/Aug/2026:00:02:56 -0400] "GET /wp-content/plugins/elementor/assets/lib/eicons/css/elementor-icons.min.css?ver=5.34.0 HTTP/1.1" 200 20060 "https://casavalle.vsptdigital.cl/wp-login.php?action=register" "Mozilla/5.0 (Windows NT 10.0; Win64; x64) AppleWebKit/537.36 (KHTML, like Gecko) Chrome/149.0.0.0 Safari/537.36"
173.225.100.133 - - [12/Aug/2026:00:02:57 -0400] "GET /wp-content/plugins/elementor/assets/lib/swiper/v8/css/swiper.min.css?ver=8.4.5 HTTP/1.1" 200 16471 "https://casavalle.vsptdigital.cl/wp-login.php?action=register" "Mozilla/5.0 (Windows NT 10.0; Win64; x64) AppleWebKit/537.36 (KHTML, like Gecko) Chrome/149.0.0.0 Safari/537.36"
173.225.100.133 - - [12/Aug/2026:00:02:57 -0400] "GET /wp-content/plugins/elementor/assets/css/conditionals/e-swiper.min.css?ver=3.25.11 HTTP/1.1" 200 10260 "https://casavalle.vsptdigital.cl/wp-login.php?action=register" "Mozilla/5.0 (Windows NT 10.0; Win64; x64) AppleWebKit/537.36 (KHTML, like Gecko) Chrome/149.0.0.0 Safari/537.36"
173.225.100.133 - - [12/Aug/2026:00:02:57 -0400] "GET /wp-content/plugins/elementor-pro/assets/css/frontend.min.css?ver=3.7.1 HTTP/1.1" 200 480945 "https://casavalle.vsptdigital.cl/wp-login.php?action=register" "Mozilla/5.0 (Windows NT 10.0; Win64; x64) AppleWebKit/537.36 (KHTML, like Gecko) Chrome/149.0.0.0 Safari/537.36"
173.225.100.133 - - [12/Aug/2026:00:02:59 -0400] "GET /wp-content/uploads/elementor/css/post-35.css?ver=1734010644 HTTP/1.1" 200 5018 "https://casavalle.vsptdigital.cl/wp-login.php?action=register" "Mozilla/5.0 (Windows NT 10.0; Win64; x64) AppleWebKit/537.36 (KHTML, like Gecko) Chrome/149.0.0.0 Safari/537.36"
173.225.100.133 - - [12/Aug/2026:00:02:59 -0400] "GET /wp-content/uploads/pum/pum-site-styles.css?generated=1734010667&ver=1.20.3 HTTP/1.1" 200 17449 "https://casavalle.vsptdigital.cl/wp-login.php?action=register" "Mozilla/5.0 (Windows NT 10.0; Win64; x64) AppleWebKit/537.36 (KHTML, like Gecko) Chrome/149.0.0.0 Safari/537.36"
173.225.100.133 - - [12/Aug/2026:00:02:59 -0400] "GET /wp-content/plugins/elementor/assets/css/widget-image.min.css?ver=3.25.11 HTTP/1.1" 200 254 "https://casavalle.vsptdigital.cl/wp-login.php?action=register" "Mozilla/5.0 (Windows NT 10.0; Win64; x64) AppleWebKit/537.36 (KHTML, like Gecko) Chrome/149.0.0.0 Safari/537.36"
173.225.100.133 - - [12/Aug/2026:00:03:00 -0400] "GET /wp-content/plugins/elementor/assets/lib/animations/styles/fadeInRight.min.css?ver=3.25.11 HTTP/1.1" 200 139 "https://casavalle.vsptdigital.cl/wp-login.php?action=register" "Mozilla/5.0 (Windows NT 10.0; Win64; x64) AppleWebKit/537.36 (KHTML, like Gecko) Chrome/149.0.0.0 Safari/537.36"
173.225.100.133 - - [12/Aug/2026:00:03:00 -0400] "GET /wp-content/plugins/elementor/assets/css/widget-heading.min.css?ver=3.25.11 HTTP/1.1" 200 600 "https://casavalle.vsptdigital.cl/wp-login.php?action=register" "Mozilla/5.0 (Windows NT 10.0; Win64; x64) AppleWebKit/537.36 (KHTML, like Gecko) Chrome/149.0.0.0 Safari/537.36"
85.208.96.204 - - [12/Aug/2026:00:02:41 -0400] "GET /2026/01/30/mejores-tragaperras-online/ HTTP/1.1" 200 46117 "-" "Mozilla/5.0 (compatible; SemrushBot/7~bl; +http://www.semrush.com/bot.html)"
74.7.227.147 - - [12/Aug/2026:00:02:51 -0400] "GET /2026/07/15/juegos-para-jugar-casino-gratis/ HTTP/1.1" 200 46984 "https://casavalle.vsptdigital.cl/?p=17096" "Mozilla/5.0 AppleWebKit/537.36 (KHTML, like Gecko; compatible; GPTBot/1.4; +https://openai.com/gptbot)"
74.7.227.147 - - [12/Aug/2026:00:03:51 -0400] "GET /?p=17104 HTTP/1.1" 301 - "https://casavalle.vsptdigital.cl/?p=17507" "Mozilla/5.0 AppleWebKit/537.36 (KHTML, like Gecko; compatible; GPTBot/1.4; +https://openai.com/gptbot)"
85.208.96.210 - - [12/Aug/2026:00:03:23 -0400] "GET /2026/01/30/micho-vegas-casino-no-deposit-bonus/ HTTP/1.1" 200 47613 "-" "Mozilla/5.0 (compatible; SemrushBot/7~bl; +http://www.semrush.com/bot.html)"
74.7.227.147 - - [12/Aug/2026:00:03:52 -0400] "GET /2026/07/15/monopoly-casino-no-deposit-bonus/ HTTP/1.1" 200 47455 "https://casavalle.vsptdigital.cl/?p=17104" "Mozilla/5.0 AppleWebKit/537.36 (KHTML, like Gecko; compatible; GPTBot/1.4; +https://openai.com/gptbot)"
85.208.96.206 - - [12/Aug/2026:00:04:10 -0400] "GET /2026/07/15/el-casino-de-palermo-est%C3%A1-abierto-hoy/ HTTP/1.1" 200 46821 "-" "Mozilla/5.0 (compatible; SemrushBot/7~bl; +http://www.semrush.com/bot.html)"
185.191.171.19 - - [12/Aug/2026:00:04:52 -0400] "GET /2026/01/30/la-ruletas-de-la-suerte/ HTTP/1.1" 200 46509 "-" "Mozilla/5.0 (compatible; SemrushBot/7~bl; +http://www.semrush.com/bot.html)"
74.7.227.147 - - [12/Aug/2026:00:04:54 -0400] "GET /2026/07/15/santiago-chile-casinos/ HTTP/1.1" 200 47444 "http://casavalle.vsptdigital.cl" "Mozilla/5.0 AppleWebKit/537.36 (KHTML, like Gecko; compatible; GPTBot/1.4; +https://openai.com/gptbot)"
185.191.171.19 - - [12/Aug/2026:00:05:38 -0400] "GET /2026/07/15/juegos-gratis-de-tragamonedas-nuevos/ HTTP/1.1" 200 46644 "-" "Mozilla/5.0 (compatible; SemrushBot/7~bl; +http://www.semrush.com/bot.html)"
74.7.227.147 - - [12/Aug/2026:00:05:56 -0400] "GET /2026/07/15/giros-gratis-sin-registro/ HTTP/1.1" 200 46865 "http://casavalle.vsptdigital.cl" "Mozilla/5.0 AppleWebKit/537.36 (KHTML, like Gecko; compatible; GPTBot/1.4; +https://openai.com/gptbot)"
185.191.171.8 - - [12/Aug/2026:00:06:20 -0400] "GET /2026/01/30/guru-slot-login/ HTTP/1.1" 200 46806 "-" "Mozilla/5.0 (compatible; SemrushBot/7~bl; +http://www.semrush.com/bot.html)"
74.7.227.147 - - [12/Aug/2026:00:06:58 -0400] "GET /2026/07/15/real-liceo-casino-alicante/ HTTP/1.1" 200 46436 "http://casavalle.vsptdigital.cl" "Mozilla/5.0 AppleWebKit/537.36 (KHTML, like Gecko; compatible; GPTBot/1.4; +https://openai.com/gptbot)"
185.191.171.19 - - [12/Aug/2026:00:07:02 -0400] "GET /2026/01/30/jugar-troll-hunters-2-gratis/ HTTP/1.1" 200 45542 "-" "Mozilla/5.0 (compatible; SemrushBot/7~bl; +http://www.semrush.com/bot.html)"
185.191.171.18 - - [12/Aug/2026:00:07:50 -0400] "GET /2026/01/30/nombres-de-maquinas-de-casino/ HTTP/1.1" 200 46417 "-" "Mozilla/5.0 (compatible; SemrushBot/7~bl; +http://www.semrush.com/bot.html)"
74.7.227.147 - - [12/Aug/2026:00:08:02 -0400] "GET /2026/07/15/juegos-de-tragaperas/ HTTP/1.1" 200 46494 "http://casavalle.vsptdigital.cl" "Mozilla/5.0 AppleWebKit/537.36 (KHTML, like Gecko; compatible; GPTBot/1.4; +https://openai.com/gptbot)"
74.7.227.147 - - [12/Aug/2026:00:09:05 -0400] "GET /2026/07/15/casino-en-mendoza-argentina/ HTTP/1.1" 200 46594 "http://casavalle.vsptdigital.cl" "Mozilla/5.0 AppleWebKit/537.36 (KHTML, like Gecko; compatible; GPTBot/1.4; +https://openai.com/gptbot)"
185.191.171.3 - - [12/Aug/2026:00:08:32 -0400] "GET /2026/01/30/tragamonedas-de-casino-gratis-sin-descargar/ HTTP/1.1" 200 45908 "-" "Mozilla/5.0 (compatible; SemrushBot/7~bl; +http://www.semrush.com/bot.html)"
185.191.171.19 - - [12/Aug/2026:00:09:18 -0400] "GET /2026/01/30/tabla-pagos-ruleta/ HTTP/1.1" 200 45537 "-" "Mozilla/5.0 (compatible; SemrushBot/7~bl; +http://www.semrush.com/bot.html)"
185.191.171.18 - - [12/Aug/2026:00:10:00 -0400] "GET /2026/01/30/aprender-a-jugar-casino/ HTTP/1.1" 200 47280 "-" "Mozilla/5.0 (compatible; SemrushBot/7~bl; +http://www.semrush.com/bot.html)"
74.7.227.147 - - [12/Aug/2026:00:10:10 -0400] "GET /2026/07/15/craps-juego-de-casino/ HTTP/1.1" 200 46954 "http://casavalle.vsptdigital.cl" "Mozilla/5.0 AppleWebKit/537.36 (KHTML, like Gecko; compatible; GPTBot/1.4; +https://openai.com/gptbot)"
85.208.96.212 - - [12/Aug/2026:00:10:46 -0400] "GET /2026/01/30/casino-nuevo-de-porterville/ HTTP/1.1" 200 46854 "-" "Mozilla/5.0 (compatible; SemrushBot/7~bl; +http://www.semrush.com/bot.html)"
74.7.227.147 - - [12/Aug/2026:00:11:07 -0400] "GET /2026/07/15/bajar-juego-de-casino/ HTTP/1.1" 200 46941 "http://casavalle.vsptdigital.cl" "Mozilla/5.0 AppleWebKit/537.36 (KHTML, like Gecko; compatible; GPTBot/1.4; +https://openai.com/gptbot)"
85.208.96.209 - - [12/Aug/2026:00:11:28 -0400] "GET /2026/01/30/ganar-dinero-en-ruleta-online/ HTTP/1.1" 200 46383 "-" "Mozilla/5.0 (compatible; SemrushBot/7~bl; +http://www.semrush.com/bot.html)"
23.94.4.223 - - [12/Aug/2026:00:12:26 -0400] "GET /2026/06/25/casino-automaten-online-mindestens-5-euro-2026/ HTTP/1.1" 200 46059 "https://casavalle.vsptdigital.cl/" "Mozilla/5.0 (X11; Ubuntu; Linux x86_64; rv:114.0) Gecko/20100101 Firefox/114.0"
23.94.4.223 - - [12/Aug/2026:00:12:28 -0400] "GET /2026/06/25/casino-automaten-online-mindestens-5-euro-2026/ HTTP/1.1" 200 46059 "https://casavalle.vsptdigital.cl/2026/06/25/casino-automaten-online-mindestens-5-euro-2026/" "Mozilla/5.0 (X11; Ubuntu; Linux x86_64; rv:114.0) Gecko/20100101 Firefox/114.0"
185.191.171.17 - - [12/Aug/2026:00:12:09 -0400] "GET /2026/01/30/cual-casino-paga-mas/ HTTP/1.1" 200 46399 "-" "Mozilla/5.0 (compatible; SemrushBot/7~bl; +http://www.semrush.com/bot.html)"
74.7.227.147 - - [12/Aug/2026:00:12:12 -0400] "GET /2026/07/15/88-casino-codigo-promocional-y-bonus-code-2026/ HTTP/1.1" 200 47248 "http://casavalle.vsptdigital.cl" "Mozilla/5.0 AppleWebKit/537.36 (KHTML, like Gecko; compatible; GPTBot/1.4; +https://openai.com/gptbot)"
85.208.96.193 - - [12/Aug/2026:00:12:56 -0400] "GET /2026/01/30/ruleta-codere-trucos/ HTTP/1.1" 200 47237 "-" "Mozilla/5.0 (compatible; SemrushBot/7~bl; +http://www.semrush.com/bot.html)"
74.7.227.147 - - [12/Aug/2026:00:13:15 -0400] "GET /2026/07/15/top-10-mejores-juegos-de-casino/ HTTP/1.1" 200 46993 "http://casavalle.vsptdigital.cl" "Mozilla/5.0 AppleWebKit/537.36 (KHTML, like Gecko; compatible; GPTBot/1.4; +https://openai.com/gptbot)"
185.191.171.1 - - [12/Aug/2026:00:13:38 -0400] "GET /2026/01/30/qu%C3%A9-jackpot-casino-online-gratis/ HTTP/1.1" 200 46510 "-" "Mozilla/5.0 (compatible; SemrushBot/7~bl; +http://www.semrush.com/bot.html)"
85.208.96.205 - - [12/Aug/2026:00:14:20 -0400] "GET /2026/01/30/como-jugar-seguro-a-la-ruleta/ HTTP/1.1" 200 47462 "-" "Mozilla/5.0 (compatible; SemrushBot/7~bl; +http://www.semrush.com/bot.html)"
74.7.227.147 - - [12/Aug/2026:00:14:20 -0400] "GET /2026/07/15/casinos-en-la-habana-cuba/ HTTP/1.1" 200 46896 "http://casavalle.vsptdigital.cl" "Mozilla/5.0 AppleWebKit/537.36 (KHTML, like Gecko; compatible; GPTBot/1.4; +https://openai.com/gptbot)"
185.191.171.3 - - [12/Aug/2026:00:15:06 -0400] "GET /2026/01/30/casino-en-villa-gesell/ HTTP/1.1" 200 47031 "-" "Mozilla/5.0 (compatible; SemrushBot/7~bl; +http://www.semrush.com/bot.html)"
74.7.227.147 - - [12/Aug/2026:00:15:24 -0400] "GET /2026/07/15/probabilidades-blackjack/ HTTP/1.1" 200 46511 "http://casavalle.vsptdigital.cl" "Mozilla/5.0 AppleWebKit/537.36 (KHTML, like Gecko; compatible; GPTBot/1.4; +https://openai.com/gptbot)"
185.191.171.19 - - [12/Aug/2026:00:15:49 -0400] "GET /2026/01/30/juego-de-tragamonedas-gratis-de-casino/ HTTP/1.1" 200 46091 "-" "Mozilla/5.0 (compatible; SemrushBot/7~bl; +http://www.semrush.com/bot.html)"
5.157.27.219 - - [12/Aug/2026:00:16:55 -0400] "GET /2026/07/15/zakladni-pravidla-pokeru/ HTTP/1.1" 200 45541 "https://casavalle.vsptdigital.cl/" "Mozilla/5.0 (Windows NT 10.0; Win64; x64) AppleWebKit/537.36 (KHTML, like Gecko) Chrome/131.0.0.0 Safari/537.36 Edg/131.0.0.0"
5.157.27.219 - - [12/Aug/2026:00:17:00 -0400] "GET /2026/07/15/zakladni-pravidla-pokeru/ HTTP/1.1" 200 45541 "https://casavalle.vsptdigital.cl/2026/07/15/zakladni-pravidla-pokeru/" "Mozilla/5.0 (Windows NT 10.0; Win64; x64) AppleWebKit/537.36 (KHTML, like Gecko) Chrome/131.0.0.0 Safari/537.36 Edg/131.0.0.0"
74.7.227.147 - - [12/Aug/2026:00:16:28 -0400] "GET /2026/07/15/tragamonedas-con-bono-de-bienvenida-sin-dep%C3%B3sito/ HTTP/1.1" 200 46937 "http://casavalle.vsptdigital.cl" "Mozilla/5.0 AppleWebKit/537.36 (KHTML, like Gecko; compatible; GPTBot/1.4; +https://openai.com/gptbot)"
85.208.96.207 - - [12/Aug/2026:00:16:31 -0400] "GET /2026/01/30/casino-las-palmas-naucalpan/ HTTP/1.1" 200 46848 "-" "Mozilla/5.0 (compatible; SemrushBot/7~bl; +http://www.semrush.com/bot.html)"
85.208.96.196 - - [12/Aug/2026:00:17:17 -0400] "GET /2026/07/15/juego-para-ganar-dinero-de-verdad/ HTTP/1.1" 200 46723 "-" "Mozilla/5.0 (compatible; SemrushBot/7~bl; +http://www.semrush.com/bot.html)"
74.7.227.147 - - [12/Aug/2026:00:17:32 -0400] "GET /2026/07/15/como-jugar-dados-casino/ HTTP/1.1" 200 47219 "http://casavalle.vsptdigital.cl" "Mozilla/5.0 AppleWebKit/537.36 (KHTML, like Gecko; compatible; GPTBot/1.4; +https://openai.com/gptbot)"
85.208.96.203 - - [12/Aug/2026:00:17:59 -0400] "GET /2026/07/15/ruleta-que-numeros-apostar/ HTTP/1.1" 200 46757 "-" "Mozilla/5.0 (compatible; SemrushBot/7~bl; +http://www.semrush.com/bot.html)"
130.51.22.156 - - [12/Aug/2026:00:18:44 -0400] "GET /2026/07/04/sitios-web-seguros-de-ruleta-bonos-sin-deposito-en-espanol/ HTTP/1.1" 200 46407 "-" "Mozilla/5.0 (X11; Linux i686; rv:114.0) Gecko/20100101 Firefox/114.0"
130.51.22.156 - - [12/Aug/2026:00:18:46 -0400] "GET /2026/07/04/sitios-web-seguros-de-ruleta-bonos-sin-deposito-en-espanol/ HTTP/1.1" 200 46407 "https://casavalle.vsptdigital.cl/2026/07/04/sitios-web-seguros-de-ruleta-bonos-sin-deposito-en-espanol/" "Mozilla/5.0 (X11; Linux i686; rv:114.0) Gecko/20100101 Firefox/114.0"
58.10.107.129 - - [12/Aug/2026:00:19:15 -0400] "GET /2026/07/26/logiciel-d-aide-a-la-roulette-pour-ios-en-2026/ HTTP/1.1" 200 47273 "https://casavalle.vsptdigital.cl/" "Mozilla/5.0 (Macintosh; Intel Mac OS X 10_15_7) AppleWebKit/605.1.15 (KHTML, like Gecko) Version/26.5 Safari/605.1.15"
58.10.107.129 - - [12/Aug/2026:00:19:19 -0400] "GET /wp-login.php?action=register HTTP/1.1" 404 40829 "https://casavalle.vsptdigital.cl/2026/07/26/logiciel-d-aide-a-la-roulette-pour-ios-en-2026/" "Mozilla/5.0 (Windows NT 6.3; Win64; x64) AppleWebKit/537.36 (KHTML, like Gecko) Chrome/103.0.0.0 Safari/537.36"
74.7.227.147 - - [12/Aug/2026:00:18:34 -0400] "GET /2026/07/15/jugar-golden-era-gratis/ HTTP/1.1" 200 46616 "http://casavalle.vsptdigital.cl" "Mozilla/5.0 AppleWebKit/537.36 (KHTML, like Gecko; compatible; GPTBot/1.4; +https://openai.com/gptbot)"
58.10.107.129 - - [12/Aug/2026:00:19:21 -0400] "GET /wp-login.php?action=register HTTP/1.1" 404 40829 "https://casavalle.vsptdigital.cl/wp-login.php?action=register" "Mozilla/5.0 (Windows NT 6.3; Win64; x64) AppleWebKit/537.36 (KHTML, like Gecko) Chrome/103.0.0.0 Safari/537.36"
185.191.171.6 - - [12/Aug/2026:00:18:41 -0400] "GET /2026/01/30/jugar-a-una-ruleta/ HTTP/1.1" 200 47650 "-" "Mozilla/5.0 (compatible; SemrushBot/7~bl; +http://www.semrush.com/bot.html)"
58.10.107.129 - - [12/Aug/2026:00:19:23 -0400] "GET /wp-content/plugins/contact-form-7/includes/css/styles.css?ver=6.0.1 HTTP/1.1" 200 2894 "https://casavalle.vsptdigital.cl/wp-login.php?action=register" "Mozilla/5.0 (Windows NT 10.0; Win64; x64) AppleWebKit/537.36 (KHTML, like Gecko) Chrome/149.0.0.0 Safari/537.36"
58.10.107.129 - - [12/Aug/2026:00:19:23 -0400] "GET /wp-content/themes/hello-elementor/style.min.css?ver=3.1.1 HTTP/1.1" 200 5501 "https://casavalle.vsptdigital.cl/wp-login.php?action=register" "Mozilla/5.0 (Windows NT 10.0; Win64; x64) AppleWebKit/537.36 (KHTML, like Gecko) Chrome/149.0.0.0 Safari/537.36"
58.10.107.129 - - [12/Aug/2026:00:19:24 -0400] "GET /wp-content/themes/hello-elementor/theme.min.css?ver=3.1.1 HTTP/1.1" 200 5146 "https://casavalle.vsptdigital.cl/wp-login.php?action=register" "Mozilla/5.0 (Windows NT 10.0; Win64; x64) AppleWebKit/537.36 (KHTML, like Gecko) Chrome/149.0.0.0 Safari/537.36"
58.10.107.129 - - [12/Aug/2026:00:19:25 -0400] "GET /wp-content/themes/hello-elementor/header-footer.min.css?ver=3.1.1 HTTP/1.1" 200 7212 "https://casavalle.vsptdigital.cl/wp-login.php?action=register" "Mozilla/5.0 (Windows NT 10.0; Win64; x64) AppleWebKit/537.36 (KHTML, like Gecko) Chrome/149.0.0.0 Safari/537.36"
58.10.107.129 - - [12/Aug/2026:00:19:26 -0400] "GET /wp-content/plugins/elementor/assets/css/frontend.min.css?ver=3.25.11 HTTP/1.1" 200 60575 "https://casavalle.vsptdigital.cl/wp-login.php?action=register" "Mozilla/5.0 (Windows NT 10.0; Win64; x64) AppleWebKit/537.36 (KHTML, like Gecko) Chrome/149.0.0.0 Safari/537.36"
58.10.107.129 - - [12/Aug/2026:00:19:27 -0400] "GET /wp-content/uploads/elementor/css/post-5.css?ver=1734010644 HTTP/1.1" 200 1230 "https://casavalle.vsptdigital.cl/wp-login.php?action=register" "Mozilla/5.0 (Windows NT 10.0; Win64; x64) AppleWebKit/537.36 (KHTML, like Gecko) Chrome/149.0.0.0 Safari/537.36"
58.10.107.129 - - [12/Aug/2026:00:19:28 -0400] "GET /wp-content/plugins/elementor/assets/lib/eicons/css/elementor-icons.min.css?ver=5.34.0 HTTP/1.1" 200 20060 "https://casavalle.vsptdigital.cl/wp-login.php?action=register" "Mozilla/5.0 (Windows NT 10.0; Win64; x64) AppleWebKit/537.36 (KHTML, like Gecko) Chrome/149.0.0.0 Safari/537.36"
58.10.107.129 - - [12/Aug/2026:00:19:29 -0400] "GET /wp-content/plugins/elementor/assets/lib/swiper/v8/css/swiper.min.css?ver=8.4.5 HTTP/1.1" 200 16471 "https://casavalle.vsptdigital.cl/wp-login.php?action=register" "Mozilla/5.0 (Windows NT 10.0; Win64; x64) AppleWebKit/537.36 (KHTML, like Gecko) Chrome/149.0.0.0 Safari/537.36"
58.10.107.129 - - [12/Aug/2026:00:19:30 -0400] "GET /wp-content/plugins/elementor/assets/css/conditionals/e-swiper.min.css?ver=3.25.11 HTTP/1.1" 200 10260 "https://casavalle.vsptdigital.cl/wp-login.php?action=register" "Mozilla/5.0 (Windows NT 10.0; Win64; x64) AppleWebKit/537.36 (KHTML, like Gecko) Chrome/149.0.0.0 Safari/537.36"
58.10.107.129 - - [12/Aug/2026:00:19:31 -0400] "GET /wp-content/plugins/elementor-pro/assets/css/frontend.min.css?ver=3.7.1 HTTP/1.1" 200 480945 "https://casavalle.vsptdigital.cl/wp-login.php?action=register" "Mozilla/5.0 (Windows NT 10.0; Win64; x64) AppleWebKit/537.36 (KHTML, like Gecko) Chrome/149.0.0.0 Safari/537.36"
58.10.107.129 - - [12/Aug/2026:00:19:34 -0400] "GET /wp-content/uploads/elementor/css/post-35.css?ver=1734010644 HTTP/1.1" 200 5018 "https://casavalle.vsptdigital.cl/wp-login.php?action=register" "Mozilla/5.0 (Windows NT 10.0; Win64; x64) AppleWebKit/537.36 (KHTML, like Gecko) Chrome/149.0.0.0 Safari/537.36"
58.10.107.129 - - [12/Aug/2026:00:19:35 -0400] "GET /wp-content/uploads/pum/pum-site-styles.css?generated=1734010667&ver=1.20.3 HTTP/1.1" 200 17449 "https://casavalle.vsptdigital.cl/wp-login.php?action=register" "Mozilla/5.0 (Windows NT 10.0; Win64; x64) AppleWebKit/537.36 (KHTML, like Gecko) Chrome/149.0.0.0 Safari/537.36"
58.10.107.129 - - [12/Aug/2026:00:19:36 -0400] "GET /wp-content/plugins/elementor/assets/css/widget-image.min.css?ver=3.25.11 HTTP/1.1" 200 254 "https://casavalle.vsptdigital.cl/wp-login.php?action=register" "Mozilla/5.0 (Windows NT 10.0; Win64; x64) AppleWebKit/537.36 (KHTML, like Gecko) Chrome/149.0.0.0 Safari/537.36"
58.10.107.129 - - [12/Aug/2026:00:19:37 -0400] "GET /wp-content/plugins/elementor/assets/lib/animations/styles/fadeInRight.min.css?ver=3.25.11 HTTP/1.1" 200 139 "https://casavalle.vsptdigital.cl/wp-login.php?action=register" "Mozilla/5.0 (Windows NT 10.0; Win64; x64) AppleWebKit/537.36 (KHTML, like Gecko) Chrome/149.0.0.0 Safari/537.36"
