85.208.96.198 - - [11/Aug/2026:23:00:01 -0400] "GET /2026/01/30/juegos-gratis-maquinas-tragamonedas/ HTTP/1.1" 200 47043 "-" "Mozilla/5.0 (compatible; SemrushBot/7~bl; +http://www.semrush.com/bot.html)"
107.152.46.79 - - [11/Aug/2026:23:00:44 -0400] "GET /2026/07/26/jakie-kasyno-oferuje-najlepszy-bonus-za-rejestracje-w-2026-roku/ HTTP/1.1" 200 46405 "https://casavalle.vsptdigital.cl/" "Mozilla/5.0 (Macintosh; Intel Mac OS X 12_5) AppleWebKit/605.1.15 (KHTML, like Gecko) Version/15.4 Safari/605.1.15"
107.152.46.79 - - [11/Aug/2026:23:00:47 -0400] "GET /2026/07/26/jakie-kasyno-oferuje-najlepszy-bonus-za-rejestracje-w-2026-roku/ HTTP/1.1" 200 46405 "https://casavalle.vsptdigital.cl/2026/07/26/jakie-kasyno-oferuje-najlepszy-bonus-za-rejestracje-w-2026-roku/" "Mozilla/5.0 (Macintosh; Intel Mac OS X 12_5) AppleWebKit/605.1.15 (KHTML, like Gecko) Version/15.4 Safari/605.1.15"
74.7.227.147 - - [11/Aug/2026:23:00:35 -0400] "GET /2026/07/15/bpay-casino-codigo-promocional-y-bonus-code-2026/ HTTP/1.1" 200 46583 "http://casavalle.vsptdigital.cl" "Mozilla/5.0 AppleWebKit/537.36 (KHTML, like Gecko; compatible; GPTBot/1.4; +https://openai.com/gptbot)"
185.191.171.10 - - [11/Aug/2026:23:00:42 -0400] "GET /2026/01/30/jugar-marilyn-monroe-gratis/ HTTP/1.1" 200 47118 "-" "Mozilla/5.0 (compatible; SemrushBot/7~bl; +http://www.semrush.com/bot.html)"
85.208.96.201 - - [11/Aug/2026:23:01:24 -0400] "GET /2026/01/30/1xbet-c%C3%B3digo-promocional-sin-dep%C3%B3sito/ HTTP/1.1" 200 47576 "-" "Mozilla/5.0 (compatible; SemrushBot/7~bl; +http://www.semrush.com/bot.html)"
74.7.227.147 - - [11/Aug/2026:23:01:35 -0400] "GET /2026/07/15/casinos-de-juego-en-asturias/ HTTP/1.1" 200 46557 "http://casavalle.vsptdigital.cl" "Mozilla/5.0 AppleWebKit/537.36 (KHTML, like Gecko; compatible; GPTBot/1.4; +https://openai.com/gptbot)"
85.208.96.206 - - [11/Aug/2026:23:02:07 -0400] "GET /2026/07/15/aplicacion-para-contar-cartas-blackjack/ HTTP/1.1" 200 46941 "-" "Mozilla/5.0 (compatible; SemrushBot/7~bl; +http://www.semrush.com/bot.html)"
74.7.227.147 - - [11/Aug/2026:23:02:37 -0400] "GET /2026/07/15/software-estadistico-ruleta/ HTTP/1.1" 200 47140 "http://casavalle.vsptdigital.cl" "Mozilla/5.0 AppleWebKit/537.36 (KHTML, like Gecko; compatible; GPTBot/1.4; +https://openai.com/gptbot)"
185.191.171.6 - - [11/Aug/2026:23:02:49 -0400] "GET /2026/01/30/casino-a-madrid/ HTTP/1.1" 200 46666 "-" "Mozilla/5.0 (compatible; SemrushBot/7~bl; +http://www.semrush.com/bot.html)"
185.191.171.5 - - [11/Aug/2026:23:03:31 -0400] "GET /2026/07/15/casino-sevilla-calle/ HTTP/1.1" 200 47351 "-" "Mozilla/5.0 (compatible; SemrushBot/7~bl; +http://www.semrush.com/bot.html)"
74.7.227.147 - - [11/Aug/2026:23:03:43 -0400] "GET /2026/07/15/mx-win-casino-codigo-promocional-y-bonus-code-2026/ HTTP/1.1" 200 46933 "http://casavalle.vsptdigital.cl" "Mozilla/5.0 AppleWebKit/537.36 (KHTML, like Gecko; compatible; GPTBot/1.4; +https://openai.com/gptbot)"
185.191.171.11 - - [11/Aug/2026:23:04:12 -0400] "GET /2026/07/15/juegos-de-maquinas/ HTTP/1.1" 200 47155 "-" "Mozilla/5.0 (compatible; SemrushBot/7~bl; +http://www.semrush.com/bot.html)"
120.72.98.5 - - [11/Aug/2026:23:05:15 -0400] "GET /wp-login.php HTTP/1.1" 302 - "-" "Mozilla/5.0 (Windows NT 10.0; Win64; x64) AppleWebKit/537.36 (KHTML, like Gecko) Chrome/133.0.0.0 Safari/537.36"
120.72.98.5 - - [11/Aug/2026:23:05:16 -0400] "GET /wp-login.php HTTP/1.1" 302 - "https://casavalle.vsptdigital.cl/wp-login.php" "Mozilla/5.0 (Windows NT 10.0; Win64; x64) AppleWebKit/537.36 (KHTML, like Gecko) Chrome/133.0.0.0 Safari/537.36"
120.72.98.5 - - [11/Aug/2026:23:05:17 -0400] "GET /wp-login.php HTTP/1.1" 302 - "https://casavalle.vsptdigital.cl/wp-login.php" "Mozilla/5.0 (Windows NT 10.0; Win64; x64) AppleWebKit/537.36 (KHTML, like Gecko) Chrome/133.0.0.0 Safari/537.36"
120.72.98.5 - - [11/Aug/2026:23:05:18 -0400] "GET /wp-login.php HTTP/1.1" 302 - "https://casavalle.vsptdigital.cl/wp-login.php" "Mozilla/5.0 (Windows NT 10.0; Win64; x64) AppleWebKit/537.36 (KHTML, like Gecko) Chrome/133.0.0.0 Safari/537.36"
120.72.98.5 - - [11/Aug/2026:23:05:18 -0400] "GET /wp-login.php HTTP/1.1" 302 - "https://casavalle.vsptdigital.cl/wp-login.php" "Mozilla/5.0 (Windows NT 10.0; Win64; x64) AppleWebKit/537.36 (KHTML, like Gecko) Chrome/133.0.0.0 Safari/537.36"
120.72.98.5 - - [11/Aug/2026:23:05:19 -0400] "GET /wp-login.php HTTP/1.1" 302 - "https://casavalle.vsptdigital.cl/wp-login.php" "Mozilla/5.0 (Windows NT 10.0; Win64; x64) AppleWebKit/537.36 (KHTML, like Gecko) Chrome/133.0.0.0 Safari/537.36"
120.72.98.5 - - [11/Aug/2026:23:05:20 -0400] "GET /wp-login.php HTTP/1.1" 302 - "https://casavalle.vsptdigital.cl/wp-login.php" "Mozilla/5.0 (Windows NT 10.0; Win64; x64) AppleWebKit/537.36 (KHTML, like Gecko) Chrome/133.0.0.0 Safari/537.36"
120.72.98.5 - - [11/Aug/2026:23:05:20 -0400] "GET /wp-login.php HTTP/1.1" 302 - "https://casavalle.vsptdigital.cl/wp-login.php" "Mozilla/5.0 (Windows NT 10.0; Win64; x64) AppleWebKit/537.36 (KHTML, like Gecko) Chrome/133.0.0.0 Safari/537.36"
120.72.98.5 - - [11/Aug/2026:23:05:21 -0400] "GET /wp-login.php HTTP/1.1" 302 - "https://casavalle.vsptdigital.cl/wp-login.php" "Mozilla/5.0 (Windows NT 10.0; Win64; x64) AppleWebKit/537.36 (KHTML, like Gecko) Chrome/133.0.0.0 Safari/537.36"
120.72.98.5 - - [11/Aug/2026:23:05:22 -0400] "GET /wp-login.php HTTP/1.1" 302 - "https://casavalle.vsptdigital.cl/wp-login.php" "Mozilla/5.0 (Windows NT 10.0; Win64; x64) AppleWebKit/537.36 (KHTML, like Gecko) Chrome/133.0.0.0 Safari/537.36"
120.72.98.5 - - [11/Aug/2026:23:05:24 -0400] "GET /wp-json/wp/v2/users/me HTTP/1.1" 401 88 "-" "Mozilla/5.0 (Windows NT 10.0; Win64; x64) AppleWebKit/537.36 (KHTML, like Gecko) Chrome/133.0.0.0 Safari/537.36"
74.7.227.147 - - [11/Aug/2026:23:04:44 -0400] "GET /2026/07/15/nuevo-casino-nuevo-laredo/ HTTP/1.1" 200 47042 "http://casavalle.vsptdigital.cl" "Mozilla/5.0 AppleWebKit/537.36 (KHTML, like Gecko; compatible; GPTBot/1.4; +https://openai.com/gptbot)"
185.191.171.2 - - [11/Aug/2026:23:04:54 -0400] "GET /2026/01/30/casinos-del-mocon%C3%A1/ HTTP/1.1" 200 47061 "-" "Mozilla/5.0 (compatible; SemrushBot/7~bl; +http://www.semrush.com/bot.html)"
74.7.227.147 - - [11/Aug/2026:23:05:44 -0400] "GET /?p=16923 HTTP/1.1" 301 - "https://casavalle.vsptdigital.cl/2026/07/15/como-se-gana-en-la-ruleta/" "Mozilla/5.0 AppleWebKit/537.36 (KHTML, like Gecko; compatible; GPTBot/1.4; +https://openai.com/gptbot)"
185.191.171.1 - - [11/Aug/2026:23:05:37 -0400] "GET /2026/07/15/la-hacienda-casino-codigo-promocional-y-bonus-code-2026/ HTTP/1.1" 200 47379 "-" "Mozilla/5.0 (compatible; SemrushBot/7~bl; +http://www.semrush.com/bot.html)"
74.7.227.147 - - [11/Aug/2026:23:05:45 -0400] "GET /2026/07/15/ganancias-juegos-de-azar/ HTTP/1.1" 200 46296 "https://casavalle.vsptdigital.cl/?p=16923" "Mozilla/5.0 AppleWebKit/537.36 (KHTML, like Gecko; compatible; GPTBot/1.4; +https://openai.com/gptbot)"
74.7.227.147 - - [11/Aug/2026:23:06:49 -0400] "GET /?p=17290 HTTP/1.1" 301 - "https://casavalle.vsptdigital.cl/2026/07/15/como-se-gana-en-la-ruleta/" "Mozilla/5.0 AppleWebKit/537.36 (KHTML, like Gecko; compatible; GPTBot/1.4; +https://openai.com/gptbot)"
154.195.154.243 - - [11/Aug/2026:23:06:06 -0400] "GET / HTTP/1.1" 200 195 "-" "Mozilla/5.0 (X11; Linux x86_64) AppleWebKit/537.36 (KHTML, like Gecko) Chrome/143.0.0.0 Safari/537.36"
94.143.224.41 - - [11/Aug/2026:23:06:51 -0400] "GET / HTTP/1.1" 200 195 "-" "Mozilla/5.0 (X11; Linux x86_64) AppleWebKit/537.36 (KHTML, like Gecko) Chrome/143.0.0.0 Safari/537.36"
185.191.171.19 - - [11/Aug/2026:23:06:19 -0400] "GET /2026/01/30/juega-gratis-a-american-blackjack-en-modo-demo/ HTTP/1.1" 200 46785 "-" "Mozilla/5.0 (compatible; SemrushBot/7~bl; +http://www.semrush.com/bot.html)"
154.209.133.105 - - [11/Aug/2026:23:06:21 -0400] "GET / HTTP/1.1" 200 195 "-" "Mozilla/5.0 (X11; Linux x86_64) AppleWebKit/537.36 (KHTML, like Gecko) Chrome/143.0.0.0 Safari/537.36"
186.243.154.41 - - [11/Aug/2026:23:06:37 -0400] "GET / HTTP/1.1" 200 195 "-" "Mozilla/5.0 (X11; Linux x86_64) AppleWebKit/537.36 (KHTML, like Gecko) Chrome/143.0.0.0 Safari/537.36"
74.7.227.147 - - [11/Aug/2026:23:06:50 -0400] "GET /2026/07/15/francachela-casino-de-la-reina-madrid-rese%C3%B1as/ HTTP/1.1" 200 47218 "https://casavalle.vsptdigital.cl/?p=17290" "Mozilla/5.0 AppleWebKit/537.36 (KHTML, like Gecko; compatible; GPTBot/1.4; +https://openai.com/gptbot)"
185.191.171.13 - - [11/Aug/2026:23:07:00 -0400] "GET /2026/01/30/buenas-tragamonedas-con-bitcoin/ HTTP/1.1" 200 46521 "-" "Mozilla/5.0 (compatible; SemrushBot/7~bl; +http://www.semrush.com/bot.html)"
74.7.227.147 - - [11/Aug/2026:23:07:52 -0400] "GET /?p=17390 HTTP/1.1" 301 - "https://casavalle.vsptdigital.cl/2026/07/15/como-se-gana-en-la-ruleta/" "Mozilla/5.0 AppleWebKit/537.36 (KHTML, like Gecko; compatible; GPTBot/1.4; +https://openai.com/gptbot)"
186.243.154.41 - - [11/Aug/2026:23:07:07 -0400] "GET / HTTP/1.1" 200 151 "-" "Mozilla/5.0 (X11; Linux x86_64) AppleWebKit/537.36 (KHTML, like Gecko) Chrome/143.0.0.0 Safari/537.36"
94.143.224.41 - - [11/Aug/2026:23:08:08 -0400] "GET / HTTP/1.1" 200 151 "-" "Mozilla/5.0 (X11; Linux x86_64) AppleWebKit/537.36 (KHTML, like Gecko) Chrome/143.0.0.0 Safari/537.36"
138.16.33.90 - - [11/Aug/2026:23:07:37 -0400] "GET / HTTP/1.1" 200 151 "-" "Mozilla/5.0 (X11; Linux x86_64) AppleWebKit/537.36 (KHTML, like Gecko) Chrome/143.0.0.0 Safari/537.36"
185.191.171.7 - - [11/Aug/2026:23:07:43 -0400] "GET /2026/07/15/ruleta-casino-gratis-juegos/ HTTP/1.1" 200 46762 "-" "Mozilla/5.0 (compatible; SemrushBot/7~bl; +http://www.semrush.com/bot.html)"
186.246.89.28 - - [11/Aug/2026:23:07:53 -0400] "GET / HTTP/1.1" 200 151 "-" "Mozilla/5.0 (X11; Linux x86_64) AppleWebKit/537.36 (KHTML, like Gecko) Chrome/143.0.0.0 Safari/537.36"
74.7.227.147 - - [11/Aug/2026:23:07:52 -0400] "GET /2026/07/15/terraza-casino-bono-sin-dep%C3%B3sito-50-giros-gratis-2026/ HTTP/1.1" 200 46798 "https://casavalle.vsptdigital.cl/?p=17390" "Mozilla/5.0 AppleWebKit/537.36 (KHTML, like Gecko; compatible; GPTBot/1.4; +https://openai.com/gptbot)"
74.7.227.147 - - [11/Aug/2026:23:08:56 -0400] "GET /?p=16675 HTTP/1.1" 301 - "https://casavalle.vsptdigital.cl/2026/07/15/como-se-gana-en-la-ruleta/" "Mozilla/5.0 AppleWebKit/537.36 (KHTML, like Gecko; compatible; GPTBot/1.4; +https://openai.com/gptbot)"
186.243.154.41 - - [11/Aug/2026:23:08:57 -0400] "GET / HTTP/1.1" 200 146 "-" "Mozilla/5.0 (X11; Linux x86_64) AppleWebKit/537.36 (KHTML, like Gecko) Chrome/143.0.0.0 Safari/537.36"
186.243.225.31 - - [11/Aug/2026:23:08:12 -0400] "GET / HTTP/1.1" 200 146 "-" "Mozilla/5.0 (X11; Linux x86_64) AppleWebKit/537.36 (KHTML, like Gecko) Chrome/143.0.0.0 Safari/537.36"
85.208.96.208 - - [11/Aug/2026:23:08:25 -0400] "GET /2026/01/30/juegos-de-cartas-clasicos/ HTTP/1.1" 200 47082 "-" "Mozilla/5.0 (compatible; SemrushBot/7~bl; +http://www.semrush.com/bot.html)"
154.209.133.105 - - [11/Aug/2026:23:08:29 -0400] "GET / HTTP/1.1" 200 146 "-" "Mozilla/5.0 (X11; Linux x86_64) AppleWebKit/537.36 (KHTML, like Gecko) Chrome/143.0.0.0 Safari/537.36"
138.16.138.2 - - [11/Aug/2026:23:08:42 -0400] "GET / HTTP/1.1" 200 146 "-" "Mozilla/5.0 (X11; Linux x86_64) AppleWebKit/537.36 (KHTML, like Gecko) Chrome/143.0.0.0 Safari/537.36"
74.7.227.147 - - [11/Aug/2026:23:08:56 -0400] "GET /2026/07/15/casino-con-retiro-instant%C3%A1neo-de-bitcoin/ HTTP/1.1" 200 46421 "https://casavalle.vsptdigital.cl/?p=16675" "Mozilla/5.0 AppleWebKit/537.36 (KHTML, like Gecko; compatible; GPTBot/1.4; +https://openai.com/gptbot)"
85.208.96.204 - - [11/Aug/2026:23:09:06 -0400] "GET /2026/01/30/como-ganar-en-la-m%C3%A1quina-tragamonedas-de-frutas/ HTTP/1.1" 200 47303 "-" "Mozilla/5.0 (compatible; SemrushBot/7~bl; +http://www.semrush.com/bot.html)"
186.243.225.31 - - [11/Aug/2026:23:09:09 -0400] "GET / HTTP/1.1" 200 154 "-" "Mozilla/5.0 (X11; Linux x86_64) AppleWebKit/537.36 (KHTML, like Gecko) Chrome/143.0.0.0 Safari/537.36"
74.7.227.147 - - [11/Aug/2026:23:09:56 -0400] "GET /?p=17557 HTTP/1.1" 301 - "https://casavalle.vsptdigital.cl/2026/07/15/como-se-gana-en-la-ruleta/" "Mozilla/5.0 AppleWebKit/537.36 (KHTML, like Gecko; compatible; GPTBot/1.4; +https://openai.com/gptbot)"
154.195.154.243 - - [11/Aug/2026:23:09:24 -0400] "GET / HTTP/1.1" 200 154 "-" "Mozilla/5.0 (X11; Linux x86_64) AppleWebKit/537.36 (KHTML, like Gecko) Chrome/143.0.0.0 Safari/537.36"
186.246.89.28 - - [11/Aug/2026:23:09:40 -0400] "GET / HTTP/1.1" 200 154 "-" "Mozilla/5.0 (X11; Linux x86_64) AppleWebKit/537.36 (KHTML, like Gecko) Chrome/143.0.0.0 Safari/537.36"
85.208.96.196 - - [11/Aug/2026:23:09:48 -0400] "GET /2026/07/15/tragamonedas-m%C3%A1s-nuevas-gratis/ HTTP/1.1" 200 46174 "-" "Mozilla/5.0 (compatible; SemrushBot/7~bl; +http://www.semrush.com/bot.html)"
186.243.154.41 - - [11/Aug/2026:23:09:54 -0400] "GET / HTTP/1.1" 200 154 "-" "Mozilla/5.0 (X11; Linux x86_64) AppleWebKit/537.36 (KHTML, like Gecko) Chrome/143.0.0.0 Safari/537.36"
50.6.207.27 - - [11/Aug/2026:23:10:42 -0400] "GET /wp-json/wp/v2/users/me HTTP/1.1" 401 88 "-" "Mozilla/5.0 (Windows NT 10.0; Win64; x64) AppleWebKit/537.36 (KHTML, like Gecko) Chrome/133.0.0.0 Safari/537.36"
138.16.33.90 - - [11/Aug/2026:23:10:11 -0400] "GET / HTTP/1.1" 200 154 "-" "Mozilla/5.0 (X11; Linux x86_64) AppleWebKit/537.36 (KHTML, like Gecko) Chrome/143.0.0.0 Safari/537.36"
154.209.133.105 - - [11/Aug/2026:23:10:11 -0400] "GET / HTTP/1.1" 200 196 "-" "Mozilla/5.0 (X11; Linux x86_64) AppleWebKit/537.36 (KHTML, like Gecko) Chrome/143.0.0.0 Safari/537.36"
74.7.227.147 - - [11/Aug/2026:23:11:01 -0400] "GET /?p=16689 HTTP/1.1" 301 - "https://casavalle.vsptdigital.cl/2026/07/15/como-se-gana-en-la-ruleta/" "Mozilla/5.0 AppleWebKit/537.36 (KHTML, like Gecko; compatible; GPTBot/1.4; +https://openai.com/gptbot)"
186.243.225.31 - - [11/Aug/2026:23:10:26 -0400] "GET / HTTP/1.1" 200 154 "-" "Mozilla/5.0 (X11; Linux x86_64) AppleWebKit/537.36 (KHTML, like Gecko) Chrome/143.0.0.0 Safari/537.36"
186.246.89.28 - - [11/Aug/2026:23:10:26 -0400] "GET / HTTP/1.1" 200 196 "-" "Mozilla/5.0 (X11; Linux x86_64) AppleWebKit/537.36 (KHTML, like Gecko) Chrome/143.0.0.0 Safari/537.36"
85.208.96.208 - - [11/Aug/2026:23:10:30 -0400] "GET /2026/07/15/ruleta-aplicacion-pc/ HTTP/1.1" 200 47065 "-" "Mozilla/5.0 (compatible; SemrushBot/7~bl; +http://www.semrush.com/bot.html)"
50.6.207.27 - - [11/Aug/2026:23:10:31 -0400] "GET /wp-login.php HTTP/1.1" 301 - "-" "Mozilla/5.0 (Windows NT 10.0; Win64; x64) AppleWebKit/537.36 (KHTML, like Gecko) Chrome/133.0.0.0 Safari/537.36"
138.16.33.90 - - [11/Aug/2026:23:10:41 -0400] "GET / HTTP/1.1" 200 154 "-" "Mozilla/5.0 (X11; Linux x86_64) AppleWebKit/537.36 (KHTML, like Gecko) Chrome/143.0.0.0 Safari/537.36"
94.143.224.41 - - [11/Aug/2026:23:10:41 -0400] "GET / HTTP/1.1" 200 196 "-" "Mozilla/5.0 (X11; Linux x86_64) AppleWebKit/537.36 (KHTML, like Gecko) Chrome/143.0.0.0 Safari/537.36"
138.16.33.90 - - [11/Aug/2026:23:10:56 -0400] "GET / HTTP/1.1" 200 196 "-" "Mozilla/5.0 (X11; Linux x86_64) AppleWebKit/537.36 (KHTML, like Gecko) Chrome/143.0.0.0 Safari/537.36"
186.246.89.28 - - [11/Aug/2026:23:10:56 -0400] "GET / HTTP/1.1" 200 154 "-" "Mozilla/5.0 (X11; Linux x86_64) AppleWebKit/537.36 (KHTML, like Gecko) Chrome/143.0.0.0 Safari/537.36"
74.7.227.147 - - [11/Aug/2026:23:11:01 -0400] "GET /2026/07/15/los-casinos-m%C3%A1s-grandes-del-mundo/ HTTP/1.1" 200 47354 "https://casavalle.vsptdigital.cl/?p=16689" "Mozilla/5.0 AppleWebKit/537.36 (KHTML, like Gecko; compatible; GPTBot/1.4; +https://openai.com/gptbot)"
94.143.224.41 - - [11/Aug/2026:23:11:11 -0400] "GET / HTTP/1.1" 200 154 "-" "Mozilla/5.0 (X11; Linux x86_64) AppleWebKit/537.36 (KHTML, like Gecko) Chrome/143.0.0.0 Safari/537.36"
156.246.151.67 - - [11/Aug/2026:23:11:12 -0400] "GET / HTTP/1.1" 200 196 "-" "Mozilla/5.0 (X11; Linux x86_64) AppleWebKit/537.36 (KHTML, like Gecko) Chrome/143.0.0.0 Safari/537.36"
85.208.96.200 - - [11/Aug/2026:23:11:17 -0400] "GET /2026/01/30/bingo-juego-online/ HTTP/1.1" 200 46972 "-" "Mozilla/5.0 (compatible; SemrushBot/7~bl; +http://www.semrush.com/bot.html)"
156.246.151.67 - - [11/Aug/2026:23:11:27 -0400] "GET / HTTP/1.1" 200 154 "-" "Mozilla/5.0 (X11; Linux x86_64) AppleWebKit/537.36 (KHTML, like Gecko) Chrome/143.0.0.0 Safari/537.36"
186.246.89.28 - - [11/Aug/2026:23:11:27 -0400] "GET / HTTP/1.1" 200 196 "-" "Mozilla/5.0 (X11; Linux x86_64) AppleWebKit/537.36 (KHTML, like Gecko) Chrome/143.0.0.0 Safari/537.36"
94.143.224.41 - - [11/Aug/2026:23:11:42 -0400] "GET / HTTP/1.1" 200 196 "-" "Mozilla/5.0 (X11; Linux x86_64) AppleWebKit/537.36 (KHTML, like Gecko) Chrome/143.0.0.0 Safari/537.36"
138.16.138.2 - - [11/Aug/2026:23:11:58 -0400] "GET / HTTP/1.1" 200 196 "-" "Mozilla/5.0 (X11; Linux x86_64) AppleWebKit/537.36 (KHTML, like Gecko) Chrome/143.0.0.0 Safari/537.36"
74.7.227.147 - - [11/Aug/2026:23:11:55 -0400] "GET /2026/07/15/10-euro-gratis-casino-ohne-einzahlung/ HTTP/1.1" 200 46624 "http://casavalle.vsptdigital.cl" "Mozilla/5.0 AppleWebKit/537.36 (KHTML, like Gecko; compatible; GPTBot/1.4; +https://openai.com/gptbot)"
185.191.171.8 - - [11/Aug/2026:23:11:59 -0400] "GET /2026/07/15/dinero-gratis-casino-sin-deposito/ HTTP/1.1" 200 46494 "-" "Mozilla/5.0 (compatible; SemrushBot/7~bl; +http://www.semrush.com/bot.html)"
85.208.96.209 - - [11/Aug/2026:23:12:45 -0400] "GET /2026/07/15/apuestas-en-slots-valencia/ HTTP/1.1" 200 46406 "-" "Mozilla/5.0 (compatible; SemrushBot/7~bl; +http://www.semrush.com/bot.html)"
154.209.133.105 - - [11/Aug/2026:23:12:12 -0400] "GET / HTTP/1.1" 200 196 "-" "Mozilla/5.0 (X11; Linux x86_64) AppleWebKit/537.36 (KHTML, like Gecko) Chrome/143.0.0.0 Safari/537.36"
154.195.154.243 - - [11/Aug/2026:23:12:27 -0400] "GET / HTTP/1.1" 200 196 "-" "Mozilla/5.0 (X11; Linux x86_64) AppleWebKit/537.36 (KHTML, like Gecko) Chrome/143.0.0.0 Safari/537.36"
85.208.96.203 - - [11/Aug/2026:23:12:47 -0400] "GET /2026/01/30/como-jugar-a-la-ruleta-y-ganar-dinero/ HTTP/1.1" 200 46904 "-" "Mozilla/5.0 (compatible; SemrushBot/7~bl; +http://www.semrush.com/bot.html)"
74.7.227.147 - - [11/Aug/2026:23:12:58 -0400] "GET /2026/07/15/jugar-al-casino-sin-deposito/ HTTP/1.1" 200 46570 "http://casavalle.vsptdigital.cl" "Mozilla/5.0 AppleWebKit/537.36 (KHTML, like Gecko; compatible; GPTBot/1.4; +https://openai.com/gptbot)"
172.81.133.213 - - [11/Aug/2026:23:13:50 -0400] "GET /2026/07/15/est-ce-qu-il-y-a-une-option-pour-apprendre-a-jouer-au-blackjack-avec-excellence-sur-ios-en-2026/ HTTP/1.1" 200 47728 "https://casavalle.vsptdigital.cl/" "Mozilla/5.0 (Macintosh; Intel Mac OS X 10_15_7) AppleWebKit/605.1.15 (KHTML, like Gecko) Version/17.5 Safari/605.1.15"
172.81.133.213 - - [11/Aug/2026:23:13:51 -0400] "GET /2026/07/15/est-ce-qu-il-y-a-une-option-pour-apprendre-a-jouer-au-blackjack-avec-excellence-sur-ios-en-2026/ HTTP/1.1" 200 47728 "https://casavalle.vsptdigital.cl/2026/07/15/est-ce-qu-il-y-a-une-option-pour-apprendre-a-jouer-au-blackjack-avec-excellence-sur-ios-en-2026/" "Mozilla/5.0 (Macintosh; Intel Mac OS X 10_15_7) AppleWebKit/605.1.15 (KHTML, like Gecko) Version/17.5 Safari/605.1.15"
185.191.171.18 - - [11/Aug/2026:23:13:30 -0400] "GET /2026/01/30/slots-mas-baratos/ HTTP/1.1" 200 46581 "-" "Mozilla/5.0 (compatible; SemrushBot/7~bl; +http://www.semrush.com/bot.html)"
51.83.6.44 - - [11/Aug/2026:23:14:21 -0400] "GET /2026/06/25/spielautomaten-online-mit-bitcoin-bezahlen-2026/ HTTP/1.1" 200 46192 "https://casavalle.vsptdigital.cl/" "Mozilla/5.0 (Macintosh; Intel Mac OS X 10_15_7) AppleWebKit/537.36 (KHTML, like Gecko) Chrome/145.0.0.0 Safari/537.36 OPR/129.0.0.0"
45.133.112.72 - - [11/Aug/2026:23:14:28 -0400] "GET /wp-login.php?action=register HTTP/1.1" 404 40829 "https://casavalle.vsptdigital.cl/2026/06/25/spielautomaten-online-mit-bitcoin-bezahlen-2026/" "Mozilla/5.0 (Windows NT 6.3; Win64; x64) AppleWebKit/537.36 (KHTML, like Gecko) Chrome/103.0.0.0 Safari/537.36"
45.133.112.72 - - [11/Aug/2026:23:14:30 -0400] "GET /wp-login.php?action=register HTTP/1.1" 404 40829 "https://casavalle.vsptdigital.cl/wp-login.php?action=register" "Mozilla/5.0 (Windows NT 6.3; Win64; x64) AppleWebKit/537.36 (KHTML, like Gecko) Chrome/103.0.0.0 Safari/537.36"
45.133.112.72 - - [11/Aug/2026:23:14:31 -0400] "GET /wp-content/plugins/contact-form-7/includes/css/styles.css?ver=6.0.1 HTTP/1.1" 200 2894 "https://casavalle.vsptdigital.cl/wp-login.php?action=register" "Mozilla/5.0 (Windows NT 10.0; Win64; x64) AppleWebKit/537.36 (KHTML, like Gecko) Chrome/149.0.0.0 Safari/537.36"
107.152.46.79 - - [11/Aug/2026:23:14:32 -0400] "GET /2026/07/26/jakie-kasyno-oferuje-najlepszy-bonus-za-rejestracje-w-2026-roku/ HTTP/1.1" 200 46405 "https://casavalle.vsptdigital.cl/" "Mozilla/5.0 (X11; Ubuntu; Linux i686; rv:114.0) Gecko/20100101 Firefox/114.0"
45.133.112.72 - - [11/Aug/2026:23:14:33 -0400] "GET /wp-content/themes/hello-elementor/style.min.css?ver=3.1.1 HTTP/1.1" 200 5501 "https://casavalle.vsptdigital.cl/wp-login.php?action=register" "Mozilla/5.0 (Windows NT 10.0; Win64; x64) AppleWebKit/537.36 (KHTML, like Gecko) Chrome/149.0.0.0 Safari/537.36"
45.133.112.72 - - [11/Aug/2026:23:14:33 -0400] "GET /wp-content/themes/hello-elementor/theme.min.css?ver=3.1.1 HTTP/1.1" 200 5146 "https://casavalle.vsptdigital.cl/wp-login.php?action=register" "Mozilla/5.0 (Windows NT 10.0; Win64; x64) AppleWebKit/537.36 (KHTML, like Gecko) Chrome/149.0.0.0 Safari/537.36"
107.152.46.79 - - [11/Aug/2026:23:14:34 -0400] "GET /2026/07/26/jakie-kasyno-oferuje-najlepszy-bonus-za-rejestracje-w-2026-roku/ HTTP/1.1" 200 46405 "https://casavalle.vsptdigital.cl/2026/07/26/jakie-kasyno-oferuje-najlepszy-bonus-za-rejestracje-w-2026-roku/" "Mozilla/5.0 (X11; Ubuntu; Linux i686; rv:114.0) Gecko/20100101 Firefox/114.0"
45.133.112.72 - - [11/Aug/2026:23:14:34 -0400] "GET /wp-content/themes/hello-elementor/header-footer.min.css?ver=3.1.1 HTTP/1.1" 200 7212 "https://casavalle.vsptdigital.cl/wp-login.php?action=register" "Mozilla/5.0 (Windows NT 10.0; Win64; x64) AppleWebKit/537.36 (KHTML, like Gecko) Chrome/149.0.0.0 Safari/537.36"
45.133.112.72 - - [11/Aug/2026:23:14:35 -0400] "GET /wp-content/plugins/elementor/assets/css/frontend.min.css?ver=3.25.11 HTTP/1.1" 200 60575 "https://casavalle.vsptdigital.cl/wp-login.php?action=register" "Mozilla/5.0 (Windows NT 10.0; Win64; x64) AppleWebKit/537.36 (KHTML, like Gecko) Chrome/149.0.0.0 Safari/537.36"
45.133.112.72 - - [11/Aug/2026:23:14:36 -0400] "GET /wp-content/uploads/elementor/css/post-5.css?ver=1734010644 HTTP/1.1" 200 1230 "https://casavalle.vsptdigital.cl/wp-login.php?action=register" "Mozilla/5.0 (Windows NT 10.0; Win64; x64) AppleWebKit/537.36 (KHTML, like Gecko) Chrome/149.0.0.0 Safari/537.36"
45.133.112.72 - - [11/Aug/2026:23:14:37 -0400] "GET /wp-content/plugins/elementor/assets/lib/eicons/css/elementor-icons.min.css?ver=5.34.0 HTTP/1.1" 200 20060 "https://casavalle.vsptdigital.cl/wp-login.php?action=register" "Mozilla/5.0 (Windows NT 10.0; Win64; x64) AppleWebKit/537.36 (KHTML, like Gecko) Chrome/149.0.0.0 Safari/537.36"
45.133.112.72 - - [11/Aug/2026:23:14:38 -0400] "GET /wp-content/plugins/elementor/assets/lib/swiper/v8/css/swiper.min.css?ver=8.4.5 HTTP/1.1" 200 16471 "https://casavalle.vsptdigital.cl/wp-login.php?action=register" "Mozilla/5.0 (Windows NT 10.0; Win64; x64) AppleWebKit/537.36 (KHTML, like Gecko) Chrome/149.0.0.0 Safari/537.36"
45.133.112.72 - - [11/Aug/2026:23:14:39 -0400] "GET /wp-content/plugins/elementor/assets/css/conditionals/e-swiper.min.css?ver=3.25.11 HTTP/1.1" 200 10260 "https://casavalle.vsptdigital.cl/wp-login.php?action=register" "Mozilla/5.0 (Windows NT 10.0; Win64; x64) AppleWebKit/537.36 (KHTML, like Gecko) Chrome/149.0.0.0 Safari/537.36"
74.7.227.147 - - [11/Aug/2026:23:14:02 -0400] "GET /2026/07/15/casinos-en-santo-domingo-norte/ HTTP/1.1" 200 47321 "http://casavalle.vsptdigital.cl" "Mozilla/5.0 AppleWebKit/537.36 (KHTML, like Gecko; compatible; GPTBot/1.4; +https://openai.com/gptbot)"
45.133.112.72 - - [11/Aug/2026:23:14:40 -0400] "GET /wp-content/plugins/elementor-pro/assets/css/frontend.min.css?ver=3.7.1 HTTP/1.1" 200 480945 "https://casavalle.vsptdigital.cl/wp-login.php?action=register" "Mozilla/5.0 (Windows NT 10.0; Win64; x64) AppleWebKit/537.36 (KHTML, like Gecko) Chrome/149.0.0.0 Safari/537.36"
45.133.112.72 - - [11/Aug/2026:23:14:44 -0400] "GET /wp-content/uploads/elementor/css/post-35.css?ver=1734010644 HTTP/1.1" 200 5018 "https://casavalle.vsptdigital.cl/wp-login.php?action=register" "Mozilla/5.0 (Windows NT 10.0; Win64; x64) AppleWebKit/537.36 (KHTML, like Gecko) Chrome/149.0.0.0 Safari/537.36"
45.133.112.72 - - [11/Aug/2026:23:14:45 -0400] "GET /wp-content/uploads/pum/pum-site-styles.css?generated=1734010667&ver=1.20.3 HTTP/1.1" 200 17449 "https://casavalle.vsptdigital.cl/wp-login.php?action=register" "Mozilla/5.0 (Windows NT 10.0; Win64; x64) AppleWebKit/537.36 (KHTML, like Gecko) Chrome/149.0.0.0 Safari/537.36"
45.133.112.72 - - [11/Aug/2026:23:14:46 -0400] "GET /wp-content/plugins/elementor/assets/css/widget-image.min.css?ver=3.25.11 HTTP/1.1" 200 254 "https://casavalle.vsptdigital.cl/wp-login.php?action=register" "Mozilla/5.0 (Windows NT 10.0; Win64; x64) AppleWebKit/537.36 (KHTML, like Gecko) Chrome/149.0.0.0 Safari/537.36"
45.133.112.72 - - [11/Aug/2026:23:14:47 -0400] "GET /wp-content/plugins/elementor/assets/lib/animations/styles/fadeInRight.min.css?ver=3.25.11 HTTP/1.1" 200 139 "https://casavalle.vsptdigital.cl/wp-login.php?action=register" "Mozilla/5.0 (Windows NT 10.0; Win64; x64) AppleWebKit/537.36 (KHTML, like Gecko) Chrome/149.0.0.0 Safari/537.36"
45.133.112.72 - - [11/Aug/2026:23:14:48 -0400] "GET /wp-content/plugins/elementor/assets/css/widget-heading.min.css?ver=3.25.11 HTTP/1.1" 200 600 "https://casavalle.vsptdigital.cl/wp-login.php?action=register" "Mozilla/5.0 (Windows NT 10.0; Win64; x64) AppleWebKit/537.36 (KHTML, like Gecko) Chrome/149.0.0.0 Safari/537.36"
185.191.171.12 - - [11/Aug/2026:23:14:18 -0400] "GET /2026/01/30/bariloche-casino-codigo-promocional-y-bonus-code-2026/ HTTP/1.1" 200 46495 "-" "Mozilla/5.0 (compatible; SemrushBot/7~bl; +http://www.semrush.com/bot.html)"
185.191.171.14 - - [11/Aug/2026:23:15:00 -0400] "GET /2026/07/15/tragamonedas-online-con-bonus-gratis/ HTTP/1.1" 200 47112 "-" "Mozilla/5.0 (compatible; SemrushBot/7~bl; +http://www.semrush.com/bot.html)"
74.7.227.147 - - [11/Aug/2026:23:15:06 -0400] "GET /2026/07/15/casino-rambla-just-oliveras/ HTTP/1.1" 200 47022 "http://casavalle.vsptdigital.cl" "Mozilla/5.0 AppleWebKit/537.36 (KHTML, like Gecko; compatible; GPTBot/1.4; +https://openai.com/gptbot)"
185.191.171.6 - - [11/Aug/2026:23:15:46 -0400] "GET /2026/01/30/juega-gratis-a-fantastic-fruit-en-modo-demo/ HTTP/1.1" 200 47987 "-" "Mozilla/5.0 (compatible; SemrushBot/7~bl; +http://www.semrush.com/bot.html)"
74.7.227.147 - - [11/Aug/2026:23:16:10 -0400] "GET /2026/07/15/ciudad-con-mas-casinos-del-mundo/ HTTP/1.1" 200 46392 "http://casavalle.vsptdigital.cl" "Mozilla/5.0 AppleWebKit/537.36 (KHTML, like Gecko; compatible; GPTBot/1.4; +https://openai.com/gptbot)"
185.191.171.17 - - [11/Aug/2026:23:16:28 -0400] "GET /2026/07/15/casino-primitivo-albacete/ HTTP/1.1" 200 47298 "-" "Mozilla/5.0 (compatible; SemrushBot/7~bl; +http://www.semrush.com/bot.html)"
185.191.171.16 - - [11/Aug/2026:23:17:10 -0400] "GET /2026/01/30/trucos-para-ganar-en-casino-bingo/ HTTP/1.1" 200 47138 "-" "Mozilla/5.0 (compatible; SemrushBot/7~bl; +http://www.semrush.com/bot.html)"
74.7.227.147 - - [11/Aug/2026:23:17:13 -0400] "GET /2026/07/15/jugar-cleopatra-plus-gratis/ HTTP/1.1" 200 47149 "http://casavalle.vsptdigital.cl" "Mozilla/5.0 AppleWebKit/537.36 (KHTML, like Gecko; compatible; GPTBot/1.4; +https://openai.com/gptbot)"
85.208.96.202 - - [11/Aug/2026:23:17:57 -0400] "GET /2026/01/30/gomblingo-casino-no-deposit-bonus/ HTTP/1.1" 200 46825 "-" "Mozilla/5.0 (compatible; SemrushBot/7~bl; +http://www.semrush.com/bot.html)"
74.7.227.147 - - [11/Aug/2026:23:18:15 -0400] "GET /2026/07/15/ganador-de-la-ruleta-hoy/ HTTP/1.1" 200 46556 "http://casavalle.vsptdigital.cl" "Mozilla/5.0 AppleWebKit/537.36 (KHTML, like Gecko; compatible; GPTBot/1.4; +https://openai.com/gptbot)"
185.191.171.13 - - [11/Aug/2026:23:18:38 -0400] "GET /2026/01/30/casinos-bonitos-en-guadalajara/ HTTP/1.1" 200 47001 "-" "Mozilla/5.0 (compatible; SemrushBot/7~bl; +http://www.semrush.com/bot.html)"
157.10.198.102 - - [11/Aug/2026:23:19:44 -0400] "GET /wp-login.php HTTP/1.1" 302 - "-" "Mozilla/5.0 (Windows NT 10.0; Win64; x64) AppleWebKit/537.36 (KHTML, like Gecko) Chrome/133.0.0.0 Safari/537.36"
157.10.198.102 - - [11/Aug/2026:23:19:45 -0400] "GET /wp-login.php HTTP/1.1" 302 - "https://casavalle.vsptdigital.cl/wp-login.php" "Mozilla/5.0 (Windows NT 10.0; Win64; x64) AppleWebKit/537.36 (KHTML, like Gecko) Chrome/133.0.0.0 Safari/537.36"
157.10.198.102 - - [11/Aug/2026:23:19:46 -0400] "GET /wp-login.php HTTP/1.1" 302 - "https://casavalle.vsptdigital.cl/wp-login.php" "Mozilla/5.0 (Windows NT 10.0; Win64; x64) AppleWebKit/537.36 (KHTML, like Gecko) Chrome/133.0.0.0 Safari/537.36"
157.10.198.102 - - [11/Aug/2026:23:19:46 -0400] "GET /wp-login.php HTTP/1.1" 302 - "https://casavalle.vsptdigital.cl/wp-login.php" "Mozilla/5.0 (Windows NT 10.0; Win64; x64) AppleWebKit/537.36 (KHTML, like Gecko) Chrome/133.0.0.0 Safari/537.36"
157.10.198.102 - - [11/Aug/2026:23:19:47 -0400] "GET /wp-login.php HTTP/1.1" 302 - "https://casavalle.vsptdigital.cl/wp-login.php" "Mozilla/5.0 (Windows NT 10.0; Win64; x64) AppleWebKit/537.36 (KHTML, like Gecko) Chrome/133.0.0.0 Safari/537.36"
157.10.198.102 - - [11/Aug/2026:23:19:48 -0400] "GET /wp-login.php HTTP/1.1" 302 - "https://casavalle.vsptdigital.cl/wp-login.php" "Mozilla/5.0 (Windows NT 10.0; Win64; x64) AppleWebKit/537.36 (KHTML, like Gecko) Chrome/133.0.0.0 Safari/537.36"
157.10.198.102 - - [11/Aug/2026:23:19:48 -0400] "GET /wp-login.php HTTP/1.1" 302 - "https://casavalle.vsptdigital.cl/wp-login.php" "Mozilla/5.0 (Windows NT 10.0; Win64; x64) AppleWebKit/537.36 (KHTML, like Gecko) Chrome/133.0.0.0 Safari/537.36"
157.10.198.102 - - [11/Aug/2026:23:19:50 -0400] "GET /wp-json/wp/v2/users/me HTTP/1.1" 401 88 "-" "Mozilla/5.0 (Windows NT 10.0; Win64; x64) AppleWebKit/537.36 (KHTML, like Gecko) Chrome/133.0.0.0 Safari/537.36"
74.7.227.147 - - [11/Aug/2026:23:19:17 -0400] "GET /2026/07/15/casino-online-sin-depositar/ HTTP/1.1" 200 47416 "http://casavalle.vsptdigital.cl" "Mozilla/5.0 AppleWebKit/537.36 (KHTML, like Gecko; compatible; GPTBot/1.4; +https://openai.com/gptbot)"
185.191.171.15 - - [11/Aug/2026:23:19:20 -0400] "GET /2026/01/30/juega-gratis-a-gold-lab-en-modo-demo/ HTTP/1.1" 200 46865 "-" "Mozilla/5.0 (compatible; SemrushBot/7~bl; +http://www.semrush.com/bot.html)"
85.208.96.200 - - [11/Aug/2026:23:20:06 -0400] "GET /2026/01/30/ruleta-europea/ HTTP/1.1" 200 46547 "-" "Mozilla/5.0 (compatible; SemrushBot/7~bl; +http://www.semrush.com/bot.html)"
185.191.171.14 - - [11/Aug/2026:23:20:54 -0400] "GET /robots.txt HTTP/1.1" 200 148 "-" "Mozilla/5.0 (compatible; SemrushBot/7~bl; +http://www.semrush.com/bot.html)"
74.7.227.147 - - [11/Aug/2026:23:20:24 -0400] "GET /2026/07/15/retiro-en-casino-con-bitcoin/ HTTP/1.1" 200 46965 "http://casavalle.vsptdigital.cl" "Mozilla/5.0 AppleWebKit/537.36 (KHTML, like Gecko; compatible; GPTBot/1.4; +https://openai.com/gptbot)"
185.191.171.15 - - [11/Aug/2026:23:20:49 -0400] "GET /2026/07/15/jugar-gratis-a-las-tragamonedas-sin-descarga/ HTTP/1.1" 200 46819 "-" "Mozilla/5.0 (compatible; SemrushBot/7~bl; +http://www.semrush.com/bot.html)"
74.7.227.147 - - [11/Aug/2026:23:21:29 -0400] "GET /2026/07/15/ganar-maquinas-tragaperras/ HTTP/1.1" 200 46503 "http://casavalle.vsptdigital.cl" "Mozilla/5.0 AppleWebKit/537.36 (KHTML, like Gecko; compatible; GPTBot/1.4; +https://openai.com/gptbot)"
85.208.96.204 - - [11/Aug/2026:23:21:36 -0400] "GET /2026/07/15/como-jugar-tragamonedas-online/ HTTP/1.1" 200 47209 "-" "Mozilla/5.0 (compatible; SemrushBot/7~bl; +http://www.semrush.com/bot.html)"
185.191.171.15 - - [11/Aug/2026:23:22:18 -0400] "GET /2026/01/30/tonybet-casino-codigo-promocional-y-bonus-code/ HTTP/1.1" 200 47525 "-" "Mozilla/5.0 (compatible; SemrushBot/7~bl; +http://www.semrush.com/bot.html)"
74.7.227.147 - - [11/Aug/2026:23:22:31 -0400] "GET /2026/07/15/machance-casino-es-2026-review/ HTTP/1.1" 200 46993 "http://casavalle.vsptdigital.cl" "Mozilla/5.0 AppleWebKit/537.36 (KHTML, like Gecko; compatible; GPTBot/1.4; +https://openai.com/gptbot)"
116.202.22.202 - - [11/Aug/2026:23:23:29 -0400] "GET /wp-login.php HTTP/1.1" 301 - "-" "Mozilla/5.0 (Windows NT 10.0; Win64; x64) AppleWebKit/537.36 (KHTML, like Gecko) Chrome/133.0.0.0 Safari/537.36"
116.202.22.202 - - [11/Aug/2026:23:23:30 -0400] "GET /wp-login.php HTTP/1.1" 302 - "https://www.casavalle.vsptdigital.cl/wp-login.php" "Mozilla/5.0 (Windows NT 10.0; Win64; x64) AppleWebKit/537.36 (KHTML, like Gecko) Chrome/133.0.0.0 Safari/537.36"
212.47.252.170 - - [11/Aug/2026:23:23:31 -0400] "GET /robots.txt HTTP/1.1" 200 148 "-" "Python/3.14 aiohttp/3.14.1"
116.202.22.202 - - [11/Aug/2026:23:23:31 -0400] "GET /wp-login.php HTTP/1.1" 302 - "https://www.casavalle.vsptdigital.cl/wp-login.php" "Mozilla/5.0 (Windows NT 10.0; Win64; x64) AppleWebKit/537.36 (KHTML, like Gecko) Chrome/133.0.0.0 Safari/537.36"
116.202.22.202 - - [11/Aug/2026:23:23:31 -0400] "GET /wp-login.php HTTP/1.1" 302 - "https://www.casavalle.vsptdigital.cl/wp-login.php" "Mozilla/5.0 (Windows NT 10.0; Win64; x64) AppleWebKit/537.36 (KHTML, like Gecko) Chrome/133.0.0.0 Safari/537.36"
212.47.252.170 - - [11/Aug/2026:23:23:31 -0400] "GET / HTTP/1.1" 200 67650 "-" "Python/3.14 aiohttp/3.14.1"
116.202.22.202 - - [11/Aug/2026:23:23:32 -0400] "GET /wp-login.php HTTP/1.1" 302 - "https://www.casavalle.vsptdigital.cl/wp-login.php" "Mozilla/5.0 (Windows NT 10.0; Win64; x64) AppleWebKit/537.36 (KHTML, like Gecko) Chrome/133.0.0.0 Safari/537.36"
116.202.22.202 - - [11/Aug/2026:23:23:32 -0400] "GET /wp-login.php HTTP/1.1" 302 - "https://www.casavalle.vsptdigital.cl/wp-login.php" "Mozilla/5.0 (Windows NT 10.0; Win64; x64) AppleWebKit/537.36 (KHTML, like Gecko) Chrome/133.0.0.0 Safari/537.36"
116.202.22.202 - - [11/Aug/2026:23:23:33 -0400] "GET /wp-login.php HTTP/1.1" 302 - "https://www.casavalle.vsptdigital.cl/wp-login.php" "Mozilla/5.0 (Windows NT 10.0; Win64; x64) AppleWebKit/537.36 (KHTML, like Gecko) Chrome/133.0.0.0 Safari/537.36"
116.202.22.202 - - [11/Aug/2026:23:23:33 -0400] "GET /wp-login.php HTTP/1.1" 302 - "https://www.casavalle.vsptdigital.cl/wp-login.php" "Mozilla/5.0 (Windows NT 10.0; Win64; x64) AppleWebKit/537.36 (KHTML, like Gecko) Chrome/133.0.0.0 Safari/537.36"
116.202.22.202 - - [11/Aug/2026:23:23:34 -0400] "GET /wp-login.php HTTP/1.1" 302 - "https://www.casavalle.vsptdigital.cl/wp-login.php" "Mozilla/5.0 (Windows NT 10.0; Win64; x64) AppleWebKit/537.36 (KHTML, like Gecko) Chrome/133.0.0.0 Safari/537.36"
116.202.22.202 - - [11/Aug/2026:23:23:34 -0400] "GET /wp-login.php HTTP/1.1" 302 - "https://www.casavalle.vsptdigital.cl/wp-login.php" "Mozilla/5.0 (Windows NT 10.0; Win64; x64) AppleWebKit/537.36 (KHTML, like Gecko) Chrome/133.0.0.0 Safari/537.36"
116.202.22.202 - - [11/Aug/2026:23:23:35 -0400] "GET /wp-json/wp/v2/users/me HTTP/1.1" 401 88 "-" "Mozilla/5.0 (Windows NT 10.0; Win64; x64) AppleWebKit/537.36 (KHTML, like Gecko) Chrome/133.0.0.0 Safari/537.36"
185.191.171.13 - - [11/Aug/2026:23:23:01 -0400] "GET /2026/01/30/jugar-harley-davidson-freedom-tour-gratis/ HTTP/1.1" 200 47172 "-" "Mozilla/5.0 (compatible; SemrushBot/7~bl; +http://www.semrush.com/bot.html)"
74.7.227.147 - - [11/Aug/2026:23:23:34 -0400] "GET /2026/07/15/ruleta-gratis-la-mejor/ HTTP/1.1" 200 46914 "http://casavalle.vsptdigital.cl" "Mozilla/5.0 AppleWebKit/537.36 (KHTML, like Gecko; compatible; GPTBot/1.4; +https://openai.com/gptbot)"
185.191.171.12 - - [11/Aug/2026:23:23:44 -0400] "GET /2026/01/30/juegos-de-casino-maquinitas-tragamonedas/ HTTP/1.1" 200 47317 "-" "Mozilla/5.0 (compatible; SemrushBot/7~bl; +http://www.semrush.com/bot.html)"
185.191.171.2 - - [11/Aug/2026:23:24:26 -0400] "GET /2026/01/30/trucos-para-la-ruleta-europea/ HTTP/1.1" 200 46862 "-" "Mozilla/5.0 (compatible; SemrushBot/7~bl; +http://www.semrush.com/bot.html)"
74.7.227.147 - - [11/Aug/2026:23:24:39 -0400] "GET /2026/07/15/juego-gratis-la-ruleta/ HTTP/1.1" 200 46285 "http://casavalle.vsptdigital.cl" "Mozilla/5.0 AppleWebKit/537.36 (KHTML, like Gecko; compatible; GPTBot/1.4; +https://openai.com/gptbot)"
85.208.96.199 - - [11/Aug/2026:23:25:08 -0400] "GET /2026/01/30/tragamonedas-para-descargar/ HTTP/1.1" 200 45702 "-" "Mozilla/5.0 (compatible; SemrushBot/7~bl; +http://www.semrush.com/bot.html)"
85.208.96.211 - - [11/Aug/2026:23:25:50 -0400] "GET /2026/01/30/mejores-casinos-online-en-chile/ HTTP/1.1" 200 45850 "-" "Mozilla/5.0 (compatible; SemrushBot/7~bl; +http://www.semrush.com/bot.html)"
74.7.227.147 - - [11/Aug/2026:23:25:45 -0400] "GET /2026/07/15/ruleta-de-apuestas-online/ HTTP/1.1" 200 46644 "http://casavalle.vsptdigital.cl" "Mozilla/5.0 AppleWebKit/537.36 (KHTML, like Gecko; compatible; GPTBot/1.4; +https://openai.com/gptbot)"
85.208.96.205 - - [11/Aug/2026:23:26:31 -0400] "GET /2026/01/30/juegos-gratis-tragamonedas-sin-descargar-ni-registrarse/ HTTP/1.1" 200 45917 "-" "Mozilla/5.0 (compatible; SemrushBot/7~bl; +http://www.semrush.com/bot.html)"
74.7.227.147 - - [11/Aug/2026:23:26:46 -0400] "GET /2026/07/15/blackjack-juegos-de-cartas/ HTTP/1.1" 200 46884 "http://casavalle.vsptdigital.cl" "Mozilla/5.0 AppleWebKit/537.36 (KHTML, like Gecko; compatible; GPTBot/1.4; +https://openai.com/gptbot)"
185.191.171.10 - - [11/Aug/2026:23:27:13 -0400] "GET /2026/01/30/maquinitas-tragamonedas-gratis-online/ HTTP/1.1" 200 46929 "-" "Mozilla/5.0 (compatible; SemrushBot/7~bl; +http://www.semrush.com/bot.html)"
200.10.35.66 - - [11/Aug/2026:23:28:15 -0400] "GET /2026/06/25/deutschs-mobiles-casino-2026/ HTTP/1.1" 200 46037 "https://casavalle.vsptdigital.cl/" "Mozilla/5.0 (Macintosh; Intel Mac OS X 10_15_7) AppleWebKit/537.36 (KHTML, like Gecko) Chrome/129.0.0.0 Safari/537.36"
200.10.35.66 - - [11/Aug/2026:23:28:20 -0400] "GET /2026/06/25/deutschs-mobiles-casino-2026/ HTTP/1.1" 200 46037 "https://casavalle.vsptdigital.cl/2026/06/25/deutschs-mobiles-casino-2026/" "Mozilla/5.0 (Macintosh; Intel Mac OS X 10_15_7) AppleWebKit/537.36 (KHTML, like Gecko) Chrome/129.0.0.0 Safari/537.36"
129.121.103.155 - - [11/Aug/2026:23:28:23 -0400] "GET /wp-login.php HTTP/1.1" 302 - "-" "Mozilla/5.0 (Windows NT 10.0; Win64; x64) AppleWebKit/537.36 (KHTML, like Gecko) Chrome/133.0.0.0 Safari/537.36"
129.121.103.155 - - [11/Aug/2026:23:28:24 -0400] "GET /wp-login.php HTTP/1.1" 302 - "https://casavalle.vsptdigital.cl/wp-login.php" "Mozilla/5.0 (Windows NT 10.0; Win64; x64) AppleWebKit/537.36 (KHTML, like Gecko) Chrome/133.0.0.0 Safari/537.36"
129.121.103.155 - - [11/Aug/2026:23:28:24 -0400] "GET /wp-login.php HTTP/1.1" 302 - "https://casavalle.vsptdigital.cl/wp-login.php" "Mozilla/5.0 (Windows NT 10.0; Win64; x64) AppleWebKit/537.36 (KHTML, like Gecko) Chrome/133.0.0.0 Safari/537.36"
129.121.103.155 - - [11/Aug/2026:23:28:24 -0400] "GET /wp-login.php HTTP/1.1" 302 - "https://casavalle.vsptdigital.cl/wp-login.php" "Mozilla/5.0 (Windows NT 10.0; Win64; x64) AppleWebKit/537.36 (KHTML, like Gecko) Chrome/133.0.0.0 Safari/537.36"
129.121.103.155 - - [11/Aug/2026:23:28:25 -0400] "GET /wp-login.php HTTP/1.1" 302 - "https://casavalle.vsptdigital.cl/wp-login.php" "Mozilla/5.0 (Windows NT 10.0; Win64; x64) AppleWebKit/537.36 (KHTML, like Gecko) Chrome/133.0.0.0 Safari/537.36"
129.121.103.155 - - [11/Aug/2026:23:28:25 -0400] "GET /wp-login.php HTTP/1.1" 302 - "https://casavalle.vsptdigital.cl/wp-login.php" "Mozilla/5.0 (Windows NT 10.0; Win64; x64) AppleWebKit/537.36 (KHTML, like Gecko) Chrome/133.0.0.0 Safari/537.36"
129.121.103.155 - - [11/Aug/2026:23:28:25 -0400] "GET /wp-login.php HTTP/1.1" 302 - "https://casavalle.vsptdigital.cl/wp-login.php" "Mozilla/5.0 (Windows NT 10.0; Win64; x64) AppleWebKit/537.36 (KHTML, like Gecko) Chrome/133.0.0.0 Safari/537.36"
129.121.103.155 - - [11/Aug/2026:23:28:26 -0400] "GET /wp-login.php HTTP/1.1" 302 - "https://casavalle.vsptdigital.cl/wp-login.php" "Mozilla/5.0 (Windows NT 10.0; Win64; x64) AppleWebKit/537.36 (KHTML, like Gecko) Chrome/133.0.0.0 Safari/537.36"
129.121.103.155 - - [11/Aug/2026:23:28:26 -0400] "GET /wp-login.php HTTP/1.1" 302 - "https://casavalle.vsptdigital.cl/wp-login.php" "Mozilla/5.0 (Windows NT 10.0; Win64; x64) AppleWebKit/537.36 (KHTML, like Gecko) Chrome/133.0.0.0 Safari/537.36"
129.121.103.155 - - [11/Aug/2026:23:28:26 -0400] "GET /wp-login.php HTTP/1.1" 302 - "https://casavalle.vsptdigital.cl/wp-login.php" "Mozilla/5.0 (Windows NT 10.0; Win64; x64) AppleWebKit/537.36 (KHTML, like Gecko) Chrome/133.0.0.0 Safari/537.36"
85.208.96.206 - - [11/Aug/2026:23:27:55 -0400] "GET /2026/01/30/juegos-casino-slot/ HTTP/1.1" 200 46272 "-" "Mozilla/5.0 (compatible; SemrushBot/7~bl; +http://www.semrush.com/bot.html)"
74.7.227.147 - - [11/Aug/2026:23:27:52 -0400] "GET /2026/07/15/juego-de-ruleta-descargar/ HTTP/1.1" 200 46679 "http://casavalle.vsptdigital.cl" "Mozilla/5.0 AppleWebKit/537.36 (KHTML, like Gecko; compatible; GPTBot/1.4; +https://openai.com/gptbot)"
85.208.96.206 - - [11/Aug/2026:23:28:42 -0400] "GET /2026/01/30/cu%C3%A1l-es-la-mejor-hora-para-jugar-en-el-casino/ HTTP/1.1" 200 45965 "-" "Mozilla/5.0 (compatible; SemrushBot/7~bl; +http://www.semrush.com/bot.html)"
74.7.227.147 - - [11/Aug/2026:23:28:55 -0400] "GET /2026/07/15/gente-jugando-en-los-casinos/ HTTP/1.1" 200 46498 "http://casavalle.vsptdigital.cl" "Mozilla/5.0 AppleWebKit/537.36 (KHTML, like Gecko; compatible; GPTBot/1.4; +https://openai.com/gptbot)"
185.191.171.10 - - [11/Aug/2026:23:29:23 -0400] "GET /2026/01/30/casino-con-bonus-gratis-sin-deposito/ HTTP/1.1" 200 46705 "-" "Mozilla/5.0 (compatible; SemrushBot/7~bl; +http://www.semrush.com/bot.html)"
74.7.227.147 - - [11/Aug/2026:23:29:55 -0400] "GET /2026/07/15/como-ser-croupier-de-casino/ HTTP/1.1" 200 46255 "http://casavalle.vsptdigital.cl" "Mozilla/5.0 AppleWebKit/537.36 (KHTML, like Gecko; compatible; GPTBot/1.4; +https://openai.com/gptbot)"
85.208.96.204 - - [11/Aug/2026:23:30:10 -0400] "GET /2026/01/30/casinos-europeos-online/ HTTP/1.1" 200 46793 "-" "Mozilla/5.0 (compatible; SemrushBot/7~bl; +http://www.semrush.com/bot.html)"
85.208.96.200 - - [11/Aug/2026:23:30:51 -0400] "GET /2026/01/30/apuesta-en-casino/ HTTP/1.1" 200 46644 "-" "Mozilla/5.0 (compatible; SemrushBot/7~bl; +http://www.semrush.com/bot.html)"
74.7.227.147 - - [11/Aug/2026:23:30:59 -0400] "GET /2026/07/15/casino-online-regala-20-euros-gratis/ HTTP/1.1" 200 47160 "http://casavalle.vsptdigital.cl" "Mozilla/5.0 AppleWebKit/537.36 (KHTML, like Gecko; compatible; GPTBot/1.4; +https://openai.com/gptbot)"
185.191.171.19 - - [11/Aug/2026:23:31:38 -0400] "GET /2026/01/30/mejores-casinos-online-con-tether/ HTTP/1.1" 200 46177 "-" "Mozilla/5.0 (compatible; SemrushBot/7~bl; +http://www.semrush.com/bot.html)"
74.7.227.147 - - [11/Aug/2026:23:32:04 -0400] "GET /2026/07/15/tragamonedas-de-palermo/ HTTP/1.1" 200 46772 "http://casavalle.vsptdigital.cl" "Mozilla/5.0 AppleWebKit/537.36 (KHTML, like Gecko; compatible; GPTBot/1.4; +https://openai.com/gptbot)"
185.191.171.11 - - [11/Aug/2026:23:32:21 -0400] "GET /2026/01/30/como-jugar-al-royal-panda-casino/ HTTP/1.1" 200 46630 "-" "Mozilla/5.0 (compatible; SemrushBot/7~bl; +http://www.semrush.com/bot.html)"
185.191.171.2 - - [11/Aug/2026:23:33:03 -0400] "GET /2026/06/25/was-sind-die-prozentsatze-der-slots-auszahlungen-im-jahr-2026/ HTTP/1.1" 200 46200 "-" "Mozilla/5.0 (compatible; SemrushBot/7~bl; +http://www.semrush.com/bot.html)"
74.7.227.147 - - [11/Aug/2026:23:33:04 -0400] "GET /2026/07/15/como-paga-la-ruleta/ HTTP/1.1" 200 46769 "http://casavalle.vsptdigital.cl" "Mozilla/5.0 AppleWebKit/537.36 (KHTML, like Gecko; compatible; GPTBot/1.4; +https://openai.com/gptbot)"
185.191.171.7 - - [11/Aug/2026:23:33:05 -0400] "GET /2026/01/30/juego-de-cripto-casino/ HTTP/1.1" 200 47151 "-" "Mozilla/5.0 (compatible; SemrushBot/7~bl; +http://www.semrush.com/bot.html)"
85.208.96.198 - - [11/Aug/2026:23:33:51 -0400] "GET /2026/01/30/sitios-de-juego-an%C3%B3nimos-con-cripto/ HTTP/1.1" 200 46491 "-" "Mozilla/5.0 (compatible; SemrushBot/7~bl; +http://www.semrush.com/bot.html)"
74.7.227.147 - - [11/Aug/2026:23:34:06 -0400] "GET /2026/07/15/casino-nuevos-ministerios/ HTTP/1.1" 200 46219 "http://casavalle.vsptdigital.cl" "Mozilla/5.0 AppleWebKit/537.36 (KHTML, like Gecko; compatible; GPTBot/1.4; +https://openai.com/gptbot)"
188.126.89.86 - - [11/Aug/2026:23:35:09 -0400] "GET /2026/05/14/wie-spielt-man-im-jahr-2026-in-den-spielbanken-um-echtgeld/ HTTP/1.1" 200 46081 "https://casavalle.vsptdigital.cl/" "Mozilla/5.0 (Macintosh; Intel Mac OS X 10_15_7) AppleWebKit/537.36 (KHTML, like Gecko) obsidian/1.8.9 Chrome/132.0.6834.210 Electron/34.3.0 Safari/537.36"
185.191.171.7 - - [11/Aug/2026:23:34:33 -0400] "GET /2026/01/30/descargar-juego-de-maquinas-tragamonedas-gratis-para-pc/ HTTP/1.1" 200 47228 "-" "Mozilla/5.0 (compatible; SemrushBot/7~bl; +http://www.semrush.com/bot.html)"
74.7.227.147 - - [11/Aug/2026:23:35:07 -0400] "GET /2026/07/15/como-se-gana-en-los-casinos/ HTTP/1.1" 200 47160 "http://casavalle.vsptdigital.cl" "Mozilla/5.0 AppleWebKit/537.36 (KHTML, like Gecko; compatible; GPTBot/1.4; +https://openai.com/gptbot)"
85.208.96.205 - - [11/Aug/2026:23:35:14 -0400] "GET /2026/01/30/casinos-en-peten-guatemala/ HTTP/1.1" 200 46100 "-" "Mozilla/5.0 (compatible; SemrushBot/7~bl; +http://www.semrush.com/bot.html)"
185.191.171.5 - - [11/Aug/2026:23:36:02 -0400] "GET /2026/01/30/777-suerte-casino-online/ HTTP/1.1" 200 47401 "-" "Mozilla/5.0 (compatible; SemrushBot/7~bl; +http://www.semrush.com/bot.html)"
85.208.96.212 - - [11/Aug/2026:23:36:06 -0400] "GET /2026/01/30/como-hacer-para-ganar-en-el-casino/ HTTP/1.1" 200 46745 "-" "Mozilla/5.0 (compatible; SemrushBot/7~bl; +http://www.semrush.com/bot.html)"
74.7.227.147 - - [11/Aug/2026:23:36:08 -0400] "GET /2026/07/15/casino-barcelona-android/ HTTP/1.1" 200 46797 "http://casavalle.vsptdigital.cl" "Mozilla/5.0 AppleWebKit/537.36 (KHTML, like Gecko; compatible; GPTBot/1.4; +https://openai.com/gptbot)"
85.208.96.195 - - [11/Aug/2026:23:36:08 -0400] "GET /2026/07/15/casino-puerto-olimpico-barcelona/ HTTP/1.1" 200 46611 "-" "Mozilla/5.0 (compatible; SemrushBot/7~bl; +http://www.semrush.com/bot.html)"
85.208.96.206 - - [11/Aug/2026:23:36:11 -0400] "GET /2026/01/30/casino-en-san-sebastian/ HTTP/1.1" 200 47812 "-" "Mozilla/5.0 (compatible; SemrushBot/7~bl; +http://www.semrush.com/bot.html)"
108.167.161.33 - - [11/Aug/2026:23:36:45 -0400] "GET /wp-login.php HTTP/1.1" 301 - "-" "Mozilla/5.0 (Windows NT 10.0; Win64; x64) AppleWebKit/537.36 (KHTML, like Gecko) Chrome/133.0.0.0 Safari/537.36"
108.167.161.33 - - [11/Aug/2026:23:36:46 -0400] "GET /wp-login.php HTTP/1.1" 302 - "https://www.casavalle.vsptdigital.cl/wp-login.php" "Mozilla/5.0 (Windows NT 10.0; Win64; x64) AppleWebKit/537.36 (KHTML, like Gecko) Chrome/133.0.0.0 Safari/537.36"
108.167.161.33 - - [11/Aug/2026:23:36:46 -0400] "GET /wp-login.php HTTP/1.1" 302 - "https://www.casavalle.vsptdigital.cl/wp-login.php" "Mozilla/5.0 (Windows NT 10.0; Win64; x64) AppleWebKit/537.36 (KHTML, like Gecko) Chrome/133.0.0.0 Safari/537.36"
108.167.161.33 - - [11/Aug/2026:23:36:47 -0400] "GET /wp-login.php HTTP/1.1" 302 - "https://www.casavalle.vsptdigital.cl/wp-login.php" "Mozilla/5.0 (Windows NT 10.0; Win64; x64) AppleWebKit/537.36 (KHTML, like Gecko) Chrome/133.0.0.0 Safari/537.36"
108.167.161.33 - - [11/Aug/2026:23:36:47 -0400] "GET /wp-login.php HTTP/1.1" 302 - "https://www.casavalle.vsptdigital.cl/wp-login.php" "Mozilla/5.0 (Windows NT 10.0; Win64; x64) AppleWebKit/537.36 (KHTML, like Gecko) Chrome/133.0.0.0 Safari/537.36"
108.167.161.33 - - [11/Aug/2026:23:36:48 -0400] "GET /wp-login.php HTTP/1.1" 302 - "https://www.casavalle.vsptdigital.cl/wp-login.php" "Mozilla/5.0 (Windows NT 10.0; Win64; x64) AppleWebKit/537.36 (KHTML, like Gecko) Chrome/133.0.0.0 Safari/537.36"
108.167.161.33 - - [11/Aug/2026:23:36:48 -0400] "GET /wp-login.php HTTP/1.1" 302 - "https://www.casavalle.vsptdigital.cl/wp-login.php" "Mozilla/5.0 (Windows NT 10.0; Win64; x64) AppleWebKit/537.36 (KHTML, like Gecko) Chrome/133.0.0.0 Safari/537.36"
108.167.161.33 - - [11/Aug/2026:23:36:48 -0400] "GET /wp-login.php HTTP/1.1" 302 - "https://www.casavalle.vsptdigital.cl/wp-login.php" "Mozilla/5.0 (Windows NT 10.0; Win64; x64) AppleWebKit/537.36 (KHTML, like Gecko) Chrome/133.0.0.0 Safari/537.36"
108.167.161.33 - - [11/Aug/2026:23:36:49 -0400] "GET /wp-login.php HTTP/1.1" 302 - "https://www.casavalle.vsptdigital.cl/wp-login.php" "Mozilla/5.0 (Windows NT 10.0; Win64; x64) AppleWebKit/537.36 (KHTML, like Gecko) Chrome/133.0.0.0 Safari/537.36"
108.167.161.33 - - [11/Aug/2026:23:36:49 -0400] "GET /wp-login.php HTTP/1.1" 302 - "https://www.casavalle.vsptdigital.cl/wp-login.php" "Mozilla/5.0 (Windows NT 10.0; Win64; x64) AppleWebKit/537.36 (KHTML, like Gecko) Chrome/133.0.0.0 Safari/537.36"
108.167.161.33 - - [11/Aug/2026:23:36:50 -0400] "GET /wp-json/wp/v2/users/me HTTP/1.1" 401 88 "-" "Mozilla/5.0 (Windows NT 10.0; Win64; x64) AppleWebKit/537.36 (KHTML, like Gecko) Chrome/133.0.0.0 Safari/537.36"
185.191.171.6 - - [11/Aug/2026:23:36:13 -0400] "GET /2026/01/30/como-jugar-al-blackjack-reglas/ HTTP/1.1" 200 46356 "-" "Mozilla/5.0 (compatible; SemrushBot/7~bl; +http://www.semrush.com/bot.html)"
185.191.171.5 - - [11/Aug/2026:23:37:00 -0400] "GET /2026/01/30/entrada-a-casino/ HTTP/1.1" 200 46799 "-" "Mozilla/5.0 (compatible; SemrushBot/7~bl; +http://www.semrush.com/bot.html)"
74.7.227.147 - - [11/Aug/2026:23:37:13 -0400] "GET /2026/07/15/ruletas-de-casinos/ HTTP/1.1" 200 46424 "http://casavalle.vsptdigital.cl" "Mozilla/5.0 AppleWebKit/537.36 (KHTML, like Gecko; compatible; GPTBot/1.4; +https://openai.com/gptbot)"
102.165.55.157 - - [11/Aug/2026:23:37:59 -0400] "GET /2026/07/26/logiciel-d-aide-a-la-roulette-pour-ios-en-2026/ HTTP/1.1" 200 47273 "https://casavalle.vsptdigital.cl/" "Mozilla/5.0 (Macintosh; Intel Mac OS X 10_15_7) AppleWebKit/605.1.15 (KHTML, like Gecko) Version/26.5 Safari/605.1.15"
