47.251.24.105 - - [11/Aug/2026:14:56:14 -0400] "GET /wp-content/plugins/contact-form-7/includes/swv/js/index.js?ver=6.0.1 HTTP/1.1" 200 12512 "https://casavalle.vsptdigital.cl/" "Mozilla/5.0 (Macintosh; Intel Mac OS X 10_15_7) AppleWebKit/537.36 (KHTML, like Gecko) Chrome/114.0.0.0 Safari/537.36"
47.251.24.105 - - [11/Aug/2026:14:56:14 -0400] "GET /wp-content/plugins/elementor/assets/js/frontend.min.js?ver=3.25.11 HTTP/1.1" 200 44127 "https://casavalle.vsptdigital.cl/" "Mozilla/5.0 (Macintosh; Intel Mac OS X 10_15_7) AppleWebKit/537.36 (KHTML, like Gecko) Chrome/114.0.0.0 Safari/537.36"
47.251.24.105 - - [11/Aug/2026:14:56:14 -0400] "GET /wp-content/plugins/elementor/assets/js/frontend-modules.min.js?ver=3.25.11 HTTP/1.1" 200 54824 "https://casavalle.vsptdigital.cl/" "Mozilla/5.0 (Macintosh; Intel Mac OS X 10_15_7) AppleWebKit/537.36 (KHTML, like Gecko) Chrome/114.0.0.0 Safari/537.36"
47.251.24.105 - - [11/Aug/2026:14:56:14 -0400] "GET /wp-content/plugins/elementor-pro/assets/js/webpack-pro.runtime.min.js?ver=3.7.1 HTTP/1.1" 200 5161 "https://casavalle.vsptdigital.cl/" "Mozilla/5.0 (Macintosh; Intel Mac OS X 10_15_7) AppleWebKit/537.36 (KHTML, like Gecko) Chrome/114.0.0.0 Safari/537.36"
47.251.24.105 - - [11/Aug/2026:14:56:14 -0400] "GET /wp-content/uploads/pum/pum-site-scripts.js?defer&generated=1734010667&ver=1.20.3 HTTP/1.1" 200 69890 "https://casavalle.vsptdigital.cl/" "Mozilla/5.0 (Macintosh; Intel Mac OS X 10_15_7) AppleWebKit/537.36 (KHTML, like Gecko) Chrome/114.0.0.0 Safari/537.36"
47.251.24.105 - - [11/Aug/2026:14:56:14 -0400] "GET /wp-content/plugins/elementor-pro/assets/js/frontend.min.js?ver=3.7.1 HTTP/1.1" 200 21034 "https://casavalle.vsptdigital.cl/" "Mozilla/5.0 (Macintosh; Intel Mac OS X 10_15_7) AppleWebKit/537.36 (KHTML, like Gecko) Chrome/114.0.0.0 Safari/537.36"
47.251.24.105 - - [11/Aug/2026:14:56:14 -0400] "GET /wp-content/plugins/elementor/assets/js/webpack.runtime.min.js?ver=3.25.11 HTTP/1.1" 200 5252 "https://casavalle.vsptdigital.cl/" "Mozilla/5.0 (Macintosh; Intel Mac OS X 10_15_7) AppleWebKit/537.36 (KHTML, like Gecko) Chrome/114.0.0.0 Safari/537.36"
47.251.24.105 - - [11/Aug/2026:14:56:14 -0400] "GET /wp-content/plugins/contact-form-7/includes/js/index.js?ver=6.0.1 HTTP/1.1" 200 13452 "https://casavalle.vsptdigital.cl/" "Mozilla/5.0 (Macintosh; Intel Mac OS X 10_15_7) AppleWebKit/537.36 (KHTML, like Gecko) Chrome/114.0.0.0 Safari/537.36"
47.251.24.105 - - [11/Aug/2026:14:56:14 -0400] "GET /wp-content/themes/hello-elementor/assets/js/hello-frontend.min.js?ver=3.1.1 HTTP/1.1" 200 2749 "https://casavalle.vsptdigital.cl/" "Mozilla/5.0 (Macintosh; Intel Mac OS X 10_15_7) AppleWebKit/537.36 (KHTML, like Gecko) Chrome/114.0.0.0 Safari/537.36"
47.251.24.105 - - [11/Aug/2026:14:56:14 -0400] "GET /wp-content/plugins/elementor-pro/assets/lib/sticky/jquery.sticky.min.js?ver=3.7.1 HTTP/1.1" 200 3236 "https://casavalle.vsptdigital.cl/" "Mozilla/5.0 (Macintosh; Intel Mac OS X 10_15_7) AppleWebKit/537.36 (KHTML, like Gecko) Chrome/114.0.0.0 Safari/537.36"
47.251.24.105 - - [11/Aug/2026:14:56:14 -0400] "GET /wp-content/plugins/elementor-pro/assets/js/preloaded-elements-handlers.min.js?ver=3.7.1 HTTP/1.1" 200 134833 "https://casavalle.vsptdigital.cl/" "Mozilla/5.0 (Macintosh; Intel Mac OS X 10_15_7) AppleWebKit/537.36 (KHTML, like Gecko) Chrome/114.0.0.0 Safari/537.36"
47.251.24.105 - - [11/Aug/2026:14:56:18 -0400] "GET /wp-content/plugins/elementor/assets/js/image-carousel.4455c6362492d9067512.bundle.min.js HTTP/1.1" 200 432 "https://casavalle.vsptdigital.cl/" "Mozilla/5.0 (Macintosh; Intel Mac OS X 10_15_7) AppleWebKit/537.36 (KHTML, like Gecko) Chrome/114.0.0.0 Safari/537.36"
47.251.24.105 - - [11/Aug/2026:14:56:18 -0400] "GET /wp-json/contact-form-7/v1/contact-forms/92/feedback/schema HTTP/1.1" 200 947 "https://casavalle.vsptdigital.cl/" "Mozilla/5.0 (Macintosh; Intel Mac OS X 10_15_7) AppleWebKit/537.36 (KHTML, like Gecko) Chrome/114.0.0.0 Safari/537.36"
47.251.90.48 - - [11/Aug/2026:14:56:22 -0400] "GET /wp-content/uploads/2022/05/cropped-logo_landing_-casa-valle-32x32.png HTTP/1.1" 200 728 "-" "Mozilla/5.0 (Macintosh; Intel Mac OS X 10_15_7) AppleWebKit/537.36 (KHTML, like Gecko) Chrome/120.0.0.0 Safari/537.36"
74.7.242.19 - - [11/Aug/2026:14:55:41 -0400] "GET /2026/07/15/rolling-slots-casino-codigo-promocional-y-bonus-code-2026/ HTTP/1.1" 200 47309 "http://casavalle.vsptdigital.cl" "Mozilla/5.0 AppleWebKit/537.36 (KHTML, like Gecko; compatible; GPTBot/1.4; +https://openai.com/gptbot)"
74.7.242.19 - - [11/Aug/2026:14:56:39 -0400] "GET /2026/07/15/jugar-ruleta-ethereum-online/ HTTP/1.1" 200 47076 "http://casavalle.vsptdigital.cl" "Mozilla/5.0 AppleWebKit/537.36 (KHTML, like Gecko; compatible; GPTBot/1.4; +https://openai.com/gptbot)"
79.127.184.23 - - [11/Aug/2026:14:57:30 -0400] "GET /2026/07/04/cual-es-el-mejor-casino-en-linea-de-espana/ HTTP/1.1" 200 46528 "https://casavalle.vsptdigital.cl/" "Mozilla/5.0 (Macintosh; Intel Mac OS X 10_15_7) AppleWebKit/605.1.15 (KHTML, like Gecko) Version/16.6 Safari/605.1.15"
79.127.184.23 - - [11/Aug/2026:14:57:33 -0400] "GET /2026/07/04/cual-es-el-mejor-casino-en-linea-de-espana/ HTTP/1.1" 200 46528 "https://casavalle.vsptdigital.cl/2026/07/04/cual-es-el-mejor-casino-en-linea-de-espana/" "Mozilla/5.0 (Macintosh; Intel Mac OS X 10_15_7) AppleWebKit/605.1.15 (KHTML, like Gecko) Version/16.6 Safari/605.1.15"
79.127.184.23 - - [11/Aug/2026:14:56:58 -0400] "GET /2026/07/04/cual-es-el-mejor-casino-en-linea-de-espana/ HTTP/1.1" 200 46528 "https://casavalle.vsptdigital.cl/" "Mozilla/5.0 (Macintosh; Intel Mac OS X 10_15_7) AppleWebKit/605.1.15 (KHTML, like Gecko) Version/16.6 Safari/605.1.15"
74.7.242.19 - - [11/Aug/2026:14:57:42 -0400] "GET /2026/07/15/tiradas-gratis-casino-online/ HTTP/1.1" 200 47442 "http://casavalle.vsptdigital.cl" "Mozilla/5.0 AppleWebKit/537.36 (KHTML, like Gecko; compatible; GPTBot/1.4; +https://openai.com/gptbot)"
74.7.242.19 - - [11/Aug/2026:14:58:45 -0400] "GET /2026/07/15/casino-online-lista-completa/ HTTP/1.1" 200 47261 "http://casavalle.vsptdigital.cl" "Mozilla/5.0 AppleWebKit/537.36 (KHTML, like Gecko; compatible; GPTBot/1.4; +https://openai.com/gptbot)"
74.7.242.19 - - [11/Aug/2026:14:59:48 -0400] "GET /2026/07/15/estrategias-para-blackjack/ HTTP/1.1" 200 46541 "http://casavalle.vsptdigital.cl" "Mozilla/5.0 AppleWebKit/537.36 (KHTML, like Gecko; compatible; GPTBot/1.4; +https://openai.com/gptbot)"
196.240.143.230 - - [11/Aug/2026:15:00:41 -0400] "GET /2026/07/26/como-ganar-con-casino-en-es-2026/ HTTP/1.1" 200 47012 "https://casavalle.vsptdigital.cl/" "Mozilla/5.0 (Windows NT 10.0; Win64; x64) AppleWebKit/537.36 (KHTML, like Gecko) Chrome/109.0.0.0 Safari/537.36"
196.240.143.230 - - [11/Aug/2026:15:01:33 -0400] "GET /wp-login.php?action=register HTTP/1.1" 404 40829 "https://casavalle.vsptdigital.cl/2026/07/26/como-ganar-con-casino-en-es-2026/" "Mozilla/5.0 (Windows NT 6.3; Win64; x64) AppleWebKit/537.36 (KHTML, like Gecko) Chrome/103.0.0.0 Safari/537.36"
196.240.143.230 - - [11/Aug/2026:15:01:34 -0400] "GET /wp-login.php?action=register HTTP/1.1" 404 40829 "https://casavalle.vsptdigital.cl/wp-login.php?action=register" "Mozilla/5.0 (Windows NT 6.3; Win64; x64) AppleWebKit/537.36 (KHTML, like Gecko) Chrome/103.0.0.0 Safari/537.36"
74.7.242.19 - - [11/Aug/2026:15:00:50 -0400] "GET /2026/07/15/juego-en-casino-con-ethereum/ HTTP/1.1" 200 47164 "http://casavalle.vsptdigital.cl" "Mozilla/5.0 AppleWebKit/537.36 (KHTML, like Gecko; compatible; GPTBot/1.4; +https://openai.com/gptbot)"
196.240.143.230 - - [11/Aug/2026:15:01:41 -0400] "GET /wp-content/plugins/contact-form-7/includes/css/styles.css?ver=6.0.1 HTTP/1.1" 200 2894 "https://casavalle.vsptdigital.cl/wp-login.php?action=register" "Mozilla/5.0 (Windows NT 10.0; Win64; x64) AppleWebKit/537.36 (KHTML, like Gecko) Chrome/149.0.0.0 Safari/537.36"
196.240.143.230 - - [11/Aug/2026:15:01:43 -0400] "GET /wp-content/themes/hello-elementor/style.min.css?ver=3.1.1 HTTP/1.1" 200 5501 "https://casavalle.vsptdigital.cl/wp-login.php?action=register" "Mozilla/5.0 (Windows NT 10.0; Win64; x64) AppleWebKit/537.36 (KHTML, like Gecko) Chrome/149.0.0.0 Safari/537.36"
196.240.143.230 - - [11/Aug/2026:15:01:44 -0400] "GET /wp-content/themes/hello-elementor/theme.min.css?ver=3.1.1 HTTP/1.1" 200 5146 "https://casavalle.vsptdigital.cl/wp-login.php?action=register" "Mozilla/5.0 (Windows NT 10.0; Win64; x64) AppleWebKit/537.36 (KHTML, like Gecko) Chrome/149.0.0.0 Safari/537.36"
196.240.143.230 - - [11/Aug/2026:15:01:45 -0400] "GET /wp-content/themes/hello-elementor/header-footer.min.css?ver=3.1.1 HTTP/1.1" 200 7212 "https://casavalle.vsptdigital.cl/wp-login.php?action=register" "Mozilla/5.0 (Windows NT 10.0; Win64; x64) AppleWebKit/537.36 (KHTML, like Gecko) Chrome/149.0.0.0 Safari/537.36"
74.7.242.19 - - [11/Aug/2026:15:01:47 -0400] "GET /2026/07/15/como-ganar-en-el-tragaperras/ HTTP/1.1" 200 47134 "http://casavalle.vsptdigital.cl" "Mozilla/5.0 AppleWebKit/537.36 (KHTML, like Gecko; compatible; GPTBot/1.4; +https://openai.com/gptbot)"
196.240.143.230 - - [11/Aug/2026:15:01:56 -0400] "GET /wp-content/plugins/elementor/assets/css/frontend.min.css?ver=3.25.11 HTTP/1.1" 200 60575 "https://casavalle.vsptdigital.cl/wp-login.php?action=register" "Mozilla/5.0 (Windows NT 10.0; Win64; x64) AppleWebKit/537.36 (KHTML, like Gecko) Chrome/149.0.0.0 Safari/537.36"
196.240.143.230 - - [11/Aug/2026:15:01:58 -0400] "GET /wp-content/uploads/elementor/css/post-5.css?ver=1734010644 HTTP/1.1" 200 1230 "https://casavalle.vsptdigital.cl/wp-login.php?action=register" "Mozilla/5.0 (Windows NT 10.0; Win64; x64) AppleWebKit/537.36 (KHTML, like Gecko) Chrome/149.0.0.0 Safari/537.36"
196.240.143.230 - - [11/Aug/2026:15:01:59 -0400] "GET /wp-content/plugins/elementor/assets/lib/eicons/css/elementor-icons.min.css?ver=5.34.0 HTTP/1.1" 200 20060 "https://casavalle.vsptdigital.cl/wp-login.php?action=register" "Mozilla/5.0 (Windows NT 10.0; Win64; x64) AppleWebKit/537.36 (KHTML, like Gecko) Chrome/149.0.0.0 Safari/537.36"
196.240.143.230 - - [11/Aug/2026:15:02:01 -0400] "GET /wp-content/plugins/elementor/assets/lib/swiper/v8/css/swiper.min.css?ver=8.4.5 HTTP/1.1" 200 16471 "https://casavalle.vsptdigital.cl/wp-login.php?action=register" "Mozilla/5.0 (Windows NT 10.0; Win64; x64) AppleWebKit/537.36 (KHTML, like Gecko) Chrome/149.0.0.0 Safari/537.36"
95.111.251.70 - - [11/Aug/2026:15:02:00 -0400] "GET /wp-login.php HTTP/1.1" 302 - "-" "Mozilla/5.0 (Windows NT 10.0; Win64; x64) AppleWebKit/537.36 (KHTML, like Gecko) Chrome/133.0.0.0 Safari/537.36"
95.111.251.70 - - [11/Aug/2026:15:02:02 -0400] "GET /wp-login.php HTTP/1.1" 302 - "https://casavalle.vsptdigital.cl/wp-login.php" "Mozilla/5.0 (Windows NT 10.0; Win64; x64) AppleWebKit/537.36 (KHTML, like Gecko) Chrome/133.0.0.0 Safari/537.36"
196.240.143.230 - - [11/Aug/2026:15:02:02 -0400] "GET /wp-content/plugins/elementor/assets/css/conditionals/e-swiper.min.css?ver=3.25.11 HTTP/1.1" 200 10260 "https://casavalle.vsptdigital.cl/wp-login.php?action=register" "Mozilla/5.0 (Windows NT 10.0; Win64; x64) AppleWebKit/537.36 (KHTML, like Gecko) Chrome/149.0.0.0 Safari/537.36"
95.111.251.70 - - [11/Aug/2026:15:02:02 -0400] "GET /wp-login.php HTTP/1.1" 302 - "https://casavalle.vsptdigital.cl/wp-login.php" "Mozilla/5.0 (Windows NT 10.0; Win64; x64) AppleWebKit/537.36 (KHTML, like Gecko) Chrome/133.0.0.0 Safari/537.36"
95.111.251.70 - - [11/Aug/2026:15:02:03 -0400] "GET /wp-login.php HTTP/1.1" 302 - "https://casavalle.vsptdigital.cl/wp-login.php" "Mozilla/5.0 (Windows NT 10.0; Win64; x64) AppleWebKit/537.36 (KHTML, like Gecko) Chrome/133.0.0.0 Safari/537.36"
95.111.251.70 - - [11/Aug/2026:15:02:03 -0400] "GET /wp-login.php HTTP/1.1" 302 - "https://casavalle.vsptdigital.cl/wp-login.php" "Mozilla/5.0 (Windows NT 10.0; Win64; x64) AppleWebKit/537.36 (KHTML, like Gecko) Chrome/133.0.0.0 Safari/537.36"
196.240.143.230 - - [11/Aug/2026:15:02:03 -0400] "GET /wp-content/plugins/elementor-pro/assets/css/frontend.min.css?ver=3.7.1 HTTP/1.1" 200 480945 "https://casavalle.vsptdigital.cl/wp-login.php?action=register" "Mozilla/5.0 (Windows NT 10.0; Win64; x64) AppleWebKit/537.36 (KHTML, like Gecko) Chrome/149.0.0.0 Safari/537.36"
95.111.251.70 - - [11/Aug/2026:15:02:04 -0400] "GET /wp-login.php HTTP/1.1" 302 - "https://casavalle.vsptdigital.cl/wp-login.php" "Mozilla/5.0 (Windows NT 10.0; Win64; x64) AppleWebKit/537.36 (KHTML, like Gecko) Chrome/133.0.0.0 Safari/537.36"
95.111.251.70 - - [11/Aug/2026:15:02:05 -0400] "GET /wp-login.php HTTP/1.1" 302 - "https://casavalle.vsptdigital.cl/wp-login.php" "Mozilla/5.0 (Windows NT 10.0; Win64; x64) AppleWebKit/537.36 (KHTML, like Gecko) Chrome/133.0.0.0 Safari/537.36"
196.240.143.230 - - [11/Aug/2026:15:02:06 -0400] "GET /wp-content/uploads/elementor/css/post-35.css?ver=1734010644 HTTP/1.1" 200 5018 "https://casavalle.vsptdigital.cl/wp-login.php?action=register" "Mozilla/5.0 (Windows NT 10.0; Win64; x64) AppleWebKit/537.36 (KHTML, like Gecko) Chrome/149.0.0.0 Safari/537.36"
196.240.143.230 - - [11/Aug/2026:15:02:08 -0400] "GET /wp-content/uploads/pum/pum-site-styles.css?generated=1734010667&ver=1.20.3 HTTP/1.1" 200 17449 "https://casavalle.vsptdigital.cl/wp-login.php?action=register" "Mozilla/5.0 (Windows NT 10.0; Win64; x64) AppleWebKit/537.36 (KHTML, like Gecko) Chrome/149.0.0.0 Safari/537.36"
196.240.143.230 - - [11/Aug/2026:15:02:09 -0400] "GET /wp-content/plugins/elementor/assets/css/widget-image.min.css?ver=3.25.11 HTTP/1.1" 200 254 "https://casavalle.vsptdigital.cl/wp-login.php?action=register" "Mozilla/5.0 (Windows NT 10.0; Win64; x64) AppleWebKit/537.36 (KHTML, like Gecko) Chrome/149.0.0.0 Safari/537.36"
95.111.251.70 - - [11/Aug/2026:15:02:10 -0400] "GET /wp-json/wp/v2/users/me HTTP/1.1" 401 88 "-" "Mozilla/5.0 (Windows NT 10.0; Win64; x64) AppleWebKit/537.36 (KHTML, like Gecko) Chrome/133.0.0.0 Safari/537.36"
196.240.143.230 - - [11/Aug/2026:15:02:11 -0400] "GET /wp-content/plugins/elementor/assets/lib/animations/styles/fadeInRight.min.css?ver=3.25.11 HTTP/1.1" 200 139 "https://casavalle.vsptdigital.cl/wp-login.php?action=register" "Mozilla/5.0 (Windows NT 10.0; Win64; x64) AppleWebKit/537.36 (KHTML, like Gecko) Chrome/149.0.0.0 Safari/537.36"
196.240.143.230 - - [11/Aug/2026:15:02:12 -0400] "GET /wp-content/plugins/elementor/assets/css/widget-heading.min.css?ver=3.25.11 HTTP/1.1" 200 600 "https://casavalle.vsptdigital.cl/wp-login.php?action=register" "Mozilla/5.0 (Windows NT 10.0; Win64; x64) AppleWebKit/537.36 (KHTML, like Gecko) Chrome/149.0.0.0 Safari/537.36"
99.66.236.130 - - [11/Aug/2026:15:03:07 -0400] "GET /2026/07/26/logiciel-d-aide-a-la-roulette-pour-ios-en-2026/ HTTP/1.1" 200 47273 "https://casavalle.vsptdigital.cl/" "Mozilla/5.0 (Windows NT 10.0; Win64; x64) AppleWebKit/537.36 (KHTML, like Gecko) Chrome/136.0.0.0 Safari/537.36 Edg/136.0.0.0"
99.66.236.130 - - [11/Aug/2026:15:03:14 -0400] "GET /wp-login.php?action=register HTTP/1.1" 404 40829 "https://casavalle.vsptdigital.cl/2026/07/26/logiciel-d-aide-a-la-roulette-pour-ios-en-2026/" "Mozilla/5.0 (Windows NT 6.3; Win64; x64) AppleWebKit/537.36 (KHTML, like Gecko) Chrome/103.0.0.0 Safari/537.36"
99.66.236.130 - - [11/Aug/2026:15:03:15 -0400] "GET /wp-login.php?action=register HTTP/1.1" 404 40829 "https://casavalle.vsptdigital.cl/wp-login.php?action=register" "Mozilla/5.0 (Windows NT 6.3; Win64; x64) AppleWebKit/537.36 (KHTML, like Gecko) Chrome/103.0.0.0 Safari/537.36"
99.66.236.130 - - [11/Aug/2026:15:03:15 -0400] "GET /wp-content/plugins/contact-form-7/includes/css/styles.css?ver=6.0.1 HTTP/1.1" 200 2894 "https://casavalle.vsptdigital.cl/wp-login.php?action=register" "Mozilla/5.0 (Windows NT 10.0; Win64; x64) AppleWebKit/537.36 (KHTML, like Gecko) Chrome/149.0.0.0 Safari/537.36"
99.66.236.130 - - [11/Aug/2026:15:03:16 -0400] "GET /wp-content/themes/hello-elementor/style.min.css?ver=3.1.1 HTTP/1.1" 200 5501 "https://casavalle.vsptdigital.cl/wp-login.php?action=register" "Mozilla/5.0 (Windows NT 10.0; Win64; x64) AppleWebKit/537.36 (KHTML, like Gecko) Chrome/149.0.0.0 Safari/537.36"
99.66.236.130 - - [11/Aug/2026:15:03:16 -0400] "GET /wp-content/themes/hello-elementor/theme.min.css?ver=3.1.1 HTTP/1.1" 200 5146 "https://casavalle.vsptdigital.cl/wp-login.php?action=register" "Mozilla/5.0 (Windows NT 10.0; Win64; x64) AppleWebKit/537.36 (KHTML, like Gecko) Chrome/149.0.0.0 Safari/537.36"
99.66.236.130 - - [11/Aug/2026:15:03:16 -0400] "GET /wp-content/themes/hello-elementor/header-footer.min.css?ver=3.1.1 HTTP/1.1" 200 7212 "https://casavalle.vsptdigital.cl/wp-login.php?action=register" "Mozilla/5.0 (Windows NT 10.0; Win64; x64) AppleWebKit/537.36 (KHTML, like Gecko) Chrome/149.0.0.0 Safari/537.36"
99.66.236.130 - - [11/Aug/2026:15:03:17 -0400] "GET /wp-content/plugins/elementor/assets/css/frontend.min.css?ver=3.25.11 HTTP/1.1" 200 60575 "https://casavalle.vsptdigital.cl/wp-login.php?action=register" "Mozilla/5.0 (Windows NT 10.0; Win64; x64) AppleWebKit/537.36 (KHTML, like Gecko) Chrome/149.0.0.0 Safari/537.36"
99.66.236.130 - - [11/Aug/2026:15:03:17 -0400] "GET /wp-content/uploads/elementor/css/post-5.css?ver=1734010644 HTTP/1.1" 200 1230 "https://casavalle.vsptdigital.cl/wp-login.php?action=register" "Mozilla/5.0 (Windows NT 10.0; Win64; x64) AppleWebKit/537.36 (KHTML, like Gecko) Chrome/149.0.0.0 Safari/537.36"
99.66.236.130 - - [11/Aug/2026:15:03:18 -0400] "GET /wp-content/plugins/elementor/assets/lib/eicons/css/elementor-icons.min.css?ver=5.34.0 HTTP/1.1" 200 20060 "https://casavalle.vsptdigital.cl/wp-login.php?action=register" "Mozilla/5.0 (Windows NT 10.0; Win64; x64) AppleWebKit/537.36 (KHTML, like Gecko) Chrome/149.0.0.0 Safari/537.36"
99.66.236.130 - - [11/Aug/2026:15:03:18 -0400] "GET /wp-content/plugins/elementor/assets/lib/swiper/v8/css/swiper.min.css?ver=8.4.5 HTTP/1.1" 200 16471 "https://casavalle.vsptdigital.cl/wp-login.php?action=register" "Mozilla/5.0 (Windows NT 10.0; Win64; x64) AppleWebKit/537.36 (KHTML, like Gecko) Chrome/149.0.0.0 Safari/537.36"
99.66.236.130 - - [11/Aug/2026:15:03:19 -0400] "GET /wp-content/plugins/elementor/assets/css/conditionals/e-swiper.min.css?ver=3.25.11 HTTP/1.1" 200 10260 "https://casavalle.vsptdigital.cl/wp-login.php?action=register" "Mozilla/5.0 (Windows NT 10.0; Win64; x64) AppleWebKit/537.36 (KHTML, like Gecko) Chrome/149.0.0.0 Safari/537.36"
99.66.236.130 - - [11/Aug/2026:15:03:19 -0400] "GET /wp-content/plugins/elementor-pro/assets/css/frontend.min.css?ver=3.7.1 HTTP/1.1" 200 480945 "https://casavalle.vsptdigital.cl/wp-login.php?action=register" "Mozilla/5.0 (Windows NT 10.0; Win64; x64) AppleWebKit/537.36 (KHTML, like Gecko) Chrome/149.0.0.0 Safari/537.36"
99.66.236.130 - - [11/Aug/2026:15:03:20 -0400] "GET /wp-content/uploads/elementor/css/post-35.css?ver=1734010644 HTTP/1.1" 200 5018 "https://casavalle.vsptdigital.cl/wp-login.php?action=register" "Mozilla/5.0 (Windows NT 10.0; Win64; x64) AppleWebKit/537.36 (KHTML, like Gecko) Chrome/149.0.0.0 Safari/537.36"
99.66.236.130 - - [11/Aug/2026:15:03:21 -0400] "GET /wp-content/uploads/pum/pum-site-styles.css?generated=1734010667&ver=1.20.3 HTTP/1.1" 200 17449 "https://casavalle.vsptdigital.cl/wp-login.php?action=register" "Mozilla/5.0 (Windows NT 10.0; Win64; x64) AppleWebKit/537.36 (KHTML, like Gecko) Chrome/149.0.0.0 Safari/537.36"
99.66.236.130 - - [11/Aug/2026:15:03:21 -0400] "GET /wp-content/plugins/elementor/assets/css/widget-image.min.css?ver=3.25.11 HTTP/1.1" 200 254 "https://casavalle.vsptdigital.cl/wp-login.php?action=register" "Mozilla/5.0 (Windows NT 10.0; Win64; x64) AppleWebKit/537.36 (KHTML, like Gecko) Chrome/149.0.0.0 Safari/537.36"
99.66.236.130 - - [11/Aug/2026:15:03:21 -0400] "GET /wp-content/plugins/elementor/assets/lib/animations/styles/fadeInRight.min.css?ver=3.25.11 HTTP/1.1" 200 139 "https://casavalle.vsptdigital.cl/wp-login.php?action=register" "Mozilla/5.0 (Windows NT 10.0; Win64; x64) AppleWebKit/537.36 (KHTML, like Gecko) Chrome/149.0.0.0 Safari/537.36"
99.66.236.130 - - [11/Aug/2026:15:03:22 -0400] "GET /wp-content/plugins/elementor/assets/css/widget-heading.min.css?ver=3.25.11 HTTP/1.1" 200 600 "https://casavalle.vsptdigital.cl/wp-login.php?action=register" "Mozilla/5.0 (Windows NT 10.0; Win64; x64) AppleWebKit/537.36 (KHTML, like Gecko) Chrome/149.0.0.0 Safari/537.36"
74.7.242.19 - - [11/Aug/2026:15:02:48 -0400] "GET /2026/07/15/grande-vegas-casino-codigo-promocional-y-bonus-code-2026/ HTTP/1.1" 200 47194 "http://casavalle.vsptdigital.cl" "Mozilla/5.0 AppleWebKit/537.36 (KHTML, like Gecko; compatible; GPTBot/1.4; +https://openai.com/gptbot)"
74.7.242.19 - - [11/Aug/2026:15:03:43 -0400] "GET /?p=16904 HTTP/1.1" 301 - "https://casavalle.vsptdigital.cl/2026/07/15/sorteo-de-la-ruleta-gratis/" "Mozilla/5.0 AppleWebKit/537.36 (KHTML, like Gecko; compatible; GPTBot/1.4; +https://openai.com/gptbot)"
74.7.242.19 - - [11/Aug/2026:15:03:43 -0400] "GET /2026/07/15/casinos-de-tenerife/ HTTP/1.1" 200 46383 "https://casavalle.vsptdigital.cl/?p=16904" "Mozilla/5.0 AppleWebKit/537.36 (KHTML, like Gecko; compatible; GPTBot/1.4; +https://openai.com/gptbot)"
94.237.125.240 - - [11/Aug/2026:15:04:42 -0400] "GET /wp-login.php HTTP/1.1" 301 - "-" "Mozilla/5.0 (Windows NT 10.0; Win64; x64) AppleWebKit/537.36 (KHTML, like Gecko) Chrome/133.0.0.0 Safari/537.36"
94.237.125.240 - - [11/Aug/2026:15:04:43 -0400] "GET /wp-login.php HTTP/1.1" 302 - "https://www.casavalle.vsptdigital.cl/wp-login.php" "Mozilla/5.0 (Windows NT 10.0; Win64; x64) AppleWebKit/537.36 (KHTML, like Gecko) Chrome/133.0.0.0 Safari/537.36"
94.237.125.240 - - [11/Aug/2026:15:04:43 -0400] "GET /wp-login.php HTTP/1.1" 302 - "https://www.casavalle.vsptdigital.cl/wp-login.php" "Mozilla/5.0 (Windows NT 10.0; Win64; x64) AppleWebKit/537.36 (KHTML, like Gecko) Chrome/133.0.0.0 Safari/537.36"
94.237.125.240 - - [11/Aug/2026:15:04:44 -0400] "GET /wp-login.php HTTP/1.1" 302 - "https://www.casavalle.vsptdigital.cl/wp-login.php" "Mozilla/5.0 (Windows NT 10.0; Win64; x64) AppleWebKit/537.36 (KHTML, like Gecko) Chrome/133.0.0.0 Safari/537.36"
94.237.125.240 - - [11/Aug/2026:15:04:44 -0400] "GET /wp-login.php HTTP/1.1" 302 - "https://www.casavalle.vsptdigital.cl/wp-login.php" "Mozilla/5.0 (Windows NT 10.0; Win64; x64) AppleWebKit/537.36 (KHTML, like Gecko) Chrome/133.0.0.0 Safari/537.36"
94.237.125.240 - - [11/Aug/2026:15:04:45 -0400] "GET /wp-login.php HTTP/1.1" 302 - "https://www.casavalle.vsptdigital.cl/wp-login.php" "Mozilla/5.0 (Windows NT 10.0; Win64; x64) AppleWebKit/537.36 (KHTML, like Gecko) Chrome/133.0.0.0 Safari/537.36"
74.7.242.19 - - [11/Aug/2026:15:04:45 -0400] "GET /?p=16781 HTTP/1.1" 301 - "https://casavalle.vsptdigital.cl/2026/07/15/sorteo-de-la-ruleta-gratis/" "Mozilla/5.0 AppleWebKit/537.36 (KHTML, like Gecko; compatible; GPTBot/1.4; +https://openai.com/gptbot)"
94.237.125.240 - - [11/Aug/2026:15:04:45 -0400] "GET /wp-login.php HTTP/1.1" 302 - "https://www.casavalle.vsptdigital.cl/wp-login.php" "Mozilla/5.0 (Windows NT 10.0; Win64; x64) AppleWebKit/537.36 (KHTML, like Gecko) Chrome/133.0.0.0 Safari/537.36"
94.237.125.240 - - [11/Aug/2026:15:04:46 -0400] "GET /wp-login.php HTTP/1.1" 302 - "https://www.casavalle.vsptdigital.cl/wp-login.php" "Mozilla/5.0 (Windows NT 10.0; Win64; x64) AppleWebKit/537.36 (KHTML, like Gecko) Chrome/133.0.0.0 Safari/537.36"
94.237.125.240 - - [11/Aug/2026:15:04:46 -0400] "GET /wp-login.php HTTP/1.1" 302 - "https://www.casavalle.vsptdigital.cl/wp-login.php" "Mozilla/5.0 (Windows NT 10.0; Win64; x64) AppleWebKit/537.36 (KHTML, like Gecko) Chrome/133.0.0.0 Safari/537.36"
94.237.125.240 - - [11/Aug/2026:15:04:47 -0400] "GET /wp-login.php HTTP/1.1" 302 - "https://www.casavalle.vsptdigital.cl/wp-login.php" "Mozilla/5.0 (Windows NT 10.0; Win64; x64) AppleWebKit/537.36 (KHTML, like Gecko) Chrome/133.0.0.0 Safari/537.36"
94.237.125.240 - - [11/Aug/2026:15:04:48 -0400] "GET /wp-json/wp/v2/users/me HTTP/1.1" 401 88 "-" "Mozilla/5.0 (Windows NT 10.0; Win64; x64) AppleWebKit/537.36 (KHTML, like Gecko) Chrome/133.0.0.0 Safari/537.36"
23.94.27.130 - - [11/Aug/2026:15:04:09 -0400] "GET / HTTP/1.1" 200 67650 "-" "Mozilla/5.0 (Macintosh; Intel Mac OS X 10_15_7) AppleWebKit/537.36 (KHTML, like Gecko) Chrome/120.0.0.0 Safari/537.36"
23.94.27.130 - - [11/Aug/2026:15:04:56 -0400] "GET /wp-content/uploads/2024/05/1865-150x150.png HTTP/1.1" 200 14617 "https://casavalle.vsptdigital.cl" "Mozilla/5.0 (Macintosh; Intel Mac OS X 10_15_7) AppleWebKit/537.36 (KHTML, like Gecko) Chrome/120.0.0.0 Safari/537.36"
74.7.242.19 - - [11/Aug/2026:15:04:46 -0400] "GET /2026/07/15/maquinitas-tragamonedas-gratis-con-bonus/ HTTP/1.1" 200 46452 "https://casavalle.vsptdigital.cl/?p=16781" "Mozilla/5.0 AppleWebKit/537.36 (KHTML, like Gecko; compatible; GPTBot/1.4; +https://openai.com/gptbot)"
74.7.242.19 - - [11/Aug/2026:15:05:39 -0400] "GET /?p=18372 HTTP/1.1" 301 - "https://casavalle.vsptdigital.cl/2026/07/15/maspalomas-casino-codigo-promocional-y-bonus-code-2026/" "Mozilla/5.0 AppleWebKit/537.36 (KHTML, like Gecko; compatible; GPTBot/1.4; +https://openai.com/gptbot)"
51.83.6.44 - - [11/Aug/2026:15:14:28 -0400] "GET /2026/06/25/spielautomaten-online-mit-bitcoin-bezahlen-2026/ HTTP/1.1" 200 46192 "https://casavalle.vsptdigital.cl/" "Mozilla/5.0 (Macintosh; Intel Mac OS X 10_15_7) AppleWebKit/537.36"
45.145.128.172 - - [11/Aug/2026:15:14:37 -0400] "GET /wp-login.php?action=register HTTP/1.1" 404 40829 "https://casavalle.vsptdigital.cl/2026/06/25/spielautomaten-online-mit-bitcoin-bezahlen-2026/" "Mozilla/5.0 (Windows NT 6.3; Win64; x64) AppleWebKit/537.36 (KHTML, like Gecko) Chrome/103.0.0.0 Safari/537.36"
45.145.128.172 - - [11/Aug/2026:15:14:41 -0400] "GET /wp-login.php?action=register HTTP/1.1" 404 40829 "https://casavalle.vsptdigital.cl/wp-login.php?action=register" "Mozilla/5.0 (Windows NT 6.3; Win64; x64) AppleWebKit/537.36 (KHTML, like Gecko) Chrome/103.0.0.0 Safari/537.36"
45.145.128.172 - - [11/Aug/2026:15:14:43 -0400] "GET /wp-content/plugins/contact-form-7/includes/css/styles.css?ver=6.0.1 HTTP/1.1" 200 2894 "https://casavalle.vsptdigital.cl/wp-login.php?action=register" "Mozilla/5.0 (Windows NT 10.0; Win64; x64) AppleWebKit/537.36 (KHTML, like Gecko) Chrome/149.0.0.0 Safari/537.36"
45.145.128.172 - - [11/Aug/2026:15:14:44 -0400] "GET /wp-content/themes/hello-elementor/style.min.css?ver=3.1.1 HTTP/1.1" 200 5501 "https://casavalle.vsptdigital.cl/wp-login.php?action=register" "Mozilla/5.0 (Windows NT 10.0; Win64; x64) AppleWebKit/537.36 (KHTML, like Gecko) Chrome/149.0.0.0 Safari/537.36"
45.145.128.172 - - [11/Aug/2026:15:14:45 -0400] "GET /wp-content/themes/hello-elementor/theme.min.css?ver=3.1.1 HTTP/1.1" 200 5146 "https://casavalle.vsptdigital.cl/wp-login.php?action=register" "Mozilla/5.0 (Windows NT 10.0; Win64; x64) AppleWebKit/537.36 (KHTML, like Gecko) Chrome/149.0.0.0 Safari/537.36"
45.145.128.172 - - [11/Aug/2026:15:14:46 -0400] "GET /wp-content/themes/hello-elementor/header-footer.min.css?ver=3.1.1 HTTP/1.1" 200 7212 "https://casavalle.vsptdigital.cl/wp-login.php?action=register" "Mozilla/5.0 (Windows NT 10.0; Win64; x64) AppleWebKit/537.36 (KHTML, like Gecko) Chrome/149.0.0.0 Safari/537.36"
45.145.128.172 - - [11/Aug/2026:15:14:47 -0400] "GET /wp-content/plugins/elementor/assets/css/frontend.min.css?ver=3.25.11 HTTP/1.1" 200 60575 "https://casavalle.vsptdigital.cl/wp-login.php?action=register" "Mozilla/5.0 (Windows NT 10.0; Win64; x64) AppleWebKit/537.36 (KHTML, like Gecko) Chrome/149.0.0.0 Safari/537.36"
45.145.128.172 - - [11/Aug/2026:15:14:48 -0400] "GET /wp-content/uploads/elementor/css/post-5.css?ver=1734010644 HTTP/1.1" 200 1230 "https://casavalle.vsptdigital.cl/wp-login.php?action=register" "Mozilla/5.0 (Windows NT 10.0; Win64; x64) AppleWebKit/537.36 (KHTML, like Gecko) Chrome/149.0.0.0 Safari/537.36"
45.145.128.172 - - [11/Aug/2026:15:14:49 -0400] "GET /wp-content/plugins/elementor/assets/lib/eicons/css/elementor-icons.min.css?ver=5.34.0 HTTP/1.1" 200 20060 "https://casavalle.vsptdigital.cl/wp-login.php?action=register" "Mozilla/5.0 (Windows NT 10.0; Win64; x64) AppleWebKit/537.36 (KHTML, like Gecko) Chrome/149.0.0.0 Safari/537.36"
74.7.242.19 - - [11/Aug/2026:15:14:04 -0400] "GET /?p=16869 HTTP/1.1" 301 - "https://casavalle.vsptdigital.cl/?p=16904" "Mozilla/5.0 AppleWebKit/537.36 (KHTML, like Gecko; compatible; GPTBot/1.4; +https://openai.com/gptbot)"
45.145.128.172 - - [11/Aug/2026:15:14:50 -0400] "GET /wp-content/plugins/elementor/assets/lib/swiper/v8/css/swiper.min.css?ver=8.4.5 HTTP/1.1" 200 16471 "https://casavalle.vsptdigital.cl/wp-login.php?action=register" "Mozilla/5.0 (Windows NT 10.0; Win64; x64) AppleWebKit/537.36 (KHTML, like Gecko) Chrome/149.0.0.0 Safari/537.36"
45.145.128.172 - - [11/Aug/2026:15:14:51 -0400] "GET /wp-content/plugins/elementor/assets/css/conditionals/e-swiper.min.css?ver=3.25.11 HTTP/1.1" 200 10260 "https://casavalle.vsptdigital.cl/wp-login.php?action=register" "Mozilla/5.0 (Windows NT 10.0; Win64; x64) AppleWebKit/537.36 (KHTML, like Gecko) Chrome/149.0.0.0 Safari/537.36"
45.145.128.172 - - [11/Aug/2026:15:14:52 -0400] "GET /wp-content/plugins/elementor-pro/assets/css/frontend.min.css?ver=3.7.1 HTTP/1.1" 200 480945 "https://casavalle.vsptdigital.cl/wp-login.php?action=register" "Mozilla/5.0 (Windows NT 10.0; Win64; x64) AppleWebKit/537.36 (KHTML, like Gecko) Chrome/149.0.0.0 Safari/537.36"
45.145.128.172 - - [11/Aug/2026:15:14:55 -0400] "GET /wp-content/uploads/elementor/css/post-35.css?ver=1734010644 HTTP/1.1" 200 5018 "https://casavalle.vsptdigital.cl/wp-login.php?action=register" "Mozilla/5.0 (Windows NT 10.0; Win64; x64) AppleWebKit/537.36 (KHTML, like Gecko) Chrome/149.0.0.0 Safari/537.36"
45.145.128.172 - - [11/Aug/2026:15:14:56 -0400] "GET /wp-content/uploads/pum/pum-site-styles.css?generated=1734010667&ver=1.20.3 HTTP/1.1" 200 17449 "https://casavalle.vsptdigital.cl/wp-login.php?action=register" "Mozilla/5.0 (Windows NT 10.0; Win64; x64) AppleWebKit/537.36 (KHTML, like Gecko) Chrome/149.0.0.0 Safari/537.36"
45.145.128.172 - - [11/Aug/2026:15:14:58 -0400] "GET /wp-content/plugins/elementor/assets/css/widget-image.min.css?ver=3.25.11 HTTP/1.1" 200 254 "https://casavalle.vsptdigital.cl/wp-login.php?action=register" "Mozilla/5.0 (Windows NT 10.0; Win64; x64) AppleWebKit/537.36 (KHTML, like Gecko) Chrome/149.0.0.0 Safari/537.36"
45.145.128.172 - - [11/Aug/2026:15:14:59 -0400] "GET /wp-content/plugins/elementor/assets/lib/animations/styles/fadeInRight.min.css?ver=3.25.11 HTTP/1.1" 200 139 "https://casavalle.vsptdigital.cl/wp-login.php?action=register" "Mozilla/5.0 (Windows NT 10.0; Win64; x64) AppleWebKit/537.36 (KHTML, like Gecko) Chrome/149.0.0.0 Safari/537.36"
45.145.128.172 - - [11/Aug/2026:15:14:59 -0400] "GET /wp-content/plugins/elementor/assets/css/widget-heading.min.css?ver=3.25.11 HTTP/1.1" 200 600 "https://casavalle.vsptdigital.cl/wp-login.php?action=register" "Mozilla/5.0 (Windows NT 10.0; Win64; x64) AppleWebKit/537.36 (KHTML, like Gecko) Chrome/149.0.0.0 Safari/537.36"
74.7.242.19 - - [11/Aug/2026:15:15:06 -0400] "GET /?p=18315 HTTP/1.1" 301 - "https://casavalle.vsptdigital.cl/2026/07/15/estrategias-para-blackjack/" "Mozilla/5.0 AppleWebKit/537.36 (KHTML, like Gecko; compatible; GPTBot/1.4; +https://openai.com/gptbot)"
74.7.242.19 - - [11/Aug/2026:15:16:09 -0400] "GET /?p=16896 HTTP/1.1" 301 - "https://casavalle.vsptdigital.cl/2026/07/15/estrategias-para-blackjack/" "Mozilla/5.0 AppleWebKit/537.36 (KHTML, like Gecko; compatible; GPTBot/1.4; +https://openai.com/gptbot)"
74.7.242.19 - - [11/Aug/2026:15:17:04 -0400] "GET /?p=16657 HTTP/1.1" 301 - "https://casavalle.vsptdigital.cl/?p=16904" "Mozilla/5.0 AppleWebKit/537.36 (KHTML, like Gecko; compatible; GPTBot/1.4; +https://openai.com/gptbot)"
190.6.176.90 - - [11/Aug/2026:15:17:33 -0400] "GET /wp-login.php HTTP/1.1" 301 - "-" "Mozilla/5.0 (Windows NT 10.0; Win64; x64) AppleWebKit/537.36 (KHTML, like Gecko) Chrome/133.0.0.0 Safari/537.36"
74.7.242.19 - - [11/Aug/2026:15:17:04 -0400] "GET /2026/07/15/bono-de-500-casino/ HTTP/1.1" 200 46911 "https://casavalle.vsptdigital.cl/?p=16657" "Mozilla/5.0 AppleWebKit/537.36 (KHTML, like Gecko; compatible; GPTBot/1.4; +https://openai.com/gptbot)"
74.7.242.19 - - [11/Aug/2026:15:18:09 -0400] "GET /?p=17142 HTTP/1.1" 301 - "https://casavalle.vsptdigital.cl/2026/07/15/como-ganar-en-el-tragaperras/" "Mozilla/5.0 AppleWebKit/537.36 (KHTML, like Gecko; compatible; GPTBot/1.4; +https://openai.com/gptbot)"
74.7.242.19 - - [11/Aug/2026:15:18:09 -0400] "GET /2026/07/15/juegos-ruletas-electronicas-gratis/ HTTP/1.1" 200 47701 "https://casavalle.vsptdigital.cl/?p=17142" "Mozilla/5.0 AppleWebKit/537.36 (KHTML, like Gecko; compatible; GPTBot/1.4; +https://openai.com/gptbot)"
74.7.242.19 - - [11/Aug/2026:15:19:12 -0400] "GET /?p=18104 HTTP/1.1" 301 - "https://casavalle.vsptdigital.cl/2026/07/15/como-ganar-en-el-tragaperras/" "Mozilla/5.0 AppleWebKit/537.36 (KHTML, like Gecko; compatible; GPTBot/1.4; +https://openai.com/gptbot)"
74.7.242.19 - - [11/Aug/2026:15:19:12 -0400] "GET /2026/07/15/sitios-de-cripto-casino-en-l%C3%ADnea/ HTTP/1.1" 200 47553 "https://casavalle.vsptdigital.cl/?p=18104" "Mozilla/5.0 AppleWebKit/537.36 (KHTML, like Gecko; compatible; GPTBot/1.4; +https://openai.com/gptbot)"
162.241.126.57 - - [11/Aug/2026:15:19:39 -0400] "GET /wp-json/wp/v2/users/me HTTP/1.1" 401 88 "-" "Mozilla/5.0 (Windows NT 10.0; Win64; x64) AppleWebKit/537.36 (KHTML, like Gecko) Chrome/133.0.0.0 Safari/537.36"
162.241.126.57 - - [11/Aug/2026:15:19:40 -0400] "GET /wp-login.php HTTP/1.1" 301 - "-" "Mozilla/5.0 (Windows NT 10.0; Win64; x64) AppleWebKit/537.36 (KHTML, like Gecko) Chrome/133.0.0.0 Safari/537.36"
162.241.126.57 - - [11/Aug/2026:15:19:41 -0400] "GET /wp-login.php HTTP/1.1" 302 - "https://www.casavalle.vsptdigital.cl/wp-login.php" "Mozilla/5.0 (Windows NT 10.0; Win64; x64) AppleWebKit/537.36 (KHTML, like Gecko) Chrome/133.0.0.0 Safari/537.36"
162.241.126.57 - - [11/Aug/2026:15:19:41 -0400] "GET /wp-login.php HTTP/1.1" 302 - "https://www.casavalle.vsptdigital.cl/wp-login.php" "Mozilla/5.0 (Windows NT 10.0; Win64; x64) AppleWebKit/537.36 (KHTML, like Gecko) Chrome/133.0.0.0 Safari/537.36"
162.241.126.57 - - [11/Aug/2026:15:19:41 -0400] "GET /wp-login.php HTTP/1.1" 302 - "https://www.casavalle.vsptdigital.cl/wp-login.php" "Mozilla/5.0 (Windows NT 10.0; Win64; x64) AppleWebKit/537.36 (KHTML, like Gecko) Chrome/133.0.0.0 Safari/537.36"
162.241.126.57 - - [11/Aug/2026:15:19:42 -0400] "GET /wp-login.php HTTP/1.1" 302 - "https://www.casavalle.vsptdigital.cl/wp-login.php" "Mozilla/5.0 (Windows NT 10.0; Win64; x64) AppleWebKit/537.36 (KHTML, like Gecko) Chrome/133.0.0.0 Safari/537.36"
162.241.126.57 - - [11/Aug/2026:15:19:42 -0400] "GET /wp-login.php HTTP/1.1" 302 - "https://www.casavalle.vsptdigital.cl/wp-login.php" "Mozilla/5.0 (Windows NT 10.0; Win64; x64) AppleWebKit/537.36 (KHTML, like Gecko) Chrome/133.0.0.0 Safari/537.36"
162.241.126.57 - - [11/Aug/2026:15:19:42 -0400] "GET /wp-login.php HTTP/1.1" 302 - "https://www.casavalle.vsptdigital.cl/wp-login.php" "Mozilla/5.0 (Windows NT 10.0; Win64; x64) AppleWebKit/537.36 (KHTML, like Gecko) Chrome/133.0.0.0 Safari/537.36"
162.241.126.57 - - [11/Aug/2026:15:19:42 -0400] "GET /wp-login.php HTTP/1.1" 302 - "https://www.casavalle.vsptdigital.cl/wp-login.php" "Mozilla/5.0 (Windows NT 10.0; Win64; x64) AppleWebKit/537.36 (KHTML, like Gecko) Chrome/133.0.0.0 Safari/537.36"
162.241.126.57 - - [11/Aug/2026:15:19:43 -0400] "GET /wp-login.php HTTP/1.1" 302 - "https://www.casavalle.vsptdigital.cl/wp-login.php" "Mozilla/5.0 (Windows NT 10.0; Win64; x64) AppleWebKit/537.36 (KHTML, like Gecko) Chrome/133.0.0.0 Safari/537.36"
162.241.126.57 - - [11/Aug/2026:15:19:43 -0400] "GET /wp-login.php HTTP/1.1" 302 - "https://www.casavalle.vsptdigital.cl/wp-login.php" "Mozilla/5.0 (Windows NT 10.0; Win64; x64) AppleWebKit/537.36 (KHTML, like Gecko) Chrome/133.0.0.0 Safari/537.36"
162.241.126.57 - - [11/Aug/2026:15:19:45 -0400] "GET /wp-json/wp/v2/users/me HTTP/1.1" 401 88 "-" "Mozilla/5.0 (Windows NT 10.0; Win64; x64) AppleWebKit/537.36 (KHTML, like Gecko) Chrome/133.0.0.0 Safari/537.36"
162.241.126.57 - - [11/Aug/2026:15:19:24 -0400] "GET /wp-login.php HTTP/1.1" 301 - "-" "Mozilla/5.0 (Windows NT 10.0; Win64; x64) AppleWebKit/537.36 (KHTML, like Gecko) Chrome/133.0.0.0 Safari/537.36"
74.7.242.19 - - [11/Aug/2026:15:20:15 -0400] "GET /?p=18159 HTTP/1.1" 301 - "https://casavalle.vsptdigital.cl/2026/07/15/sorteo-de-la-ruleta-gratis/" "Mozilla/5.0 AppleWebKit/537.36 (KHTML, like Gecko; compatible; GPTBot/1.4; +https://openai.com/gptbot)"
74.7.242.19 - - [11/Aug/2026:15:21:13 -0400] "GET /?p=17181 HTTP/1.1" 301 - "https://casavalle.vsptdigital.cl/2026/07/15/sorteo-de-la-ruleta-gratis/" "Mozilla/5.0 AppleWebKit/537.36 (KHTML, like Gecko; compatible; GPTBot/1.4; +https://openai.com/gptbot)"
74.7.242.19 - - [11/Aug/2026:15:22:05 -0400] "GET /?p=18222 HTTP/1.1" 301 - "https://casavalle.vsptdigital.cl/2026/07/15/como-ganar-en-el-tragaperras/" "Mozilla/5.0 AppleWebKit/537.36 (KHTML, like Gecko; compatible; GPTBot/1.4; +https://openai.com/gptbot)"
74.7.242.19 - - [11/Aug/2026:15:23:08 -0400] "GET /?p=17171 HTTP/1.1" 301 - "https://casavalle.vsptdigital.cl/2026/07/15/maspalomas-casino-codigo-promocional-y-bonus-code-2026/" "Mozilla/5.0 AppleWebKit/537.36 (KHTML, like Gecko; compatible; GPTBot/1.4; +https://openai.com/gptbot)"
120.231.175.163 - - [11/Aug/2026:15:23:16 -0400] "GET /2026/05/14/wie-spielt-man-im-jahr-2026-in-den-spielbanken-um-echtgeld/ HTTP/1.1" 200 46081 "https://casavalle.vsptdigital.cl/" "Mozilla/5.0 (Macintosh; Intel Mac OS X 10_15_7) AppleWebKit/537.36 (KHTML, like Gecko) obsidian/1.6.5 Chrome/124.0.6367.243 Electron/30.1.2 Safari/537.36"
120.231.175.163 - - [11/Aug/2026:15:23:21 -0400] "GET /2026/05/14/wie-spielt-man-im-jahr-2026-in-den-spielbanken-um-echtgeld/ HTTP/1.1" 200 46081 "https://casavalle.vsptdigital.cl/2026/05/14/wie-spielt-man-im-jahr-2026-in-den-spielbanken-um-echtgeld/" "Mozilla/5.0 (Macintosh; Intel Mac OS X 10_15_7) AppleWebKit/537.36 (KHTML, like Gecko) obsidian/1.6.5 Chrome/124.0.6367.243 Electron/30.1.2 Safari/537.36"
120.231.175.163 - - [11/Aug/2026:15:22:43 -0400] "GET /2026/05/14/wie-spielt-man-im-jahr-2026-in-den-spielbanken-um-echtgeld/ HTTP/1.1" 200 46081 "https://casavalle.vsptdigital.cl/" "Mozilla/5.0 (Macintosh; Intel Mac OS X 10_15_7) AppleWebKit/537.36 (KHTML, like Gecko) obsidian/1.6.5 Chrome/124.0.6367.243 Electron/30.1.2 Safari/537.36"
74.7.242.19 - - [11/Aug/2026:15:23:08 -0400] "GET /2026/07/15/cuanto-se-gana-con-un-pleno-en-la-ruleta/ HTTP/1.1" 200 47036 "https://casavalle.vsptdigital.cl/?p=17171" "Mozilla/5.0 AppleWebKit/537.36 (KHTML, like Gecko; compatible; GPTBot/1.4; +https://openai.com/gptbot)"
74.7.242.19 - - [11/Aug/2026:15:24:05 -0400] "GET /2026/07/15/juegos-de-blackjack-android/ HTTP/1.1" 200 46880 "http://casavalle.vsptdigital.cl" "Mozilla/5.0 AppleWebKit/537.36 (KHTML, like Gecko; compatible; GPTBot/1.4; +https://openai.com/gptbot)"
154.195.127.169 - - [11/Aug/2026:15:25:10 -0400] "GET /2026/07/26/como-ganar-con-casino-en-es-2026/ HTTP/1.1" 200 47012 "https://casavalle.vsptdigital.cl/" "Mozilla/5.0 (X11; Linux x86_64) AppleWebKit/537.36 (KHTML, like Gecko) Chrome/146.0.0.0 Safari/537.36"
154.195.127.169 - - [11/Aug/2026:15:25:15 -0400] "GET /wp-login.php?action=register HTTP/1.1" 404 40829 "https://casavalle.vsptdigital.cl/2026/07/26/como-ganar-con-casino-en-es-2026/" "Mozilla/5.0 (Windows NT 6.3; Win64; x64) AppleWebKit/537.36 (KHTML, like Gecko) Chrome/103.0.0.0 Safari/537.36"
154.195.127.169 - - [11/Aug/2026:15:25:16 -0400] "GET /wp-login.php?action=register HTTP/1.1" 404 40829 "https://casavalle.vsptdigital.cl/wp-login.php?action=register" "Mozilla/5.0 (Windows NT 6.3; Win64; x64) AppleWebKit/537.36 (KHTML, like Gecko) Chrome/103.0.0.0 Safari/537.36"
154.195.127.169 - - [11/Aug/2026:15:25:18 -0400] "GET /wp-content/plugins/contact-form-7/includes/css/styles.css?ver=6.0.1 HTTP/1.1" 200 2894 "https://casavalle.vsptdigital.cl/wp-login.php?action=register" "Mozilla/5.0 (Windows NT 10.0; Win64; x64) AppleWebKit/537.36 (KHTML, like Gecko) Chrome/149.0.0.0 Safari/537.36"
154.195.127.169 - - [11/Aug/2026:15:25:18 -0400] "GET /wp-content/themes/hello-elementor/style.min.css?ver=3.1.1 HTTP/1.1" 200 5501 "https://casavalle.vsptdigital.cl/wp-login.php?action=register" "Mozilla/5.0 (Windows NT 10.0; Win64; x64) AppleWebKit/537.36 (KHTML, like Gecko) Chrome/149.0.0.0 Safari/537.36"
154.195.127.169 - - [11/Aug/2026:15:25:19 -0400] "GET /wp-content/themes/hello-elementor/theme.min.css?ver=3.1.1 HTTP/1.1" 200 5146 "https://casavalle.vsptdigital.cl/wp-login.php?action=register" "Mozilla/5.0 (Windows NT 10.0; Win64; x64) AppleWebKit/537.36 (KHTML, like Gecko) Chrome/149.0.0.0 Safari/537.36"
154.195.127.169 - - [11/Aug/2026:15:25:20 -0400] "GET /wp-content/themes/hello-elementor/header-footer.min.css?ver=3.1.1 HTTP/1.1" 200 7212 "https://casavalle.vsptdigital.cl/wp-login.php?action=register" "Mozilla/5.0 (Windows NT 10.0; Win64; x64) AppleWebKit/537.36 (KHTML, like Gecko) Chrome/149.0.0.0 Safari/537.36"
154.195.127.169 - - [11/Aug/2026:15:25:20 -0400] "GET /wp-content/plugins/elementor/assets/css/frontend.min.css?ver=3.25.11 HTTP/1.1" 200 60575 "https://casavalle.vsptdigital.cl/wp-login.php?action=register" "Mozilla/5.0 (Windows NT 10.0; Win64; x64) AppleWebKit/537.36 (KHTML, like Gecko) Chrome/149.0.0.0 Safari/537.36"
154.195.127.169 - - [11/Aug/2026:15:25:21 -0400] "GET /wp-content/uploads/elementor/css/post-5.css?ver=1734010644 HTTP/1.1" 200 1230 "https://casavalle.vsptdigital.cl/wp-login.php?action=register" "Mozilla/5.0 (Windows NT 10.0; Win64; x64) AppleWebKit/537.36 (KHTML, like Gecko) Chrome/149.0.0.0 Safari/537.36"
154.195.127.169 - - [11/Aug/2026:15:25:22 -0400] "GET /wp-content/plugins/elementor/assets/lib/eicons/css/elementor-icons.min.css?ver=5.34.0 HTTP/1.1" 200 20060 "https://casavalle.vsptdigital.cl/wp-login.php?action=register" "Mozilla/5.0 (Windows NT 10.0; Win64; x64) AppleWebKit/537.36 (KHTML, like Gecko) Chrome/149.0.0.0 Safari/537.36"
154.195.127.169 - - [11/Aug/2026:15:25:23 -0400] "GET /wp-content/plugins/elementor/assets/lib/swiper/v8/css/swiper.min.css?ver=8.4.5 HTTP/1.1" 200 16471 "https://casavalle.vsptdigital.cl/wp-login.php?action=register" "Mozilla/5.0 (Windows NT 10.0; Win64; x64) AppleWebKit/537.36 (KHTML, like Gecko) Chrome/149.0.0.0 Safari/537.36"
154.195.127.169 - - [11/Aug/2026:15:25:24 -0400] "GET /wp-content/plugins/elementor/assets/css/conditionals/e-swiper.min.css?ver=3.25.11 HTTP/1.1" 200 10260 "https://casavalle.vsptdigital.cl/wp-login.php?action=register" "Mozilla/5.0 (Windows NT 10.0; Win64; x64) AppleWebKit/537.36 (KHTML, like Gecko) Chrome/149.0.0.0 Safari/537.36"
154.195.127.169 - - [11/Aug/2026:15:25:24 -0400] "GET /wp-content/plugins/elementor-pro/assets/css/frontend.min.css?ver=3.7.1 HTTP/1.1" 200 480945 "https://casavalle.vsptdigital.cl/wp-login.php?action=register" "Mozilla/5.0 (Windows NT 10.0; Win64; x64) AppleWebKit/537.36 (KHTML, like Gecko) Chrome/149.0.0.0 Safari/537.36"
154.195.127.169 - - [11/Aug/2026:15:25:26 -0400] "GET /wp-content/uploads/elementor/css/post-35.css?ver=1734010644 HTTP/1.1" 200 5018 "https://casavalle.vsptdigital.cl/wp-login.php?action=register" "Mozilla/5.0 (Windows NT 10.0; Win64; x64) AppleWebKit/537.36 (KHTML, like Gecko) Chrome/149.0.0.0 Safari/537.36"
154.195.127.169 - - [11/Aug/2026:15:25:27 -0400] "GET /wp-content/uploads/pum/pum-site-styles.css?generated=1734010667&ver=1.20.3 HTTP/1.1" 200 17449 "https://casavalle.vsptdigital.cl/wp-login.php?action=register" "Mozilla/5.0 (Windows NT 10.0; Win64; x64) AppleWebKit/537.36 (KHTML, like Gecko) Chrome/149.0.0.0 Safari/537.36"
154.195.127.169 - - [11/Aug/2026:15:25:27 -0400] "GET /wp-content/plugins/elementor/assets/css/widget-image.min.css?ver=3.25.11 HTTP/1.1" 200 254 "https://casavalle.vsptdigital.cl/wp-login.php?action=register" "Mozilla/5.0 (Windows NT 10.0; Win64; x64) AppleWebKit/537.36 (KHTML, like Gecko) Chrome/149.0.0.0 Safari/537.36"
154.195.127.169 - - [11/Aug/2026:15:25:28 -0400] "GET /wp-content/plugins/elementor/assets/lib/animations/styles/fadeInRight.min.css?ver=3.25.11 HTTP/1.1" 200 139 "https://casavalle.vsptdigital.cl/wp-login.php?action=register" "Mozilla/5.0 (Windows NT 10.0; Win64; x64) AppleWebKit/537.36 (KHTML, like Gecko) Chrome/149.0.0.0 Safari/537.36"
154.195.127.169 - - [11/Aug/2026:15:25:29 -0400] "GET /wp-content/plugins/elementor/assets/css/widget-heading.min.css?ver=3.25.11 HTTP/1.1" 200 600 "https://casavalle.vsptdigital.cl/wp-login.php?action=register" "Mozilla/5.0 (Windows NT 10.0; Win64; x64) AppleWebKit/537.36 (KHTML, like Gecko) Chrome/149.0.0.0 Safari/537.36"
74.7.242.19 - - [11/Aug/2026:15:25:06 -0400] "GET /2026/07/15/como-se-gana-en-la-ruleta/ HTTP/1.1" 200 47196 "http://casavalle.vsptdigital.cl" "Mozilla/5.0 AppleWebKit/537.36 (KHTML, like Gecko; compatible; GPTBot/1.4; +https://openai.com/gptbot)"
74.7.242.19 - - [11/Aug/2026:15:26:08 -0400] "GET /2026/07/15/retiro-inmediato-en-btc-casino/ HTTP/1.1" 200 47178 "http://casavalle.vsptdigital.cl" "Mozilla/5.0 AppleWebKit/537.36 (KHTML, like Gecko; compatible; GPTBot/1.4; +https://openai.com/gptbot)"
74.7.242.19 - - [11/Aug/2026:15:27:09 -0400] "GET /2026/07/15/maquinas-tragaperras-comprar/ HTTP/1.1" 200 47177 "http://casavalle.vsptdigital.cl" "Mozilla/5.0 AppleWebKit/537.36 (KHTML, like Gecko; compatible; GPTBot/1.4; +https://openai.com/gptbot)"
74.7.242.19 - - [11/Aug/2026:15:28:07 -0400] "GET /2026/07/15/la-ruleta-juego-de-casino/ HTTP/1.1" 200 47502 "http://casavalle.vsptdigital.cl" "Mozilla/5.0 AppleWebKit/537.36 (KHTML, like Gecko; compatible; GPTBot/1.4; +https://openai.com/gptbot)"
74.7.242.19 - - [11/Aug/2026:15:30:07 -0400] "GET /?p=17038 HTTP/1.1" 301 - "https://casavalle.vsptdigital.cl/?p=18104" "Mozilla/5.0 AppleWebKit/537.36 (KHTML, like Gecko; compatible; GPTBot/1.4; +https://openai.com/gptbot)"
185.6.9.128 - - [11/Aug/2026:15:30:53 -0400] "GET /wp-json/wp/v2/users/me HTTP/1.1" 401 88 "-" "Mozilla/5.0 (Windows NT 10.0; Win64; x64) AppleWebKit/537.36 (KHTML, like Gecko) Chrome/133.0.0.0 Safari/537.36"
74.7.242.19 - - [11/Aug/2026:15:31:10 -0400] "GET /?p=18010 HTTP/1.1" 301 - "https://casavalle.vsptdigital.cl/?p=18104" "Mozilla/5.0 AppleWebKit/537.36 (KHTML, like Gecko; compatible; GPTBot/1.4; +https://openai.com/gptbot)"
74.7.242.19 - - [11/Aug/2026:15:31:11 -0400] "GET /2026/07/15/juegos-de-casino-tragamonedas-sin-descargar/ HTTP/1.1" 200 47033 "https://casavalle.vsptdigital.cl/?p=18010" "Mozilla/5.0 AppleWebKit/537.36 (KHTML, like Gecko; compatible; GPTBot/1.4; +https://openai.com/gptbot)"
74.7.242.19 - - [11/Aug/2026:15:32:11 -0400] "GET /2026/07/15/reglas-de-blackjack-dealer/ HTTP/1.1" 200 46661 "http://casavalle.vsptdigital.cl" "Mozilla/5.0 AppleWebKit/537.36 (KHTML, like Gecko; compatible; GPTBot/1.4; +https://openai.com/gptbot)"
74.7.242.19 - - [11/Aug/2026:15:33:13 -0400] "GET /2026/07/15/casino-que-acepta-ethereum/ HTTP/1.1" 200 47234 "http://casavalle.vsptdigital.cl" "Mozilla/5.0 AppleWebKit/537.36 (KHTML, like Gecko; compatible; GPTBot/1.4; +https://openai.com/gptbot)"
74.7.242.19 - - [11/Aug/2026:15:34:16 -0400] "GET /2026/07/15/ruleta-que-numeros-apostar/ HTTP/1.1" 200 46757 "http://casavalle.vsptdigital.cl" "Mozilla/5.0 AppleWebKit/537.36 (KHTML, like Gecko; compatible; GPTBot/1.4; +https://openai.com/gptbot)"
74.7.242.19 - - [11/Aug/2026:15:35:21 -0400] "GET /2026/07/15/lowen-casino-codigo-promocional-y-bonus-code-2026/ HTTP/1.1" 200 46986 "http://casavalle.vsptdigital.cl" "Mozilla/5.0 AppleWebKit/537.36 (KHTML, like Gecko; compatible; GPTBot/1.4; +https://openai.com/gptbot)"
74.7.242.19 - - [11/Aug/2026:15:36:16 -0400] "GET /?p=17329 HTTP/1.1" 301 - "https://casavalle.vsptdigital.cl/2026/07/15/retiro-inmediato-en-btc-casino/" "Mozilla/5.0 AppleWebKit/537.36 (KHTML, like Gecko; compatible; GPTBot/1.4; +https://openai.com/gptbot)"
74.7.242.19 - - [11/Aug/2026:15:36:16 -0400] "GET /2026/07/15/casinos-juegos-en-vivo/ HTTP/1.1" 200 46805 "https://casavalle.vsptdigital.cl/?p=17329" "Mozilla/5.0 AppleWebKit/537.36 (KHTML, like Gecko; compatible; GPTBot/1.4; +https://openai.com/gptbot)"
88.198.25.144 - - [11/Aug/2026:15:37:24 -0400] "GET /2026/07/07/juegos-giros-gratis-sin-registrarse-ni-descargar-es/ HTTP/1.1" 200 46483 "https://casavalle.vsptdigital.cl/" "Mozilla/5.0 (X11; Linux i686; rv:114.0) Gecko/20100101 Firefox/114.0"
88.198.25.144 - - [11/Aug/2026:15:37:26 -0400] "GET /2026/07/07/juegos-giros-gratis-sin-registrarse-ni-descargar-es/ HTTP/1.1" 200 46483 "https://casavalle.vsptdigital.cl/2026/07/07/juegos-giros-gratis-sin-registrarse-ni-descargar-es/" "Mozilla/5.0 (X11; Linux i686; rv:114.0) Gecko/20100101 Firefox/114.0"
74.7.242.19 - - [11/Aug/2026:15:37:21 -0400] "GET /?p=18090 HTTP/1.1" 301 - "https://casavalle.vsptdigital.cl/2026/07/15/retiro-inmediato-en-btc-casino/" "Mozilla/5.0 AppleWebKit/537.36 (KHTML, like Gecko; compatible; GPTBot/1.4; +https://openai.com/gptbot)"
74.7.242.19 - - [11/Aug/2026:15:38:22 -0400] "GET /?p=18080 HTTP/1.1" 301 - "https://casavalle.vsptdigital.cl/2026/07/15/retiro-inmediato-en-btc-casino/" "Mozilla/5.0 AppleWebKit/537.36 (KHTML, like Gecko; compatible; GPTBot/1.4; +https://openai.com/gptbot)"
74.7.242.19 - - [11/Aug/2026:15:38:22 -0400] "GET /2026/07/15/maquinas-tragamonedas-nuevas-gratis/ HTTP/1.1" 200 46772 "https://casavalle.vsptdigital.cl/?p=18080" "Mozilla/5.0 AppleWebKit/537.36 (KHTML, like Gecko; compatible; GPTBot/1.4; +https://openai.com/gptbot)"
74.7.242.19 - - [11/Aug/2026:15:39:22 -0400] "GET /?p=17721 HTTP/1.1" 301 - "https://casavalle.vsptdigital.cl/2026/07/15/la-ruleta-juego-de-casino/" "Mozilla/5.0 AppleWebKit/537.36 (KHTML, like Gecko; compatible; GPTBot/1.4; +https://openai.com/gptbot)"
188.126.89.86 - - [11/Aug/2026:15:40:09 -0400] "GET /2026/05/14/wie-spielt-man-im-jahr-2026-in-den-spielbanken-um-echtgeld/ HTTP/1.1" 200 46081 "https://casavalle.vsptdigital.cl/" "Mozilla/5.0 (Macintosh; Intel Mac OS X 10_15_7) AppleWebKit/537.36 (KHTML, like Gecko) Chrome/134.0.0.0 Safari/537.36"
