74.7.242.19 - - [11/Aug/2026:17:41:17 -0400] "GET /2026/07/15/real-liceo-casino-alicante/ HTTP/1.1" 200 46436 "http://casavalle.vsptdigital.cl" "Mozilla/5.0 AppleWebKit/537.36 (KHTML, like Gecko; compatible; GPTBot/1.4; +https://openai.com/gptbot)"
185.191.171.16 - - [11/Aug/2026:17:41:58 -0400] "GET /2026/01/30/casino-tragamonedas-jugar-gratis/ HTTP/1.1" 200 47613 "-" "Mozilla/5.0 (compatible; SemrushBot/7~bl; +http://www.semrush.com/bot.html)"
74.7.242.19 - - [11/Aug/2026:17:42:19 -0400] "GET /2026/07/15/juegos-de-tragaperas/ HTTP/1.1" 200 46494 "http://casavalle.vsptdigital.cl" "Mozilla/5.0 AppleWebKit/537.36 (KHTML, like Gecko; compatible; GPTBot/1.4; +https://openai.com/gptbot)"
85.208.96.212 - - [11/Aug/2026:17:42:46 -0400] "GET /2026/01/30/mondobets-casino-codigo-promocional-y-bonus-code-2026/ HTTP/1.1" 200 46857 "-" "Mozilla/5.0 (compatible; SemrushBot/7~bl; +http://www.semrush.com/bot.html)"
74.7.242.19 - - [11/Aug/2026:17:43:22 -0400] "GET /2026/07/15/casino-en-mendoza-argentina/ HTTP/1.1" 200 46594 "http://casavalle.vsptdigital.cl" "Mozilla/5.0 AppleWebKit/537.36 (KHTML, like Gecko; compatible; GPTBot/1.4; +https://openai.com/gptbot)"
85.208.96.207 - - [11/Aug/2026:17:43:28 -0400] "GET /2026/07/15/casinos-en-santo-domingo/ HTTP/1.1" 200 47042 "-" "Mozilla/5.0 (compatible; SemrushBot/7~bl; +http://www.semrush.com/bot.html)"
85.208.96.201 - - [11/Aug/2026:17:44:10 -0400] "GET /2026/07/15/ruleta-sin-dep%C3%B3sito-con-bitcoin/ HTTP/1.1" 200 47728 "-" "Mozilla/5.0 (compatible; SemrushBot/7~bl; +http://www.semrush.com/bot.html)"
74.7.242.19 - - [11/Aug/2026:17:44:22 -0400] "GET /2026/07/15/bajar-juego-de-casino/ HTTP/1.1" 200 46941 "http://casavalle.vsptdigital.cl" "Mozilla/5.0 AppleWebKit/537.36 (KHTML, like Gecko; compatible; GPTBot/1.4; +https://openai.com/gptbot)"
85.208.96.208 - - [11/Aug/2026:17:44:52 -0400] "GET /2026/01/30/como-jugar-al-casinodays-casino/ HTTP/1.1" 200 46680 "-" "Mozilla/5.0 (compatible; SemrushBot/7~bl; +http://www.semrush.com/bot.html)"
74.7.242.19 - - [11/Aug/2026:17:45:24 -0400] "GET /2026/07/15/craps-juego-de-casino/ HTTP/1.1" 200 46954 "http://casavalle.vsptdigital.cl" "Mozilla/5.0 AppleWebKit/537.36 (KHTML, like Gecko; compatible; GPTBot/1.4; +https://openai.com/gptbot)"
185.191.171.4 - - [11/Aug/2026:17:45:33 -0400] "GET /2026/07/15/juegos-ruleta-gratis-para-jugar/ HTTP/1.1" 200 47278 "-" "Mozilla/5.0 (compatible; SemrushBot/7~bl; +http://www.semrush.com/bot.html)"
198.38.94.67 - - [11/Aug/2026:17:46:52 -0400] "GET /wp-login.php HTTP/1.1" 302 - "-" "Mozilla/5.0 (Windows NT 10.0; Win64; x64) AppleWebKit/537.36 (KHTML, like Gecko) Chrome/133.0.0.0 Safari/537.36"
198.38.94.67 - - [11/Aug/2026:17:46:52 -0400] "GET /wp-login.php HTTP/1.1" 302 - "https://casavalle.vsptdigital.cl/wp-login.php" "Mozilla/5.0 (Windows NT 10.0; Win64; x64) AppleWebKit/537.36 (KHTML, like Gecko) Chrome/133.0.0.0 Safari/537.36"
198.38.94.67 - - [11/Aug/2026:17:46:53 -0400] "GET /wp-login.php HTTP/1.1" 302 - "https://casavalle.vsptdigital.cl/wp-login.php" "Mozilla/5.0 (Windows NT 10.0; Win64; x64) AppleWebKit/537.36 (KHTML, like Gecko) Chrome/133.0.0.0 Safari/537.36"
198.38.94.67 - - [11/Aug/2026:17:46:53 -0400] "GET /wp-login.php HTTP/1.1" 302 - "https://casavalle.vsptdigital.cl/wp-login.php" "Mozilla/5.0 (Windows NT 10.0; Win64; x64) AppleWebKit/537.36 (KHTML, like Gecko) Chrome/133.0.0.0 Safari/537.36"
198.38.94.67 - - [11/Aug/2026:17:46:54 -0400] "GET /wp-login.php HTTP/1.1" 302 - "https://casavalle.vsptdigital.cl/wp-login.php" "Mozilla/5.0 (Windows NT 10.0; Win64; x64) AppleWebKit/537.36 (KHTML, like Gecko) Chrome/133.0.0.0 Safari/537.36"
198.38.94.67 - - [11/Aug/2026:17:46:54 -0400] "GET /wp-login.php HTTP/1.1" 302 - "https://casavalle.vsptdigital.cl/wp-login.php" "Mozilla/5.0 (Windows NT 10.0; Win64; x64) AppleWebKit/537.36 (KHTML, like Gecko) Chrome/133.0.0.0 Safari/537.36"
198.38.94.67 - - [11/Aug/2026:17:46:55 -0400] "GET /wp-login.php HTTP/1.1" 302 - "https://casavalle.vsptdigital.cl/wp-login.php" "Mozilla/5.0 (Windows NT 10.0; Win64; x64) AppleWebKit/537.36 (KHTML, like Gecko) Chrome/133.0.0.0 Safari/537.36"
198.38.94.67 - - [11/Aug/2026:17:46:55 -0400] "GET /wp-login.php HTTP/1.1" 302 - "https://casavalle.vsptdigital.cl/wp-login.php" "Mozilla/5.0 (Windows NT 10.0; Win64; x64) AppleWebKit/537.36 (KHTML, like Gecko) Chrome/133.0.0.0 Safari/537.36"
198.38.94.67 - - [11/Aug/2026:17:46:56 -0400] "GET /wp-login.php HTTP/1.1" 302 - "https://casavalle.vsptdigital.cl/wp-login.php" "Mozilla/5.0 (Windows NT 10.0; Win64; x64) AppleWebKit/537.36 (KHTML, like Gecko) Chrome/133.0.0.0 Safari/537.36"
185.191.171.8 - - [11/Aug/2026:17:46:16 -0400] "GET /2026/01/30/casino-cirsa-valencia-opiniones/ HTTP/1.1" 200 47760 "-" "Mozilla/5.0 (compatible; SemrushBot/7~bl; +http://www.semrush.com/bot.html)"
198.38.94.67 - - [11/Aug/2026:17:46:56 -0400] "GET /wp-login.php HTTP/1.1" 302 - "https://casavalle.vsptdigital.cl/wp-login.php" "Mozilla/5.0 (Windows NT 10.0; Win64; x64) AppleWebKit/537.36 (KHTML, like Gecko) Chrome/133.0.0.0 Safari/537.36"
198.38.94.67 - - [11/Aug/2026:17:46:58 -0400] "GET /wp-json/wp/v2/users/me HTTP/1.1" 401 88 "-" "Mozilla/5.0 (Windows NT 10.0; Win64; x64) AppleWebKit/537.36 (KHTML, like Gecko) Chrome/133.0.0.0 Safari/537.36"
198.38.94.67 - - [11/Aug/2026:17:47:00 -0400] "GET /wp-login.php HTTP/1.1" 302 - "-" "Mozilla/5.0 (Windows NT 10.0; Win64; x64) AppleWebKit/537.36 (KHTML, like Gecko) Chrome/133.0.0.0 Safari/537.36"
198.38.94.67 - - [11/Aug/2026:17:47:01 -0400] "GET /wp-login.php HTTP/1.1" 302 - "https://casavalle.vsptdigital.cl/wp-login.php" "Mozilla/5.0 (Windows NT 10.0; Win64; x64) AppleWebKit/537.36 (KHTML, like Gecko) Chrome/133.0.0.0 Safari/537.36"
198.38.94.67 - - [11/Aug/2026:17:47:01 -0400] "GET /wp-login.php HTTP/1.1" 302 - "https://casavalle.vsptdigital.cl/wp-login.php" "Mozilla/5.0 (Windows NT 10.0; Win64; x64) AppleWebKit/537.36 (KHTML, like Gecko) Chrome/133.0.0.0 Safari/537.36"
198.38.94.67 - - [11/Aug/2026:17:47:02 -0400] "GET /wp-login.php HTTP/1.1" 302 - "https://casavalle.vsptdigital.cl/wp-login.php" "Mozilla/5.0 (Windows NT 10.0; Win64; x64) AppleWebKit/537.36 (KHTML, like Gecko) Chrome/133.0.0.0 Safari/537.36"
198.38.94.67 - - [11/Aug/2026:17:47:02 -0400] "GET /wp-login.php HTTP/1.1" 302 - "https://casavalle.vsptdigital.cl/wp-login.php" "Mozilla/5.0 (Windows NT 10.0; Win64; x64) AppleWebKit/537.36 (KHTML, like Gecko) Chrome/133.0.0.0 Safari/537.36"
198.38.94.67 - - [11/Aug/2026:17:47:03 -0400] "GET /wp-login.php HTTP/1.1" 302 - "https://casavalle.vsptdigital.cl/wp-login.php" "Mozilla/5.0 (Windows NT 10.0; Win64; x64) AppleWebKit/537.36 (KHTML, like Gecko) Chrome/133.0.0.0 Safari/537.36"
198.38.94.67 - - [11/Aug/2026:17:47:03 -0400] "GET /wp-login.php HTTP/1.1" 302 - "https://casavalle.vsptdigital.cl/wp-login.php" "Mozilla/5.0 (Windows NT 10.0; Win64; x64) AppleWebKit/537.36 (KHTML, like Gecko) Chrome/133.0.0.0 Safari/537.36"
198.38.94.67 - - [11/Aug/2026:17:47:04 -0400] "GET /wp-login.php HTTP/1.1" 302 - "https://casavalle.vsptdigital.cl/wp-login.php" "Mozilla/5.0 (Windows NT 10.0; Win64; x64) AppleWebKit/537.36 (KHTML, like Gecko) Chrome/133.0.0.0 Safari/537.36"
198.38.94.67 - - [11/Aug/2026:17:47:04 -0400] "GET /wp-login.php HTTP/1.1" 302 - "https://casavalle.vsptdigital.cl/wp-login.php" "Mozilla/5.0 (Windows NT 10.0; Win64; x64) AppleWebKit/537.36 (KHTML, like Gecko) Chrome/133.0.0.0 Safari/537.36"
198.38.94.67 - - [11/Aug/2026:17:47:05 -0400] "GET /wp-login.php HTTP/1.1" 302 - "https://casavalle.vsptdigital.cl/wp-login.php" "Mozilla/5.0 (Windows NT 10.0; Win64; x64) AppleWebKit/537.36 (KHTML, like Gecko) Chrome/133.0.0.0 Safari/537.36"
198.38.94.67 - - [11/Aug/2026:17:47:07 -0400] "GET /wp-json/wp/v2/users/me HTTP/1.1" 401 88 "-" "Mozilla/5.0 (Windows NT 10.0; Win64; x64) AppleWebKit/537.36 (KHTML, like Gecko) Chrome/133.0.0.0 Safari/537.36"
74.7.242.19 - - [11/Aug/2026:17:46:27 -0400] "GET /2026/07/15/88-casino-codigo-promocional-y-bonus-code-2026/ HTTP/1.1" 200 47248 "http://casavalle.vsptdigital.cl" "Mozilla/5.0 AppleWebKit/537.36 (KHTML, like Gecko; compatible; GPTBot/1.4; +https://openai.com/gptbot)"
85.208.96.195 - - [11/Aug/2026:17:46:58 -0400] "GET /2026/01/30/jugar-ala-ruleta-argentina/ HTTP/1.1" 200 46289 "-" "Mozilla/5.0 (compatible; SemrushBot/7~bl; +http://www.semrush.com/bot.html)"
74.7.242.19 - - [11/Aug/2026:17:47:32 -0400] "GET /2026/07/15/top-10-mejores-juegos-de-casino/ HTTP/1.1" 200 46993 "http://casavalle.vsptdigital.cl" "Mozilla/5.0 AppleWebKit/537.36 (KHTML, like Gecko; compatible; GPTBot/1.4; +https://openai.com/gptbot)"
185.191.171.8 - - [11/Aug/2026:17:47:45 -0400] "GET /2026/07/15/alcala-casino-codigo-promocional-y-bonus-code/ HTTP/1.1" 200 47546 "-" "Mozilla/5.0 (compatible; SemrushBot/7~bl; +http://www.semrush.com/bot.html)"
185.191.171.8 - - [11/Aug/2026:17:48:26 -0400] "GET /2026/01/30/casino-chileno-en-linea/ HTTP/1.1" 200 46031 "-" "Mozilla/5.0 (compatible; SemrushBot/7~bl; +http://www.semrush.com/bot.html)"
74.7.242.19 - - [11/Aug/2026:17:48:38 -0400] "GET /2026/07/15/casinos-en-la-habana-cuba/ HTTP/1.1" 200 46896 "http://casavalle.vsptdigital.cl" "Mozilla/5.0 AppleWebKit/537.36 (KHTML, like Gecko; compatible; GPTBot/1.4; +https://openai.com/gptbot)"
85.208.96.194 - - [11/Aug/2026:17:49:08 -0400] "GET /2026/01/30/blackjack-gratis-online-espa%C3%B1ol/ HTTP/1.1" 200 46439 "-" "Mozilla/5.0 (compatible; SemrushBot/7~bl; +http://www.semrush.com/bot.html)"
51.79.65.194 - - [11/Aug/2026:17:50:25 -0400] "GET /wp-login.php HTTP/1.1" 301 - "-" "Mozilla/5.0 (Windows NT 10.0; Win64; x64) AppleWebKit/537.36 (KHTML, like Gecko) Chrome/133.0.0.0 Safari/537.36"
74.7.242.19 - - [11/Aug/2026:17:49:41 -0400] "GET /2026/07/15/probabilidades-blackjack/ HTTP/1.1" 200 46511 "http://casavalle.vsptdigital.cl" "Mozilla/5.0 AppleWebKit/537.36 (KHTML, like Gecko; compatible; GPTBot/1.4; +https://openai.com/gptbot)"
51.79.65.194 - - [11/Aug/2026:17:50:26 -0400] "GET /wp-login.php HTTP/1.1" 302 - "https://www.casavalle.vsptdigital.cl/wp-login.php" "Mozilla/5.0 (Windows NT 10.0; Win64; x64) AppleWebKit/537.36 (KHTML, like Gecko) Chrome/133.0.0.0 Safari/537.36"
51.79.65.194 - - [11/Aug/2026:17:50:27 -0400] "GET /wp-login.php HTTP/1.1" 302 - "https://www.casavalle.vsptdigital.cl/wp-login.php" "Mozilla/5.0 (Windows NT 10.0; Win64; x64) AppleWebKit/537.36 (KHTML, like Gecko) Chrome/133.0.0.0 Safari/537.36"
51.79.65.194 - - [11/Aug/2026:17:50:27 -0400] "GET /wp-login.php HTTP/1.1" 302 - "https://www.casavalle.vsptdigital.cl/wp-login.php" "Mozilla/5.0 (Windows NT 10.0; Win64; x64) AppleWebKit/537.36 (KHTML, like Gecko) Chrome/133.0.0.0 Safari/537.36"
51.79.65.194 - - [11/Aug/2026:17:50:28 -0400] "GET /wp-login.php HTTP/1.1" 302 - "https://www.casavalle.vsptdigital.cl/wp-login.php" "Mozilla/5.0 (Windows NT 10.0; Win64; x64) AppleWebKit/537.36 (KHTML, like Gecko) Chrome/133.0.0.0 Safari/537.36"
51.79.65.194 - - [11/Aug/2026:17:50:28 -0400] "GET /wp-login.php HTTP/1.1" 302 - "https://www.casavalle.vsptdigital.cl/wp-login.php" "Mozilla/5.0 (Windows NT 10.0; Win64; x64) AppleWebKit/537.36 (KHTML, like Gecko) Chrome/133.0.0.0 Safari/537.36"
51.79.65.194 - - [11/Aug/2026:17:50:28 -0400] "GET /wp-login.php HTTP/1.1" 302 - "https://www.casavalle.vsptdigital.cl/wp-login.php" "Mozilla/5.0 (Windows NT 10.0; Win64; x64) AppleWebKit/537.36 (KHTML, like Gecko) Chrome/133.0.0.0 Safari/537.36"
51.79.65.194 - - [11/Aug/2026:17:50:29 -0400] "GET /wp-login.php HTTP/1.1" 302 - "https://www.casavalle.vsptdigital.cl/wp-login.php" "Mozilla/5.0 (Windows NT 10.0; Win64; x64) AppleWebKit/537.36 (KHTML, like Gecko) Chrome/133.0.0.0 Safari/537.36"
51.79.65.194 - - [11/Aug/2026:17:50:29 -0400] "GET /wp-login.php HTTP/1.1" 302 - "https://www.casavalle.vsptdigital.cl/wp-login.php" "Mozilla/5.0 (Windows NT 10.0; Win64; x64) AppleWebKit/537.36 (KHTML, like Gecko) Chrome/133.0.0.0 Safari/537.36"
51.79.65.194 - - [11/Aug/2026:17:50:30 -0400] "GET /wp-login.php HTTP/1.1" 302 - "https://www.casavalle.vsptdigital.cl/wp-login.php" "Mozilla/5.0 (Windows NT 10.0; Win64; x64) AppleWebKit/537.36 (KHTML, like Gecko) Chrome/133.0.0.0 Safari/537.36"
185.191.171.1 - - [11/Aug/2026:17:49:50 -0400] "GET /2026/01/30/casino-online-blackjack/ HTTP/1.1" 200 47545 "-" "Mozilla/5.0 (compatible; SemrushBot/7~bl; +http://www.semrush.com/bot.html)"
51.79.65.194 - - [11/Aug/2026:17:50:31 -0400] "GET /wp-json/wp/v2/users/me HTTP/1.1" 401 88 "-" "Mozilla/5.0 (Windows NT 10.0; Win64; x64) AppleWebKit/537.36 (KHTML, like Gecko) Chrome/133.0.0.0 Safari/537.36"
85.208.96.209 - - [11/Aug/2026:17:50:33 -0400] "GET /2026/01/30/juegos-tragamonedas-en-linea-gratis/ HTTP/1.1" 200 47294 "-" "Mozilla/5.0 (compatible; SemrushBot/7~bl; +http://www.semrush.com/bot.html)"
74.7.242.19 - - [11/Aug/2026:17:50:44 -0400] "GET /2026/07/15/tragamonedas-con-bono-de-bienvenida-sin-dep%C3%B3sito/ HTTP/1.1" 200 46937 "http://casavalle.vsptdigital.cl" "Mozilla/5.0 AppleWebKit/537.36 (KHTML, like Gecko; compatible; GPTBot/1.4; +https://openai.com/gptbot)"
185.191.171.8 - - [11/Aug/2026:17:51:20 -0400] "GET /2026/01/30/pagos-en-casino-con-bitcoin/ HTTP/1.1" 200 46618 "-" "Mozilla/5.0 (compatible; SemrushBot/7~bl; +http://www.semrush.com/bot.html)"
74.7.242.19 - - [11/Aug/2026:17:51:46 -0400] "GET /2026/07/15/como-jugar-dados-casino/ HTTP/1.1" 200 47219 "http://casavalle.vsptdigital.cl" "Mozilla/5.0 AppleWebKit/537.36 (KHTML, like Gecko; compatible; GPTBot/1.4; +https://openai.com/gptbot)"
85.208.96.205 - - [11/Aug/2026:17:52:02 -0400] "GET /2026/01/30/consejos-para-casinos/ HTTP/1.1" 200 46430 "-" "Mozilla/5.0 (compatible; SemrushBot/7~bl; +http://www.semrush.com/bot.html)"
85.208.96.208 - - [11/Aug/2026:17:52:45 -0400] "GET /2026/01/30/jugar-ala-ruleta-casino/ HTTP/1.1" 200 47186 "-" "Mozilla/5.0 (compatible; SemrushBot/7~bl; +http://www.semrush.com/bot.html)"
74.7.242.19 - - [11/Aug/2026:17:52:48 -0400] "GET /2026/07/15/jugar-golden-era-gratis/ HTTP/1.1" 200 46616 "http://casavalle.vsptdigital.cl" "Mozilla/5.0 AppleWebKit/537.36 (KHTML, like Gecko; compatible; GPTBot/1.4; +https://openai.com/gptbot)"
147.53.122.110 - - [11/Aug/2026:17:53:47 -0400] "GET /2026/07/26/logiciel-d-aide-a-la-roulette-pour-ios-en-2026/ HTTP/1.1" 200 47273 "https://casavalle.vsptdigital.cl/" "Mozilla/5.0 (Windows NT 10.0; Win64; x64) AppleWebKit/537.36 (KHTML, like Gecko) Chrome/146.0.0.0 Safari/537.36"
85.208.96.201 - - [11/Aug/2026:17:53:26 -0400] "GET /2026/01/30/european-roulette/ HTTP/1.1" 200 47307 "-" "Mozilla/5.0 (compatible; SemrushBot/7~bl; +http://www.semrush.com/bot.html)"
74.7.242.19 - - [11/Aug/2026:17:53:49 -0400] "GET /2026/07/15/casinos-de-tether/ HTTP/1.1" 200 47614 "http://casavalle.vsptdigital.cl" "Mozilla/5.0 AppleWebKit/537.36 (KHTML, like Gecko; compatible; GPTBot/1.4; +https://openai.com/gptbot)"
185.191.171.7 - - [11/Aug/2026:17:54:19 -0400] "GET /2026/01/30/jugar-a-la-ruleta-sin-descargar/ HTTP/1.1" 200 46926 "-" "Mozilla/5.0 (compatible; SemrushBot/7~bl; +http://www.semrush.com/bot.html)"
74.7.242.19 - - [11/Aug/2026:17:54:50 -0400] "GET /2026/07/15/juego-con-casinos/ HTTP/1.1" 200 46816 "http://casavalle.vsptdigital.cl" "Mozilla/5.0 AppleWebKit/537.36 (KHTML, like Gecko; compatible; GPTBot/1.4; +https://openai.com/gptbot)"
185.191.171.1 - - [11/Aug/2026:17:55:01 -0400] "GET /2026/07/15/truco-de-las-tragamonedas-de-frutas/ HTTP/1.1" 200 46073 "-" "Mozilla/5.0 (compatible; SemrushBot/7~bl; +http://www.semrush.com/bot.html)"
185.191.171.1 - - [11/Aug/2026:17:55:43 -0400] "GET /2026/07/15/wild-slots-casino-no-deposit-bonus/ HTTP/1.1" 200 46378 "-" "Mozilla/5.0 (compatible; SemrushBot/7~bl; +http://www.semrush.com/bot.html)"
74.7.242.19 - - [11/Aug/2026:17:55:54 -0400] "GET /2026/07/15/mejores-casinos-de-cripto-con-bono-sin-dep%C3%B3sito/ HTTP/1.1" 200 47183 "http://casavalle.vsptdigital.cl" "Mozilla/5.0 AppleWebKit/537.36 (KHTML, like Gecko; compatible; GPTBot/1.4; +https://openai.com/gptbot)"
185.191.171.10 - - [11/Aug/2026:17:56:26 -0400] "GET /2026/01/30/casino-virtual-chile/ HTTP/1.1" 200 47199 "-" "Mozilla/5.0 (compatible; SemrushBot/7~bl; +http://www.semrush.com/bot.html)"
74.7.242.19 - - [11/Aug/2026:17:56:57 -0400] "GET /2026/07/15/barcelona-casino-online/ HTTP/1.1" 200 47064 "http://casavalle.vsptdigital.cl" "Mozilla/5.0 AppleWebKit/537.36 (KHTML, like Gecko; compatible; GPTBot/1.4; +https://openai.com/gptbot)"
85.208.96.207 - - [11/Aug/2026:17:57:10 -0400] "GET /2026/07/15/terraza-casino-bono-sin-dep%C3%B3sito-50-giros-gratis-2026/ HTTP/1.1" 200 46798 "-" "Mozilla/5.0 (compatible; SemrushBot/7~bl; +http://www.semrush.com/bot.html)"
50.6.207.27 - - [11/Aug/2026:17:57:53 -0400] "GET /wp-login.php HTTP/1.1" 301 - "-" "Mozilla/5.0 (Windows NT 10.0; Win64; x64) AppleWebKit/537.36 (KHTML, like Gecko) Chrome/133.0.0.0 Safari/537.36"
50.6.207.27 - - [11/Aug/2026:17:57:54 -0400] "GET /wp-login.php HTTP/1.1" 302 - "https://www.casavalle.vsptdigital.cl/wp-login.php" "Mozilla/5.0 (Windows NT 10.0; Win64; x64) AppleWebKit/537.36 (KHTML, like Gecko) Chrome/133.0.0.0 Safari/537.36"
50.6.207.27 - - [11/Aug/2026:17:57:54 -0400] "GET /wp-login.php HTTP/1.1" 302 - "https://www.casavalle.vsptdigital.cl/wp-login.php" "Mozilla/5.0 (Windows NT 10.0; Win64; x64) AppleWebKit/537.36 (KHTML, like Gecko) Chrome/133.0.0.0 Safari/537.36"
50.6.207.27 - - [11/Aug/2026:17:57:55 -0400] "GET /wp-login.php HTTP/1.1" 302 - "https://www.casavalle.vsptdigital.cl/wp-login.php" "Mozilla/5.0 (Windows NT 10.0; Win64; x64) AppleWebKit/537.36 (KHTML, like Gecko) Chrome/133.0.0.0 Safari/537.36"
50.6.207.27 - - [11/Aug/2026:17:57:55 -0400] "GET /wp-login.php HTTP/1.1" 302 - "https://www.casavalle.vsptdigital.cl/wp-login.php" "Mozilla/5.0 (Windows NT 10.0; Win64; x64) AppleWebKit/537.36 (KHTML, like Gecko) Chrome/133.0.0.0 Safari/537.36"
50.6.207.27 - - [11/Aug/2026:17:57:55 -0400] "GET /wp-login.php HTTP/1.1" 302 - "https://www.casavalle.vsptdigital.cl/wp-login.php" "Mozilla/5.0 (Windows NT 10.0; Win64; x64) AppleWebKit/537.36 (KHTML, like Gecko) Chrome/133.0.0.0 Safari/537.36"
50.6.207.27 - - [11/Aug/2026:17:57:56 -0400] "GET /wp-login.php HTTP/1.1" 302 - "https://www.casavalle.vsptdigital.cl/wp-login.php" "Mozilla/5.0 (Windows NT 10.0; Win64; x64) AppleWebKit/537.36 (KHTML, like Gecko) Chrome/133.0.0.0 Safari/537.36"
50.6.207.27 - - [11/Aug/2026:17:57:56 -0400] "GET /wp-login.php HTTP/1.1" 302 - "https://www.casavalle.vsptdigital.cl/wp-login.php" "Mozilla/5.0 (Windows NT 10.0; Win64; x64) AppleWebKit/537.36 (KHTML, like Gecko) Chrome/133.0.0.0 Safari/537.36"
50.6.207.27 - - [11/Aug/2026:17:57:57 -0400] "GET /wp-login.php HTTP/1.1" 302 - "https://www.casavalle.vsptdigital.cl/wp-login.php" "Mozilla/5.0 (Windows NT 10.0; Win64; x64) AppleWebKit/537.36 (KHTML, like Gecko) Chrome/133.0.0.0 Safari/537.36"
50.6.207.27 - - [11/Aug/2026:17:57:57 -0400] "GET /wp-login.php HTTP/1.1" 302 - "https://www.casavalle.vsptdigital.cl/wp-login.php" "Mozilla/5.0 (Windows NT 10.0; Win64; x64) AppleWebKit/537.36 (KHTML, like Gecko) Chrome/133.0.0.0 Safari/537.36"
50.6.207.27 - - [11/Aug/2026:17:57:58 -0400] "GET /wp-json/wp/v2/users/me HTTP/1.1" 401 88 "-" "Mozilla/5.0 (Windows NT 10.0; Win64; x64) AppleWebKit/537.36 (KHTML, like Gecko) Chrome/133.0.0.0 Safari/537.36"
209.50.191.50 - - [11/Aug/2026:17:58:30 -0400] "GET /2026/07/07/tragamonedas-gratis-modernas-espana/ HTTP/1.1" 200 46919 "https://casavalle.vsptdigital.cl/" "Mozilla/5.0 (Windows NT 10.0; Win64; x64) AppleWebKit/537.36 (KHTML, like Gecko) Chrome/134.0.0.0 Safari/537.36"
209.50.191.50 - - [11/Aug/2026:17:58:32 -0400] "GET /2026/07/07/tragamonedas-gratis-modernas-espana/ HTTP/1.1" 200 46919 "https://casavalle.vsptdigital.cl/2026/07/07/tragamonedas-gratis-modernas-espana/" "Mozilla/5.0 (Windows NT 10.0; Win64; x64) AppleWebKit/537.36 (KHTML, like Gecko) Chrome/134.0.0.0 Safari/537.36"
185.191.171.10 - - [11/Aug/2026:17:57:52 -0400] "GET /2026/01/30/blackjack-online-gratis-sin-registro/ HTTP/1.1" 200 47688 "-" "Mozilla/5.0 (compatible; SemrushBot/7~bl; +http://www.semrush.com/bot.html)"
74.7.242.19 - - [11/Aug/2026:17:58:00 -0400] "GET /2026/07/15/jugar-greek-gods-gratis/ HTTP/1.1" 200 46689 "http://casavalle.vsptdigital.cl" "Mozilla/5.0 AppleWebKit/537.36 (KHTML, like Gecko; compatible; GPTBot/1.4; +https://openai.com/gptbot)"
85.208.96.202 - - [11/Aug/2026:17:58:34 -0400] "GET /2026/01/30/tragaperras-online-gates-of-olympus/ HTTP/1.1" 200 46813 "-" "Mozilla/5.0 (compatible; SemrushBot/7~bl; +http://www.semrush.com/bot.html)"
74.7.242.19 - - [11/Aug/2026:17:59:01 -0400] "GET /2026/07/15/casino-san-remo-iquique/ HTTP/1.1" 200 47712 "http://casavalle.vsptdigital.cl" "Mozilla/5.0 AppleWebKit/537.36 (KHTML, like Gecko; compatible; GPTBot/1.4; +https://openai.com/gptbot)"
85.208.96.197 - - [11/Aug/2026:17:59:16 -0400] "GET /2026/01/30/punto-banco-online/ HTTP/1.1" 200 46415 "-" "Mozilla/5.0 (compatible; SemrushBot/7~bl; +http://www.semrush.com/bot.html)"
134.255.243.230 - - [11/Aug/2026:17:59:57 -0400] "GET /2026/07/04/juego-de-slots-gratis-con-bonus-en-es-2026/ HTTP/1.1" 200 46585 "https://casavalle.vsptdigital.cl/" "Mozilla/5.0 (Windows NT 10.0; Win64; x64) AppleWebKit/537.36 (KHTML, like Gecko) Chrome/142.0.0.0 Safari/537.36"
185.191.171.7 - - [11/Aug/2026:18:00:02 -0400] "GET /robots.txt HTTP/1.1" 200 148 "-" "Mozilla/5.0 (compatible; SemrushBot/7~bl; +http://www.semrush.com/bot.html)"
134.255.243.230 - - [11/Aug/2026:18:00:02 -0400] "GET /wp-login.php?action=register HTTP/1.1" 404 40829 "https://casavalle.vsptdigital.cl/2026/07/04/juego-de-slots-gratis-con-bonus-en-es-2026/" "Mozilla/5.0 (Windows NT 6.3; Win64; x64) AppleWebKit/537.36 (KHTML, like Gecko) Chrome/103.0.0.0 Safari/537.36"
134.255.243.230 - - [11/Aug/2026:18:00:04 -0400] "GET /wp-login.php?action=register HTTP/1.1" 404 40829 "https://casavalle.vsptdigital.cl/wp-login.php?action=register" "Mozilla/5.0 (Windows NT 6.3; Win64; x64) AppleWebKit/537.36 (KHTML, like Gecko) Chrome/103.0.0.0 Safari/537.36"
134.255.243.230 - - [11/Aug/2026:18:00:05 -0400] "GET /wp-content/plugins/contact-form-7/includes/css/styles.css?ver=6.0.1 HTTP/1.1" 200 2894 "https://casavalle.vsptdigital.cl/wp-login.php?action=register" "Mozilla/5.0 (Windows NT 10.0; Win64; x64) AppleWebKit/537.36 (KHTML, like Gecko) Chrome/149.0.0.0 Safari/537.36"
134.255.243.230 - - [11/Aug/2026:18:00:05 -0400] "GET /wp-content/themes/hello-elementor/style.min.css?ver=3.1.1 HTTP/1.1" 200 5501 "https://casavalle.vsptdigital.cl/wp-login.php?action=register" "Mozilla/5.0 (Windows NT 10.0; Win64; x64) AppleWebKit/537.36 (KHTML, like Gecko) Chrome/149.0.0.0 Safari/537.36"
134.255.243.230 - - [11/Aug/2026:18:00:06 -0400] "GET /wp-content/themes/hello-elementor/theme.min.css?ver=3.1.1 HTTP/1.1" 200 5146 "https://casavalle.vsptdigital.cl/wp-login.php?action=register" "Mozilla/5.0 (Windows NT 10.0; Win64; x64) AppleWebKit/537.36 (KHTML, like Gecko) Chrome/149.0.0.0 Safari/537.36"
134.255.243.230 - - [11/Aug/2026:18:00:06 -0400] "GET /wp-content/themes/hello-elementor/header-footer.min.css?ver=3.1.1 HTTP/1.1" 200 7212 "https://casavalle.vsptdigital.cl/wp-login.php?action=register" "Mozilla/5.0 (Windows NT 10.0; Win64; x64) AppleWebKit/537.36 (KHTML, like Gecko) Chrome/149.0.0.0 Safari/537.36"
134.255.243.230 - - [11/Aug/2026:18:00:07 -0400] "GET /wp-content/plugins/elementor/assets/css/frontend.min.css?ver=3.25.11 HTTP/1.1" 200 60575 "https://casavalle.vsptdigital.cl/wp-login.php?action=register" "Mozilla/5.0 (Windows NT 10.0; Win64; x64) AppleWebKit/537.36 (KHTML, like Gecko) Chrome/149.0.0.0 Safari/537.36"
134.255.243.230 - - [11/Aug/2026:18:00:08 -0400] "GET /wp-content/uploads/elementor/css/post-5.css?ver=1734010644 HTTP/1.1" 200 1230 "https://casavalle.vsptdigital.cl/wp-login.php?action=register" "Mozilla/5.0 (Windows NT 10.0; Win64; x64) AppleWebKit/537.36 (KHTML, like Gecko) Chrome/149.0.0.0 Safari/537.36"
134.255.243.230 - - [11/Aug/2026:18:00:09 -0400] "GET /wp-content/plugins/elementor/assets/lib/eicons/css/elementor-icons.min.css?ver=5.34.0 HTTP/1.1" 200 20060 "https://casavalle.vsptdigital.cl/wp-login.php?action=register" "Mozilla/5.0 (Windows NT 10.0; Win64; x64) AppleWebKit/537.36 (KHTML, like Gecko) Chrome/149.0.0.0 Safari/537.36"
134.255.243.230 - - [11/Aug/2026:18:00:09 -0400] "GET /wp-content/plugins/elementor/assets/lib/swiper/v8/css/swiper.min.css?ver=8.4.5 HTTP/1.1" 200 16471 "https://casavalle.vsptdigital.cl/wp-login.php?action=register" "Mozilla/5.0 (Windows NT 10.0; Win64; x64) AppleWebKit/537.36 (KHTML, like Gecko) Chrome/149.0.0.0 Safari/537.36"
134.255.243.230 - - [11/Aug/2026:18:00:10 -0400] "GET /wp-content/plugins/elementor/assets/css/conditionals/e-swiper.min.css?ver=3.25.11 HTTP/1.1" 200 10260 "https://casavalle.vsptdigital.cl/wp-login.php?action=register" "Mozilla/5.0 (Windows NT 10.0; Win64; x64) AppleWebKit/537.36 (KHTML, like Gecko) Chrome/149.0.0.0 Safari/537.36"
134.255.243.230 - - [11/Aug/2026:18:00:11 -0400] "GET /wp-content/plugins/elementor-pro/assets/css/frontend.min.css?ver=3.7.1 HTTP/1.1" 200 480945 "https://casavalle.vsptdigital.cl/wp-login.php?action=register" "Mozilla/5.0 (Windows NT 10.0; Win64; x64) AppleWebKit/537.36 (KHTML, like Gecko) Chrome/149.0.0.0 Safari/537.36"
134.255.243.230 - - [11/Aug/2026:18:00:13 -0400] "GET /wp-content/uploads/elementor/css/post-35.css?ver=1734010644 HTTP/1.1" 200 5018 "https://casavalle.vsptdigital.cl/wp-login.php?action=register" "Mozilla/5.0 (Windows NT 10.0; Win64; x64) AppleWebKit/537.36 (KHTML, like Gecko) Chrome/149.0.0.0 Safari/537.36"
134.255.243.230 - - [11/Aug/2026:18:00:14 -0400] "GET /wp-content/uploads/pum/pum-site-styles.css?generated=1734010667&ver=1.20.3 HTTP/1.1" 200 17449 "https://casavalle.vsptdigital.cl/wp-login.php?action=register" "Mozilla/5.0 (Windows NT 10.0; Win64; x64) AppleWebKit/537.36 (KHTML, like Gecko) Chrome/149.0.0.0 Safari/537.36"
134.255.243.230 - - [11/Aug/2026:18:00:15 -0400] "GET /wp-content/plugins/elementor/assets/css/widget-image.min.css?ver=3.25.11 HTTP/1.1" 200 254 "https://casavalle.vsptdigital.cl/wp-login.php?action=register" "Mozilla/5.0 (Windows NT 10.0; Win64; x64) AppleWebKit/537.36 (KHTML, like Gecko) Chrome/149.0.0.0 Safari/537.36"
134.255.243.230 - - [11/Aug/2026:18:00:15 -0400] "GET /wp-content/plugins/elementor/assets/lib/animations/styles/fadeInRight.min.css?ver=3.25.11 HTTP/1.1" 200 139 "https://casavalle.vsptdigital.cl/wp-login.php?action=register" "Mozilla/5.0 (Windows NT 10.0; Win64; x64) AppleWebKit/537.36 (KHTML, like Gecko) Chrome/149.0.0.0 Safari/537.36"
134.255.243.230 - - [11/Aug/2026:18:00:16 -0400] "GET /wp-content/plugins/elementor/assets/css/widget-heading.min.css?ver=3.25.11 HTTP/1.1" 200 600 "https://casavalle.vsptdigital.cl/wp-login.php?action=register" "Mozilla/5.0 (Windows NT 10.0; Win64; x64) AppleWebKit/537.36 (KHTML, like Gecko) Chrome/149.0.0.0 Safari/537.36"
185.191.171.14 - - [11/Aug/2026:17:59:58 -0400] "GET /2026/01/30/casino-de-tigre-bono-sin-dep%C3%B3sito-50-giros-gratis-2026/ HTTP/1.1" 200 47745 "-" "Mozilla/5.0 (compatible; SemrushBot/7~bl; +http://www.semrush.com/bot.html)"
74.7.242.19 - - [11/Aug/2026:18:00:05 -0400] "GET /2026/07/15/10-juegos-de-casino-nombres/ HTTP/1.1" 200 46743 "http://casavalle.vsptdigital.cl" "Mozilla/5.0 AppleWebKit/537.36 (KHTML, like Gecko; compatible; GPTBot/1.4; +https://openai.com/gptbot)"
185.191.171.16 - - [11/Aug/2026:18:00:40 -0400] "GET /2026/01/30/juegos-de-maquinas-tragamonedas-gratis-nuevas/ HTTP/1.1" 200 47065 "-" "Mozilla/5.0 (compatible; SemrushBot/7~bl; +http://www.semrush.com/bot.html)"
216.26.231.240 - - [11/Aug/2026:18:01:28 -0400] "GET /2026/07/26/logiciel-d-aide-a-la-roulette-pour-ios-en-2026/ HTTP/1.1" 200 47273 "https://casavalle.vsptdigital.cl/" "Mozilla/5.0 (Windows NT 10.0; Win64; x64) AppleWebKit/537.36 (KHTML, like Gecko) Chrome/136.0.0.0 Safari/537.36"
104.207.48.203 - - [11/Aug/2026:18:01:30 -0400] "GET /wp-login.php?action=register HTTP/1.1" 404 40829 "https://casavalle.vsptdigital.cl/2026/07/26/logiciel-d-aide-a-la-roulette-pour-ios-en-2026/" "Mozilla/5.0 (Windows NT 6.3; Win64; x64) AppleWebKit/537.36 (KHTML, like Gecko) Chrome/103.0.0.0 Safari/537.36"
45.3.52.246 - - [11/Aug/2026:18:01:32 -0400] "GET /wp-login.php?action=register HTTP/1.1" 404 40829 "https://casavalle.vsptdigital.cl/wp-login.php?action=register" "Mozilla/5.0 (Windows NT 6.3; Win64; x64) AppleWebKit/537.36 (KHTML, like Gecko) Chrome/103.0.0.0 Safari/537.36"
193.56.28.82 - - [11/Aug/2026:18:01:34 -0400] "GET /wp-content/plugins/contact-form-7/includes/css/styles.css?ver=6.0.1 HTTP/1.1" 200 2894 "https://casavalle.vsptdigital.cl/wp-login.php?action=register" "Mozilla/5.0 (Windows NT 10.0; Win64; x64) AppleWebKit/537.36 (KHTML, like Gecko) Chrome/149.0.0.0 Safari/537.36"
216.26.233.124 - - [11/Aug/2026:18:01:35 -0400] "GET /wp-content/themes/hello-elementor/style.min.css?ver=3.1.1 HTTP/1.1" 200 5501 "https://casavalle.vsptdigital.cl/wp-login.php?action=register" "Mozilla/5.0 (Windows NT 10.0; Win64; x64) AppleWebKit/537.36 (KHTML, like Gecko) Chrome/149.0.0.0 Safari/537.36"
209.50.165.62 - - [11/Aug/2026:18:01:37 -0400] "GET /wp-content/themes/hello-elementor/theme.min.css?ver=3.1.1 HTTP/1.1" 200 5146 "https://casavalle.vsptdigital.cl/wp-login.php?action=register" "Mozilla/5.0 (Windows NT 10.0; Win64; x64) AppleWebKit/537.36 (KHTML, like Gecko) Chrome/149.0.0.0 Safari/537.36"
216.26.245.193 - - [11/Aug/2026:18:01:39 -0400] "GET /wp-content/themes/hello-elementor/header-footer.min.css?ver=3.1.1 HTTP/1.1" 200 7212 "https://casavalle.vsptdigital.cl/wp-login.php?action=register" "Mozilla/5.0 (Windows NT 10.0; Win64; x64) AppleWebKit/537.36 (KHTML, like Gecko) Chrome/149.0.0.0 Safari/537.36"
65.111.21.3 - - [11/Aug/2026:18:01:40 -0400] "GET /wp-content/plugins/elementor/assets/css/frontend.min.css?ver=3.25.11 HTTP/1.1" 200 60575 "https://casavalle.vsptdigital.cl/wp-login.php?action=register" "Mozilla/5.0 (Windows NT 10.0; Win64; x64) AppleWebKit/537.36 (KHTML, like Gecko) Chrome/149.0.0.0 Safari/537.36"
209.50.188.169 - - [11/Aug/2026:18:01:42 -0400] "GET /wp-content/uploads/elementor/css/post-5.css?ver=1734010644 HTTP/1.1" 200 1230 "https://casavalle.vsptdigital.cl/wp-login.php?action=register" "Mozilla/5.0 (Windows NT 10.0; Win64; x64) AppleWebKit/537.36 (KHTML, like Gecko) Chrome/149.0.0.0 Safari/537.36"
216.26.252.13 - - [11/Aug/2026:18:01:43 -0400] "GET /wp-content/plugins/elementor/assets/lib/eicons/css/elementor-icons.min.css?ver=5.34.0 HTTP/1.1" 200 20060 "https://casavalle.vsptdigital.cl/wp-login.php?action=register" "Mozilla/5.0 (Windows NT 10.0; Win64; x64) AppleWebKit/537.36 (KHTML, like Gecko) Chrome/149.0.0.0 Safari/537.36"
65.111.3.19 - - [11/Aug/2026:18:01:45 -0400] "GET /wp-content/plugins/elementor/assets/lib/swiper/v8/css/swiper.min.css?ver=8.4.5 HTTP/1.1" 200 16471 "https://casavalle.vsptdigital.cl/wp-login.php?action=register" "Mozilla/5.0 (Windows NT 10.0; Win64; x64) AppleWebKit/537.36 (KHTML, like Gecko) Chrome/149.0.0.0 Safari/537.36"
65.111.6.102 - - [11/Aug/2026:18:01:46 -0400] "GET /wp-content/plugins/elementor/assets/css/conditionals/e-swiper.min.css?ver=3.25.11 HTTP/1.1" 200 10260 "https://casavalle.vsptdigital.cl/wp-login.php?action=register" "Mozilla/5.0 (Windows NT 10.0; Win64; x64) AppleWebKit/537.36 (KHTML, like Gecko) Chrome/149.0.0.0 Safari/537.36"
209.50.169.246 - - [11/Aug/2026:18:01:47 -0400] "GET /wp-content/plugins/elementor-pro/assets/css/frontend.min.css?ver=3.7.1 HTTP/1.1" 200 480945 "https://casavalle.vsptdigital.cl/wp-login.php?action=register" "Mozilla/5.0 (Windows NT 10.0; Win64; x64) AppleWebKit/537.36 (KHTML, like Gecko) Chrome/149.0.0.0 Safari/537.36"
74.7.242.19 - - [11/Aug/2026:18:01:07 -0400] "GET /2026/07/15/grand-casino-salou/ HTTP/1.1" 200 46727 "http://casavalle.vsptdigital.cl" "Mozilla/5.0 AppleWebKit/537.36 (KHTML, like Gecko; compatible; GPTBot/1.4; +https://openai.com/gptbot)"
104.207.38.117 - - [11/Aug/2026:18:02:01 -0400] "GET /wp-content/uploads/elementor/css/post-35.css?ver=1734010644 HTTP/1.1" 200 5018 "https://casavalle.vsptdigital.cl/wp-login.php?action=register" "Mozilla/5.0 (Windows NT 10.0; Win64; x64) AppleWebKit/537.36 (KHTML, like Gecko) Chrome/149.0.0.0 Safari/537.36"
185.191.171.9 - - [11/Aug/2026:18:01:22 -0400] "GET /2026/01/30/mobile-casino-codigo-promocional-y-bonus-code-2026/ HTTP/1.1" 200 46710 "-" "Mozilla/5.0 (compatible; SemrushBot/7~bl; +http://www.semrush.com/bot.html)"
45.3.39.171 - - [11/Aug/2026:18:02:03 -0400] "GET /wp-content/uploads/pum/pum-site-styles.css?generated=1734010667&ver=1.20.3 HTTP/1.1" 200 17449 "https://casavalle.vsptdigital.cl/wp-login.php?action=register" "Mozilla/5.0 (Windows NT 10.0; Win64; x64) AppleWebKit/537.36 (KHTML, like Gecko) Chrome/149.0.0.0 Safari/537.36"
161.77.185.45 - - [11/Aug/2026:18:02:04 -0400] "GET /wp-content/plugins/contact-form-7/includes/css/styles.css?ver=6.0.1 HTTP/1.1" 200 2894 "https://vsptdigital.cl/" "Mozilla/5.0 (iPhone; CPU iPhone OS 26_3_0 like Mac OS X) AppleWebKit/605.1.15 (KHTML, like Gecko) CriOS/144.0.7559.95 Mobile/15E148 Safari/604.1"
168.158.23.48 - - [11/Aug/2026:18:02:04 -0400] "GET /wp-content/themes/hello-elementor/style.min.css?ver=3.1.1 HTTP/1.1" 200 5501 "https://vsptdigital.cl/" "Mozilla/5.0 (iPhone; CPU iPhone OS 26_3_0 like Mac OS X) AppleWebKit/605.1.15 (KHTML, like Gecko) CriOS/144.0.7559.95 Mobile/15E148 Safari/604.1"
109.203.189.99 - - [11/Aug/2026:18:02:04 -0400] "GET /wp-content/themes/hello-elementor/theme.min.css?ver=3.1.1 HTTP/1.1" 200 5146 "https://vsptdigital.cl/" "Mozilla/5.0 (iPhone; CPU iPhone OS 26_3_0 like Mac OS X) AppleWebKit/605.1.15 (KHTML, like Gecko) CriOS/144.0.7559.95 Mobile/15E148 Safari/604.1"
161.77.185.45 - - [11/Aug/2026:18:02:04 -0400] "GET /wp-content/themes/hello-elementor/header-footer.min.css?ver=3.1.1 HTTP/1.1" 200 7212 "https://vsptdigital.cl/" "Mozilla/5.0 (iPhone; CPU iPhone OS 26_3_0 like Mac OS X) AppleWebKit/605.1.15 (KHTML, like Gecko) CriOS/144.0.7559.95 Mobile/15E148 Safari/604.1"
161.77.185.45 - - [11/Aug/2026:18:02:04 -0400] "GET /wp-content/uploads/elementor/css/post-5.css?ver=1734010644 HTTP/1.1" 200 1230 "https://vsptdigital.cl/" "Mozilla/5.0 (iPhone; CPU iPhone OS 26_3_0 like Mac OS X) AppleWebKit/605.1.15 (KHTML, like Gecko) CriOS/144.0.7559.95 Mobile/15E148 Safari/604.1"
168.158.23.48 - - [11/Aug/2026:18:02:04 -0400] "GET /wp-content/plugins/elementor/assets/css/frontend.min.css?ver=3.25.11 HTTP/1.1" 200 60575 "https://vsptdigital.cl/" "Mozilla/5.0 (iPhone; CPU iPhone OS 26_3_0 like Mac OS X) AppleWebKit/605.1.15 (KHTML, like Gecko) CriOS/144.0.7559.95 Mobile/15E148 Safari/604.1"
161.77.185.45 - - [11/Aug/2026:18:02:04 -0400] "GET /wp-content/plugins/elementor/assets/lib/eicons/css/elementor-icons.min.css?ver=5.34.0 HTTP/1.1" 200 20060 "https://vsptdigital.cl/" "Mozilla/5.0 (iPhone; CPU iPhone OS 26_3_0 like Mac OS X) AppleWebKit/605.1.15 (KHTML, like Gecko) CriOS/144.0.7559.95 Mobile/15E148 Safari/604.1"
95.135.33.6 - - [11/Aug/2026:18:02:04 -0400] "GET /wp-content/plugins/elementor/assets/lib/swiper/v8/css/swiper.min.css?ver=8.4.5 HTTP/1.1" 200 16471 "https://vsptdigital.cl/" "Mozilla/5.0 (iPhone; CPU iPhone OS 26_3_0 like Mac OS X) AppleWebKit/605.1.15 (KHTML, like Gecko) CriOS/144.0.7559.95 Mobile/15E148 Safari/604.1"
45.3.40.46 - - [11/Aug/2026:18:02:04 -0400] "GET /wp-content/plugins/elementor/assets/css/widget-image.min.css?ver=3.25.11 HTTP/1.1" 200 254 "https://casavalle.vsptdigital.cl/wp-login.php?action=register" "Mozilla/5.0 (Windows NT 10.0; Win64; x64) AppleWebKit/537.36 (KHTML, like Gecko) Chrome/149.0.0.0 Safari/537.36"
168.158.23.48 - - [11/Aug/2026:18:02:04 -0400] "GET /wp-content/plugins/elementor/assets/css/conditionals/e-swiper.min.css?ver=3.25.11 HTTP/1.1" 200 10260 "https://vsptdigital.cl/" "Mozilla/5.0 (iPhone; CPU iPhone OS 26_3_0 like Mac OS X) AppleWebKit/605.1.15 (KHTML, like Gecko) CriOS/144.0.7559.95 Mobile/15E148 Safari/604.1"
161.77.185.45 - - [11/Aug/2026:18:02:04 -0400] "GET /wp-content/uploads/elementor/css/post-35.css?ver=1734010644 HTTP/1.1" 200 5018 "https://vsptdigital.cl/" "Mozilla/5.0 (iPhone; CPU iPhone OS 26_3_0 like Mac OS X) AppleWebKit/605.1.15 (KHTML, like Gecko) CriOS/144.0.7559.95 Mobile/15E148 Safari/604.1"
168.158.23.48 - - [11/Aug/2026:18:02:04 -0400] "GET /wp-content/uploads/pum/pum-site-styles.css?generated=1734010667&ver=1.20.3 HTTP/1.1" 200 17449 "https://vsptdigital.cl/" "Mozilla/5.0 (iPhone; CPU iPhone OS 26_3_0 like Mac OS X) AppleWebKit/605.1.15 (KHTML, like Gecko) CriOS/144.0.7559.95 Mobile/15E148 Safari/604.1"
95.135.33.6 - - [11/Aug/2026:18:02:04 -0400] "GET /wp-content/plugins/elementor/assets/css/widget-image.min.css?ver=3.25.11 HTTP/1.1" 200 254 "https://vsptdigital.cl/" "Mozilla/5.0 (iPhone; CPU iPhone OS 26_3_0 like Mac OS X) AppleWebKit/605.1.15 (KHTML, like Gecko) CriOS/144.0.7559.95 Mobile/15E148 Safari/604.1"
161.77.185.45 - - [11/Aug/2026:18:02:04 -0400] "GET /wp-content/plugins/elementor/assets/lib/animations/styles/fadeInRight.min.css?ver=3.25.11 HTTP/1.1" 200 139 "https://vsptdigital.cl/" "Mozilla/5.0 (iPhone; CPU iPhone OS 26_3_0 like Mac OS X) AppleWebKit/605.1.15 (KHTML, like Gecko) CriOS/144.0.7559.95 Mobile/15E148 Safari/604.1"
168.158.23.48 - - [11/Aug/2026:18:02:04 -0400] "GET /wp-content/plugins/elementor/assets/css/widget-heading.min.css?ver=3.25.11 HTTP/1.1" 200 600 "https://vsptdigital.cl/" "Mozilla/5.0 (iPhone; CPU iPhone OS 26_3_0 like Mac OS X) AppleWebKit/605.1.15 (KHTML, like Gecko) CriOS/144.0.7559.95 Mobile/15E148 Safari/604.1"
95.135.33.6 - - [11/Aug/2026:18:02:04 -0400] "GET /wp-includes/js/jquery/jquery-migrate.min.js?ver=3.4.1 HTTP/1.1" 200 13577 "https://vsptdigital.cl/" "Mozilla/5.0 (iPhone; CPU iPhone OS 26_3_0 like Mac OS X) AppleWebKit/605.1.15 (KHTML, like Gecko) CriOS/144.0.7559.95 Mobile/15E148 Safari/604.1"
168.158.23.48 - - [11/Aug/2026:18:02:04 -0400] "GET /wp-includes/js/dist/hooks.min.js?ver=7496969728ca0f95732d HTTP/1.1" 200 5050 "https://vsptdigital.cl/" "Mozilla/5.0 (iPhone; CPU iPhone OS 26_3_0 like Mac OS X) AppleWebKit/605.1.15 (KHTML, like Gecko) CriOS/144.0.7559.95 Mobile/15E148 Safari/604.1"
161.77.185.45 - - [11/Aug/2026:18:02:04 -0400] "GET /wp-content/uploads/2022/05/logo_landing_-casa-valle.png HTTP/1.1" 200 44467 "https://vsptdigital.cl/" "Mozilla/5.0 (iPhone; CPU iPhone OS 26_3_0 like Mac OS X) AppleWebKit/605.1.15 (KHTML, like Gecko) CriOS/144.0.7559.95 Mobile/15E148 Safari/604.1"
168.158.23.48 - - [11/Aug/2026:18:02:04 -0400] "GET /wp-includes/js/dist/i18n.min.js?ver=781d11515ad3d91786ec HTTP/1.1" 200 5732 "https://vsptdigital.cl/" "Mozilla/5.0 (iPhone; CPU iPhone OS 26_3_0 like Mac OS X) AppleWebKit/605.1.15 (KHTML, like Gecko) CriOS/144.0.7559.95 Mobile/15E148 Safari/604.1"
95.135.33.6 - - [11/Aug/2026:18:02:04 -0400] "GET /wp-content/plugins/contact-form-7/includes/swv/js/index.js?ver=6.0.1 HTTP/1.1" 200 12512 "https://vsptdigital.cl/" "Mozilla/5.0 (iPhone; CPU iPhone OS 26_3_0 like Mac OS X) AppleWebKit/605.1.15 (KHTML, like Gecko) CriOS/144.0.7559.95 Mobile/15E148 Safari/604.1"
168.158.23.48 - - [11/Aug/2026:18:02:05 -0400] "GET /wp-content/plugins/contact-form-7/includes/js/index.js?ver=6.0.1 HTTP/1.1" 200 13452 "https://vsptdigital.cl/" "Mozilla/5.0 (iPhone; CPU iPhone OS 26_3_0 like Mac OS X) AppleWebKit/605.1.15 (KHTML, like Gecko) CriOS/144.0.7559.95 Mobile/15E148 Safari/604.1"
95.135.33.6 - - [11/Aug/2026:18:02:05 -0400] "GET /wp-content/themes/hello-elementor/assets/js/hello-frontend.min.js?ver=3.1.1 HTTP/1.1" 200 2749 "https://vsptdigital.cl/" "Mozilla/5.0 (iPhone; CPU iPhone OS 26_3_0 like Mac OS X) AppleWebKit/605.1.15 (KHTML, like Gecko) CriOS/144.0.7559.95 Mobile/15E148 Safari/604.1"
168.158.23.48 - - [11/Aug/2026:18:02:05 -0400] "GET /wp-includes/js/jquery/ui/core.min.js?ver=1.13.3 HTTP/1.1" 200 21464 "https://vsptdigital.cl/" "Mozilla/5.0 (iPhone; CPU iPhone OS 26_3_0 like Mac OS X) AppleWebKit/605.1.15 (KHTML, like Gecko) CriOS/144.0.7559.95 Mobile/15E148 Safari/604.1"
109.203.189.99 - - [11/Aug/2026:18:02:04 -0400] "GET /wp-includes/js/jquery/jquery.min.js?ver=3.7.1 HTTP/1.1" 200 87553 "https://vsptdigital.cl/" "Mozilla/5.0 (iPhone; CPU iPhone OS 26_3_0 like Mac OS X) AppleWebKit/605.1.15 (KHTML, like Gecko) CriOS/144.0.7559.95 Mobile/15E148 Safari/604.1"
95.135.33.6 - - [11/Aug/2026:18:02:05 -0400] "GET /wp-content/uploads/pum/pum-site-scripts.js?defer&generated=1734010667&ver=1.20.3 HTTP/1.1" 200 69890 "https://vsptdigital.cl/" "Mozilla/5.0 (iPhone; CPU iPhone OS 26_3_0 like Mac OS X) AppleWebKit/605.1.15 (KHTML, like Gecko) CriOS/144.0.7559.95 Mobile/15E148 Safari/604.1"
168.158.23.48 - - [11/Aug/2026:18:02:05 -0400] "GET /wp-content/plugins/elementor-pro/assets/js/webpack-pro.runtime.min.js?ver=3.7.1 HTTP/1.1" 200 5161 "https://vsptdigital.cl/" "Mozilla/5.0 (iPhone; CPU iPhone OS 26_3_0 like Mac OS X) AppleWebKit/605.1.15 (KHTML, like Gecko) CriOS/144.0.7559.95 Mobile/15E148 Safari/604.1"
168.158.23.48 - - [11/Aug/2026:18:02:05 -0400] "GET /wp-content/plugins/elementor/assets/js/webpack.runtime.min.js?ver=3.25.11 HTTP/1.1" 200 5252 "https://vsptdigital.cl/" "Mozilla/5.0 (iPhone; CPU iPhone OS 26_3_0 like Mac OS X) AppleWebKit/605.1.15 (KHTML, like Gecko) CriOS/144.0.7559.95 Mobile/15E148 Safari/604.1"
168.158.23.48 - - [11/Aug/2026:18:02:05 -0400] "GET /wp-content/plugins/elementor/assets/js/frontend-modules.min.js?ver=3.25.11 HTTP/1.1" 200 54824 "https://vsptdigital.cl/" "Mozilla/5.0 (iPhone; CPU iPhone OS 26_3_0 like Mac OS X) AppleWebKit/605.1.15 (KHTML, like Gecko) CriOS/144.0.7559.95 Mobile/15E148 Safari/604.1"
104.207.39.66 - - [11/Aug/2026:18:02:05 -0400] "GET /wp-content/plugins/elementor/assets/lib/animations/styles/fadeInRight.min.css?ver=3.25.11 HTTP/1.1" 200 139 "https://casavalle.vsptdigital.cl/wp-login.php?action=register" "Mozilla/5.0 (Windows NT 10.0; Win64; x64) AppleWebKit/537.36 (KHTML, like Gecko) Chrome/149.0.0.0 Safari/537.36"
168.158.23.48 - - [11/Aug/2026:18:02:05 -0400] "GET /wp-content/plugins/elementor-pro/assets/js/frontend.min.js?ver=3.7.1 HTTP/1.1" 200 21034 "https://vsptdigital.cl/" "Mozilla/5.0 (iPhone; CPU iPhone OS 26_3_0 like Mac OS X) AppleWebKit/605.1.15 (KHTML, like Gecko) CriOS/144.0.7559.95 Mobile/15E148 Safari/604.1"
95.135.33.6 - - [11/Aug/2026:18:02:05 -0400] "GET /wp-content/plugins/elementor/assets/js/frontend.min.js?ver=3.25.11 HTTP/1.1" 200 44127 "https://vsptdigital.cl/" "Mozilla/5.0 (iPhone; CPU iPhone OS 26_3_0 like Mac OS X) AppleWebKit/605.1.15 (KHTML, like Gecko) CriOS/144.0.7559.95 Mobile/15E148 Safari/604.1"
168.158.23.48 - - [11/Aug/2026:18:02:05 -0400] "GET /wp-content/plugins/elementor-pro/assets/js/preloaded-elements-handlers.min.js?ver=3.7.1 HTTP/1.1" 200 134833 "https://vsptdigital.cl/" "Mozilla/5.0 (iPhone; CPU iPhone OS 26_3_0 like Mac OS X) AppleWebKit/605.1.15 (KHTML, like Gecko) CriOS/144.0.7559.95 Mobile/15E148 Safari/604.1"
95.135.33.6 - - [11/Aug/2026:18:02:06 -0400] "GET /wp-content/plugins/elementor-pro/assets/lib/sticky/jquery.sticky.min.js?ver=3.7.1 HTTP/1.1" 200 3236 "https://vsptdigital.cl/" "Mozilla/5.0 (iPhone; CPU iPhone OS 26_3_0 like Mac OS X) AppleWebKit/605.1.15 (KHTML, like Gecko) CriOS/144.0.7559.95 Mobile/15E148 Safari/604.1"
185.97.2.74 - - [11/Aug/2026:18:02:05 -0400] "GET /wp-content/uploads/2022/06/ofertas_exclusivas-1536x628.png HTTP/1.1" 200 870625 "https://vsptdigital.cl/" "Mozilla/5.0 (iPhone; CPU iPhone OS 26_3_0 like Mac OS X) AppleWebKit/605.1.15 (KHTML, like Gecko) CriOS/144.0.7559.95 Mobile/15E148 Safari/604.1"
31.98.173.146 - - [11/Aug/2026:18:02:04 -0400] "GET /wp-content/plugins/elementor-pro/assets/css/frontend.min.css?ver=3.7.1 HTTP/1.1" 200 480945 "https://vsptdigital.cl/" "Mozilla/5.0 (iPhone; CPU iPhone OS 26_3_0 like Mac OS X) AppleWebKit/605.1.15 (KHTML, like Gecko) CriOS/144.0.7559.95 Mobile/15E148 Safari/604.1"
104.207.59.62 - - [11/Aug/2026:18:02:09 -0400] "GET /wp-content/plugins/elementor/assets/css/widget-heading.min.css?ver=3.25.11 HTTP/1.1" 200 600 "https://casavalle.vsptdigital.cl/wp-login.php?action=register" "Mozilla/5.0 (Windows NT 10.0; Win64; x64) AppleWebKit/537.36 (KHTML, like Gecko) Chrome/149.0.0.0 Safari/537.36"
188.126.89.86 - - [11/Aug/2026:18:02:41 -0400] "GET /2026/07/04/sitios-web-seguros-de-ruleta-bonos-sin-deposito-en-espanol/ HTTP/1.1" 200 46407 "-" "Mozilla/5.0 (Macintosh; Intel Mac OS X 10_15_7) AppleWebKit/537.36 (KHTML, like Gecko) Chrome/114.0.0.0 Safari/537.36 OPR/100.0.0.0"
185.191.171.9 - - [11/Aug/2026:18:02:04 -0400] "GET /2026/01/30/jugar-hot-twenty-gratis/ HTTP/1.1" 200 45521 "-" "Mozilla/5.0 (compatible; SemrushBot/7~bl; +http://www.semrush.com/bot.html)"
129.121.48.235 - - [11/Aug/2026:18:02:51 -0400] "GET /wp-login.php HTTP/1.1" 301 - "-" "Mozilla/5.0 (Windows NT 10.0; Win64; x64) AppleWebKit/537.36 (KHTML, like Gecko) Chrome/133.0.0.0 Safari/537.36"
74.7.242.19 - - [11/Aug/2026:18:02:08 -0400] "GET /2026/07/15/jugar-rocky-gratis/ HTTP/1.1" 200 46980 "http://casavalle.vsptdigital.cl" "Mozilla/5.0 AppleWebKit/537.36 (KHTML, like Gecko; compatible; GPTBot/1.4; +https://openai.com/gptbot)"
129.121.48.235 - - [11/Aug/2026:18:03:02 -0400] "GET /wp-json/wp/v2/users/me HTTP/1.1" 401 88 "-" "Mozilla/5.0 (Windows NT 10.0; Win64; x64) AppleWebKit/537.36 (KHTML, like Gecko) Chrome/133.0.0.0 Safari/537.36"
185.191.171.5 - - [11/Aug/2026:18:02:47 -0400] "GET /2026/01/30/numeros-ruleta/ HTTP/1.1" 200 47244 "-" "Mozilla/5.0 (compatible; SemrushBot/7~bl; +http://www.semrush.com/bot.html)"
74.7.242.19 - - [11/Aug/2026:18:03:09 -0400] "GET /2026/07/15/tragaperras-on-line/ HTTP/1.1" 200 46609 "http://casavalle.vsptdigital.cl" "Mozilla/5.0 AppleWebKit/537.36 (KHTML, like Gecko; compatible; GPTBot/1.4; +https://openai.com/gptbot)"
120.29.76.198 - - [11/Aug/2026:18:04:10 -0400] "GET /2026/07/07/slot-casino-juegos-en-es-2026/ HTTP/1.1" 200 46302 "https://casavalle.vsptdigital.cl/" "Mozilla/5.0 (Macintosh; Intel Mac OS X 10_15_7) AppleWebKit/537.36 (KHTML, like Gecko) Chrome/133.0.0.0 Safari/537.36"
85.208.96.202 - - [11/Aug/2026:18:03:34 -0400] "GET /2026/01/30/jugar-forest-tale-gratis/ HTTP/1.1" 200 47431 "-" "Mozilla/5.0 (compatible; SemrushBot/7~bl; +http://www.semrush.com/bot.html)"
120.29.76.198 - - [11/Aug/2026:18:04:18 -0400] "GET /wp-login.php?action=register HTTP/1.1" 404 40829 "https://casavalle.vsptdigital.cl/2026/07/07/slot-casino-juegos-en-es-2026/" "Mozilla/5.0 (Windows NT 6.3; Win64; x64) AppleWebKit/537.36 (KHTML, like Gecko) Chrome/103.0.0.0 Safari/537.36"
120.29.76.198 - - [11/Aug/2026:18:04:22 -0400] "GET /wp-login.php?action=register HTTP/1.1" 404 40829 "https://casavalle.vsptdigital.cl/wp-login.php?action=register" "Mozilla/5.0 (Windows NT 6.3; Win64; x64) AppleWebKit/537.36 (KHTML, like Gecko) Chrome/103.0.0.0 Safari/537.36"
120.29.76.198 - - [11/Aug/2026:18:04:30 -0400] "GET /wp-content/plugins/contact-form-7/includes/css/styles.css?ver=6.0.1 HTTP/1.1" 200 2894 "https://casavalle.vsptdigital.cl/wp-login.php?action=register" "Mozilla/5.0 (Windows NT 10.0; Win64; x64) AppleWebKit/537.36 (KHTML, like Gecko) Chrome/149.0.0.0 Safari/537.36"
120.29.76.198 - - [11/Aug/2026:18:04:32 -0400] "GET /wp-content/themes/hello-elementor/style.min.css?ver=3.1.1 HTTP/1.1" 200 5501 "https://casavalle.vsptdigital.cl/wp-login.php?action=register" "Mozilla/5.0 (Windows NT 10.0; Win64; x64) AppleWebKit/537.36 (KHTML, like Gecko) Chrome/149.0.0.0 Safari/537.36"
120.29.76.198 - - [11/Aug/2026:18:04:32 -0400] "GET /wp-content/themes/hello-elementor/theme.min.css?ver=3.1.1 HTTP/1.1" 200 5146 "https://casavalle.vsptdigital.cl/wp-login.php?action=register" "Mozilla/5.0 (Windows NT 10.0; Win64; x64) AppleWebKit/537.36 (KHTML, like Gecko) Chrome/149.0.0.0 Safari/537.36"
120.29.76.198 - - [11/Aug/2026:18:04:34 -0400] "GET /wp-content/themes/hello-elementor/header-footer.min.css?ver=3.1.1 HTTP/1.1" 200 7212 "https://casavalle.vsptdigital.cl/wp-login.php?action=register" "Mozilla/5.0 (Windows NT 10.0; Win64; x64) AppleWebKit/537.36 (KHTML, like Gecko) Chrome/149.0.0.0 Safari/537.36"
120.29.76.198 - - [11/Aug/2026:18:04:35 -0400] "GET /wp-content/plugins/elementor/assets/css/frontend.min.css?ver=3.25.11 HTTP/1.1" 200 60575 "https://casavalle.vsptdigital.cl/wp-login.php?action=register" "Mozilla/5.0 (Windows NT 10.0; Win64; x64) AppleWebKit/537.36 (KHTML, like Gecko) Chrome/149.0.0.0 Safari/537.36"
120.29.76.198 - - [11/Aug/2026:18:04:36 -0400] "GET /wp-content/uploads/elementor/css/post-5.css?ver=1734010644 HTTP/1.1" 200 1230 "https://casavalle.vsptdigital.cl/wp-login.php?action=register" "Mozilla/5.0 (Windows NT 10.0; Win64; x64) AppleWebKit/537.36 (KHTML, like Gecko) Chrome/149.0.0.0 Safari/537.36"
120.29.76.198 - - [11/Aug/2026:18:04:37 -0400] "GET /wp-content/plugins/elementor/assets/lib/eicons/css/elementor-icons.min.css?ver=5.34.0 HTTP/1.1" 200 20060 "https://casavalle.vsptdigital.cl/wp-login.php?action=register" "Mozilla/5.0 (Windows NT 10.0; Win64; x64) AppleWebKit/537.36 (KHTML, like Gecko) Chrome/149.0.0.0 Safari/537.36"
120.29.76.198 - - [11/Aug/2026:18:04:38 -0400] "GET /wp-content/plugins/elementor/assets/lib/swiper/v8/css/swiper.min.css?ver=8.4.5 HTTP/1.1" 200 16471 "https://casavalle.vsptdigital.cl/wp-login.php?action=register" "Mozilla/5.0 (Windows NT 10.0; Win64; x64) AppleWebKit/537.36 (KHTML, like Gecko) Chrome/149.0.0.0 Safari/537.36"
120.29.76.198 - - [11/Aug/2026:18:04:39 -0400] "GET /wp-content/plugins/elementor/assets/css/conditionals/e-swiper.min.css?ver=3.25.11 HTTP/1.1" 200 10260 "https://casavalle.vsptdigital.cl/wp-login.php?action=register" "Mozilla/5.0 (Windows NT 10.0; Win64; x64) AppleWebKit/537.36 (KHTML, like Gecko) Chrome/149.0.0.0 Safari/537.36"
120.29.76.198 - - [11/Aug/2026:18:04:40 -0400] "GET /wp-content/plugins/elementor-pro/assets/css/frontend.min.css?ver=3.7.1 HTTP/1.1" 200 480945 "https://casavalle.vsptdigital.cl/wp-login.php?action=register" "Mozilla/5.0 (Windows NT 10.0; Win64; x64) AppleWebKit/537.36 (KHTML, like Gecko) Chrome/149.0.0.0 Safari/537.36"
120.29.76.198 - - [11/Aug/2026:18:04:43 -0400] "GET /wp-content/uploads/elementor/css/post-35.css?ver=1734010644 HTTP/1.1" 200 5018 "https://casavalle.vsptdigital.cl/wp-login.php?action=register" "Mozilla/5.0 (Windows NT 10.0; Win64; x64) AppleWebKit/537.36 (KHTML, like Gecko) Chrome/149.0.0.0 Safari/537.36"
