74.7.227.147 - - [12/Aug/2026:09:18:10 -0400] "GET /wp-json/wp/v2/posts/16858 HTTP/1.1" 200 6488 "https://casavalle.vsptdigital.cl/?p=16858" "Mozilla/5.0 AppleWebKit/537.36 (KHTML, like Gecko; compatible; GPTBot/1.4; +https://openai.com/gptbot)"
185.191.171.11 - - [12/Aug/2026:09:17:28 -0400] "GET /2026/01/30/trucos-para-ganar-en-una-ruleta/ HTTP/1.1" 200 46699 "-" "Mozilla/5.0 (compatible; SemrushBot/7~bl; +http://www.semrush.com/bot.html)"
51.79.65.194 - - [12/Aug/2026:09:18:49 -0400] "GET /wp-json/wp/v2/users/me HTTP/1.1" 401 88 "-" "Mozilla/5.0 (Windows NT 10.0; Win64; x64) AppleWebKit/537.36 (KHTML, like Gecko) Chrome/133.0.0.0 Safari/537.36"
185.191.171.19 - - [12/Aug/2026:09:18:16 -0400] "GET /2026/01/30/casino-virtual-mejores-juegos/ HTTP/1.1" 200 47140 "-" "Mozilla/5.0 (compatible; SemrushBot/7~bl; +http://www.semrush.com/bot.html)"
74.7.227.147 - - [12/Aug/2026:09:19:00 -0400] "GET /wp-json/wp/v2/posts/13254 HTTP/1.1" 200 5928 "https://casavalle.vsptdigital.cl/?p=13254" "Mozilla/5.0 AppleWebKit/537.36 (KHTML, like Gecko; compatible; GPTBot/1.4; +https://openai.com/gptbot)"
51.79.65.194 - - [12/Aug/2026:09:18:40 -0400] "GET /wp-login.php HTTP/1.1" 301 - "-" "Mozilla/5.0 (Windows NT 10.0; Win64; x64) AppleWebKit/537.36 (KHTML, like Gecko) Chrome/133.0.0.0 Safari/537.36"
185.191.171.16 - - [12/Aug/2026:09:18:57 -0400] "GET /2026/07/15/juegos-de-casino-en-puerto-rico/ HTTP/1.1" 200 46610 "-" "Mozilla/5.0 (compatible; SemrushBot/7~bl; +http://www.semrush.com/bot.html)"
74.7.227.147 - - [12/Aug/2026:09:19:45 -0400] "GET /wp-json/wp/v2/posts/17827 HTTP/1.1" 200 5598 "https://casavalle.vsptdigital.cl/?p=17827" "Mozilla/5.0 AppleWebKit/537.36 (KHTML, like Gecko; compatible; GPTBot/1.4; +https://openai.com/gptbot)"
182.93.93.93 - - [12/Aug/2026:09:19:47 -0400] "GET /wp-login.php HTTP/1.1" 302 - "-" "Mozilla/5.0 (Windows NT 10.0; Win64; x64) AppleWebKit/537.36 (KHTML, like Gecko) Chrome/133.0.0.0 Safari/537.36"
182.93.93.93 - - [12/Aug/2026:09:19:47 -0400] "GET /wp-login.php HTTP/1.1" 302 - "https://casavalle.vsptdigital.cl/wp-login.php" "Mozilla/5.0 (Windows NT 10.0; Win64; x64) AppleWebKit/537.36 (KHTML, like Gecko) Chrome/133.0.0.0 Safari/537.36"
182.93.93.93 - - [12/Aug/2026:09:19:48 -0400] "GET /wp-login.php HTTP/1.1" 302 - "https://casavalle.vsptdigital.cl/wp-login.php" "Mozilla/5.0 (Windows NT 10.0; Win64; x64) AppleWebKit/537.36 (KHTML, like Gecko) Chrome/133.0.0.0 Safari/537.36"
182.93.93.93 - - [12/Aug/2026:09:19:49 -0400] "GET /wp-login.php HTTP/1.1" 302 - "https://casavalle.vsptdigital.cl/wp-login.php" "Mozilla/5.0 (Windows NT 10.0; Win64; x64) AppleWebKit/537.36 (KHTML, like Gecko) Chrome/133.0.0.0 Safari/537.36"
182.93.93.93 - - [12/Aug/2026:09:19:50 -0400] "GET /wp-login.php HTTP/1.1" 302 - "https://casavalle.vsptdigital.cl/wp-login.php" "Mozilla/5.0 (Windows NT 10.0; Win64; x64) AppleWebKit/537.36 (KHTML, like Gecko) Chrome/133.0.0.0 Safari/537.36"
182.93.93.93 - - [12/Aug/2026:09:19:50 -0400] "GET /wp-login.php HTTP/1.1" 302 - "https://casavalle.vsptdigital.cl/wp-login.php" "Mozilla/5.0 (Windows NT 10.0; Win64; x64) AppleWebKit/537.36 (KHTML, like Gecko) Chrome/133.0.0.0 Safari/537.36"
182.93.93.93 - - [12/Aug/2026:09:19:51 -0400] "GET /wp-login.php HTTP/1.1" 302 - "https://casavalle.vsptdigital.cl/wp-login.php" "Mozilla/5.0 (Windows NT 10.0; Win64; x64) AppleWebKit/537.36 (KHTML, like Gecko) Chrome/133.0.0.0 Safari/537.36"
182.93.93.93 - - [12/Aug/2026:09:19:52 -0400] "GET /wp-login.php HTTP/1.1" 302 - "https://casavalle.vsptdigital.cl/wp-login.php" "Mozilla/5.0 (Windows NT 10.0; Win64; x64) AppleWebKit/537.36 (KHTML, like Gecko) Chrome/133.0.0.0 Safari/537.36"
182.93.93.93 - - [12/Aug/2026:09:19:53 -0400] "GET /wp-login.php HTTP/1.1" 302 - "https://casavalle.vsptdigital.cl/wp-login.php" "Mozilla/5.0 (Windows NT 10.0; Win64; x64) AppleWebKit/537.36 (KHTML, like Gecko) Chrome/133.0.0.0 Safari/537.36"
182.93.93.93 - - [12/Aug/2026:09:19:53 -0400] "GET /wp-login.php HTTP/1.1" 302 - "https://casavalle.vsptdigital.cl/wp-login.php" "Mozilla/5.0 (Windows NT 10.0; Win64; x64) AppleWebKit/537.36 (KHTML, like Gecko) Chrome/133.0.0.0 Safari/537.36"
74.7.227.147 - - [12/Aug/2026:09:20:25 -0400] "GET /wp-json/wp/v2/posts/10370 HTTP/1.1" 200 6506 "https://casavalle.vsptdigital.cl/?p=10370" "Mozilla/5.0 AppleWebKit/537.36 (KHTML, like Gecko; compatible; GPTBot/1.4; +https://openai.com/gptbot)"
185.191.171.6 - - [12/Aug/2026:09:19:44 -0400] "GET /2026/07/15/jugar-21-blackjack/ HTTP/1.1" 200 46226 "-" "Mozilla/5.0 (compatible; SemrushBot/7~bl; +http://www.semrush.com/bot.html)"
212.112.19.169 - - [12/Aug/2026:09:21:06 -0400] "GET /2026/05/14/wie-spielt-man-im-jahr-2026-in-den-spielbanken-um-echtgeld/ HTTP/1.1" 200 46081 "https://casavalle.vsptdigital.cl/" "Mozilla/5.0 (Macintosh; Intel Mac OS X 10_15_7) AppleWebKit/605.1.15 (KHTML, like Gecko) Version/18.3.1 Safari/605.1.15"
85.208.96.196 - - [12/Aug/2026:09:20:31 -0400] "GET /2026/01/30/direccion-de-casinos-y-juegos-de-azar/ HTTP/1.1" 200 47027 "-" "Mozilla/5.0 (compatible; SemrushBot/7~bl; +http://www.semrush.com/bot.html)"
74.7.227.147 - - [12/Aug/2026:09:21:37 -0400] "GET /wp-json/wp/v2/posts/13410 HTTP/1.1" 200 6854 "https://casavalle.vsptdigital.cl/?p=13410" "Mozilla/5.0 AppleWebKit/537.36 (KHTML, like Gecko; compatible; GPTBot/1.4; +https://openai.com/gptbot)"
74.7.227.147 - - [12/Aug/2026:09:21:04 -0400] "GET /wp-json/wp/v2/posts/13519 HTTP/1.1" 200 6284 "https://casavalle.vsptdigital.cl/?p=13519" "Mozilla/5.0 AppleWebKit/537.36 (KHTML, like Gecko; compatible; GPTBot/1.4; +https://openai.com/gptbot)"
212.112.19.169 - - [12/Aug/2026:09:21:51 -0400] "GET /2026/07/07/virtualni-kasino-s-dobrou-sanci-na-vyhru/ HTTP/1.1" 200 45910 "https://casavalle.vsptdigital.cl/" "Mozilla/5.0 (Macintosh; Intel Mac OS X 10_15_7) AppleWebKit/605.1.15 (KHTML, like Gecko) Version/18.3 Safari/605.1.15"
51.79.65.194 - - [12/Aug/2026:09:21:56 -0400] "GET /wp-login.php HTTP/1.1" 302 - "-" "Mozilla/5.0 (Windows NT 10.0; Win64; x64) AppleWebKit/537.36 (KHTML, like Gecko) Chrome/133.0.0.0 Safari/537.36"
51.79.65.194 - - [12/Aug/2026:09:21:56 -0400] "GET /wp-login.php HTTP/1.1" 302 - "https://casavalle.vsptdigital.cl/wp-login.php" "Mozilla/5.0 (Windows NT 10.0; Win64; x64) AppleWebKit/537.36 (KHTML, like Gecko) Chrome/133.0.0.0 Safari/537.36"
51.79.65.194 - - [12/Aug/2026:09:21:58 -0400] "GET /wp-login.php HTTP/1.1" 302 - "https://casavalle.vsptdigital.cl/wp-login.php" "Mozilla/5.0 (Windows NT 10.0; Win64; x64) AppleWebKit/537.36 (KHTML, like Gecko) Chrome/133.0.0.0 Safari/537.36"
51.79.65.194 - - [12/Aug/2026:09:21:58 -0400] "GET /wp-login.php HTTP/1.1" 302 - "https://casavalle.vsptdigital.cl/wp-login.php" "Mozilla/5.0 (Windows NT 10.0; Win64; x64) AppleWebKit/537.36 (KHTML, like Gecko) Chrome/133.0.0.0 Safari/537.36"
85.208.96.193 - - [12/Aug/2026:09:21:13 -0400] "GET /2026/01/30/posido-casino-es-2026-review/ HTTP/1.1" 200 46783 "-" "Mozilla/5.0 (compatible; SemrushBot/7~bl; +http://www.semrush.com/bot.html)"
51.79.65.194 - - [12/Aug/2026:09:21:58 -0400] "GET /wp-login.php HTTP/1.1" 302 - "https://casavalle.vsptdigital.cl/wp-login.php" "Mozilla/5.0 (Windows NT 10.0; Win64; x64) AppleWebKit/537.36 (KHTML, like Gecko) Chrome/133.0.0.0 Safari/537.36"
51.79.65.194 - - [12/Aug/2026:09:21:59 -0400] "GET /wp-login.php HTTP/1.1" 302 - "https://casavalle.vsptdigital.cl/wp-login.php" "Mozilla/5.0 (Windows NT 10.0; Win64; x64) AppleWebKit/537.36 (KHTML, like Gecko) Chrome/133.0.0.0 Safari/537.36"
51.79.65.194 - - [12/Aug/2026:09:21:59 -0400] "GET /wp-login.php HTTP/1.1" 302 - "https://casavalle.vsptdigital.cl/wp-login.php" "Mozilla/5.0 (Windows NT 10.0; Win64; x64) AppleWebKit/537.36 (KHTML, like Gecko) Chrome/133.0.0.0 Safari/537.36"
51.79.65.194 - - [12/Aug/2026:09:22:00 -0400] "GET /wp-login.php HTTP/1.1" 302 - "https://casavalle.vsptdigital.cl/wp-login.php" "Mozilla/5.0 (Windows NT 10.0; Win64; x64) AppleWebKit/537.36 (KHTML, like Gecko) Chrome/133.0.0.0 Safari/537.36"
51.79.65.194 - - [12/Aug/2026:09:22:00 -0400] "GET /wp-login.php HTTP/1.1" 302 - "https://casavalle.vsptdigital.cl/wp-login.php" "Mozilla/5.0 (Windows NT 10.0; Win64; x64) AppleWebKit/537.36 (KHTML, like Gecko) Chrome/133.0.0.0 Safari/537.36"
51.79.65.194 - - [12/Aug/2026:09:22:01 -0400] "GET /wp-login.php HTTP/1.1" 302 - "https://casavalle.vsptdigital.cl/wp-login.php" "Mozilla/5.0 (Windows NT 10.0; Win64; x64) AppleWebKit/537.36 (KHTML, like Gecko) Chrome/133.0.0.0 Safari/537.36"
51.79.65.194 - - [12/Aug/2026:09:22:04 -0400] "GET /wp-json/wp/v2/users/me HTTP/1.1" 401 88 "-" "Mozilla/5.0 (Windows NT 10.0; Win64; x64) AppleWebKit/537.36 (KHTML, like Gecko) Chrome/133.0.0.0 Safari/537.36"
209.42.18.204 - - [12/Aug/2026:09:22:16 -0400] "GET /wp-login.php HTTP/1.1" 301 - "-" "Mozilla/5.0 (Windows NT 10.0; Win64; x64) AppleWebKit/537.36 (KHTML, like Gecko) Chrome/133.0.0.0 Safari/537.36"
209.42.18.204 - - [12/Aug/2026:09:22:17 -0400] "GET /wp-login.php HTTP/1.1" 302 - "https://www.casavalle.vsptdigital.cl/wp-login.php" "Mozilla/5.0 (Windows NT 10.0; Win64; x64) AppleWebKit/537.36 (KHTML, like Gecko) Chrome/133.0.0.0 Safari/537.36"
209.42.18.204 - - [12/Aug/2026:09:22:17 -0400] "GET /wp-login.php HTTP/1.1" 302 - "https://www.casavalle.vsptdigital.cl/wp-login.php" "Mozilla/5.0 (Windows NT 10.0; Win64; x64) AppleWebKit/537.36 (KHTML, like Gecko) Chrome/133.0.0.0 Safari/537.36"
209.42.18.204 - - [12/Aug/2026:09:22:18 -0400] "GET /wp-login.php HTTP/1.1" 302 - "https://www.casavalle.vsptdigital.cl/wp-login.php" "Mozilla/5.0 (Windows NT 10.0; Win64; x64) AppleWebKit/537.36 (KHTML, like Gecko) Chrome/133.0.0.0 Safari/537.36"
209.42.18.204 - - [12/Aug/2026:09:22:19 -0400] "GET /wp-login.php HTTP/1.1" 302 - "https://www.casavalle.vsptdigital.cl/wp-login.php" "Mozilla/5.0 (Windows NT 10.0; Win64; x64) AppleWebKit/537.36 (KHTML, like Gecko) Chrome/133.0.0.0 Safari/537.36"
209.42.18.204 - - [12/Aug/2026:09:22:20 -0400] "GET /wp-login.php HTTP/1.1" 302 - "https://www.casavalle.vsptdigital.cl/wp-login.php" "Mozilla/5.0 (Windows NT 10.0; Win64; x64) AppleWebKit/537.36 (KHTML, like Gecko) Chrome/133.0.0.0 Safari/537.36"
209.42.18.204 - - [12/Aug/2026:09:22:20 -0400] "GET /wp-login.php HTTP/1.1" 302 - "https://www.casavalle.vsptdigital.cl/wp-login.php" "Mozilla/5.0 (Windows NT 10.0; Win64; x64) AppleWebKit/537.36 (KHTML, like Gecko) Chrome/133.0.0.0 Safari/537.36"
209.42.18.204 - - [12/Aug/2026:09:22:21 -0400] "GET /wp-login.php HTTP/1.1" 302 - "https://www.casavalle.vsptdigital.cl/wp-login.php" "Mozilla/5.0 (Windows NT 10.0; Win64; x64) AppleWebKit/537.36 (KHTML, like Gecko) Chrome/133.0.0.0 Safari/537.36"
209.42.18.204 - - [12/Aug/2026:09:22:21 -0400] "GET /wp-login.php HTTP/1.1" 302 - "https://www.casavalle.vsptdigital.cl/wp-login.php" "Mozilla/5.0 (Windows NT 10.0; Win64; x64) AppleWebKit/537.36 (KHTML, like Gecko) Chrome/133.0.0.0 Safari/537.36"
209.42.18.204 - - [12/Aug/2026:09:22:22 -0400] "GET /wp-login.php HTTP/1.1" 302 - "https://www.casavalle.vsptdigital.cl/wp-login.php" "Mozilla/5.0 (Windows NT 10.0; Win64; x64) AppleWebKit/537.36 (KHTML, like Gecko) Chrome/133.0.0.0 Safari/537.36"
209.42.18.204 - - [12/Aug/2026:09:22:23 -0400] "GET /wp-json/wp/v2/users/me HTTP/1.1" 401 88 "-" "Mozilla/5.0 (Windows NT 10.0; Win64; x64) AppleWebKit/537.36 (KHTML, like Gecko) Chrome/133.0.0.0 Safari/537.36"
74.7.227.147 - - [12/Aug/2026:09:22:38 -0400] "GET /wp-json/wp/v2/posts/16836 HTTP/1.1" 200 5842 "https://casavalle.vsptdigital.cl/?p=16836" "Mozilla/5.0 AppleWebKit/537.36 (KHTML, like Gecko; compatible; GPTBot/1.4; +https://openai.com/gptbot)"
185.191.171.15 - - [12/Aug/2026:09:22:00 -0400] "GET /2026/01/30/casino-ethereum-online/ HTTP/1.1" 200 46180 "-" "Mozilla/5.0 (compatible; SemrushBot/7~bl; +http://www.semrush.com/bot.html)"
85.208.96.198 - - [12/Aug/2026:09:22:46 -0400] "GET /2026/01/30/juega-gratis-a-blaze-of-ra-en-modo-demo/ HTTP/1.1" 200 46614 "-" "Mozilla/5.0 (compatible; SemrushBot/7~bl; +http://www.semrush.com/bot.html)"
74.7.227.147 - - [12/Aug/2026:09:23:32 -0400] "GET /wp-json/wp/v2/posts/14200 HTTP/1.1" 200 6456 "https://casavalle.vsptdigital.cl/?p=14200" "Mozilla/5.0 AppleWebKit/537.36 (KHTML, like Gecko; compatible; GPTBot/1.4; +https://openai.com/gptbot)"
105.112.118.130 - - [12/Aug/2026:09:23:55 -0400] "GET /2026/07/15/nejlepsi-hraci-automaty-zdarma-bez-omezeni-a-bez-registrace-2026/ HTTP/1.1" 200 46285 "-" "Mozilla/5.0 (Macintosh; Intel Mac OS X 10_15_7) AppleWebKit/537.36 (KHTML, like Gecko) Chrome/123.0.0.0 Safari/537.36"
185.191.171.3 - - [12/Aug/2026:09:23:28 -0400] "GET /2026/01/30/casino-apuesta-m%C3%ADnima/ HTTP/1.1" 200 46313 "-" "Mozilla/5.0 (compatible; SemrushBot/7~bl; +http://www.semrush.com/bot.html)"
5.153.190.2 - - [12/Aug/2026:09:23:26 -0400] "GET /2026/07/15/nejlepsi-hraci-automaty-zdarma-bez-omezeni-a-bez-registrace-2026/ HTTP/1.1" 200 46285 "-" "Mozilla/5.0 (Macintosh; Intel Mac OS X 10_15_7) AppleWebKit/537.36 (KHTML, like Gecko) Chrome/120.0.0.0 Safari/537.36"
74.7.227.147 - - [12/Aug/2026:09:24:22 -0400] "GET /wp-json/wp/v2/posts/12094 HTTP/1.1" 200 6084 "https://casavalle.vsptdigital.cl/?p=12094" "Mozilla/5.0 AppleWebKit/537.36 (KHTML, like Gecko; compatible; GPTBot/1.4; +https://openai.com/gptbot)"
85.208.96.199 - - [12/Aug/2026:09:24:10 -0400] "GET /2026/01/30/contar-cartas-21-blackjack/ HTTP/1.1" 200 47311 "-" "Mozilla/5.0 (compatible; SemrushBot/7~bl; +http://www.semrush.com/bot.html)"
74.7.227.147 - - [12/Aug/2026:09:25:07 -0400] "GET /wp-json/wp/v2/posts/10788 HTTP/1.1" 200 6562 "https://casavalle.vsptdigital.cl/?p=10788" "Mozilla/5.0 AppleWebKit/537.36 (KHTML, like Gecko; compatible; GPTBot/1.4; +https://openai.com/gptbot)"
185.191.171.18 - - [12/Aug/2026:09:24:51 -0400] "GET /2026/01/30/ruleta-de-n%C3%BAmeros-del-1-al-500/ HTTP/1.1" 200 46878 "-" "Mozilla/5.0 (compatible; SemrushBot/7~bl; +http://www.semrush.com/bot.html)"
196.242.20.163 - - [12/Aug/2026:09:25:41 -0400] "GET /2026/06/25/deutschs-mobiles-casino-2026/ HTTP/1.1" 200 46037 "https://casavalle.vsptdigital.cl/" "Mozilla/5.0 (X11; Ubuntu; Linux x86_64; rv:114.0) Gecko/20100101 Firefox/114.0"
196.242.20.163 - - [12/Aug/2026:09:25:43 -0400] "GET /2026/06/25/deutschs-mobiles-casino-2026/ HTTP/1.1" 200 46037 "https://casavalle.vsptdigital.cl/2026/06/25/deutschs-mobiles-casino-2026/" "Mozilla/5.0 (X11; Ubuntu; Linux x86_64; rv:114.0) Gecko/20100101 Firefox/114.0"
74.7.227.147 - - [12/Aug/2026:09:25:50 -0400] "GET /wp-json/wp/v2/posts/17175 HTTP/1.1" 200 6123 "https://casavalle.vsptdigital.cl/?p=17175" "Mozilla/5.0 AppleWebKit/537.36 (KHTML, like Gecko; compatible; GPTBot/1.4; +https://openai.com/gptbot)"
85.208.96.197 - - [12/Aug/2026:09:25:38 -0400] "GET /2026/07/15/ruleta-gratis-casino/ HTTP/1.1" 200 46504 "-" "Mozilla/5.0 (compatible; SemrushBot/7~bl; +http://www.semrush.com/bot.html)"
74.7.227.147 - - [12/Aug/2026:09:26:29 -0400] "GET /wp-json/wp/v2/posts/11880 HTTP/1.1" 200 5843 "https://casavalle.vsptdigital.cl/?p=11880" "Mozilla/5.0 AppleWebKit/537.36 (KHTML, like Gecko; compatible; GPTBot/1.4; +https://openai.com/gptbot)"
185.99.255.75 - - [12/Aug/2026:09:26:31 -0400] "GET /2026/07/26/jakie-kasyno-oferuje-najlepszy-bonus-za-rejestracje-w-2026-roku/ HTTP/1.1" 200 46405 "https://casavalle.vsptdigital.cl/" "Mozilla/5.0 (Macintosh; Intel Mac OS X 10_15_7) AppleWebKit/537.36 (KHTML, like Gecko) obsidian/1.6.5 Chrome/124.0.6367.243 Electron/30.1.2 Safari/537.36"
185.99.255.75 - - [12/Aug/2026:09:26:33 -0400] "GET /2026/07/26/jakie-kasyno-oferuje-najlepszy-bonus-za-rejestracje-w-2026-roku/ HTTP/1.1" 200 46405 "https://casavalle.vsptdigital.cl/2026/07/26/jakie-kasyno-oferuje-najlepszy-bonus-za-rejestracje-w-2026-roku/" "Mozilla/5.0 (Macintosh; Intel Mac OS X 10_15_7) AppleWebKit/537.36 (KHTML, like Gecko) obsidian/1.6.5 Chrome/124.0.6367.243 Electron/30.1.2 Safari/537.36"
185.99.255.75 - - [12/Aug/2026:09:26:01 -0400] "GET /2026/07/26/jakie-kasyno-oferuje-najlepszy-bonus-za-rejestracje-w-2026-roku/ HTTP/1.1" 200 46405 "https://casavalle.vsptdigital.cl/" "Mozilla/5.0 (Macintosh; Intel Mac OS X 10_15_7) AppleWebKit/537.36 (KHTML, like Gecko) obsidian/1.6.5 Chrome/124.0.6367.243 Electron/30.1.2 Safari/537.36"
129.121.103.155 - - [12/Aug/2026:09:26:57 -0400] "GET /wp-login.php HTTP/1.1" 301 - "-" "Mozilla/5.0 (Windows NT 10.0; Win64; x64) AppleWebKit/537.36 (KHTML, like Gecko) Chrome/133.0.0.0 Safari/537.36"
85.208.96.195 - - [12/Aug/2026:09:26:20 -0400] "GET /2026/01/30/cuanto-ganas-si-te-toca-el-0-en-la-ruleta/ HTTP/1.1" 200 47062 "-" "Mozilla/5.0 (compatible; SemrushBot/7~bl; +http://www.semrush.com/bot.html)"
74.7.227.147 - - [12/Aug/2026:09:27:02 -0400] "GET /wp-json/wp/v2/posts/10280 HTTP/1.1" 200 6296 "https://casavalle.vsptdigital.cl/?p=10280" "Mozilla/5.0 AppleWebKit/537.36 (KHTML, like Gecko; compatible; GPTBot/1.4; +https://openai.com/gptbot)"
129.121.103.155 - - [12/Aug/2026:09:27:05 -0400] "GET /wp-login.php HTTP/1.1" 302 - "https://www.casavalle.vsptdigital.cl/wp-login.php" "Mozilla/5.0 (Windows NT 10.0; Win64; x64) AppleWebKit/537.36 (KHTML, like Gecko) Chrome/133.0.0.0 Safari/537.36"
129.121.103.155 - - [12/Aug/2026:09:27:06 -0400] "GET /wp-login.php HTTP/1.1" 302 - "https://www.casavalle.vsptdigital.cl/wp-login.php" "Mozilla/5.0 (Windows NT 10.0; Win64; x64) AppleWebKit/537.36 (KHTML, like Gecko) Chrome/133.0.0.0 Safari/537.36"
162.241.203.97 - - [12/Aug/2026:09:27:06 -0400] "GET /wp-login.php HTTP/1.1" 302 - "-" "Mozilla/5.0 (Windows NT 10.0; Win64; x64) AppleWebKit/537.36 (KHTML, like Gecko) Chrome/133.0.0.0 Safari/537.36"
162.241.203.97 - - [12/Aug/2026:09:27:07 -0400] "GET /wp-login.php HTTP/1.1" 302 - "https://casavalle.vsptdigital.cl/wp-login.php" "Mozilla/5.0 (Windows NT 10.0; Win64; x64) AppleWebKit/537.36 (KHTML, like Gecko) Chrome/133.0.0.0 Safari/537.36"
162.241.203.97 - - [12/Aug/2026:09:27:08 -0400] "GET /wp-login.php HTTP/1.1" 302 - "https://casavalle.vsptdigital.cl/wp-login.php" "Mozilla/5.0 (Windows NT 10.0; Win64; x64) AppleWebKit/537.36 (KHTML, like Gecko) Chrome/133.0.0.0 Safari/537.36"
162.241.203.97 - - [12/Aug/2026:09:27:08 -0400] "GET /wp-login.php HTTP/1.1" 302 - "https://casavalle.vsptdigital.cl/wp-login.php" "Mozilla/5.0 (Windows NT 10.0; Win64; x64) AppleWebKit/537.36 (KHTML, like Gecko) Chrome/133.0.0.0 Safari/537.36"
162.241.203.97 - - [12/Aug/2026:09:27:09 -0400] "GET /wp-login.php HTTP/1.1" 302 - "https://casavalle.vsptdigital.cl/wp-login.php" "Mozilla/5.0 (Windows NT 10.0; Win64; x64) AppleWebKit/537.36 (KHTML, like Gecko) Chrome/133.0.0.0 Safari/537.36"
162.241.203.97 - - [12/Aug/2026:09:27:10 -0400] "GET /wp-login.php HTTP/1.1" 302 - "https://casavalle.vsptdigital.cl/wp-login.php" "Mozilla/5.0 (Windows NT 10.0; Win64; x64) AppleWebKit/537.36 (KHTML, like Gecko) Chrome/133.0.0.0 Safari/537.36"
162.241.203.97 - - [12/Aug/2026:09:27:10 -0400] "GET /wp-login.php HTTP/1.1" 302 - "https://casavalle.vsptdigital.cl/wp-login.php" "Mozilla/5.0 (Windows NT 10.0; Win64; x64) AppleWebKit/537.36 (KHTML, like Gecko) Chrome/133.0.0.0 Safari/537.36"
162.241.203.97 - - [12/Aug/2026:09:27:11 -0400] "GET /wp-login.php HTTP/1.1" 302 - "https://casavalle.vsptdigital.cl/wp-login.php" "Mozilla/5.0 (Windows NT 10.0; Win64; x64) AppleWebKit/537.36 (KHTML, like Gecko) Chrome/133.0.0.0 Safari/537.36"
129.121.103.155 - - [12/Aug/2026:09:27:11 -0400] "GET /wp-json/wp/v2/users/me HTTP/1.1" 401 88 "-" "Mozilla/5.0 (Windows NT 10.0; Win64; x64) AppleWebKit/537.36 (KHTML, like Gecko) Chrome/133.0.0.0 Safari/537.36"
162.241.203.97 - - [12/Aug/2026:09:27:12 -0400] "GET /wp-login.php HTTP/1.1" 302 - "https://casavalle.vsptdigital.cl/wp-login.php" "Mozilla/5.0 (Windows NT 10.0; Win64; x64) AppleWebKit/537.36 (KHTML, like Gecko) Chrome/133.0.0.0 Safari/537.36"
50.6.207.27 - - [12/Aug/2026:09:27:12 -0400] "GET /wp-login.php HTTP/1.1" 301 - "-" "Mozilla/5.0 (Windows NT 10.0; Win64; x64) AppleWebKit/537.36 (KHTML, like Gecko) Chrome/133.0.0.0 Safari/537.36"
162.241.203.97 - - [12/Aug/2026:09:27:12 -0400] "GET /wp-login.php HTTP/1.1" 302 - "https://casavalle.vsptdigital.cl/wp-login.php" "Mozilla/5.0 (Windows NT 10.0; Win64; x64) AppleWebKit/537.36 (KHTML, like Gecko) Chrome/133.0.0.0 Safari/537.36"
162.241.203.97 - - [12/Aug/2026:09:27:14 -0400] "GET /wp-json/wp/v2/users/me HTTP/1.1" 401 88 "-" "Mozilla/5.0 (Windows NT 10.0; Win64; x64) AppleWebKit/537.36 (KHTML, like Gecko) Chrome/133.0.0.0 Safari/537.36"
129.121.103.155 - - [12/Aug/2026:09:27:16 -0400] "GET /wp-login.php HTTP/1.1" 301 - "-" "Mozilla/5.0 (Windows NT 10.0; Win64; x64) AppleWebKit/537.36 (KHTML, like Gecko) Chrome/133.0.0.0 Safari/537.36"
129.121.103.155 - - [12/Aug/2026:09:27:20 -0400] "GET /wp-login.php HTTP/1.1" 302 - "https://www.casavalle.vsptdigital.cl/wp-login.php" "Mozilla/5.0 (Windows NT 10.0; Win64; x64) AppleWebKit/537.36 (KHTML, like Gecko) Chrome/133.0.0.0 Safari/537.36"
129.121.103.155 - - [12/Aug/2026:09:27:20 -0400] "GET /wp-login.php HTTP/1.1" 302 - "https://www.casavalle.vsptdigital.cl/wp-login.php" "Mozilla/5.0 (Windows NT 10.0; Win64; x64) AppleWebKit/537.36 (KHTML, like Gecko) Chrome/133.0.0.0 Safari/537.36"
129.121.103.155 - - [12/Aug/2026:09:27:21 -0400] "GET /wp-login.php HTTP/1.1" 302 - "https://www.casavalle.vsptdigital.cl/wp-login.php" "Mozilla/5.0 (Windows NT 10.0; Win64; x64) AppleWebKit/537.36 (KHTML, like Gecko) Chrome/133.0.0.0 Safari/537.36"
129.121.103.155 - - [12/Aug/2026:09:27:21 -0400] "GET /wp-login.php HTTP/1.1" 302 - "https://www.casavalle.vsptdigital.cl/wp-login.php" "Mozilla/5.0 (Windows NT 10.0; Win64; x64) AppleWebKit/537.36 (KHTML, like Gecko) Chrome/133.0.0.0 Safari/537.36"
129.121.103.155 - - [12/Aug/2026:09:27:21 -0400] "GET /wp-login.php HTTP/1.1" 302 - "https://www.casavalle.vsptdigital.cl/wp-login.php" "Mozilla/5.0 (Windows NT 10.0; Win64; x64) AppleWebKit/537.36 (KHTML, like Gecko) Chrome/133.0.0.0 Safari/537.36"
129.121.103.155 - - [12/Aug/2026:09:27:22 -0400] "GET /wp-login.php HTTP/1.1" 302 - "https://www.casavalle.vsptdigital.cl/wp-login.php" "Mozilla/5.0 (Windows NT 10.0; Win64; x64) AppleWebKit/537.36 (KHTML, like Gecko) Chrome/133.0.0.0 Safari/537.36"
129.121.103.155 - - [12/Aug/2026:09:27:22 -0400] "GET /wp-login.php HTTP/1.1" 302 - "https://www.casavalle.vsptdigital.cl/wp-login.php" "Mozilla/5.0 (Windows NT 10.0; Win64; x64) AppleWebKit/537.36 (KHTML, like Gecko) Chrome/133.0.0.0 Safari/537.36"
129.121.103.155 - - [12/Aug/2026:09:27:22 -0400] "GET /wp-login.php HTTP/1.1" 302 - "https://www.casavalle.vsptdigital.cl/wp-login.php" "Mozilla/5.0 (Windows NT 10.0; Win64; x64) AppleWebKit/537.36 (KHTML, like Gecko) Chrome/133.0.0.0 Safari/537.36"
129.121.103.155 - - [12/Aug/2026:09:27:23 -0400] "GET /wp-login.php HTTP/1.1" 302 - "https://www.casavalle.vsptdigital.cl/wp-login.php" "Mozilla/5.0 (Windows NT 10.0; Win64; x64) AppleWebKit/537.36 (KHTML, like Gecko) Chrome/133.0.0.0 Safari/537.36"
129.121.103.155 - - [12/Aug/2026:09:27:24 -0400] "GET /wp-json/wp/v2/users/me HTTP/1.1" 401 88 "-" "Mozilla/5.0 (Windows NT 10.0; Win64; x64) AppleWebKit/537.36 (KHTML, like Gecko) Chrome/133.0.0.0 Safari/537.36"
74.7.227.147 - - [12/Aug/2026:09:27:32 -0400] "GET /wp-json/wp/v2/posts/11039 HTTP/1.1" 200 5827 "https://casavalle.vsptdigital.cl/?p=11039" "Mozilla/5.0 AppleWebKit/537.36 (KHTML, like Gecko; compatible; GPTBot/1.4; +https://openai.com/gptbot)"
185.191.171.11 - - [12/Aug/2026:09:27:02 -0400] "GET /2026/07/15/juegos-de-casino-gratis-tragamonedas-con-bonus-gratis/ HTTP/1.1" 200 47159 "-" "Mozilla/5.0 (compatible; SemrushBot/7~bl; +http://www.semrush.com/bot.html)"
74.7.227.147 - - [12/Aug/2026:09:27:59 -0400] "GET /wp-json/wp/v2/posts/10129 HTTP/1.1" 200 6179 "https://casavalle.vsptdigital.cl/?p=10129" "Mozilla/5.0 AppleWebKit/537.36 (KHTML, like Gecko; compatible; GPTBot/1.4; +https://openai.com/gptbot)"
185.191.171.7 - - [12/Aug/2026:09:27:49 -0400] "GET /2026/01/30/como-jugar-al-blackjack-y-no-morir-en-el-intento/ HTTP/1.1" 200 47669 "-" "Mozilla/5.0 (compatible; SemrushBot/7~bl; +http://www.semrush.com/bot.html)"
74.7.227.147 - - [12/Aug/2026:09:28:54 -0400] "GET /wp-json/wp/v2/posts/11303 HTTP/1.1" 200 6716 "https://casavalle.vsptdigital.cl/?p=11303" "Mozilla/5.0 AppleWebKit/537.36 (KHTML, like Gecko; compatible; GPTBot/1.4; +https://openai.com/gptbot)"
74.7.227.147 - - [12/Aug/2026:09:28:24 -0400] "GET /wp-json/wp/v2/posts/11858 HTTP/1.1" 200 5608 "https://casavalle.vsptdigital.cl/?p=11858" "Mozilla/5.0 AppleWebKit/537.36 (KHTML, like Gecko; compatible; GPTBot/1.4; +https://openai.com/gptbot)"
85.208.96.198 - - [12/Aug/2026:09:28:30 -0400] "GET /2026/01/30/mundo-slot-nicaragua/ HTTP/1.1" 200 46262 "-" "Mozilla/5.0 (compatible; SemrushBot/7~bl; +http://www.semrush.com/bot.html)"
212.112.19.169 - - [12/Aug/2026:09:29:14 -0400] "GET /2026/07/04/cual-es-el-mejor-casino-en-linea-de-espana/ HTTP/1.1" 200 46528 "https://casavalle.vsptdigital.cl/" "Mozilla/5.0 (Macintosh; Intel Mac OS X 10_15_7) AppleWebKit/537.36 (KHTML, like Gecko) Chrome/130.0.0.0 Safari/537.36"
85.208.96.202 - - [12/Aug/2026:09:29:12 -0400] "GET /2026/01/30/ice-casino-dado/ HTTP/1.1" 200 47235 "-" "Mozilla/5.0 (compatible; SemrushBot/7~bl; +http://www.semrush.com/bot.html)"
213.108.243.134 - - [12/Aug/2026:09:30:13 -0400] "GET /wp-login.php HTTP/1.1" 302 - "-" "Mozilla/5.0 (Windows NT 10.0; Win64; x64) AppleWebKit/537.36 (KHTML, like Gecko) Chrome/133.0.0.0 Safari/537.36"
213.108.243.134 - - [12/Aug/2026:09:30:14 -0400] "GET /wp-login.php HTTP/1.1" 302 - "https://casavalle.vsptdigital.cl/wp-login.php" "Mozilla/5.0 (Windows NT 10.0; Win64; x64) AppleWebKit/537.36 (KHTML, like Gecko) Chrome/133.0.0.0 Safari/537.36"
213.108.243.134 - - [12/Aug/2026:09:30:15 -0400] "GET /wp-login.php HTTP/1.1" 302 - "https://casavalle.vsptdigital.cl/wp-login.php" "Mozilla/5.0 (Windows NT 10.0; Win64; x64) AppleWebKit/537.36 (KHTML, like Gecko) Chrome/133.0.0.0 Safari/537.36"
213.108.243.134 - - [12/Aug/2026:09:30:15 -0400] "GET /wp-login.php HTTP/1.1" 302 - "https://casavalle.vsptdigital.cl/wp-login.php" "Mozilla/5.0 (Windows NT 10.0; Win64; x64) AppleWebKit/537.36 (KHTML, like Gecko) Chrome/133.0.0.0 Safari/537.36"
213.108.243.134 - - [12/Aug/2026:09:30:16 -0400] "GET /wp-login.php HTTP/1.1" 302 - "https://casavalle.vsptdigital.cl/wp-login.php" "Mozilla/5.0 (Windows NT 10.0; Win64; x64) AppleWebKit/537.36 (KHTML, like Gecko) Chrome/133.0.0.0 Safari/537.36"
213.108.243.134 - - [12/Aug/2026:09:30:17 -0400] "GET /wp-login.php HTTP/1.1" 302 - "https://casavalle.vsptdigital.cl/wp-login.php" "Mozilla/5.0 (Windows NT 10.0; Win64; x64) AppleWebKit/537.36 (KHTML, like Gecko) Chrome/133.0.0.0 Safari/537.36"
213.108.243.134 - - [12/Aug/2026:09:30:17 -0400] "GET /wp-login.php HTTP/1.1" 302 - "https://casavalle.vsptdigital.cl/wp-login.php" "Mozilla/5.0 (Windows NT 10.0; Win64; x64) AppleWebKit/537.36 (KHTML, like Gecko) Chrome/133.0.0.0 Safari/537.36"
213.108.243.134 - - [12/Aug/2026:09:30:18 -0400] "GET /wp-login.php HTTP/1.1" 302 - "https://casavalle.vsptdigital.cl/wp-login.php" "Mozilla/5.0 (Windows NT 10.0; Win64; x64) AppleWebKit/537.36 (KHTML, like Gecko) Chrome/133.0.0.0 Safari/537.36"
213.108.243.134 - - [12/Aug/2026:09:30:18 -0400] "GET /wp-login.php HTTP/1.1" 302 - "https://casavalle.vsptdigital.cl/wp-login.php" "Mozilla/5.0 (Windows NT 10.0; Win64; x64) AppleWebKit/537.36 (KHTML, like Gecko) Chrome/133.0.0.0 Safari/537.36"
213.108.243.134 - - [12/Aug/2026:09:30:19 -0400] "GET /wp-login.php HTTP/1.1" 302 - "https://casavalle.vsptdigital.cl/wp-login.php" "Mozilla/5.0 (Windows NT 10.0; Win64; x64) AppleWebKit/537.36 (KHTML, like Gecko) Chrome/133.0.0.0 Safari/537.36"
85.208.96.208 - - [12/Aug/2026:09:29:54 -0400] "GET /2026/01/30/ruleta-personalizada-descargar/ HTTP/1.1" 200 46904 "-" "Mozilla/5.0 (compatible; SemrushBot/7~bl; +http://www.semrush.com/bot.html)"
74.7.227.147 - - [12/Aug/2026:09:29:55 -0400] "GET /wp-json/wp/v2/posts/12701 HTTP/1.1" 200 6726 "https://casavalle.vsptdigital.cl/?p=12701" "Mozilla/5.0 AppleWebKit/537.36 (KHTML, like Gecko; compatible; GPTBot/1.4; +https://openai.com/gptbot)"
74.7.227.147 - - [12/Aug/2026:09:30:52 -0400] "GET /wp-json/wp/v2/posts/16310 HTTP/1.1" 200 6331 "https://casavalle.vsptdigital.cl/?p=16310" "Mozilla/5.0 AppleWebKit/537.36 (KHTML, like Gecko; compatible; GPTBot/1.4; +https://openai.com/gptbot)"
185.191.171.8 - - [12/Aug/2026:09:31:18 -0400] "GET /robots.txt HTTP/1.1" 200 148 "-" "Mozilla/5.0 (compatible; SemrushBot/7~bl; +http://www.semrush.com/bot.html)"
185.191.171.9 - - [12/Aug/2026:09:30:41 -0400] "GET /2026/01/30/aplicaci%C3%B3n-de-juegos-de-casino/ HTTP/1.1" 200 46650 "-" "Mozilla/5.0 (compatible; SemrushBot/7~bl; +http://www.semrush.com/bot.html)"
74.7.227.147 - - [12/Aug/2026:09:31:54 -0400] "GET /wp-json/wp/v2/posts/17487 HTTP/1.1" 200 6480 "https://casavalle.vsptdigital.cl/?p=17487" "Mozilla/5.0 AppleWebKit/537.36 (KHTML, like Gecko; compatible; GPTBot/1.4; +https://openai.com/gptbot)"
85.208.96.210 - - [12/Aug/2026:09:31:23 -0400] "GET /2026/07/15/juegos-de-tragamonedas-mas-nuevas-gratis/ HTTP/1.1" 200 48062 "-" "Mozilla/5.0 (compatible; SemrushBot/7~bl; +http://www.semrush.com/bot.html)"
85.208.96.210 - - [12/Aug/2026:09:32:12 -0400] "GET /2026/01/30/tragaperras-demo-gratis/ HTTP/1.1" 200 47054 "-" "Mozilla/5.0 (compatible; SemrushBot/7~bl; +http://www.semrush.com/bot.html)"
85.208.96.196 - - [12/Aug/2026:09:32:59 -0400] "GET /2026/01/30/golden-casino-bono-sin-dep%C3%B3sito-50-giros-gratis-2026/ HTTP/1.1" 200 47382 "-" "Mozilla/5.0 (compatible; SemrushBot/7~bl; +http://www.semrush.com/bot.html)"
74.7.227.147 - - [12/Aug/2026:09:32:53 -0400] "GET /wp-json/wp/v2/posts/10860 HTTP/1.1" 200 5729 "https://casavalle.vsptdigital.cl/?p=10860" "Mozilla/5.0 AppleWebKit/537.36 (KHTML, like Gecko; compatible; GPTBot/1.4; +https://openai.com/gptbot)"
85.208.96.195 - - [12/Aug/2026:09:33:00 -0400] "GET /2026/01/30/reglas-juego-de-los-dados/ HTTP/1.1" 200 47086 "-" "Mozilla/5.0 (compatible; SemrushBot/7~bl; +http://www.semrush.com/bot.html)"
74.7.227.147 - - [12/Aug/2026:09:33:45 -0400] "GET /wp-json/wp/v2/posts/18025 HTTP/1.1" 200 5735 "https://casavalle.vsptdigital.cl/?p=18025" "Mozilla/5.0 AppleWebKit/537.36 (KHTML, like Gecko; compatible; GPTBot/1.4; +https://openai.com/gptbot)"
185.191.171.18 - - [12/Aug/2026:09:33:42 -0400] "GET /2026/07/15/maquinas-tragamonedas-de-cascada/ HTTP/1.1" 200 48121 "-" "Mozilla/5.0 (compatible; SemrushBot/7~bl; +http://www.semrush.com/bot.html)"
74.7.227.147 - - [12/Aug/2026:09:34:46 -0400] "GET /wp-json/wp/v2/posts/14457 HTTP/1.1" 200 5812 "https://casavalle.vsptdigital.cl/?p=14457" "Mozilla/5.0 AppleWebKit/537.36 (KHTML, like Gecko; compatible; GPTBot/1.4; +https://openai.com/gptbot)"
5.157.27.252 - - [12/Aug/2026:09:35:00 -0400] "GET /2026/07/15/zakladni-pravidla-pokeru/ HTTP/1.1" 200 45541 "https://casavalle.vsptdigital.cl/" "Mozilla/5.0 (Macintosh; Intel Mac OS X 10_15_7) AppleWebKit/605.1.15 (KHTML, like Gecko) Version/17.4.1 Safari/605.1.15"
5.157.27.252 - - [12/Aug/2026:09:35:05 -0400] "GET /2026/07/15/zakladni-pravidla-pokeru/ HTTP/1.1" 200 45541 "https://casavalle.vsptdigital.cl/2026/07/15/zakladni-pravidla-pokeru/" "Mozilla/5.0 (Macintosh; Intel Mac OS X 10_15_7) AppleWebKit/605.1.15 (KHTML, like Gecko) Version/17.4.1 Safari/605.1.15"
185.191.171.3 - - [12/Aug/2026:09:34:23 -0400] "GET /2026/01/30/casino-puerto-la-cruz-venezuela/ HTTP/1.1" 200 46633 "-" "Mozilla/5.0 (compatible; SemrushBot/7~bl; +http://www.semrush.com/bot.html)"
85.208.96.212 - - [12/Aug/2026:09:35:10 -0400] "GET /2026/01/30/tragaperras-online-starburst/ HTTP/1.1" 200 46701 "-" "Mozilla/5.0 (compatible; SemrushBot/7~bl; +http://www.semrush.com/bot.html)"
74.7.227.147 - - [12/Aug/2026:09:35:45 -0400] "GET /wp-json/wp/v2/posts/17258 HTTP/1.1" 200 6776 "https://casavalle.vsptdigital.cl/?p=17258" "Mozilla/5.0 AppleWebKit/537.36 (KHTML, like Gecko; compatible; GPTBot/1.4; +https://openai.com/gptbot)"
85.208.96.201 - - [12/Aug/2026:09:35:57 -0400] "GET /2026/01/30/juegos-de-casinos-gratis-on-line/ HTTP/1.1" 200 46570 "-" "Mozilla/5.0 (compatible; SemrushBot/7~bl; +http://www.semrush.com/bot.html)"
85.208.96.199 - - [12/Aug/2026:09:36:38 -0400] "GET /2026/01/30/casino-online-bono-de-bienvenida-sin-dep%C3%B3sito/ HTTP/1.1" 200 46711 "-" "Mozilla/5.0 (compatible; SemrushBot/7~bl; +http://www.semrush.com/bot.html)"
74.7.227.147 - - [12/Aug/2026:09:36:38 -0400] "GET /wp-json/wp/v2/posts/15029 HTTP/1.1" 200 5710 "https://casavalle.vsptdigital.cl/?p=15029" "Mozilla/5.0 AppleWebKit/537.36 (KHTML, like Gecko; compatible; GPTBot/1.4; +https://openai.com/gptbot)"
74.7.227.147 - - [12/Aug/2026:09:37:38 -0400] "GET /wp-json/wp/v2/posts/16706 HTTP/1.1" 200 6757 "https://casavalle.vsptdigital.cl/?p=16706" "Mozilla/5.0 AppleWebKit/537.36 (KHTML, like Gecko; compatible; GPTBot/1.4; +https://openai.com/gptbot)"
85.208.96.194 - - [12/Aug/2026:09:37:25 -0400] "GET /2026/01/30/tragamonedas-gratis-de-casinos/ HTTP/1.1" 200 46936 "-" "Mozilla/5.0 (compatible; SemrushBot/7~bl; +http://www.semrush.com/bot.html)"
129.121.103.155 - - [12/Aug/2026:09:37:52 -0400] "GET /wp-login.php HTTP/1.1" 302 - "-" "Mozilla/5.0 (Windows NT 10.0; Win64; x64) AppleWebKit/537.36 (KHTML, like Gecko) Chrome/133.0.0.0 Safari/537.36"
129.121.103.155 - - [12/Aug/2026:09:38:36 -0400] "GET /wp-json/wp/v2/users/me HTTP/1.1" 401 88 "-" "Mozilla/5.0 (Windows NT 10.0; Win64; x64) AppleWebKit/537.36 (KHTML, like Gecko) Chrome/133.0.0.0 Safari/537.36"
74.7.227.147 - - [12/Aug/2026:09:38:42 -0400] "GET /wp-json/wp/v2/posts/17275 HTTP/1.1" 200 6365 "https://casavalle.vsptdigital.cl/?p=17275" "Mozilla/5.0 AppleWebKit/537.36 (KHTML, like Gecko; compatible; GPTBot/1.4; +https://openai.com/gptbot)"
85.208.96.207 - - [12/Aug/2026:09:38:06 -0400] "GET /2026/07/15/bono-por-registro-sin-dep%C3%B3sito-espa%C3%B1a/ HTTP/1.1" 200 47529 "-" "Mozilla/5.0 (compatible; SemrushBot/7~bl; +http://www.semrush.com/bot.html)"
185.191.171.5 - - [12/Aug/2026:09:38:48 -0400] "GET /2026/01/30/c%C3%B3digo-promocional-en-btc-casino/ HTTP/1.1" 200 47340 "-" "Mozilla/5.0 (compatible; SemrushBot/7~bl; +http://www.semrush.com/bot.html)"
74.7.227.147 - - [12/Aug/2026:09:39:41 -0400] "GET /wp-json/wp/v2/posts/16713 HTTP/1.1" 200 6049 "https://casavalle.vsptdigital.cl/?p=16713" "Mozilla/5.0 AppleWebKit/537.36 (KHTML, like Gecko; compatible; GPTBot/1.4; +https://openai.com/gptbot)"
85.208.96.207 - - [12/Aug/2026:09:39:36 -0400] "GET /2026/01/30/casino-vivant-paraguay/ HTTP/1.1" 200 46559 "-" "Mozilla/5.0 (compatible; SemrushBot/7~bl; +http://www.semrush.com/bot.html)"
74.7.227.147 - - [12/Aug/2026:09:40:33 -0400] "GET /wp-json/wp/v2/posts/12986 HTTP/1.1" 200 7190 "https://casavalle.vsptdigital.cl/?p=12986" "Mozilla/5.0 AppleWebKit/537.36 (KHTML, like Gecko; compatible; GPTBot/1.4; +https://openai.com/gptbot)"
185.191.171.8 - - [12/Aug/2026:09:40:18 -0400] "GET /2026/01/30/muchbetter-casino-codigo-promocional-y-bonus-code/ HTTP/1.1" 200 46847 "-" "Mozilla/5.0 (compatible; SemrushBot/7~bl; +http://www.semrush.com/bot.html)"
74.7.227.147 - - [12/Aug/2026:09:41:19 -0400] "GET /wp-json/wp/v2/posts/12884 HTTP/1.1" 200 5960 "https://casavalle.vsptdigital.cl/?p=12884" "Mozilla/5.0 AppleWebKit/537.36 (KHTML, like Gecko; compatible; GPTBot/1.4; +https://openai.com/gptbot)"
185.191.171.4 - - [12/Aug/2026:09:41:04 -0400] "GET /2026/01/30/gran-casino-de-la-mancha-de-illescas-rese%C3%B1as/ HTTP/1.1" 200 47605 "-" "Mozilla/5.0 (compatible; SemrushBot/7~bl; +http://www.semrush.com/bot.html)"
74.7.227.147 - - [12/Aug/2026:09:42:01 -0400] "GET /wp-json/wp/v2/posts/15417 HTTP/1.1" 200 6072 "https://casavalle.vsptdigital.cl/?p=15417" "Mozilla/5.0 AppleWebKit/537.36 (KHTML, like Gecko; compatible; GPTBot/1.4; +https://openai.com/gptbot)"
185.191.171.12 - - [12/Aug/2026:09:41:46 -0400] "GET /2026/01/30/juega-gratis-a-emoji-slot-en-modo-demo/ HTTP/1.1" 200 46869 "-" "Mozilla/5.0 (compatible; SemrushBot/7~bl; +http://www.semrush.com/bot.html)"
74.7.227.147 - - [12/Aug/2026:09:42:39 -0400] "GET /wp-json/wp/v2/posts/10313 HTTP/1.1" 200 6313 "https://casavalle.vsptdigital.cl/?p=10313" "Mozilla/5.0 AppleWebKit/537.36 (KHTML, like Gecko; compatible; GPTBot/1.4; +https://openai.com/gptbot)"
74.7.227.147 - - [12/Aug/2026:09:43:13 -0400] "GET /wp-json/wp/v2/posts/12714 HTTP/1.1" 200 5676 "https://casavalle.vsptdigital.cl/?p=12714" "Mozilla/5.0 AppleWebKit/537.36 (KHTML, like Gecko; compatible; GPTBot/1.4; +https://openai.com/gptbot)"
185.191.171.15 - - [12/Aug/2026:09:42:33 -0400] "GET /2026/01/30/simulador-ruleta-francesa-gratis/ HTTP/1.1" 200 46799 "-" "Mozilla/5.0 (compatible; SemrushBot/7~bl; +http://www.semrush.com/bot.html)"
147.53.122.110 - - [12/Aug/2026:09:43:34 -0400] "GET /2026/07/26/como-ganar-con-casino-en-es-2026/ HTTP/1.1" 200 47012 "https://casavalle.vsptdigital.cl/" "Mozilla/5.0 (Windows NT 6.1; Win64; x64; rv:109.0) Gecko/20100101 Firefox/115.0"
74.7.227.147 - - [12/Aug/2026:09:43:41 -0400] "GET /wp-json/wp/v2/posts/10927 HTTP/1.1" 200 6401 "https://casavalle.vsptdigital.cl/?p=10927" "Mozilla/5.0 AppleWebKit/537.36 (KHTML, like Gecko; compatible; GPTBot/1.4; +https://openai.com/gptbot)"
98.158.233.61 - - [12/Aug/2026:09:43:03 -0400] "GET /2026/07/26/como-ganar-con-casino-en-es-2026/ HTTP/1.1" 200 47012 "https://casavalle.vsptdigital.cl/" "Mozilla/5.0 (Windows NT 6.1; Win64; x64; rv:109.0) Gecko/20100101 Firefox/115.0"
85.208.96.197 - - [12/Aug/2026:09:43:15 -0400] "GET /2026/01/30/reglas-del-blackjack-en-ingles/ HTTP/1.1" 200 47232 "-" "Mozilla/5.0 (compatible; SemrushBot/7~bl; +http://www.semrush.com/bot.html)"
74.7.227.147 - - [12/Aug/2026:09:44:09 -0400] "GET /wp-json/wp/v2/posts/11945 HTTP/1.1" 200 6559 "https://casavalle.vsptdigital.cl/?p=11945" "Mozilla/5.0 AppleWebKit/537.36 (KHTML, like Gecko; compatible; GPTBot/1.4; +https://openai.com/gptbot)"
74.7.227.147 - - [12/Aug/2026:09:44:33 -0400] "GET /wp-json/wp/v2/posts/10949 HTTP/1.1" 200 6065 "https://casavalle.vsptdigital.cl/?p=10949" "Mozilla/5.0 AppleWebKit/537.36 (KHTML, like Gecko; compatible; GPTBot/1.4; +https://openai.com/gptbot)"
185.191.171.16 - - [12/Aug/2026:09:43:58 -0400] "GET /2026/01/30/ruleta-online-gratis-sin-dinero/ HTTP/1.1" 200 47274 "-" "Mozilla/5.0 (compatible; SemrushBot/7~bl; +http://www.semrush.com/bot.html)"
74.7.227.147 - - [12/Aug/2026:09:44:56 -0400] "GET /wp-json/wp/v2/posts/13770 HTTP/1.1" 200 6311 "https://casavalle.vsptdigital.cl/?p=13770" "Mozilla/5.0 AppleWebKit/537.36 (KHTML, like Gecko; compatible; GPTBot/1.4; +https://openai.com/gptbot)"
74.7.227.147 - - [12/Aug/2026:09:45:15 -0400] "GET /wp-json/wp/v2/posts/13378 HTTP/1.1" 200 6547 "https://casavalle.vsptdigital.cl/?p=13378" "Mozilla/5.0 AppleWebKit/537.36 (KHTML, like Gecko; compatible; GPTBot/1.4; +https://openai.com/gptbot)"
162.0.208.45 - - [12/Aug/2026:09:45:15 -0400] "GET /wp-json/wp/v2/users/me HTTP/1.1" 401 88 "-" "Mozilla/5.0 (Windows NT 10.0; Win64; x64) AppleWebKit/537.36 (KHTML, like Gecko) Chrome/133.0.0.0 Safari/537.36"
185.191.171.4 - - [12/Aug/2026:09:44:45 -0400] "GET /2026/01/30/juego-de-casino-lobo/ HTTP/1.1" 200 46533 "-" "Mozilla/5.0 (compatible; SemrushBot/7~bl; +http://www.semrush.com/bot.html)"
74.7.227.147 - - [12/Aug/2026:09:45:32 -0400] "GET /wp-json/wp/v2/posts/14025 HTTP/1.1" 200 5551 "https://casavalle.vsptdigital.cl/?p=14025" "Mozilla/5.0 AppleWebKit/537.36 (KHTML, like Gecko; compatible; GPTBot/1.4; +https://openai.com/gptbot)"
74.7.227.147 - - [12/Aug/2026:09:45:48 -0400] "GET /wp-json/wp/v2/posts/13385 HTTP/1.1" 200 6791 "https://casavalle.vsptdigital.cl/?p=13385" "Mozilla/5.0 AppleWebKit/537.36 (KHTML, like Gecko; compatible; GPTBot/1.4; +https://openai.com/gptbot)"
162.0.208.45 - - [12/Aug/2026:09:45:05 -0400] "GET /wp-login.php HTTP/1.1" 302 - "-" "Mozilla/5.0 (Windows NT 10.0; Win64; x64) AppleWebKit/537.36 (KHTML, like Gecko) Chrome/133.0.0.0 Safari/537.36"
74.7.227.147 - - [12/Aug/2026:09:46:02 -0400] "GET /wp-json/wp/v2/posts/17431 HTTP/1.1" 200 6523 "https://casavalle.vsptdigital.cl/?p=17431" "Mozilla/5.0 AppleWebKit/537.36 (KHTML, like Gecko; compatible; GPTBot/1.4; +https://openai.com/gptbot)"
185.191.171.16 - - [12/Aug/2026:09:45:27 -0400] "GET /2026/01/30/bingo-online/ HTTP/1.1" 200 47117 "-" "Mozilla/5.0 (compatible; SemrushBot/7~bl; +http://www.semrush.com/bot.html)"
74.7.227.147 - - [12/Aug/2026:09:46:46 -0400] "GET /wp-json/wp/v2/posts/12057 HTTP/1.1" 200 6484 "https://casavalle.vsptdigital.cl/?p=12057" "Mozilla/5.0 AppleWebKit/537.36 (KHTML, like Gecko; compatible; GPTBot/1.4; +https://openai.com/gptbot)"
185.191.171.19 - - [12/Aug/2026:09:46:10 -0400] "GET /2026/01/30/casino-en-ranchos/ HTTP/1.1" 200 46866 "-" "Mozilla/5.0 (compatible; SemrushBot/7~bl; +http://www.semrush.com/bot.html)"
74.7.227.147 - - [12/Aug/2026:09:46:15 -0400] "GET /wp-json/wp/v2/posts/10782 HTTP/1.1" 200 6566 "https://casavalle.vsptdigital.cl/?p=10782" "Mozilla/5.0 AppleWebKit/537.36 (KHTML, like Gecko; compatible; GPTBot/1.4; +https://openai.com/gptbot)"
185.191.171.6 - - [12/Aug/2026:09:46:59 -0400] "GET /2026/01/30/casino-costa-urbana-est%C3%A1-abierto-hoy/ HTTP/1.1" 200 47271 "-" "Mozilla/5.0 (compatible; SemrushBot/7~bl; +http://www.semrush.com/bot.html)"
74.7.227.147 - - [12/Aug/2026:09:47:53 -0400] "GET /wp-json/wp/v2/posts/17137 HTTP/1.1" 200 6269 "https://casavalle.vsptdigital.cl/?p=17137" "Mozilla/5.0 AppleWebKit/537.36 (KHTML, like Gecko; compatible; GPTBot/1.4; +https://openai.com/gptbot)"
222.252.107.125 - - [12/Aug/2026:09:47:59 -0400] "GET /2026/05/14/wie-spielt-man-im-jahr-2026-in-den-spielbanken-um-echtgeld/ HTTP/1.1" 200 46081 "https://casavalle.vsptdigital.cl/" "Mozilla/5.0 (Macintosh; Intel Mac OS X 10_15_7) AppleWebKit/605.1.15 (KHTML, like Gecko) Version/18.3 Safari/605.1.15"
222.252.107.125 - - [12/Aug/2026:09:48:01 -0400] "GET /2026/05/14/wie-spielt-man-im-jahr-2026-in-den-spielbanken-um-echtgeld/ HTTP/1.1" 200 46081 "https://casavalle.vsptdigital.cl/2026/05/14/wie-spielt-man-im-jahr-2026-in-den-spielbanken-um-echtgeld/" "Mozilla/5.0 (Macintosh; Intel Mac OS X 10_15_7) AppleWebKit/605.1.15 (KHTML, like Gecko) Version/18.3 Safari/605.1.15"
74.7.227.147 - - [12/Aug/2026:09:47:22 -0400] "GET /wp-json/wp/v2/posts/12790 HTTP/1.1" 200 6091 "https://casavalle.vsptdigital.cl/?p=12790" "Mozilla/5.0 AppleWebKit/537.36 (KHTML, like Gecko; compatible; GPTBot/1.4; +https://openai.com/gptbot)"
198.38.94.67 - - [12/Aug/2026:09:48:14 -0400] "GET /wp-login.php HTTP/1.1" 302 - "-" "Mozilla/5.0 (Windows NT 10.0; Win64; x64) AppleWebKit/537.36 (KHTML, like Gecko) Chrome/133.0.0.0 Safari/537.36"
198.38.94.67 - - [12/Aug/2026:09:48:15 -0400] "GET /wp-login.php HTTP/1.1" 302 - "https://casavalle.vsptdigital.cl/wp-login.php" "Mozilla/5.0 (Windows NT 10.0; Win64; x64) AppleWebKit/537.36 (KHTML, like Gecko) Chrome/133.0.0.0 Safari/537.36"
198.38.94.67 - - [12/Aug/2026:09:48:15 -0400] "GET /wp-login.php HTTP/1.1" 302 - "https://casavalle.vsptdigital.cl/wp-login.php" "Mozilla/5.0 (Windows NT 10.0; Win64; x64) AppleWebKit/537.36 (KHTML, like Gecko) Chrome/133.0.0.0 Safari/537.36"
198.38.94.67 - - [12/Aug/2026:09:48:16 -0400] "GET /wp-login.php HTTP/1.1" 302 - "https://casavalle.vsptdigital.cl/wp-login.php" "Mozilla/5.0 (Windows NT 10.0; Win64; x64) AppleWebKit/537.36 (KHTML, like Gecko) Chrome/133.0.0.0 Safari/537.36"
198.38.94.67 - - [12/Aug/2026:09:48:17 -0400] "GET /wp-login.php HTTP/1.1" 302 - "https://casavalle.vsptdigital.cl/wp-login.php" "Mozilla/5.0 (Windows NT 10.0; Win64; x64) AppleWebKit/537.36 (KHTML, like Gecko) Chrome/133.0.0.0 Safari/537.36"
198.38.94.67 - - [12/Aug/2026:09:48:17 -0400] "GET /wp-login.php HTTP/1.1" 302 - "https://casavalle.vsptdigital.cl/wp-login.php" "Mozilla/5.0 (Windows NT 10.0; Win64; x64) AppleWebKit/537.36 (KHTML, like Gecko) Chrome/133.0.0.0 Safari/537.36"
198.38.94.67 - - [12/Aug/2026:09:48:18 -0400] "GET /wp-login.php HTTP/1.1" 302 - "https://casavalle.vsptdigital.cl/wp-login.php" "Mozilla/5.0 (Windows NT 10.0; Win64; x64) AppleWebKit/537.36 (KHTML, like Gecko) Chrome/133.0.0.0 Safari/537.36"
198.38.94.67 - - [12/Aug/2026:09:48:18 -0400] "GET /wp-login.php HTTP/1.1" 302 - "https://casavalle.vsptdigital.cl/wp-login.php" "Mozilla/5.0 (Windows NT 10.0; Win64; x64) AppleWebKit/537.36 (KHTML, like Gecko) Chrome/133.0.0.0 Safari/537.36"
198.38.94.67 - - [12/Aug/2026:09:48:19 -0400] "GET /wp-login.php HTTP/1.1" 302 - "https://casavalle.vsptdigital.cl/wp-login.php" "Mozilla/5.0 (Windows NT 10.0; Win64; x64) AppleWebKit/537.36 (KHTML, like Gecko) Chrome/133.0.0.0 Safari/537.36"
198.38.94.67 - - [12/Aug/2026:09:48:19 -0400] "GET /wp-login.php HTTP/1.1" 302 - "https://casavalle.vsptdigital.cl/wp-login.php" "Mozilla/5.0 (Windows NT 10.0; Win64; x64) AppleWebKit/537.36 (KHTML, like Gecko) Chrome/133.0.0.0 Safari/537.36"
185.191.171.7 - - [12/Aug/2026:09:47:41 -0400] "GET /2026/01/30/casinos-gratis-espa%C3%B1a/ HTTP/1.1" 200 46534 "-" "Mozilla/5.0 (compatible; SemrushBot/7~bl; +http://www.semrush.com/bot.html)"
198.38.94.67 - - [12/Aug/2026:09:48:36 -0400] "GET /wp-login.php HTTP/1.1" 302 - "-" "Mozilla/5.0 (Windows NT 10.0; Win64; x64) AppleWebKit/537.36 (KHTML, like Gecko) Chrome/133.0.0.0 Safari/537.36"
198.38.94.67 - - [12/Aug/2026:09:48:36 -0400] "GET /wp-login.php HTTP/1.1" 302 - "https://casavalle.vsptdigital.cl/wp-login.php" "Mozilla/5.0 (Windows NT 10.0; Win64; x64) AppleWebKit/537.36 (KHTML, like Gecko) Chrome/133.0.0.0 Safari/537.36"
198.38.94.67 - - [12/Aug/2026:09:48:37 -0400] "GET /wp-login.php HTTP/1.1" 302 - "https://casavalle.vsptdigital.cl/wp-login.php" "Mozilla/5.0 (Windows NT 10.0; Win64; x64) AppleWebKit/537.36 (KHTML, like Gecko) Chrome/133.0.0.0 Safari/537.36"
198.38.94.67 - - [12/Aug/2026:09:48:38 -0400] "GET /wp-login.php HTTP/1.1" 302 - "https://casavalle.vsptdigital.cl/wp-login.php" "Mozilla/5.0 (Windows NT 10.0; Win64; x64) AppleWebKit/537.36 (KHTML, like Gecko) Chrome/133.0.0.0 Safari/537.36"
198.38.94.67 - - [12/Aug/2026:09:48:38 -0400] "GET /wp-login.php HTTP/1.1" 302 - "https://casavalle.vsptdigital.cl/wp-login.php" "Mozilla/5.0 (Windows NT 10.0; Win64; x64) AppleWebKit/537.36 (KHTML, like Gecko) Chrome/133.0.0.0 Safari/537.36"
198.38.94.67 - - [12/Aug/2026:09:48:39 -0400] "GET /wp-login.php HTTP/1.1" 302 - "https://casavalle.vsptdigital.cl/wp-login.php" "Mozilla/5.0 (Windows NT 10.0; Win64; x64) AppleWebKit/537.36 (KHTML, like Gecko) Chrome/133.0.0.0 Safari/537.36"
198.38.94.67 - - [12/Aug/2026:09:48:40 -0400] "GET /wp-login.php HTTP/1.1" 302 - "https://casavalle.vsptdigital.cl/wp-login.php" "Mozilla/5.0 (Windows NT 10.0; Win64; x64) AppleWebKit/537.36 (KHTML, like Gecko) Chrome/133.0.0.0 Safari/537.36"
198.38.94.67 - - [12/Aug/2026:09:48:40 -0400] "GET /wp-login.php HTTP/1.1" 302 - "https://casavalle.vsptdigital.cl/wp-login.php" "Mozilla/5.0 (Windows NT 10.0; Win64; x64) AppleWebKit/537.36 (KHTML, like Gecko) Chrome/133.0.0.0 Safari/537.36"
198.38.94.67 - - [12/Aug/2026:09:48:41 -0400] "GET /wp-login.php HTTP/1.1" 302 - "https://casavalle.vsptdigital.cl/wp-login.php" "Mozilla/5.0 (Windows NT 10.0; Win64; x64) AppleWebKit/537.36 (KHTML, like Gecko) Chrome/133.0.0.0 Safari/537.36"
198.38.94.67 - - [12/Aug/2026:09:48:41 -0400] "GET /wp-login.php HTTP/1.1" 302 - "https://casavalle.vsptdigital.cl/wp-login.php" "Mozilla/5.0 (Windows NT 10.0; Win64; x64) AppleWebKit/537.36 (KHTML, like Gecko) Chrome/133.0.0.0 Safari/537.36"
198.38.94.67 - - [12/Aug/2026:09:48:43 -0400] "GET /wp-json/wp/v2/users/me HTTP/1.1" 401 88 "-" "Mozilla/5.0 (Windows NT 10.0; Win64; x64) AppleWebKit/537.36 (KHTML, like Gecko) Chrome/133.0.0.0 Safari/537.36"
74.7.227.147 - - [12/Aug/2026:09:48:54 -0400] "GET /wp-json/wp/v2/posts/11373 HTTP/1.1" 200 6183 "https://casavalle.vsptdigital.cl/?p=11373" "Mozilla/5.0 AppleWebKit/537.36 (KHTML, like Gecko; compatible; GPTBot/1.4; +https://openai.com/gptbot)"
185.191.171.7 - - [12/Aug/2026:09:48:23 -0400] "GET /2026/01/30/trucos-para-ganar-ruleta-maquina/ HTTP/1.1" 200 47034 "-" "Mozilla/5.0 (compatible; SemrushBot/7~bl; +http://www.semrush.com/bot.html)"
198.38.94.67 - - [12/Aug/2026:09:48:28 -0400] "GET /wp-json/wp/v2/users/me HTTP/1.1" 401 88 "-" "Mozilla/5.0 (Windows NT 10.0; Win64; x64) AppleWebKit/537.36 (KHTML, like Gecko) Chrome/133.0.0.0 Safari/537.36"
85.208.96.194 - - [12/Aug/2026:09:49:10 -0400] "GET /2026/07/15/juegos-de-casinos-para-ganar-dinero-real/ HTTP/1.1" 200 46298 "-" "Mozilla/5.0 (compatible; SemrushBot/7~bl; +http://www.semrush.com/bot.html)"
74.7.227.147 - - [12/Aug/2026:09:49:51 -0400] "GET /wp-json/wp/v2/posts/12139 HTTP/1.1" 200 6460 "https://casavalle.vsptdigital.cl/?p=12139" "Mozilla/5.0 AppleWebKit/537.36 (KHTML, like Gecko; compatible; GPTBot/1.4; +https://openai.com/gptbot)"
185.191.171.19 - - [12/Aug/2026:09:49:51 -0400] "GET /2026/01/30/juegos-de-casinos-blackjack/ HTTP/1.1" 200 46701 "-" "Mozilla/5.0 (compatible; SemrushBot/7~bl; +http://www.semrush.com/bot.html)"
74.7.227.147 - - [12/Aug/2026:09:50:42 -0400] "GET /wp-json/wp/v2/posts/16939 HTTP/1.1" 200 6686 "https://casavalle.vsptdigital.cl/?p=16939" "Mozilla/5.0 AppleWebKit/537.36 (KHTML, like Gecko; compatible; GPTBot/1.4; +https://openai.com/gptbot)"
185.191.171.1 - - [12/Aug/2026:09:50:38 -0400] "GET /2026/01/30/ruleta-online-gratis-sin-descargar-argentina/ HTTP/1.1" 200 46825 "-" "Mozilla/5.0 (compatible; SemrushBot/7~bl; +http://www.semrush.com/bot.html)"
74.7.227.147 - - [12/Aug/2026:09:51:47 -0400] "GET /wp-json/wp/v2/posts/14127 HTTP/1.1" 200 6173 "https://casavalle.vsptdigital.cl/?p=14127" "Mozilla/5.0 AppleWebKit/537.36 (KHTML, like Gecko; compatible; GPTBot/1.4; +https://openai.com/gptbot)"
85.208.96.198 - - [12/Aug/2026:09:51:20 -0400] "GET /2026/07/15/apuesta-total-ruleta/ HTTP/1.1" 200 46585 "-" "Mozilla/5.0 (compatible; SemrushBot/7~bl; +http://www.semrush.com/bot.html)"
34.68.167.50 - - [12/Aug/2026:09:52:22 -0400] "GET /wp-json/oembed/1.0/embed?url=https://casavalle.vsptdigital.cl/2026/06/25/bono-sin-deposito-del-casino-virtual-actualmente-en-espana/ HTTP/1.1" 200 2469 "-" "Mozilla/5.0 (Macintosh; Intel Mac OS X 10_15_7) AppleWebKit/537.36 (KHTML, like Gecko) Chrome/120.0.0.0 Safari/537.36"
185.191.171.6 - - [12/Aug/2026:09:52:07 -0400] "GET /2026/01/30/apcopay-casino-codigo-promocional-y-bonus-code/ HTTP/1.1" 200 47032 "-" "Mozilla/5.0 (compatible; SemrushBot/7~bl; +http://www.semrush.com/bot.html)"
