185.191.171.2 - - [12/Aug/2026:12:06:50 -0400] "GET /2026/01/30/dados-casino-juego/ HTTP/1.1" 200 46885 "-" "Mozilla/5.0 (compatible; SemrushBot/7~bl; +http://www.semrush.com/bot.html)"
45.117.63.156 - - [12/Aug/2026:12:07:31 -0400] "GET /wp-content/plugins/elementor-pro/assets/css/frontend.min.css?ver=3.7.1 HTTP/1.1" 200 480945 "https://casavalle.vsptdigital.cl/wp-login.php?action=register" "Mozilla/5.0 (Windows NT 10.0; Win64; x64) AppleWebKit/537.36 (KHTML, like Gecko) Chrome/149.0.0.0 Safari/537.36"
45.117.63.156 - - [12/Aug/2026:12:07:47 -0400] "GET /wp-content/uploads/elementor/css/post-35.css?ver=1734010644 HTTP/1.1" 200 5018 "https://casavalle.vsptdigital.cl/wp-login.php?action=register" "Mozilla/5.0 (Windows NT 10.0; Win64; x64) AppleWebKit/537.36 (KHTML, like Gecko) Chrome/149.0.0.0 Safari/537.36"
45.117.63.156 - - [12/Aug/2026:12:07:49 -0400] "GET /wp-content/uploads/pum/pum-site-styles.css?generated=1734010667&ver=1.20.3 HTTP/1.1" 200 17449 "https://casavalle.vsptdigital.cl/wp-login.php?action=register" "Mozilla/5.0 (Windows NT 10.0; Win64; x64) AppleWebKit/537.36 (KHTML, like Gecko) Chrome/149.0.0.0 Safari/537.36"
45.117.63.156 - - [12/Aug/2026:12:07:52 -0400] "GET /wp-content/plugins/elementor/assets/css/widget-image.min.css?ver=3.25.11 HTTP/1.1" 200 254 "https://casavalle.vsptdigital.cl/wp-login.php?action=register" "Mozilla/5.0 (Windows NT 10.0; Win64; x64) AppleWebKit/537.36 (KHTML, like Gecko) Chrome/149.0.0.0 Safari/537.36"
45.117.63.156 - - [12/Aug/2026:12:07:53 -0400] "GET /wp-content/plugins/elementor/assets/lib/animations/styles/fadeInRight.min.css?ver=3.25.11 HTTP/1.1" 200 139 "https://casavalle.vsptdigital.cl/wp-login.php?action=register" "Mozilla/5.0 (Windows NT 10.0; Win64; x64) AppleWebKit/537.36 (KHTML, like Gecko) Chrome/149.0.0.0 Safari/537.36"
45.117.63.156 - - [12/Aug/2026:12:07:55 -0400] "GET /wp-content/plugins/elementor/assets/css/widget-heading.min.css?ver=3.25.11 HTTP/1.1" 200 600 "https://casavalle.vsptdigital.cl/wp-login.php?action=register" "Mozilla/5.0 (Windows NT 10.0; Win64; x64) AppleWebKit/537.36 (KHTML, like Gecko) Chrome/149.0.0.0 Safari/537.36"
74.7.227.147 - - [12/Aug/2026:12:07:56 -0400] "GET /wp-json/oembed/1.0/embed?url=https%3A%2F%2Fcasavalle.vsptdigital.cl%2F2026%2F01%2F30%2Fmonticello-casino-bono-sin-dep%25C3%25B3sito-50-giros-gratis-2026%2F HTTP/1.1" 200 2460 "https://casavalle.vsptdigital.cl/?p=9696" "Mozilla/5.0 AppleWebKit/537.36 (KHTML, like Gecko; compatible; GPTBot/1.4; +https://openai.com/gptbot)"
85.208.96.204 - - [12/Aug/2026:12:07:31 -0400] "GET /2026/01/30/apuestas-casino-puerto-madero/ HTTP/1.1" 200 46649 "-" "Mozilla/5.0 (compatible; SemrushBot/7~bl; +http://www.semrush.com/bot.html)"
85.208.96.204 - - [12/Aug/2026:12:08:18 -0400] "GET /2026/01/30/m%C3%A1quina-de-juego-jackpot/ HTTP/1.1" 200 46936 "-" "Mozilla/5.0 (compatible; SemrushBot/7~bl; +http://www.semrush.com/bot.html)"
74.7.227.147 - - [12/Aug/2026:12:08:52 -0400] "GET /wp-json/oembed/1.0/embed?url=https%3A%2F%2Fcasavalle.vsptdigital.cl%2F2026%2F01%2F30%2Ftrucos-para-ganar-en-el-tragamonedas-del-casino%2F HTTP/1.1" 200 2384 "https://casavalle.vsptdigital.cl/?p=12929" "Mozilla/5.0 AppleWebKit/537.36 (KHTML, like Gecko; compatible; GPTBot/1.4; +https://openai.com/gptbot)"
74.7.227.147 - - [12/Aug/2026:12:09:44 -0400] "GET /wp-json/oembed/1.0/embed?url=https%3A%2F%2Fcasavalle.vsptdigital.cl%2F2026%2F01%2F30%2Fcomo-jugar-al-trada-casino%2F HTTP/1.1" 200 2279 "https://casavalle.vsptdigital.cl/?p=10150" "Mozilla/5.0 AppleWebKit/537.36 (KHTML, like Gecko; compatible; GPTBot/1.4; +https://openai.com/gptbot)"
85.208.96.210 - - [12/Aug/2026:12:09:10 -0400] "GET /2026/07/15/grandes-casinos-del-mundo/ HTTP/1.1" 200 46861 "-" "Mozilla/5.0 (compatible; SemrushBot/7~bl; +http://www.semrush.com/bot.html)"
85.208.96.212 - - [12/Aug/2026:12:09:52 -0400] "GET /2026/01/30/casino-de-juegos-buenos-aires/ HTTP/1.1" 200 47739 "-" "Mozilla/5.0 (compatible; SemrushBot/7~bl; +http://www.semrush.com/bot.html)"
74.7.227.147 - - [12/Aug/2026:12:10:48 -0400] "GET /wp-json/oembed/1.0/embed?url=https%3A%2F%2Fcasavalle.vsptdigital.cl%2F2026%2F07%2F15%2Fcasino-san-gallo%2F HTTP/1.1" 200 2229 "https://casavalle.vsptdigital.cl/?p=17259" "Mozilla/5.0 AppleWebKit/537.36 (KHTML, like Gecko; compatible; GPTBot/1.4; +https://openai.com/gptbot)"
185.191.171.8 - - [12/Aug/2026:12:10:40 -0400] "GET /2026/01/30/juego-ruleta-online/ HTTP/1.1" 200 47228 "-" "Mozilla/5.0 (compatible; SemrushBot/7~bl; +http://www.semrush.com/bot.html)"
74.7.227.147 - - [12/Aug/2026:12:11:42 -0400] "GET /wp-json/oembed/1.0/embed?url=https%3A%2F%2Fcasavalle.vsptdigital.cl%2F2026%2F07%2F15%2Fcomo-jugar-al-pba-casino%2F HTTP/1.1" 200 2269 "https://casavalle.vsptdigital.cl/?p=17818" "Mozilla/5.0 AppleWebKit/537.36 (KHTML, like Gecko; compatible; GPTBot/1.4; +https://openai.com/gptbot)"
185.191.171.14 - - [12/Aug/2026:12:11:22 -0400] "GET /2026/01/30/juego-de-cartas-en-que-deben-reunir-tres-iguales/ HTTP/1.1" 200 46301 "-" "Mozilla/5.0 (compatible; SemrushBot/7~bl; +http://www.semrush.com/bot.html)"
23.95.105.225 - - [12/Aug/2026:12:11:22 -0400] "GET /2026/06/25/deutschs-mobiles-casino-2026/ HTTP/1.1" 200 46037 "https://casavalle.vsptdigital.cl/" "Mozilla/5.0 (X11; Ubuntu; Linux i686; rv:114.0) Gecko/20100101 Firefox/114.0"
23.95.105.225 - - [12/Aug/2026:12:12:09 -0400] "GET /2026/06/25/deutschs-mobiles-casino-2026/ HTTP/1.1" 200 46037 "https://casavalle.vsptdigital.cl/2026/06/25/deutschs-mobiles-casino-2026/" "Mozilla/5.0 (X11; Ubuntu; Linux i686; rv:114.0) Gecko/20100101 Firefox/114.0"
185.191.171.3 - - [12/Aug/2026:12:12:09 -0400] "GET /2026/01/30/marcaapuestas-casino-codigo-promocional-y-bonus-code-2026/ HTTP/1.1" 200 48147 "-" "Mozilla/5.0 (compatible; SemrushBot/7~bl; +http://www.semrush.com/bot.html)"
74.7.227.147 - - [12/Aug/2026:12:12:33 -0400] "GET /wp-json/oembed/1.0/embed?url=https%3A%2F%2Fcasavalle.vsptdigital.cl%2F2026%2F01%2F30%2Fjuegos-de-azar-online%2F HTTP/1.1" 200 2254 "https://casavalle.vsptdigital.cl/?p=10274" "Mozilla/5.0 AppleWebKit/537.36 (KHTML, like Gecko; compatible; GPTBot/1.4; +https://openai.com/gptbot)"
74.7.227.147 - - [12/Aug/2026:12:13:19 -0400] "GET /wp-json/wp/v2/posts/11136 HTTP/1.1" 200 5250 "https://casavalle.vsptdigital.cl/?p=11136" "Mozilla/5.0 AppleWebKit/537.36 (KHTML, like Gecko; compatible; GPTBot/1.4; +https://openai.com/gptbot)"
185.191.171.18 - - [12/Aug/2026:12:12:50 -0400] "GET /2026/01/30/jugar-gratis-maquinas-de-casino/ HTTP/1.1" 200 47145 "-" "Mozilla/5.0 (compatible; SemrushBot/7~bl; +http://www.semrush.com/bot.html)"
185.191.171.1 - - [12/Aug/2026:12:13:32 -0400] "GET /2026/01/30/black-jack-21-juego/ HTTP/1.1" 200 46676 "-" "Mozilla/5.0 (compatible; SemrushBot/7~bl; +http://www.semrush.com/bot.html)"
74.7.227.147 - - [12/Aug/2026:12:14:22 -0400] "GET /wp-json/wp/v2/posts/15888 HTTP/1.1" 200 6170 "https://casavalle.vsptdigital.cl/?p=15888" "Mozilla/5.0 AppleWebKit/537.36 (KHTML, like Gecko; compatible; GPTBot/1.4; +https://openai.com/gptbot)"
216.73.217.110 - - [12/Aug/2026:12:14:34 -0400] "GET /robots.txt HTTP/1.1" 200 148 "-" "Mozilla/5.0 AppleWebKit/537.36 (KHTML, like Gecko; compatible; ClaudeBot/1.0; +claudebot@anthropic.com)"
216.73.217.110 - - [12/Aug/2026:12:14:34 -0400] "GET /?feed=xmlsitemap1711 HTTP/1.1" 200 2063547 "-" "Mozilla/5.0 AppleWebKit/537.36 (KHTML, like Gecko; compatible; ClaudeBot/1.0; +claudebot@anthropic.com)"
185.191.171.8 - - [12/Aug/2026:12:14:19 -0400] "GET /2026/01/30/juega-gratis-a-magic-mirror-en-modo-demo/ HTTP/1.1" 200 46933 "-" "Mozilla/5.0 (compatible; SemrushBot/7~bl; +http://www.semrush.com/bot.html)"
74.7.227.147 - - [12/Aug/2026:12:15:21 -0400] "GET /wp-json/wp/v2/posts/10009 HTTP/1.1" 200 6647 "https://casavalle.vsptdigital.cl/?p=10009" "Mozilla/5.0 AppleWebKit/537.36 (KHTML, like Gecko; compatible; GPTBot/1.4; +https://openai.com/gptbot)"
162.128.133.10 - - [12/Aug/2026:12:14:51 -0400] "GET /2026/07/04/cual-es-el-mejor-casino-en-linea-de-espana/ HTTP/1.1" 200 46528 "https://casavalle.vsptdigital.cl/" "Mozilla/5.0 (Macintosh; Intel Mac OS X 10_15_7) AppleWebKit/605.1.15 (KHTML, like Gecko) Version/16.6 Safari/605.1.15"
162.128.133.10 - - [12/Aug/2026:12:15:38 -0400] "GET /2026/07/04/cual-es-el-mejor-casino-en-linea-de-espana/ HTTP/1.1" 200 46528 "https://casavalle.vsptdigital.cl/2026/07/04/cual-es-el-mejor-casino-en-linea-de-espana/" "Mozilla/5.0 (Macintosh; Intel Mac OS X 10_15_7) AppleWebKit/605.1.15 (KHTML, like Gecko) Version/16.6 Safari/605.1.15"
212.112.19.169 - - [12/Aug/2026:12:15:39 -0400] "GET /2026/07/07/virtualni-kasino-s-dobrou-sanci-na-vyhru/ HTTP/1.1" 200 45910 "https://casavalle.vsptdigital.cl/" "Mozilla/5.0 (Macintosh; Intel Mac OS X 10_15_7) AppleWebKit/537.36 (KHTML, like Gecko) obsidian/1.6.5 Chrome/124.0.6367.243 Electron/30.1.2 Safari/537.36"
85.208.96.212 - - [12/Aug/2026:12:15:01 -0400] "GET /2026/01/30/jugar-the-price-is-right-gratis/ HTTP/1.1" 200 46690 "-" "Mozilla/5.0 (compatible; SemrushBot/7~bl; +http://www.semrush.com/bot.html)"
102.165.54.18 - - [12/Aug/2026:12:15:50 -0400] "GET /2026/07/15/zakladni-pravidla-pokeru/ HTTP/1.1" 200 45541 "https://casavalle.vsptdigital.cl/" "Mozilla/5.0 (Macintosh; Intel Mac OS X 10_15_7) AppleWebKit/537.36 (KHTML, like Gecko) Chrome/145.0.0.0 Safari/537.36 Edg/145.0.0.0"
74.7.227.147 - - [12/Aug/2026:12:16:10 -0400] "GET /wp-json/wp/v2/posts/15557 HTTP/1.1" 200 5859 "https://casavalle.vsptdigital.cl/?p=15557" "Mozilla/5.0 AppleWebKit/537.36 (KHTML, like Gecko; compatible; GPTBot/1.4; +https://openai.com/gptbot)"
85.208.96.194 - - [12/Aug/2026:12:15:44 -0400] "GET /2026/01/30/casino-con-tether/ HTTP/1.1" 200 47190 "-" "Mozilla/5.0 (compatible; SemrushBot/7~bl; +http://www.semrush.com/bot.html)"
102.165.54.18 - - [12/Aug/2026:12:15:55 -0400] "GET /2026/07/15/zakladni-pravidla-pokeru/ HTTP/1.1" 200 45541 "https://casavalle.vsptdigital.cl/2026/07/15/zakladni-pravidla-pokeru/" "Mozilla/5.0 (Macintosh; Intel Mac OS X 10_15_7) AppleWebKit/537.36 (KHTML, like Gecko) Chrome/145.0.0.0 Safari/537.36 Edg/145.0.0.0"
103.56.163.133 - - [12/Aug/2026:12:16:53 -0400] "GET /wp-login.php HTTP/1.1" 302 - "-" "Mozilla/5.0 (Windows NT 10.0; Win64; x64) AppleWebKit/537.36 (KHTML, like Gecko) Chrome/133.0.0.0 Safari/537.36"
103.56.163.133 - - [12/Aug/2026:12:16:54 -0400] "GET /wp-login.php HTTP/1.1" 302 - "https://casavalle.vsptdigital.cl/wp-login.php" "Mozilla/5.0 (Windows NT 10.0; Win64; x64) AppleWebKit/537.36 (KHTML, like Gecko) Chrome/133.0.0.0 Safari/537.36"
74.7.227.147 - - [12/Aug/2026:12:16:54 -0400] "GET /wp-json/oembed/1.0/embed?url=https%3A%2F%2Fcasavalle.vsptdigital.cl%2F2026%2F01%2F30%2Fjugar-ecuador-gold-gratis%2F HTTP/1.1" 200 2274 "https://casavalle.vsptdigital.cl/?p=13453" "Mozilla/5.0 AppleWebKit/537.36 (KHTML, like Gecko; compatible; GPTBot/1.4; +https://openai.com/gptbot)"
103.56.163.133 - - [12/Aug/2026:12:16:55 -0400] "GET /wp-login.php HTTP/1.1" 302 - "https://casavalle.vsptdigital.cl/wp-login.php" "Mozilla/5.0 (Windows NT 10.0; Win64; x64) AppleWebKit/537.36 (KHTML, like Gecko) Chrome/133.0.0.0 Safari/537.36"
103.56.163.133 - - [12/Aug/2026:12:17:01 -0400] "GET /wp-json/wp/v2/users/me HTTP/1.1" 401 88 "-" "Mozilla/5.0 (Windows NT 10.0; Win64; x64) AppleWebKit/537.36 (KHTML, like Gecko) Chrome/133.0.0.0 Safari/537.36"
85.208.96.208 - - [12/Aug/2026:12:16:25 -0400] "GET /2026/01/30/mejor-casino-de-bitcoin-online/ HTTP/1.1" 200 46932 "-" "Mozilla/5.0 (compatible; SemrushBot/7~bl; +http://www.semrush.com/bot.html)"
74.7.227.147 - - [12/Aug/2026:12:17:34 -0400] "GET /wp-json/oembed/1.0/embed?url=https%3A%2F%2Fcasavalle.vsptdigital.cl%2F2026%2F01%2F30%2Fjugar-dragon-lines-gratis%2F HTTP/1.1" 200 2274 "https://casavalle.vsptdigital.cl/?p=9376" "Mozilla/5.0 AppleWebKit/537.36 (KHTML, like Gecko; compatible; GPTBot/1.4; +https://openai.com/gptbot)"
103.56.163.133 - - [12/Aug/2026:12:16:55 -0400] "GET /wp-login.php HTTP/1.1" 302 - "https://casavalle.vsptdigital.cl/wp-login.php" "Mozilla/5.0 (Windows NT 10.0; Win64; x64) AppleWebKit/537.36 (KHTML, like Gecko) Chrome/133.0.0.0 Safari/537.36"
85.208.96.205 - - [12/Aug/2026:12:17:07 -0400] "GET /2026/01/30/vegasplus-casino-codigo-promocional-y-bonus-code-2026/ HTTP/1.1" 200 47745 "-" "Mozilla/5.0 (compatible; SemrushBot/7~bl; +http://www.semrush.com/bot.html)"
85.208.96.212 - - [12/Aug/2026:12:17:49 -0400] "GET /2026/01/30/contando-cartas-en-el-blackjack/ HTTP/1.1" 200 46789 "-" "Mozilla/5.0 (compatible; SemrushBot/7~bl; +http://www.semrush.com/bot.html)"
74.7.227.147 - - [12/Aug/2026:12:18:44 -0400] "GET /wp-json/oembed/1.0/embed?url=https%3A%2F%2Fcasavalle.vsptdigital.cl%2F2026%2F01%2F30%2Fbtc-casino-sin-registro%2F HTTP/1.1" 200 2264 "https://casavalle.vsptdigital.cl/?p=12701" "Mozilla/5.0 AppleWebKit/537.36 (KHTML, like Gecko; compatible; GPTBot/1.4; +https://openai.com/gptbot)"
74.7.227.147 - - [12/Aug/2026:12:18:10 -0400] "GET /wp-json/oembed/1.0/embed?url=https%3A%2F%2Fcasavalle.vsptdigital.cl%2F2026%2F01%2F30%2Fmundo-slots-monedas-gratis%2F HTTP/1.1" 200 2279 "https://casavalle.vsptdigital.cl/?p=10009" "Mozilla/5.0 AppleWebKit/537.36 (KHTML, like Gecko; compatible; GPTBot/1.4; +https://openai.com/gptbot)"
185.191.171.1 - - [12/Aug/2026:12:18:30 -0400] "GET /2026/01/30/juegos-de-casino-gratis-para-instalar/ HTTP/1.1" 200 47579 "-" "Mozilla/5.0 (compatible; SemrushBot/7~bl; +http://www.semrush.com/bot.html)"
74.7.227.147 - - [12/Aug/2026:12:19:48 -0400] "GET /wp-json/oembed/1.0/embed?url=https%3A%2F%2Fcasavalle.vsptdigital.cl%2F2026%2F01%2F30%2Fdinero-seguro-blackjack%2F HTTP/1.1" 200 2264 "https://casavalle.vsptdigital.cl/?p=14088" "Mozilla/5.0 AppleWebKit/537.36 (KHTML, like Gecko; compatible; GPTBot/1.4; +https://openai.com/gptbot)"
185.191.171.5 - - [12/Aug/2026:12:19:13 -0400] "GET /2026/01/30/trucos-de-ruleta-casino/ HTTP/1.1" 200 46772 "-" "Mozilla/5.0 (compatible; SemrushBot/7~bl; +http://www.semrush.com/bot.html)"
85.208.96.193 - - [12/Aug/2026:12:20:00 -0400] "GET /2026/01/30/como-ganar-en-el-bingo-de-cartones/ HTTP/1.1" 200 46935 "-" "Mozilla/5.0 (compatible; SemrushBot/7~bl; +http://www.semrush.com/bot.html)"
74.7.227.147 - - [12/Aug/2026:12:20:46 -0400] "GET /wp-json/oembed/1.0/embed?url=https%3A%2F%2Fcasavalle.vsptdigital.cl%2F2026%2F01%2F30%2Falgoritmo-ruleta-online%2F HTTP/1.1" 200 2264 "https://casavalle.vsptdigital.cl/?p=11638" "Mozilla/5.0 AppleWebKit/537.36 (KHTML, like Gecko; compatible; GPTBot/1.4; +https://openai.com/gptbot)"
185.191.171.2 - - [12/Aug/2026:12:20:41 -0400] "GET /2026/07/15/cual-es-el-numero-que-mas-cae-en-la-ruleta/ HTTP/1.1" 200 46571 "-" "Mozilla/5.0 (compatible; SemrushBot/7~bl; +http://www.semrush.com/bot.html)"
74.7.227.147 - - [12/Aug/2026:12:21:38 -0400] "GET /wp-json/oembed/1.0/embed?url=https%3A%2F%2Fcasavalle.vsptdigital.cl%2F2026%2F01%2F30%2Flas-maquinas-tragamonedas%2F HTTP/1.1" 200 2274 "https://casavalle.vsptdigital.cl/?p=11490" "Mozilla/5.0 AppleWebKit/537.36 (KHTML, like Gecko; compatible; GPTBot/1.4; +https://openai.com/gptbot)"
85.208.96.210 - - [12/Aug/2026:12:21:28 -0400] "GET /2026/01/30/jugador-compulsivo-juegos-de-azar/ HTTP/1.1" 200 47274 "-" "Mozilla/5.0 (compatible; SemrushBot/7~bl; +http://www.semrush.com/bot.html)"
74.7.227.147 - - [12/Aug/2026:12:22:26 -0400] "GET /wp-json/oembed/1.0/embed?url=https%3A%2F%2Fcasavalle.vsptdigital.cl%2F2026%2F01%2F30%2Fjuegos-autos-tragamonedas%2F HTTP/1.1" 200 2274 "https://casavalle.vsptdigital.cl/?p=13969" "Mozilla/5.0 AppleWebKit/537.36 (KHTML, like Gecko; compatible; GPTBot/1.4; +https://openai.com/gptbot)"
185.191.171.9 - - [12/Aug/2026:12:22:15 -0400] "GET /2026/01/30/probabilidades-para-la-ruleta/ HTTP/1.1" 200 46253 "-" "Mozilla/5.0 (compatible; SemrushBot/7~bl; +http://www.semrush.com/bot.html)"
74.7.227.147 - - [12/Aug/2026:12:23:06 -0400] "GET /wp-json/oembed/1.0/embed?url=https%3A%2F%2Fcasavalle.vsptdigital.cl%2F2026%2F01%2F30%2Frummy-online-multijugador%2F HTTP/1.1" 200 2274 "https://casavalle.vsptdigital.cl/?p=11136" "Mozilla/5.0 AppleWebKit/537.36 (KHTML, like Gecko; compatible; GPTBot/1.4; +https://openai.com/gptbot)"
205.134.255.185 - - [12/Aug/2026:12:23:18 -0400] "GET /wp-json/wp/v2/users/me HTTP/1.1" 401 88 "-" "Mozilla/5.0 (Windows NT 10.0; Win64; x64) AppleWebKit/537.36 (KHTML, like Gecko) Chrome/133.0.0.0 Safari/537.36"
185.191.171.18 - - [12/Aug/2026:12:23:40 -0400] "GET /robots.txt HTTP/1.1" 200 148 "-" "Mozilla/5.0 (compatible; SemrushBot/7~bl; +http://www.semrush.com/bot.html)"
85.208.96.211 - - [12/Aug/2026:12:22:56 -0400] "GET /2026/01/30/costa-brava-casino-codigo-promocional-y-bonus-code-2026/ HTTP/1.1" 200 47779 "-" "Mozilla/5.0 (compatible; SemrushBot/7~bl; +http://www.semrush.com/bot.html)"
74.7.227.147 - - [12/Aug/2026:12:23:42 -0400] "GET /wp-json/oembed/1.0/embed?url=https%3A%2F%2Fcasavalle.vsptdigital.cl%2F2026%2F01%2F30%2Fking-romans-casino%2F HTTP/1.1" 200 2239 "https://casavalle.vsptdigital.cl/?p=9289" "Mozilla/5.0 AppleWebKit/537.36 (KHTML, like Gecko; compatible; GPTBot/1.4; +https://openai.com/gptbot)"
85.208.96.204 - - [12/Aug/2026:12:23:43 -0400] "GET /2026/01/30/casinos-online-mexico-2026/ HTTP/1.1" 200 46421 "-" "Mozilla/5.0 (compatible; SemrushBot/7~bl; +http://www.semrush.com/bot.html)"
74.7.227.147 - - [12/Aug/2026:12:24:46 -0400] "GET /wp-json/oembed/1.0/embed?url=https%3A%2F%2Fcasavalle.vsptdigital.cl%2F2026%2F01%2F30%2Fjugar-olympus-gratis%2F HTTP/1.1" 200 2249 "https://casavalle.vsptdigital.cl/?p=10272" "Mozilla/5.0 AppleWebKit/537.36 (KHTML, like Gecko; compatible; GPTBot/1.4; +https://openai.com/gptbot)"
217.113.194.128 - - [12/Aug/2026:12:24:59 -0400] "GET /robots.txt HTTP/1.1" 200 148 "-" "Mozilla/5.0 (compatible; Barkrowler/0.9; +https://babbar.tech/crawler)"
74.7.227.147 - - [12/Aug/2026:12:24:15 -0400] "GET /wp-json/oembed/1.0/embed?url=https%3A%2F%2Fcasavalle.vsptdigital.cl%2F2026%2F01%2F30%2Fjuegos-y-apuestas%2F HTTP/1.1" 200 2234 "https://casavalle.vsptdigital.cl/?p=10992" "Mozilla/5.0 AppleWebKit/537.36 (KHTML, like Gecko; compatible; GPTBot/1.4; +https://openai.com/gptbot)"
85.208.96.207 - - [12/Aug/2026:12:24:25 -0400] "GET /2026/01/30/dinero-en-el-casino/ HTTP/1.1" 200 46452 "-" "Mozilla/5.0 (compatible; SemrushBot/7~bl; +http://www.semrush.com/bot.html)"
185.191.171.15 - - [12/Aug/2026:12:25:07 -0400] "GET /2026/01/30/euro-jackpot-comprobar/ HTTP/1.1" 200 46520 "-" "Mozilla/5.0 (compatible; SemrushBot/7~bl; +http://www.semrush.com/bot.html)"
85.208.96.207 - - [12/Aug/2026:12:25:48 -0400] "GET /2026/01/30/como-hacerse-socio-del-nuevo-casino-de-pamplona/ HTTP/1.1" 200 46362 "-" "Mozilla/5.0 (compatible; SemrushBot/7~bl; +http://www.semrush.com/bot.html)"
74.7.227.147 - - [12/Aug/2026:12:25:47 -0400] "GET /wp-json/oembed/1.0/embed?url=https%3A%2F%2Fcasavalle.vsptdigital.cl%2F2026%2F01%2F30%2Fcasino-juegos-ruleta%2F HTTP/1.1" 200 2249 "https://casavalle.vsptdigital.cl/?p=12370" "Mozilla/5.0 AppleWebKit/537.36 (KHTML, like Gecko; compatible; GPTBot/1.4; +https://openai.com/gptbot)"
74.7.227.147 - - [12/Aug/2026:12:26:42 -0400] "GET /wp-json/oembed/1.0/embed?url=https%3A%2F%2Fcasavalle.vsptdigital.cl%2F2026%2F01%2F30%2Fruleta-europea-jugar%2F HTTP/1.1" 200 2249 "https://casavalle.vsptdigital.cl/?p=14887" "Mozilla/5.0 AppleWebKit/537.36 (KHTML, like Gecko; compatible; GPTBot/1.4; +https://openai.com/gptbot)"
217.113.194.124 - - [12/Aug/2026:12:26:45 -0400] "GET /2026/05/14/wie-spielt-man-im-jahr-2026-in-den-spielbanken-um-echtgeld/ HTTP/1.1" 200 46081 "-" "Mozilla/5.0 (compatible; Barkrowler/0.9; +https://babbar.tech/crawler)"
85.208.96.210 - - [12/Aug/2026:12:26:30 -0400] "GET /2026/07/15/horario-casino-vigo/ HTTP/1.1" 200 46166 "-" "Mozilla/5.0 (compatible; SemrushBot/7~bl; +http://www.semrush.com/bot.html)"
74.7.227.147 - - [12/Aug/2026:12:27:45 -0400] "GET /wp-json/oembed/1.0/embed?url=https%3A%2F%2Fcasavalle.vsptdigital.cl%2F2026%2F07%2F15%2Fjugar-renoir-riches-gratis%2F HTTP/1.1" 200 2279 "https://casavalle.vsptdigital.cl/?p=17507" "Mozilla/5.0 AppleWebKit/537.36 (KHTML, like Gecko; compatible; GPTBot/1.4; +https://openai.com/gptbot)"
85.208.96.200 - - [12/Aug/2026:12:27:11 -0400] "GET /2026/07/15/arhus-casino-bono-sin-dep%C3%B3sito-50-giros-gratis-2026/ HTTP/1.1" 200 46993 "-" "Mozilla/5.0 (compatible; SemrushBot/7~bl; +http://www.semrush.com/bot.html)"
185.191.171.14 - - [12/Aug/2026:12:27:59 -0400] "GET /2026/01/30/casinos-online-en-malaga/ HTTP/1.1" 200 45911 "-" "Mozilla/5.0 (compatible; SemrushBot/7~bl; +http://www.semrush.com/bot.html)"
185.191.171.9 - - [12/Aug/2026:12:28:40 -0400] "GET /2026/01/30/7bit-casino-codigo-promocional-y-bonus-code/ HTTP/1.1" 200 46848 "-" "Mozilla/5.0 (compatible; SemrushBot/7~bl; +http://www.semrush.com/bot.html)"
74.7.227.147 - - [12/Aug/2026:12:28:43 -0400] "GET /wp-json/oembed/1.0/embed?url=https%3A%2F%2Fcasavalle.vsptdigital.cl%2F2026%2F01%2F30%2Fcasino-plaza-campuzano%2F HTTP/1.1" 200 2259 "https://casavalle.vsptdigital.cl/?p=10989" "Mozilla/5.0 AppleWebKit/537.36 (KHTML, like Gecko; compatible; GPTBot/1.4; +https://openai.com/gptbot)"
74.7.227.147 - - [12/Aug/2026:12:29:31 -0400] "GET /wp-json/oembed/1.0/embed?url=https%3A%2F%2Fcasavalle.vsptdigital.cl%2F2026%2F01%2F30%2Fjugar-ruleta-numeros%2F HTTP/1.1" 200 2249 "https://casavalle.vsptdigital.cl/?p=11880" "Mozilla/5.0 AppleWebKit/537.36 (KHTML, like Gecko; compatible; GPTBot/1.4; +https://openai.com/gptbot)"
85.208.96.195 - - [12/Aug/2026:12:29:27 -0400] "GET /2026/07/15/como-jugar-al-millionpot-casino/ HTTP/1.1" 200 47308 "-" "Mozilla/5.0 (compatible; SemrushBot/7~bl; +http://www.semrush.com/bot.html)"
74.7.227.147 - - [12/Aug/2026:12:30:33 -0400] "GET /wp-json/oembed/1.0/embed?url=https%3A%2F%2Fcasavalle.vsptdigital.cl%2F2026%2F01%2F30%2Fjuegos-casinos-mendoza%2F HTTP/1.1" 200 2259 "https://casavalle.vsptdigital.cl/?p=14268" "Mozilla/5.0 AppleWebKit/537.36 (KHTML, like Gecko; compatible; GPTBot/1.4; +https://openai.com/gptbot)"
185.191.171.14 - - [12/Aug/2026:12:30:09 -0400] "GET /2026/07/15/casino-quintana-martin-galindez/ HTTP/1.1" 200 47062 "-" "Mozilla/5.0 (compatible; SemrushBot/7~bl; +http://www.semrush.com/bot.html)"
85.208.96.200 - - [12/Aug/2026:12:30:55 -0400] "GET /2026/01/30/bonos-de-casino-sin-dep%C3%B3sito/ HTTP/1.1" 200 47614 "-" "Mozilla/5.0 (compatible; SemrushBot/7~bl; +http://www.semrush.com/bot.html)"
74.7.227.147 - - [12/Aug/2026:12:31:29 -0400] "GET /wp-json/oembed/1.0/embed?url=https%3A%2F%2Fcasavalle.vsptdigital.cl%2F2026%2F01%2F30%2Fcasino-tacna-peru%2F HTTP/1.1" 200 2234 "https://casavalle.vsptdigital.cl/?p=9210" "Mozilla/5.0 AppleWebKit/537.36 (KHTML, like Gecko; compatible; GPTBot/1.4; +https://openai.com/gptbot)"
87.199.207.61 - - [12/Aug/2026:12:32:16 -0400] "GET /2026/07/26/como-ganar-con-casino-en-es-2026/ HTTP/1.1" 200 47012 "https://casavalle.vsptdigital.cl/" "Mozilla/5.0 (Windows NT 10.0; Win64; x64) AppleWebKit/537.36 (KHTML, like Gecko) Chrome/130.0.0.0 Safari/537.36"
185.191.171.5 - - [12/Aug/2026:12:31:38 -0400] "GET /2026/01/30/tirada-gratis-casino/ HTTP/1.1" 200 47056 "-" "Mozilla/5.0 (compatible; SemrushBot/7~bl; +http://www.semrush.com/bot.html)"
74.7.227.147 - - [12/Aug/2026:12:32:18 -0400] "GET /wp-json/oembed/1.0/embed?url=https%3A%2F%2Fcasavalle.vsptdigital.cl%2F2026%2F01%2F30%2Fjugar-mustang-money-gratis%2F HTTP/1.1" 200 2279 "https://casavalle.vsptdigital.cl/?p=12084" "Mozilla/5.0 AppleWebKit/537.36 (KHTML, like Gecko; compatible; GPTBot/1.4; +https://openai.com/gptbot)"
87.199.207.61 - - [12/Aug/2026:12:32:18 -0400] "GET /2026/07/26/como-ganar-con-casino-en-es-2026/ HTTP/1.1" 200 47012 "https://casavalle.vsptdigital.cl/2026/07/26/como-ganar-con-casino-en-es-2026/" "Mozilla/5.0 (Windows NT 10.0; Win64; x64) AppleWebKit/537.36 (KHTML, like Gecko) Chrome/130.0.0.0 Safari/537.36"
185.191.171.11 - - [12/Aug/2026:12:32:20 -0400] "GET /2026/07/15/la-mejor-jugada-de-la-ruleta/ HTTP/1.1" 200 47391 "-" "Mozilla/5.0 (compatible; SemrushBot/7~bl; +http://www.semrush.com/bot.html)"
74.7.227.147 - - [12/Aug/2026:12:33:19 -0400] "GET /wp-json/oembed/1.0/embed?url=https%3A%2F%2Fcasavalle.vsptdigital.cl%2F2026%2F07%2F15%2Fmoneda-casino-chile%2F HTTP/1.1" 200 2244 "https://casavalle.vsptdigital.cl/?p=16654" "Mozilla/5.0 AppleWebKit/537.36 (KHTML, like Gecko; compatible; GPTBot/1.4; +https://openai.com/gptbot)"
51.79.65.194 - - [12/Aug/2026:12:33:39 -0400] "GET /wp-login.php HTTP/1.1" 302 - "-" "Mozilla/5.0 (Windows NT 10.0; Win64; x64) AppleWebKit/537.36 (KHTML, like Gecko) Chrome/133.0.0.0 Safari/537.36"
51.79.65.194 - - [12/Aug/2026:12:33:40 -0400] "GET /wp-login.php HTTP/1.1" 302 - "https://casavalle.vsptdigital.cl/wp-login.php" "Mozilla/5.0 (Windows NT 10.0; Win64; x64) AppleWebKit/537.36 (KHTML, like Gecko) Chrome/133.0.0.0 Safari/537.36"
51.79.65.194 - - [12/Aug/2026:12:33:40 -0400] "GET /wp-login.php HTTP/1.1" 302 - "https://casavalle.vsptdigital.cl/wp-login.php" "Mozilla/5.0 (Windows NT 10.0; Win64; x64) AppleWebKit/537.36 (KHTML, like Gecko) Chrome/133.0.0.0 Safari/537.36"
51.79.65.194 - - [12/Aug/2026:12:33:41 -0400] "GET /wp-login.php HTTP/1.1" 302 - "https://casavalle.vsptdigital.cl/wp-login.php" "Mozilla/5.0 (Windows NT 10.0; Win64; x64) AppleWebKit/537.36 (KHTML, like Gecko) Chrome/133.0.0.0 Safari/537.36"
51.79.65.194 - - [12/Aug/2026:12:33:41 -0400] "GET /wp-login.php HTTP/1.1" 302 - "https://casavalle.vsptdigital.cl/wp-login.php" "Mozilla/5.0 (Windows NT 10.0; Win64; x64) AppleWebKit/537.36 (KHTML, like Gecko) Chrome/133.0.0.0 Safari/537.36"
51.79.65.194 - - [12/Aug/2026:12:33:42 -0400] "GET /wp-login.php HTTP/1.1" 302 - "https://casavalle.vsptdigital.cl/wp-login.php" "Mozilla/5.0 (Windows NT 10.0; Win64; x64) AppleWebKit/537.36 (KHTML, like Gecko) Chrome/133.0.0.0 Safari/537.36"
51.79.65.194 - - [12/Aug/2026:12:33:42 -0400] "GET /wp-login.php HTTP/1.1" 302 - "https://casavalle.vsptdigital.cl/wp-login.php" "Mozilla/5.0 (Windows NT 10.0; Win64; x64) AppleWebKit/537.36 (KHTML, like Gecko) Chrome/133.0.0.0 Safari/537.36"
51.79.65.194 - - [12/Aug/2026:12:33:42 -0400] "GET /wp-login.php HTTP/1.1" 302 - "https://casavalle.vsptdigital.cl/wp-login.php" "Mozilla/5.0 (Windows NT 10.0; Win64; x64) AppleWebKit/537.36 (KHTML, like Gecko) Chrome/133.0.0.0 Safari/537.36"
51.79.65.194 - - [12/Aug/2026:12:33:43 -0400] "GET /wp-login.php HTTP/1.1" 302 - "https://casavalle.vsptdigital.cl/wp-login.php" "Mozilla/5.0 (Windows NT 10.0; Win64; x64) AppleWebKit/537.36 (KHTML, like Gecko) Chrome/133.0.0.0 Safari/537.36"
51.79.65.194 - - [12/Aug/2026:12:33:43 -0400] "GET /wp-login.php HTTP/1.1" 302 - "https://casavalle.vsptdigital.cl/wp-login.php" "Mozilla/5.0 (Windows NT 10.0; Win64; x64) AppleWebKit/537.36 (KHTML, like Gecko) Chrome/133.0.0.0 Safari/537.36"
51.79.65.194 - - [12/Aug/2026:12:33:44 -0400] "GET /wp-json/wp/v2/users/me HTTP/1.1" 401 88 "-" "Mozilla/5.0 (Windows NT 10.0; Win64; x64) AppleWebKit/537.36 (KHTML, like Gecko) Chrome/133.0.0.0 Safari/537.36"
185.191.171.11 - - [12/Aug/2026:12:33:02 -0400] "GET /2026/07/15/casino-gratis-online/ HTTP/1.1" 200 47256 "-" "Mozilla/5.0 (compatible; SemrushBot/7~bl; +http://www.semrush.com/bot.html)"
85.208.96.207 - - [12/Aug/2026:12:33:49 -0400] "GET /2026/01/30/c%C3%B3digos-para-casinos-online/ HTTP/1.1" 200 46933 "-" "Mozilla/5.0 (compatible; SemrushBot/7~bl; +http://www.semrush.com/bot.html)"
74.7.227.147 - - [12/Aug/2026:12:34:13 -0400] "GET /wp-json/oembed/1.0/embed?url=https%3A%2F%2Fcasavalle.vsptdigital.cl%2F2026%2F07%2F15%2Fcasinos-de-tenerife%2F HTTP/1.1" 200 2244 "https://casavalle.vsptdigital.cl/?p=16904" "Mozilla/5.0 AppleWebKit/537.36 (KHTML, like Gecko; compatible; GPTBot/1.4; +https://openai.com/gptbot)"
74.7.227.147 - - [12/Aug/2026:12:35:04 -0400] "GET /wp-json/oembed/1.0/embed?url=https%3A%2F%2Fcasavalle.vsptdigital.cl%2F2026%2F01%2F30%2Fcomo-descargar-ruleta%2F HTTP/1.1" 200 2254 "https://casavalle.vsptdigital.cl/?p=9684" "Mozilla/5.0 AppleWebKit/537.36 (KHTML, like Gecko; compatible; GPTBot/1.4; +https://openai.com/gptbot)"
185.191.171.4 - - [12/Aug/2026:12:34:35 -0400] "GET /2026/01/30/juegos-para-jugar-casino-gratis/ HTTP/1.1" 200 46396 "-" "Mozilla/5.0 (compatible; SemrushBot/7~bl; +http://www.semrush.com/bot.html)"
196.240.143.230 - - [12/Aug/2026:12:35:17 -0400] "GET /2026/07/26/como-ganar-con-casino-en-es-2026/ HTTP/1.1" 200 47012 "https://casavalle.vsptdigital.cl/" "Mozilla/5.0 (Windows NT 10.0; Win64; x64) AppleWebKit/537.36 (KHTML, like Gecko) Chrome/147.0.0.0 Safari/537.36 OPR/131.0.0.0"
196.240.143.230 - - [12/Aug/2026:12:35:24 -0400] "GET /wp-login.php?action=register HTTP/1.1" 404 40829 "https://casavalle.vsptdigital.cl/2026/07/26/como-ganar-con-casino-en-es-2026/" "Mozilla/5.0 (Windows NT 6.3; Win64; x64) AppleWebKit/537.36 (KHTML, like Gecko) Chrome/103.0.0.0 Safari/537.36"
196.240.143.230 - - [12/Aug/2026:12:35:26 -0400] "GET /wp-login.php?action=register HTTP/1.1" 404 40829 "https://casavalle.vsptdigital.cl/wp-login.php?action=register" "Mozilla/5.0 (Windows NT 6.3; Win64; x64) AppleWebKit/537.36 (KHTML, like Gecko) Chrome/103.0.0.0 Safari/537.36"
196.240.143.230 - - [12/Aug/2026:12:35:27 -0400] "GET /wp-content/plugins/contact-form-7/includes/css/styles.css?ver=6.0.1 HTTP/1.1" 200 2894 "https://casavalle.vsptdigital.cl/wp-login.php?action=register" "Mozilla/5.0 (Windows NT 10.0; Win64; x64) AppleWebKit/537.36 (KHTML, like Gecko) Chrome/149.0.0.0 Safari/537.36"
196.240.143.230 - - [12/Aug/2026:12:35:29 -0400] "GET /wp-content/themes/hello-elementor/style.min.css?ver=3.1.1 HTTP/1.1" 200 5501 "https://casavalle.vsptdigital.cl/wp-login.php?action=register" "Mozilla/5.0 (Windows NT 10.0; Win64; x64) AppleWebKit/537.36 (KHTML, like Gecko) Chrome/149.0.0.0 Safari/537.36"
196.240.143.230 - - [12/Aug/2026:12:35:30 -0400] "GET /wp-content/themes/hello-elementor/theme.min.css?ver=3.1.1 HTTP/1.1" 200 5146 "https://casavalle.vsptdigital.cl/wp-login.php?action=register" "Mozilla/5.0 (Windows NT 10.0; Win64; x64) AppleWebKit/537.36 (KHTML, like Gecko) Chrome/149.0.0.0 Safari/537.36"
196.240.143.230 - - [12/Aug/2026:12:35:31 -0400] "GET /wp-content/themes/hello-elementor/header-footer.min.css?ver=3.1.1 HTTP/1.1" 200 7212 "https://casavalle.vsptdigital.cl/wp-login.php?action=register" "Mozilla/5.0 (Windows NT 10.0; Win64; x64) AppleWebKit/537.36 (KHTML, like Gecko) Chrome/149.0.0.0 Safari/537.36"
196.240.143.230 - - [12/Aug/2026:12:35:33 -0400] "GET /wp-content/plugins/elementor/assets/css/frontend.min.css?ver=3.25.11 HTTP/1.1" 200 60575 "https://casavalle.vsptdigital.cl/wp-login.php?action=register" "Mozilla/5.0 (Windows NT 10.0; Win64; x64) AppleWebKit/537.36 (KHTML, like Gecko) Chrome/149.0.0.0 Safari/537.36"
196.240.143.230 - - [12/Aug/2026:12:35:34 -0400] "GET /wp-content/uploads/elementor/css/post-5.css?ver=1734010644 HTTP/1.1" 200 1230 "https://casavalle.vsptdigital.cl/wp-login.php?action=register" "Mozilla/5.0 (Windows NT 10.0; Win64; x64) AppleWebKit/537.36 (KHTML, like Gecko) Chrome/149.0.0.0 Safari/537.36"
196.240.143.230 - - [12/Aug/2026:12:35:35 -0400] "GET /wp-content/plugins/elementor/assets/lib/eicons/css/elementor-icons.min.css?ver=5.34.0 HTTP/1.1" 200 20060 "https://casavalle.vsptdigital.cl/wp-login.php?action=register" "Mozilla/5.0 (Windows NT 10.0; Win64; x64) AppleWebKit/537.36 (KHTML, like Gecko) Chrome/149.0.0.0 Safari/537.36"
196.240.143.230 - - [12/Aug/2026:12:35:37 -0400] "GET /wp-content/plugins/elementor/assets/lib/swiper/v8/css/swiper.min.css?ver=8.4.5 HTTP/1.1" 200 16471 "https://casavalle.vsptdigital.cl/wp-login.php?action=register" "Mozilla/5.0 (Windows NT 10.0; Win64; x64) AppleWebKit/537.36 (KHTML, like Gecko) Chrome/149.0.0.0 Safari/537.36"
196.240.143.230 - - [12/Aug/2026:12:35:38 -0400] "GET /wp-content/plugins/elementor/assets/css/conditionals/e-swiper.min.css?ver=3.25.11 HTTP/1.1" 200 10260 "https://casavalle.vsptdigital.cl/wp-login.php?action=register" "Mozilla/5.0 (Windows NT 10.0; Win64; x64) AppleWebKit/537.36 (KHTML, like Gecko) Chrome/149.0.0.0 Safari/537.36"
196.240.143.230 - - [12/Aug/2026:12:35:39 -0400] "GET /wp-content/plugins/elementor-pro/assets/css/frontend.min.css?ver=3.7.1 HTTP/1.1" 200 480945 "https://casavalle.vsptdigital.cl/wp-login.php?action=register" "Mozilla/5.0 (Windows NT 10.0; Win64; x64) AppleWebKit/537.36 (KHTML, like Gecko) Chrome/149.0.0.0 Safari/537.36"
196.240.143.230 - - [12/Aug/2026:12:35:44 -0400] "GET /wp-content/uploads/elementor/css/post-35.css?ver=1734010644 HTTP/1.1" 200 5018 "https://casavalle.vsptdigital.cl/wp-login.php?action=register" "Mozilla/5.0 (Windows NT 10.0; Win64; x64) AppleWebKit/537.36 (KHTML, like Gecko) Chrome/149.0.0.0 Safari/537.36"
196.240.143.230 - - [12/Aug/2026:12:35:45 -0400] "GET /wp-content/uploads/pum/pum-site-styles.css?generated=1734010667&ver=1.20.3 HTTP/1.1" 200 17449 "https://casavalle.vsptdigital.cl/wp-login.php?action=register" "Mozilla/5.0 (Windows NT 10.0; Win64; x64) AppleWebKit/537.36 (KHTML, like Gecko) Chrome/149.0.0.0 Safari/537.36"
196.240.143.230 - - [12/Aug/2026:12:35:46 -0400] "GET /wp-content/plugins/elementor/assets/css/widget-image.min.css?ver=3.25.11 HTTP/1.1" 200 254 "https://casavalle.vsptdigital.cl/wp-login.php?action=register" "Mozilla/5.0 (Windows NT 10.0; Win64; x64) AppleWebKit/537.36 (KHTML, like Gecko) Chrome/149.0.0.0 Safari/537.36"
196.240.143.230 - - [12/Aug/2026:12:35:47 -0400] "GET /wp-content/plugins/elementor/assets/lib/animations/styles/fadeInRight.min.css?ver=3.25.11 HTTP/1.1" 200 139 "https://casavalle.vsptdigital.cl/wp-login.php?action=register" "Mozilla/5.0 (Windows NT 10.0; Win64; x64) AppleWebKit/537.36 (KHTML, like Gecko) Chrome/149.0.0.0 Safari/537.36"
196.240.143.230 - - [12/Aug/2026:12:35:49 -0400] "GET /wp-content/plugins/elementor/assets/css/widget-heading.min.css?ver=3.25.11 HTTP/1.1" 200 600 "https://casavalle.vsptdigital.cl/wp-login.php?action=register" "Mozilla/5.0 (Windows NT 10.0; Win64; x64) AppleWebKit/537.36 (KHTML, like Gecko) Chrome/149.0.0.0 Safari/537.36"
85.208.96.195 - - [12/Aug/2026:12:35:17 -0400] "GET /2026/01/30/jugar-agent-jane-blonde-gratis/ HTTP/1.1" 200 46824 "-" "Mozilla/5.0 (compatible; SemrushBot/7~bl; +http://www.semrush.com/bot.html)"
74.7.227.147 - - [12/Aug/2026:12:36:08 -0400] "GET /wp-json/oembed/1.0/embed?url=https%3A%2F%2Fcasavalle.vsptdigital.cl%2F2026%2F07%2F15%2Fjugar-al-baccarat%2F HTTP/1.1" 200 2234 "https://casavalle.vsptdigital.cl/?p=17932" "Mozilla/5.0 AppleWebKit/537.36 (KHTML, like Gecko; compatible; GPTBot/1.4; +https://openai.com/gptbot)"
185.191.171.5 - - [12/Aug/2026:12:36:04 -0400] "GET /2026/01/30/pockerstars-casino-bono-sin-dep%C3%B3sito-50-giros-gratis-2026/ HTTP/1.1" 200 47814 "-" "Mozilla/5.0 (compatible; SemrushBot/7~bl; +http://www.semrush.com/bot.html)"
74.7.227.147 - - [12/Aug/2026:12:37:04 -0400] "GET /wp-json/oembed/1.0/embed?url=https%3A%2F%2Fcasavalle.vsptdigital.cl%2F2026%2F01%2F30%2Fcasino-vitoria-gasteiz%2F HTTP/1.1" 200 2259 "https://casavalle.vsptdigital.cl/?p=15937" "Mozilla/5.0 AppleWebKit/537.36 (KHTML, like Gecko; compatible; GPTBot/1.4; +https://openai.com/gptbot)"
185.191.171.6 - - [12/Aug/2026:12:36:46 -0400] "GET /2026/01/30/qu%C3%A9-m%C3%A1quina-del-casino-da-m%C3%A1s-dinero/ HTTP/1.1" 200 47414 "-" "Mozilla/5.0 (compatible; SemrushBot/7~bl; +http://www.semrush.com/bot.html)"
185.191.171.17 - - [12/Aug/2026:12:37:33 -0400] "GET /2026/07/15/cual-es-el-mejor-casino-del-mundo/ HTTP/1.1" 200 47108 "-" "Mozilla/5.0 (compatible; SemrushBot/7~bl; +http://www.semrush.com/bot.html)"
74.7.227.147 - - [12/Aug/2026:12:37:53 -0400] "GET /wp-json/oembed/1.0/embed?url=https%3A%2F%2Fcasavalle.vsptdigital.cl%2F2026%2F01%2F30%2Fbajar-juegos-de-casino%2F HTTP/1.1" 200 2259 "https://casavalle.vsptdigital.cl/?p=10934" "Mozilla/5.0 AppleWebKit/537.36 (KHTML, like Gecko; compatible; GPTBot/1.4; +https://openai.com/gptbot)"
185.191.171.14 - - [12/Aug/2026:12:38:15 -0400] "GET /2026/01/30/jugar-super-monopoly-money-gratis/ HTTP/1.1" 200 47628 "-" "Mozilla/5.0 (compatible; SemrushBot/7~bl; +http://www.semrush.com/bot.html)"
74.7.227.147 - - [12/Aug/2026:12:38:40 -0400] "GET /wp-json/oembed/1.0/embed?url=https%3A%2F%2Fcasavalle.vsptdigital.cl%2F2026%2F01%2F30%2Fcasino-de-juego-zaragoza%2F HTTP/1.1" 200 2269 "https://casavalle.vsptdigital.cl/?p=12942" "Mozilla/5.0 AppleWebKit/537.36 (KHTML, like Gecko; compatible; GPTBot/1.4; +https://openai.com/gptbot)"
185.191.171.10 - - [12/Aug/2026:12:38:56 -0400] "GET /2026/01/30/el-mejor-casino-cripto/ HTTP/1.1" 200 46554 "-" "Mozilla/5.0 (compatible; SemrushBot/7~bl; +http://www.semrush.com/bot.html)"
74.7.227.147 - - [12/Aug/2026:12:39:44 -0400] "GET /wp-json/oembed/1.0/embed?url=https%3A%2F%2Fcasavalle.vsptdigital.cl%2F2026%2F07%2F15%2Fmejor-jugada-ruleta%2F HTTP/1.1" 200 2244 "https://casavalle.vsptdigital.cl/?p=16789" "Mozilla/5.0 AppleWebKit/537.36 (KHTML, like Gecko; compatible; GPTBot/1.4; +https://openai.com/gptbot)"
85.208.96.193 - - [12/Aug/2026:12:39:43 -0400] "GET /2026/01/30/el-casino-molina-de-aragon/ HTTP/1.1" 200 46749 "-" "Mozilla/5.0 (compatible; SemrushBot/7~bl; +http://www.semrush.com/bot.html)"
74.7.227.147 - - [12/Aug/2026:12:40:45 -0400] "GET /wp-json/oembed/1.0/embed?url=https%3A%2F%2Fcasavalle.vsptdigital.cl%2F2026%2F07%2F15%2Fmejor-casino-bitcoins%2F HTTP/1.1" 200 2254 "https://casavalle.vsptdigital.cl/?p=18083" "Mozilla/5.0 AppleWebKit/537.36 (KHTML, like Gecko; compatible; GPTBot/1.4; +https://openai.com/gptbot)"
185.191.171.9 - - [12/Aug/2026:12:40:25 -0400] "GET /2026/01/30/como-es-un-casino/ HTTP/1.1" 200 46019 "-" "Mozilla/5.0 (compatible; SemrushBot/7~bl; +http://www.semrush.com/bot.html)"
185.191.171.11 - - [12/Aug/2026:12:41:12 -0400] "GET /2026/01/30/slotty-vegas-casino-no-deposit-bonus/ HTTP/1.1" 200 47735 "-" "Mozilla/5.0 (compatible; SemrushBot/7~bl; +http://www.semrush.com/bot.html)"
85.208.96.203 - - [12/Aug/2026:12:41:53 -0400] "GET /2026/07/07/tragamonedas-gratis-modernas-espana/ HTTP/1.1" 200 46919 "-" "Mozilla/5.0 (compatible; SemrushBot/7~bl; +http://www.semrush.com/bot.html)"
143.95.144.95 - - [12/Aug/2026:12:41:56 -0400] "GET /wp-login.php HTTP/1.1" 301 - "-" "Mozilla/5.0 (Windows NT 10.0; Win64; x64) AppleWebKit/537.36 (KHTML, like Gecko) Chrome/133.0.0.0 Safari/537.36"
143.95.144.95 - - [12/Aug/2026:12:41:58 -0400] "GET /wp-login.php HTTP/1.1" 302 - "https://www.casavalle.vsptdigital.cl/wp-login.php" "Mozilla/5.0 (Windows NT 10.0; Win64; x64) AppleWebKit/537.36 (KHTML, like Gecko) Chrome/133.0.0.0 Safari/537.36"
143.95.144.95 - - [12/Aug/2026:12:41:59 -0400] "GET /wp-login.php HTTP/1.1" 302 - "https://www.casavalle.vsptdigital.cl/wp-login.php" "Mozilla/5.0 (Windows NT 10.0; Win64; x64) AppleWebKit/537.36 (KHTML, like Gecko) Chrome/133.0.0.0 Safari/537.36"
143.95.144.95 - - [12/Aug/2026:12:41:59 -0400] "GET /wp-login.php HTTP/1.1" 302 - "https://www.casavalle.vsptdigital.cl/wp-login.php" "Mozilla/5.0 (Windows NT 10.0; Win64; x64) AppleWebKit/537.36 (KHTML, like Gecko) Chrome/133.0.0.0 Safari/537.36"
143.95.144.95 - - [12/Aug/2026:12:42:00 -0400] "GET /wp-login.php HTTP/1.1" 302 - "https://www.casavalle.vsptdigital.cl/wp-login.php" "Mozilla/5.0 (Windows NT 10.0; Win64; x64) AppleWebKit/537.36 (KHTML, like Gecko) Chrome/133.0.0.0 Safari/537.36"
143.95.144.95 - - [12/Aug/2026:12:42:00 -0400] "GET /wp-login.php HTTP/1.1" 302 - "https://www.casavalle.vsptdigital.cl/wp-login.php" "Mozilla/5.0 (Windows NT 10.0; Win64; x64) AppleWebKit/537.36 (KHTML, like Gecko) Chrome/133.0.0.0 Safari/537.36"
143.95.144.95 - - [12/Aug/2026:12:42:00 -0400] "GET /wp-login.php HTTP/1.1" 302 - "https://www.casavalle.vsptdigital.cl/wp-login.php" "Mozilla/5.0 (Windows NT 10.0; Win64; x64) AppleWebKit/537.36 (KHTML, like Gecko) Chrome/133.0.0.0 Safari/537.36"
143.95.144.95 - - [12/Aug/2026:12:42:01 -0400] "GET /wp-login.php HTTP/1.1" 302 - "https://www.casavalle.vsptdigital.cl/wp-login.php" "Mozilla/5.0 (Windows NT 10.0; Win64; x64) AppleWebKit/537.36 (KHTML, like Gecko) Chrome/133.0.0.0 Safari/537.36"
143.95.144.95 - - [12/Aug/2026:12:42:01 -0400] "GET /wp-login.php HTTP/1.1" 302 - "https://www.casavalle.vsptdigital.cl/wp-login.php" "Mozilla/5.0 (Windows NT 10.0; Win64; x64) AppleWebKit/537.36 (KHTML, like Gecko) Chrome/133.0.0.0 Safari/537.36"
143.95.144.95 - - [12/Aug/2026:12:42:02 -0400] "GET /wp-login.php HTTP/1.1" 302 - "https://www.casavalle.vsptdigital.cl/wp-login.php" "Mozilla/5.0 (Windows NT 10.0; Win64; x64) AppleWebKit/537.36 (KHTML, like Gecko) Chrome/133.0.0.0 Safari/537.36"
143.95.144.95 - - [12/Aug/2026:12:42:02 -0400] "GET /wp-json/wp/v2/users/me HTTP/1.1" 401 88 "-" "Mozilla/5.0 (Windows NT 10.0; Win64; x64) AppleWebKit/537.36 (KHTML, like Gecko) Chrome/133.0.0.0 Safari/537.36"
74.7.227.147 - - [12/Aug/2026:12:41:41 -0400] "GET /wp-json/oembed/1.0/embed?url=https%3A%2F%2Fcasavalle.vsptdigital.cl%2F2026%2F01%2F30%2Fcomprar-fichas-casino%2F HTTP/1.1" 200 2254 "https://casavalle.vsptdigital.cl/?p=11450" "Mozilla/5.0 AppleWebKit/537.36 (KHTML, like Gecko; compatible; GPTBot/1.4; +https://openai.com/gptbot)"
74.7.227.147 - - [12/Aug/2026:12:42:32 -0400] "GET /wp-json/oembed/1.0/embed?url=https%3A%2F%2Fcasavalle.vsptdigital.cl%2F2026%2F07%2F15%2Fruleta-casino-sin-dinero%2F HTTP/1.1" 200 2269 "https://casavalle.vsptdigital.cl/?p=16782" "Mozilla/5.0 AppleWebKit/537.36 (KHTML, like Gecko; compatible; GPTBot/1.4; +https://openai.com/gptbot)"
185.191.171.1 - - [12/Aug/2026:12:41:57 -0400] "GET /2026/01/30/simulador-de-tragamonedas-gratis-online/ HTTP/1.1" 200 46834 "-" "Mozilla/5.0 (compatible; SemrushBot/7~bl; +http://www.semrush.com/bot.html)"
185.191.171.10 - - [12/Aug/2026:12:42:39 -0400] "GET /2026/01/30/juegos-con-bonos-de-bienvenida-sin-dep%C3%B3sito/ HTTP/1.1" 200 47671 "-" "Mozilla/5.0 (compatible; SemrushBot/7~bl; +http://www.semrush.com/bot.html)"
74.7.227.147 - - [12/Aug/2026:12:43:36 -0400] "GET /wp-json/oembed/1.0/embed?url=https%3A%2F%2Fcasavalle.vsptdigital.cl%2F2026%2F07%2F15%2Fjugar-wild-respin-gratis%2F HTTP/1.1" 200 2269 "https://casavalle.vsptdigital.cl/?p=17275" "Mozilla/5.0 AppleWebKit/537.36 (KHTML, like Gecko; compatible; GPTBot/1.4; +https://openai.com/gptbot)"
85.208.96.196 - - [12/Aug/2026:12:43:26 -0400] "GET /2026/01/30/casino-chile-online-bono-sin-dep%C3%B3sito/ HTTP/1.1" 200 47771 "-" "Mozilla/5.0 (compatible; SemrushBot/7~bl; +http://www.semrush.com/bot.html)"
74.7.227.147 - - [12/Aug/2026:12:44:30 -0400] "GET /wp-json/oembed/1.0/embed?url=https%3A%2F%2Fcasavalle.vsptdigital.cl%2F2026%2F01%2F30%2Fjuegos-de-azar-impuestos%2F HTTP/1.1" 200 2269 "https://casavalle.vsptdigital.cl/?p=10506" "Mozilla/5.0 AppleWebKit/537.36 (KHTML, like Gecko; compatible; GPTBot/1.4; +https://openai.com/gptbot)"
85.208.96.195 - - [12/Aug/2026:12:44:42 -0400] "GET /robots.txt HTTP/1.1" 200 148 "-" "Mozilla/5.0 (compatible; SemrushBot/7~bl; +http://www.semrush.com/bot.html)"
185.191.171.11 - - [12/Aug/2026:12:44:07 -0400] "GET /2026/01/30/diferentes-formas-de-ganar-en-el-blackjack/ HTTP/1.1" 200 47523 "-" "Mozilla/5.0 (compatible; SemrushBot/7~bl; +http://www.semrush.com/bot.html)"
185.191.171.1 - - [12/Aug/2026:12:44:54 -0400] "GET /2026/01/30/jugar-ahora-tragamonedas-gratis/ HTTP/1.1" 200 46558 "-" "Mozilla/5.0 (compatible; SemrushBot/7~bl; +http://www.semrush.com/bot.html)"
74.7.227.147 - - [12/Aug/2026:12:45:20 -0400] "GET /wp-json/oembed/1.0/embed?url=https%3A%2F%2Fcasavalle.vsptdigital.cl%2F2026%2F07%2F15%2Fruleta-maquina%2F HTTP/1.1" 200 2219 "https://casavalle.vsptdigital.cl/?p=18025" "Mozilla/5.0 AppleWebKit/537.36 (KHTML, like Gecko; compatible; GPTBot/1.4; +https://openai.com/gptbot)"
74.7.227.147 - - [12/Aug/2026:12:46:07 -0400] "GET /wp-json/oembed/1.0/embed?url=https%3A%2F%2Fcasavalle.vsptdigital.cl%2F2026%2F01%2F30%2Fslots-casino-guru%2F HTTP/1.1" 200 2234 "https://casavalle.vsptdigital.cl/?p=10386" "Mozilla/5.0 AppleWebKit/537.36 (KHTML, like Gecko; compatible; GPTBot/1.4; +https://openai.com/gptbot)"
85.208.96.196 - - [12/Aug/2026:12:45:36 -0400] "GET /2026/01/30/jugar-gratis-online-ruleta/ HTTP/1.1" 200 45501 "-" "Mozilla/5.0 (compatible; SemrushBot/7~bl; +http://www.semrush.com/bot.html)"
185.191.171.16 - - [12/Aug/2026:12:46:17 -0400] "GET /2026/07/15/como-ganar-en-la-m%C3%A1quina-tragamonedas-de-5-pesos/ HTTP/1.1" 200 46181 "-" "Mozilla/5.0 (compatible; SemrushBot/7~bl; +http://www.semrush.com/bot.html)"
74.7.227.147 - - [12/Aug/2026:12:47:08 -0400] "GET /wp-json/oembed/1.0/embed?url=https%3A%2F%2Fcasavalle.vsptdigital.cl%2F2026%2F07%2F15%2Fruleta-opciones-online%2F HTTP/1.1" 200 2259 "https://casavalle.vsptdigital.cl/?p=16713" "Mozilla/5.0 AppleWebKit/537.36 (KHTML, like Gecko; compatible; GPTBot/1.4; +https://openai.com/gptbot)"
85.208.96.211 - - [12/Aug/2026:12:47:05 -0400] "GET /2026/01/30/jugar-action-money-gratis/ HTTP/1.1" 200 46136 "-" "Mozilla/5.0 (compatible; SemrushBot/7~bl; +http://www.semrush.com/bot.html)"
74.7.227.147 - - [12/Aug/2026:12:48:07 -0400] "GET /wp-json/oembed/1.0/embed?url=https%3A%2F%2Fcasavalle.vsptdigital.cl%2F2026%2F01%2F30%2Fcasino-palermo-hoy%2F HTTP/1.1" 200 2239 "https://casavalle.vsptdigital.cl/?p=11039" "Mozilla/5.0 AppleWebKit/537.36 (KHTML, like Gecko; compatible; GPTBot/1.4; +https://openai.com/gptbot)"
85.208.96.207 - - [12/Aug/2026:12:47:46 -0400] "GET /2026/01/30/top-mejores-casinos-online/ HTTP/1.1" 200 46188 "-" "Mozilla/5.0 (compatible; SemrushBot/7~bl; +http://www.semrush.com/bot.html)"
85.208.96.197 - - [12/Aug/2026:12:48:33 -0400] "GET /2026/07/15/playa-de-las-americas-casino-codigo-promocional-y-bonus-code-2026/ HTTP/1.1" 200 46494 "-" "Mozilla/5.0 (compatible; SemrushBot/7~bl; +http://www.semrush.com/bot.html)"
74.7.227.147 - - [12/Aug/2026:12:48:58 -0400] "GET /wp-json/oembed/1.0/embed?url=https%3A%2F%2Fcasavalle.vsptdigital.cl%2F2026%2F01%2F30%2Fmundo-slot-nicaragua%2F HTTP/1.1" 200 2249 "https://casavalle.vsptdigital.cl/?p=9484" "Mozilla/5.0 AppleWebKit/537.36 (KHTML, like Gecko; compatible; GPTBot/1.4; +https://openai.com/gptbot)"
74.7.227.147 - - [12/Aug/2026:12:49:44 -0400] "GET /wp-json/oembed/1.0/embed?url=https%3A%2F%2Fcasavalle.vsptdigital.cl%2F2026%2F07%2F15%2Fcasinos-online-slots%2F HTTP/1.1" 200 2249 "https://casavalle.vsptdigital.cl/?p=17431" "Mozilla/5.0 AppleWebKit/537.36 (KHTML, like Gecko; compatible; GPTBot/1.4; +https://openai.com/gptbot)"
144.76.96.116 - - [12/Aug/2026:12:49:46 -0400] "GET /wp-json/wp/v2/users/me HTTP/1.1" 401 88 "-" "Mozilla/5.0 (Windows NT 10.0; Win64; x64) AppleWebKit/537.36 (KHTML, like Gecko) Chrome/133.0.0.0 Safari/537.36"
185.191.171.1 - - [12/Aug/2026:12:49:14 -0400] "GET /2026/01/30/tragaperras-que-es-un-bonus/ HTTP/1.1" 200 46126 "-" "Mozilla/5.0 (compatible; SemrushBot/7~bl; +http://www.semrush.com/bot.html)"
85.208.96.193 - - [12/Aug/2026:12:49:57 -0400] "GET /2026/01/30/tragamonedas-y-ruletas-gratis/ HTTP/1.1" 200 46812 "-" "Mozilla/5.0 (compatible; SemrushBot/7~bl; +http://www.semrush.com/bot.html)"
74.7.227.147 - - [12/Aug/2026:12:50:47 -0400] "GET /wp-json/oembed/1.0/embed?url=https%3A%2F%2Fcasavalle.vsptdigital.cl%2F2026%2F07%2F15%2Fjuegos-de-casino-populares%2F HTTP/1.1" 200 2279 "https://casavalle.vsptdigital.cl/?p=17935" "Mozilla/5.0 AppleWebKit/537.36 (KHTML, like Gecko; compatible; GPTBot/1.4; +https://openai.com/gptbot)"
85.208.96.193 - - [12/Aug/2026:12:50:44 -0400] "GET /2026/07/15/tragaperras-online-sakura-fortune/ HTTP/1.1" 200 46838 "-" "Mozilla/5.0 (compatible; SemrushBot/7~bl; +http://www.semrush.com/bot.html)"
74.7.227.147 - - [12/Aug/2026:12:51:45 -0400] "GET /wp-json/oembed/1.0/embed?url=https%3A%2F%2Fcasavalle.vsptdigital.cl%2F2026%2F01%2F30%2Fbonos-casinos-mexico%2F HTTP/1.1" 200 2249 "https://casavalle.vsptdigital.cl/?p=9217" "Mozilla/5.0 AppleWebKit/537.36 (KHTML, like Gecko; compatible; GPTBot/1.4; +https://openai.com/gptbot)"
185.191.171.11 - - [12/Aug/2026:12:51:25 -0400] "GET /2026/01/30/diferencia-entre-ruleta-europea-y-francesa/ HTTP/1.1" 200 47186 "-" "Mozilla/5.0 (compatible; SemrushBot/7~bl; +http://www.semrush.com/bot.html)"
185.191.171.11 - - [12/Aug/2026:12:52:13 -0400] "GET /2026/01/30/probabilidad-rojo-ruleta/ HTTP/1.1" 200 46416 "-" "Mozilla/5.0 (compatible; SemrushBot/7~bl; +http://www.semrush.com/bot.html)"
74.7.227.147 - - [12/Aug/2026:12:52:35 -0400] "GET /wp-json/oembed/1.0/embed?url=https%3A%2F%2Fcasavalle.vsptdigital.cl%2F2026%2F07%2F15%2Fjugar-baccarat-con-btc%2F HTTP/1.1" 200 2259 "https://casavalle.vsptdigital.cl/?p=17137" "Mozilla/5.0 AppleWebKit/537.36 (KHTML, like Gecko; compatible; GPTBot/1.4; +https://openai.com/gptbot)"
74.7.227.147 - - [12/Aug/2026:12:53:22 -0400] "GET /wp-json/oembed/1.0/embed?url=https%3A%2F%2Fcasavalle.vsptdigital.cl%2F2026%2F07%2F15%2Fbet365-casino-tragamonedas%2F HTTP/1.1" 200 2279 "https://casavalle.vsptdigital.cl/?p=17334" "Mozilla/5.0 AppleWebKit/537.36 (KHTML, like Gecko; compatible; GPTBot/1.4; +https://openai.com/gptbot)"
185.191.171.8 - - [12/Aug/2026:12:52:55 -0400] "GET /2026/01/30/casino-rinconada/ HTTP/1.1" 200 47548 "-" "Mozilla/5.0 (compatible; SemrushBot/7~bl; +http://www.semrush.com/bot.html)"
185.191.171.16 - - [12/Aug/2026:12:53:37 -0400] "GET /2026/07/15/pagos-en-ruleta/ HTTP/1.1" 200 46907 "-" "Mozilla/5.0 (compatible; SemrushBot/7~bl; +http://www.semrush.com/bot.html)"
74.7.227.147 - - [12/Aug/2026:12:54:25 -0400] "GET /wp-json/oembed/1.0/embed?url=https%3A%2F%2Fcasavalle.vsptdigital.cl%2F2026%2F01%2F30%2Fcasino-cripto-confirmado%2F HTTP/1.1" 200 2269 "https://casavalle.vsptdigital.cl/?p=14263" "Mozilla/5.0 AppleWebKit/537.36 (KHTML, like Gecko; compatible; GPTBot/1.4; +https://openai.com/gptbot)"
85.208.96.206 - - [12/Aug/2026:12:54:24 -0400] "GET /2026/01/30/a-jugar-ruleta/ HTTP/1.1" 200 47099 "-" "Mozilla/5.0 (compatible; SemrushBot/7~bl; +http://www.semrush.com/bot.html)"
31.56.177.209 - - [12/Aug/2026:12:55:17 -0400] "GET /2026/07/04/cual-es-el-mejor-casino-en-linea-de-espana/ HTTP/1.1" 200 46528 "https://casavalle.vsptdigital.cl/" "Mozilla/5.0 (Macintosh; Intel Mac OS X 10_15_7) AppleWebKit/605.1.15 (KHTML, like Gecko) Version/26.3 Safari/605.1.15"
31.56.177.209 - - [12/Aug/2026:12:55:20 -0400] "GET /2026/07/04/cual-es-el-mejor-casino-en-linea-de-espana/ HTTP/1.1" 200 46528 "https://casavalle.vsptdigital.cl/2026/07/04/cual-es-el-mejor-casino-en-linea-de-espana/" "Mozilla/5.0 (Macintosh; Intel Mac OS X 10_15_7) AppleWebKit/605.1.15 (KHTML, like Gecko) Version/26.3 Safari/605.1.15"
