74.7.227.147 - - [12/Aug/2026:02:36:26 -0400] "GET /?p=12855 HTTP/1.1" 301 - "https://casavalle.vsptdigital.cl/2026/01/30/casino-en-ingles/" "Mozilla/5.0 AppleWebKit/537.36 (KHTML, like Gecko; compatible; GPTBot/1.4; +https://openai.com/gptbot)"
185.191.171.2 - - [12/Aug/2026:02:36:53 -0400] "GET /2026/01/30/descargar-maquina-tragamonedas-gratis/ HTTP/1.1" 200 47122 "-" "Mozilla/5.0 (compatible; SemrushBot/7~bl; +http://www.semrush.com/bot.html)"
74.7.227.147 - - [12/Aug/2026:02:37:03 -0400] "GET /2026/01/30/bilbao-casino-bono-sin-dep%C3%B3sito-50-giros-gratis-2026/ HTTP/1.1" 200 47711 "https://casavalle.vsptdigital.cl/?p=15217" "Mozilla/5.0 AppleWebKit/537.36 (KHTML, like Gecko; compatible; GPTBot/1.4; +https://openai.com/gptbot)"
27.145.147.92 - - [12/Aug/2026:02:37:26 -0400] "GET /2026/07/07/tragamonedas-gratis-modernas-espana/ HTTP/1.1" 200 46919 "https://casavalle.vsptdigital.cl/" "Mozilla/5.0 (Windows NT 10.0; Win64; x64) AppleWebKit/537.36 (KHTML, like Gecko) obsidian/1.6.5 Chrome/124.0.6367.243 Electron/30.1.2 Safari/537.36"
74.7.227.147 - - [12/Aug/2026:02:38:09 -0400] "GET /?p=16150 HTTP/1.1" 301 - "https://casavalle.vsptdigital.cl/2026/01/30/casino-en-ingles/" "Mozilla/5.0 AppleWebKit/537.36 (KHTML, like Gecko; compatible; GPTBot/1.4; +https://openai.com/gptbot)"
27.145.147.92 - - [12/Aug/2026:02:38:09 -0400] "GET /2026/07/07/tragamonedas-gratis-modernas-espana/ HTTP/1.1" 200 46919 "https://casavalle.vsptdigital.cl/2026/07/07/tragamonedas-gratis-modernas-espana/" "Mozilla/5.0 (Windows NT 10.0; Win64; x64) AppleWebKit/537.36 (KHTML, like Gecko) obsidian/1.6.5 Chrome/124.0.6367.243 Electron/30.1.2 Safari/537.36"
85.208.96.197 - - [12/Aug/2026:02:37:34 -0400] "GET /2026/01/30/tragamonedas-on-line-argentina/ HTTP/1.1" 200 47196 "-" "Mozilla/5.0 (compatible; SemrushBot/7~bl; +http://www.semrush.com/bot.html)"
185.191.171.8 - - [12/Aug/2026:02:38:16 -0400] "GET /2026/01/30/blackjack-como-jugar/ HTTP/1.1" 200 46768 "-" "Mozilla/5.0 (compatible; SemrushBot/7~bl; +http://www.semrush.com/bot.html)"
74.7.227.147 - - [12/Aug/2026:02:39:14 -0400] "GET /?p=13473 HTTP/1.1" 301 - "https://casavalle.vsptdigital.cl/2026/01/30/casino-en-ingles/" "Mozilla/5.0 AppleWebKit/537.36 (KHTML, like Gecko; compatible; GPTBot/1.4; +https://openai.com/gptbot)"
160.250.130.168 - - [12/Aug/2026:02:39:30 -0400] "GET /wp-login.php HTTP/1.1" 301 - "-" "Mozilla/5.0 (Windows NT 10.0; Win64; x64) AppleWebKit/537.36 (KHTML, like Gecko) Chrome/133.0.0.0 Safari/537.36"
160.250.130.168 - - [12/Aug/2026:02:39:43 -0400] "GET /wp-json/wp/v2/users/me HTTP/1.1" 401 88 "-" "Mozilla/5.0 (Windows NT 10.0; Win64; x64) AppleWebKit/537.36 (KHTML, like Gecko) Chrome/133.0.0.0 Safari/537.36"
185.191.171.3 - - [12/Aug/2026:02:38:59 -0400] "GET /2026/01/30/doble-cero-en-la-ruleta-que-significa/ HTTP/1.1" 200 46712 "-" "Mozilla/5.0 (compatible; SemrushBot/7~bl; +http://www.semrush.com/bot.html)"
160.250.130.168 - - [12/Aug/2026:02:39:53 -0400] "GET /wp-login.php HTTP/1.1" 301 - "-" "Mozilla/5.0 (Windows NT 10.0; Win64; x64) AppleWebKit/537.36 (KHTML, like Gecko) Chrome/133.0.0.0 Safari/537.36"
160.250.130.168 - - [12/Aug/2026:02:39:57 -0400] "GET /wp-login.php HTTP/1.1" 302 - "https://www.casavalle.vsptdigital.cl/wp-login.php" "Mozilla/5.0 (Windows NT 10.0; Win64; x64) AppleWebKit/537.36 (KHTML, like Gecko) Chrome/133.0.0.0 Safari/537.36"
160.250.130.168 - - [12/Aug/2026:02:39:57 -0400] "GET /wp-login.php HTTP/1.1" 302 - "https://www.casavalle.vsptdigital.cl/wp-login.php" "Mozilla/5.0 (Windows NT 10.0; Win64; x64) AppleWebKit/537.36 (KHTML, like Gecko) Chrome/133.0.0.0 Safari/537.36"
160.250.130.168 - - [12/Aug/2026:02:39:58 -0400] "GET /wp-login.php HTTP/1.1" 302 - "https://www.casavalle.vsptdigital.cl/wp-login.php" "Mozilla/5.0 (Windows NT 10.0; Win64; x64) AppleWebKit/537.36 (KHTML, like Gecko) Chrome/133.0.0.0 Safari/537.36"
160.250.130.168 - - [12/Aug/2026:02:39:58 -0400] "GET /wp-login.php HTTP/1.1" 302 - "https://www.casavalle.vsptdigital.cl/wp-login.php" "Mozilla/5.0 (Windows NT 10.0; Win64; x64) AppleWebKit/537.36 (KHTML, like Gecko) Chrome/133.0.0.0 Safari/537.36"
160.250.130.168 - - [12/Aug/2026:02:39:59 -0400] "GET /wp-login.php HTTP/1.1" 302 - "https://www.casavalle.vsptdigital.cl/wp-login.php" "Mozilla/5.0 (Windows NT 10.0; Win64; x64) AppleWebKit/537.36 (KHTML, like Gecko) Chrome/133.0.0.0 Safari/537.36"
160.250.130.168 - - [12/Aug/2026:02:39:59 -0400] "GET /wp-login.php HTTP/1.1" 302 - "https://www.casavalle.vsptdigital.cl/wp-login.php" "Mozilla/5.0 (Windows NT 10.0; Win64; x64) AppleWebKit/537.36 (KHTML, like Gecko) Chrome/133.0.0.0 Safari/537.36"
74.7.227.147 - - [12/Aug/2026:02:39:14 -0400] "GET /2026/01/30/juego-de-cartas-2-como-se-juega/ HTTP/1.1" 200 46657 "https://casavalle.vsptdigital.cl/?p=13473" "Mozilla/5.0 AppleWebKit/537.36 (KHTML, like Gecko; compatible; GPTBot/1.4; +https://openai.com/gptbot)"
70.40.220.123 - - [12/Aug/2026:02:40:01 -0400] "GET /wp-login.php HTTP/1.1" 301 - "-" "Mozilla/5.0 (Windows NT 10.0; Win64; x64) AppleWebKit/537.36 (KHTML, like Gecko) Chrome/133.0.0.0 Safari/537.36"
160.250.130.168 - - [12/Aug/2026:02:40:03 -0400] "GET /wp-json/wp/v2/users/me HTTP/1.1" 401 88 "-" "Mozilla/5.0 (Windows NT 10.0; Win64; x64) AppleWebKit/537.36 (KHTML, like Gecko) Chrome/133.0.0.0 Safari/537.36"
185.191.171.19 - - [12/Aug/2026:02:39:46 -0400] "GET /2026/01/30/juega-gratis-a-buffalo-power-hold-and-win-en-modo-demo/ HTTP/1.1" 200 47435 "-" "Mozilla/5.0 (compatible; SemrushBot/7~bl; +http://www.semrush.com/bot.html)"
170.199.228.107 - - [12/Aug/2026:02:40:47 -0400] "GET /2026/07/26/bonus-rejestracyjny-bez-wymaganego-depozytu-w-kasynie/ HTTP/1.1" 200 45731 "https://casavalle.vsptdigital.cl/" "Mozilla/5.0 (Windows NT 10.0; Win64; x64) AppleWebKit/537.36 (KHTML, like Gecko) Chrome/146.0.0.0 Safari/537.36 Edg/146.0.0.0"
147.53.122.110 - - [12/Aug/2026:02:40:15 -0400] "GET /2026/07/26/bonus-rejestracyjny-bez-wymaganego-depozytu-w-kasynie/ HTTP/1.1" 200 45731 "https://casavalle.vsptdigital.cl/" "Mozilla/5.0 (Windows NT 10.0; Win64; x64) AppleWebKit/537.36 (KHTML, like Gecko) Chrome/146.0.0.0 Safari/537.36 Edg/146.0.0.0"
74.7.227.147 - - [12/Aug/2026:02:40:11 -0400] "GET /2026/01/30/bingo-gratis-en-linea/ HTTP/1.1" 200 47086 "http://casavalle.vsptdigital.cl" "Mozilla/5.0 AppleWebKit/537.36 (KHTML, like Gecko; compatible; GPTBot/1.4; +https://openai.com/gptbot)"
185.191.171.14 - - [12/Aug/2026:02:40:33 -0400] "GET /2026/01/30/brazino-777-casino-codigo-promocional-y-bonus-code-2026/ HTTP/1.1" 200 47943 "-" "Mozilla/5.0 (compatible; SemrushBot/7~bl; +http://www.semrush.com/bot.html)"
70.40.220.123 - - [12/Aug/2026:02:41:32 -0400] "GET /wp-login.php HTTP/1.1" 302 - "-" "Mozilla/5.0 (Windows NT 10.0; Win64; x64) AppleWebKit/537.36 (KHTML, like Gecko) Chrome/133.0.0.0 Safari/537.36"
70.40.220.123 - - [12/Aug/2026:02:41:34 -0400] "GET /wp-login.php HTTP/1.1" 302 - "https://casavalle.vsptdigital.cl/wp-login.php" "Mozilla/5.0 (Windows NT 10.0; Win64; x64) AppleWebKit/537.36 (KHTML, like Gecko) Chrome/133.0.0.0 Safari/537.36"
70.40.220.123 - - [12/Aug/2026:02:41:36 -0400] "GET /wp-login.php HTTP/1.1" 302 - "https://casavalle.vsptdigital.cl/wp-login.php" "Mozilla/5.0 (Windows NT 10.0; Win64; x64) AppleWebKit/537.36 (KHTML, like Gecko) Chrome/133.0.0.0 Safari/537.36"
85.208.96.200 - - [12/Aug/2026:02:41:15 -0400] "GET /2026/07/15/casino-barcelona-bono/ HTTP/1.1" 200 46931 "-" "Mozilla/5.0 (compatible; SemrushBot/7~bl; +http://www.semrush.com/bot.html)"
74.7.227.147 - - [12/Aug/2026:02:41:16 -0400] "GET /2026/07/15/juegos-gratis-ruleta-casino-espa%C3%B1ol/ HTTP/1.1" 200 47231 "https://casavalle.vsptdigital.cl/?feed=xmlsitemap1711" "Mozilla/5.0 AppleWebKit/537.36 (KHTML, like Gecko; compatible; GPTBot/1.4; +https://openai.com/gptbot)"
85.208.96.199 - - [12/Aug/2026:02:42:02 -0400] "GET /2026/07/15/valor-blackjack/ HTTP/1.1" 200 46896 "-" "Mozilla/5.0 (compatible; SemrushBot/7~bl; +http://www.semrush.com/bot.html)"
74.7.227.147 - - [12/Aug/2026:02:42:22 -0400] "GET /2026/07/15/juegos-de-ruleta-online-gratis-en-espa%C3%B1ol/ HTTP/1.1" 200 47819 "https://casavalle.vsptdigital.cl/?feed=xmlsitemap1711" "Mozilla/5.0 AppleWebKit/537.36 (KHTML, like Gecko; compatible; GPTBot/1.4; +https://openai.com/gptbot)"
85.208.96.207 - - [12/Aug/2026:02:42:44 -0400] "GET /2026/01/30/bethard-casino-no-deposit-bonus/ HTTP/1.1" 200 47252 "-" "Mozilla/5.0 (compatible; SemrushBot/7~bl; +http://www.semrush.com/bot.html)"
85.208.96.212 - - [12/Aug/2026:02:43:25 -0400] "GET /2026/07/15/casino-bitcoin-bonus-sin-dep%C3%B3sito/ HTTP/1.1" 200 46860 "-" "Mozilla/5.0 (compatible; SemrushBot/7~bl; +http://www.semrush.com/bot.html)"
74.7.227.147 - - [12/Aug/2026:02:43:27 -0400] "GET /2026/01/30/hay-casino-en-roma/ HTTP/1.1" 200 47262 "http://casavalle.vsptdigital.cl" "Mozilla/5.0 AppleWebKit/537.36 (KHTML, like Gecko; compatible; GPTBot/1.4; +https://openai.com/gptbot)"
85.208.96.209 - - [12/Aug/2026:02:44:13 -0400] "GET /2026/01/30/juegos-gratis-tragamonedas-con-bonus/ HTTP/1.1" 200 47035 "-" "Mozilla/5.0 (compatible; SemrushBot/7~bl; +http://www.semrush.com/bot.html)"
74.7.227.147 - - [12/Aug/2026:02:44:31 -0400] "GET /2026/01/30/casino-san-jose-del-cabo/ HTTP/1.1" 200 46159 "http://casavalle.vsptdigital.cl" "Mozilla/5.0 AppleWebKit/537.36 (KHTML, like Gecko; compatible; GPTBot/1.4; +https://openai.com/gptbot)"
185.191.171.17 - - [12/Aug/2026:02:44:55 -0400] "GET /2026/01/30/casino-san-gallo/ HTTP/1.1" 200 46439 "-" "Mozilla/5.0 (compatible; SemrushBot/7~bl; +http://www.semrush.com/bot.html)"
74.7.227.147 - - [12/Aug/2026:02:45:32 -0400] "GET /2026/01/30/casinos-en-los-mochis/ HTTP/1.1" 200 47808 "http://casavalle.vsptdigital.cl" "Mozilla/5.0 AppleWebKit/537.36 (KHTML, like Gecko; compatible; GPTBot/1.4; +https://openai.com/gptbot)"
85.208.96.212 - - [12/Aug/2026:02:45:36 -0400] "GET /2026/01/30/juegos-de-tragamonedas-del-casino-gratis/ HTTP/1.1" 200 47361 "-" "Mozilla/5.0 (compatible; SemrushBot/7~bl; +http://www.semrush.com/bot.html)"
185.191.171.19 - - [12/Aug/2026:02:46:23 -0400] "GET /2026/01/30/casinos-online-gratis/ HTTP/1.1" 200 47226 "-" "Mozilla/5.0 (compatible; SemrushBot/7~bl; +http://www.semrush.com/bot.html)"
74.7.227.147 - - [12/Aug/2026:02:46:33 -0400] "GET /2026/01/30/el-mejor-casino-en-espa%C3%B1ol/ HTTP/1.1" 200 46425 "http://casavalle.vsptdigital.cl" "Mozilla/5.0 AppleWebKit/537.36 (KHTML, like Gecko; compatible; GPTBot/1.4; +https://openai.com/gptbot)"
3.15.245.239 - - [12/Aug/2026:02:47:47 -0400] "GET /wp-login.php HTTP/1.1" 302 - "-" "Mozilla/5.0 (Windows NT 10.0; Win64; x64) AppleWebKit/537.36 (KHTML, like Gecko) Chrome/133.0.0.0 Safari/537.36"
3.15.245.239 - - [12/Aug/2026:02:47:48 -0400] "GET /wp-login.php HTTP/1.1" 302 - "https://casavalle.vsptdigital.cl/wp-login.php" "Mozilla/5.0 (Windows NT 10.0; Win64; x64) AppleWebKit/537.36 (KHTML, like Gecko) Chrome/133.0.0.0 Safari/537.36"
3.15.245.239 - - [12/Aug/2026:02:47:48 -0400] "GET /wp-login.php HTTP/1.1" 302 - "https://casavalle.vsptdigital.cl/wp-login.php" "Mozilla/5.0 (Windows NT 10.0; Win64; x64) AppleWebKit/537.36 (KHTML, like Gecko) Chrome/133.0.0.0 Safari/537.36"
3.15.245.239 - - [12/Aug/2026:02:47:49 -0400] "GET /wp-login.php HTTP/1.1" 302 - "https://casavalle.vsptdigital.cl/wp-login.php" "Mozilla/5.0 (Windows NT 10.0; Win64; x64) AppleWebKit/537.36 (KHTML, like Gecko) Chrome/133.0.0.0 Safari/537.36"
3.15.245.239 - - [12/Aug/2026:02:47:49 -0400] "GET /wp-login.php HTTP/1.1" 302 - "https://casavalle.vsptdigital.cl/wp-login.php" "Mozilla/5.0 (Windows NT 10.0; Win64; x64) AppleWebKit/537.36 (KHTML, like Gecko) Chrome/133.0.0.0 Safari/537.36"
185.191.171.5 - - [12/Aug/2026:02:47:04 -0400] "GET /2026/01/30/mejor-casino-online-paraguay/ HTTP/1.1" 200 46311 "-" "Mozilla/5.0 (compatible; SemrushBot/7~bl; +http://www.semrush.com/bot.html)"
3.15.245.239 - - [12/Aug/2026:02:47:50 -0400] "GET /wp-login.php HTTP/1.1" 302 - "https://casavalle.vsptdigital.cl/wp-login.php" "Mozilla/5.0 (Windows NT 10.0; Win64; x64) AppleWebKit/537.36 (KHTML, like Gecko) Chrome/133.0.0.0 Safari/537.36"
3.15.245.239 - - [12/Aug/2026:02:47:50 -0400] "GET /wp-login.php HTTP/1.1" 302 - "https://casavalle.vsptdigital.cl/wp-login.php" "Mozilla/5.0 (Windows NT 10.0; Win64; x64) AppleWebKit/537.36 (KHTML, like Gecko) Chrome/133.0.0.0 Safari/537.36"
3.15.245.239 - - [12/Aug/2026:02:47:51 -0400] "GET /wp-login.php HTTP/1.1" 302 - "https://casavalle.vsptdigital.cl/wp-login.php" "Mozilla/5.0 (Windows NT 10.0; Win64; x64) AppleWebKit/537.36 (KHTML, like Gecko) Chrome/133.0.0.0 Safari/537.36"
3.15.245.239 - - [12/Aug/2026:02:47:51 -0400] "GET /wp-login.php HTTP/1.1" 302 - "https://casavalle.vsptdigital.cl/wp-login.php" "Mozilla/5.0 (Windows NT 10.0; Win64; x64) AppleWebKit/537.36 (KHTML, like Gecko) Chrome/133.0.0.0 Safari/537.36"
3.15.245.239 - - [12/Aug/2026:02:47:51 -0400] "GET /wp-login.php HTTP/1.1" 302 - "https://casavalle.vsptdigital.cl/wp-login.php" "Mozilla/5.0 (Windows NT 10.0; Win64; x64) AppleWebKit/537.36 (KHTML, like Gecko) Chrome/133.0.0.0 Safari/537.36"
3.15.245.239 - - [12/Aug/2026:02:47:52 -0400] "GET /wp-json/wp/v2/users/me HTTP/1.1" 401 88 "-" "Mozilla/5.0 (Windows NT 10.0; Win64; x64) AppleWebKit/537.36 (KHTML, like Gecko) Chrome/133.0.0.0 Safari/537.36"
74.7.227.147 - - [12/Aug/2026:02:47:37 -0400] "GET /2026/01/30/casino-en-bell-ville/ HTTP/1.1" 200 47529 "http://casavalle.vsptdigital.cl" "Mozilla/5.0 AppleWebKit/537.36 (KHTML, like Gecko; compatible; GPTBot/1.4; +https://openai.com/gptbot)"
185.191.171.19 - - [12/Aug/2026:02:47:51 -0400] "GET /2026/01/30/mejor-bono-de-dep%C3%B3sito-para-casino-bitcoin-y-tiempos-de-retiro/ HTTP/1.1" 200 47363 "-" "Mozilla/5.0 (compatible; SemrushBot/7~bl; +http://www.semrush.com/bot.html)"
85.208.96.211 - - [12/Aug/2026:02:48:38 -0400] "GET /2026/01/30/bono-bienvenida-betway/ HTTP/1.1" 200 46867 "-" "Mozilla/5.0 (compatible; SemrushBot/7~bl; +http://www.semrush.com/bot.html)"
74.7.227.147 - - [12/Aug/2026:02:48:43 -0400] "GET /2026/01/30/casino-en-vivo-chile/ HTTP/1.1" 200 46310 "http://casavalle.vsptdigital.cl" "Mozilla/5.0 AppleWebKit/537.36 (KHTML, like Gecko; compatible; GPTBot/1.4; +https://openai.com/gptbot)"
85.208.96.209 - - [12/Aug/2026:02:49:25 -0400] "GET /2026/01/30/casino-online-prueba-gratis/ HTTP/1.1" 200 46989 "-" "Mozilla/5.0 (compatible; SemrushBot/7~bl; +http://www.semrush.com/bot.html)"
85.208.96.212 - - [12/Aug/2026:02:50:09 -0400] "GET /robots.txt HTTP/1.1" 200 148 "-" "Mozilla/5.0 (compatible; SemrushBot/7~bl; +http://www.semrush.com/bot.html)"
74.7.227.147 - - [12/Aug/2026:02:49:44 -0400] "GET /2026/01/30/bingo-online-en-casa/ HTTP/1.1" 200 46584 "http://casavalle.vsptdigital.cl" "Mozilla/5.0 AppleWebKit/537.36 (KHTML, like Gecko; compatible; GPTBot/1.4; +https://openai.com/gptbot)"
185.191.171.15 - - [12/Aug/2026:02:50:07 -0400] "GET /2026/01/30/jugar-a-la-ruleta-del-casino/ HTTP/1.1" 200 47527 "-" "Mozilla/5.0 (compatible; SemrushBot/7~bl; +http://www.semrush.com/bot.html)"
74.7.227.147 - - [12/Aug/2026:02:50:46 -0400] "GET /2026/01/30/casinos-en-linea-2026/ HTTP/1.1" 200 46352 "http://casavalle.vsptdigital.cl" "Mozilla/5.0 AppleWebKit/537.36 (KHTML, like Gecko; compatible; GPTBot/1.4; +https://openai.com/gptbot)"
185.191.171.3 - - [12/Aug/2026:02:50:49 -0400] "GET /2026/01/30/dinero-gratis-por-registro-casino/ HTTP/1.1" 200 47118 "-" "Mozilla/5.0 (compatible; SemrushBot/7~bl; +http://www.semrush.com/bot.html)"
85.208.96.201 - - [12/Aug/2026:02:51:36 -0400] "GET /2026/01/30/ganar-en-maquinas-tragamonedas/ HTTP/1.1" 200 47002 "-" "Mozilla/5.0 (compatible; SemrushBot/7~bl; +http://www.semrush.com/bot.html)"
74.7.227.147 - - [12/Aug/2026:02:51:49 -0400] "GET /2026/01/30/c%C3%B3mo-jugar-el-casino-virtual/ HTTP/1.1" 200 46543 "http://casavalle.vsptdigital.cl" "Mozilla/5.0 AppleWebKit/537.36 (KHTML, like Gecko; compatible; GPTBot/1.4; +https://openai.com/gptbot)"
85.208.96.208 - - [12/Aug/2026:02:52:17 -0400] "GET /2026/01/30/juego-que-hagan-ganar-dinero-real/ HTTP/1.1" 200 46614 "-" "Mozilla/5.0 (compatible; SemrushBot/7~bl; +http://www.semrush.com/bot.html)"
74.7.227.147 - - [12/Aug/2026:02:52:52 -0400] "GET /2026/07/15/lista-de-casinos-online-espa%C3%B1a/ HTTP/1.1" 200 46827 "https://casavalle.vsptdigital.cl/?feed=xmlsitemap1711" "Mozilla/5.0 AppleWebKit/537.36 (KHTML, like Gecko; compatible; GPTBot/1.4; +https://openai.com/gptbot)"
85.208.96.204 - - [12/Aug/2026:02:52:59 -0400] "GET /2026/01/30/jugar-wild-blood-2-gratis/ HTTP/1.1" 200 46783 "-" "Mozilla/5.0 (compatible; SemrushBot/7~bl; +http://www.semrush.com/bot.html)"
185.191.171.11 - - [12/Aug/2026:02:53:41 -0400] "GET /2026/01/30/tragamonedas-cripto-con-bono-sin-dep%C3%B3sito/ HTTP/1.1" 200 46661 "-" "Mozilla/5.0 (compatible; SemrushBot/7~bl; +http://www.semrush.com/bot.html)"
176.124.238.95 - - [12/Aug/2026:02:54:28 -0400] "GET /2026/07/26/jakie-kasyno-oferuje-najlepszy-bonus-za-rejestracje-w-2026-roku/ HTTP/1.1" 200 46405 "https://casavalle.vsptdigital.cl/" "Mozilla/5.0 (Macintosh; Intel Mac OS X 10_15_7) AppleWebKit/537.36 (KHTML, like Gecko) obsidian/1.8.9 Chrome/132.0.6834.210 Electron/34.3.0 Safari/537.36"
176.124.238.95 - - [12/Aug/2026:02:54:30 -0400] "GET /wp-content/plugins/contact-form-7/includes/css/styles.css?ver=6.0.1 HTTP/1.1" 200 2894 "https://casavalle.vsptdigital.cl/2026/07/26/jakie-kasyno-oferuje-najlepszy-bonus-za-rejestracje-w-2026-roku/" "Mozilla/5.0 (Windows NT 10.0; Win64; x64) AppleWebKit/537.36 (KHTML, like Gecko) Chrome/149.0.0.0 Safari/537.36"
176.124.238.95 - - [12/Aug/2026:02:54:31 -0400] "GET /wp-content/themes/hello-elementor/style.min.css?ver=3.1.1 HTTP/1.1" 200 5501 "https://casavalle.vsptdigital.cl/2026/07/26/jakie-kasyno-oferuje-najlepszy-bonus-za-rejestracje-w-2026-roku/" "Mozilla/5.0 (Windows NT 10.0; Win64; x64) AppleWebKit/537.36 (KHTML, like Gecko) Chrome/149.0.0.0 Safari/537.36"
176.124.238.95 - - [12/Aug/2026:02:54:31 -0400] "GET /wp-content/themes/hello-elementor/theme.min.css?ver=3.1.1 HTTP/1.1" 200 5146 "https://casavalle.vsptdigital.cl/2026/07/26/jakie-kasyno-oferuje-najlepszy-bonus-za-rejestracje-w-2026-roku/" "Mozilla/5.0 (Windows NT 10.0; Win64; x64) AppleWebKit/537.36 (KHTML, like Gecko) Chrome/149.0.0.0 Safari/537.36"
176.124.238.95 - - [12/Aug/2026:02:54:32 -0400] "GET /wp-content/themes/hello-elementor/header-footer.min.css?ver=3.1.1 HTTP/1.1" 200 7212 "https://casavalle.vsptdigital.cl/2026/07/26/jakie-kasyno-oferuje-najlepszy-bonus-za-rejestracje-w-2026-roku/" "Mozilla/5.0 (Windows NT 10.0; Win64; x64) AppleWebKit/537.36 (KHTML, like Gecko) Chrome/149.0.0.0 Safari/537.36"
176.124.238.95 - - [12/Aug/2026:02:54:33 -0400] "GET /wp-content/plugins/elementor/assets/css/frontend.min.css?ver=3.25.11 HTTP/1.1" 200 60575 "https://casavalle.vsptdigital.cl/2026/07/26/jakie-kasyno-oferuje-najlepszy-bonus-za-rejestracje-w-2026-roku/" "Mozilla/5.0 (Windows NT 10.0; Win64; x64) AppleWebKit/537.36 (KHTML, like Gecko) Chrome/149.0.0.0 Safari/537.36"
176.124.238.95 - - [12/Aug/2026:02:54:34 -0400] "GET /wp-content/uploads/elementor/css/post-5.css?ver=1734010644 HTTP/1.1" 200 1230 "https://casavalle.vsptdigital.cl/2026/07/26/jakie-kasyno-oferuje-najlepszy-bonus-za-rejestracje-w-2026-roku/" "Mozilla/5.0 (Windows NT 10.0; Win64; x64) AppleWebKit/537.36 (KHTML, like Gecko) Chrome/149.0.0.0 Safari/537.36"
176.124.238.95 - - [12/Aug/2026:02:54:34 -0400] "GET /wp-content/plugins/elementor/assets/lib/eicons/css/elementor-icons.min.css?ver=5.34.0 HTTP/1.1" 200 20060 "https://casavalle.vsptdigital.cl/2026/07/26/jakie-kasyno-oferuje-najlepszy-bonus-za-rejestracje-w-2026-roku/" "Mozilla/5.0 (Windows NT 10.0; Win64; x64) AppleWebKit/537.36 (KHTML, like Gecko) Chrome/149.0.0.0 Safari/537.36"
154.195.177.200 - - [12/Aug/2026:02:54:34 -0400] "GET /2026/07/07/tragamonedas-gratis-modernas-espana/ HTTP/1.1" 200 46919 "https://casavalle.vsptdigital.cl/" "Mozilla/5.0 (Windows NT 10.0; Win64; x64) AppleWebKit/537.36 (KHTML, like Gecko) Chrome/147.0.0.0 Safari/537.36"
176.124.238.95 - - [12/Aug/2026:02:54:35 -0400] "GET /wp-content/plugins/elementor/assets/lib/swiper/v8/css/swiper.min.css?ver=8.4.5 HTTP/1.1" 200 16471 "https://casavalle.vsptdigital.cl/2026/07/26/jakie-kasyno-oferuje-najlepszy-bonus-za-rejestracje-w-2026-roku/" "Mozilla/5.0 (Windows NT 10.0; Win64; x64) AppleWebKit/537.36 (KHTML, like Gecko) Chrome/149.0.0.0 Safari/537.36"
176.124.238.95 - - [12/Aug/2026:02:54:36 -0400] "GET /wp-content/plugins/elementor/assets/css/conditionals/e-swiper.min.css?ver=3.25.11 HTTP/1.1" 200 10260 "https://casavalle.vsptdigital.cl/2026/07/26/jakie-kasyno-oferuje-najlepszy-bonus-za-rejestracje-w-2026-roku/" "Mozilla/5.0 (Windows NT 10.0; Win64; x64) AppleWebKit/537.36 (KHTML, like Gecko) Chrome/149.0.0.0 Safari/537.36"
176.124.238.95 - - [12/Aug/2026:02:54:36 -0400] "GET /wp-content/plugins/elementor-pro/assets/css/frontend.min.css?ver=3.7.1 HTTP/1.1" 200 480945 "https://casavalle.vsptdigital.cl/2026/07/26/jakie-kasyno-oferuje-najlepszy-bonus-za-rejestracje-w-2026-roku/" "Mozilla/5.0 (Windows NT 10.0; Win64; x64) AppleWebKit/537.36 (KHTML, like Gecko) Chrome/149.0.0.0 Safari/537.36"
154.195.177.200 - - [12/Aug/2026:02:54:41 -0400] "GET /wp-login.php?action=register HTTP/1.1" 404 40829 "https://casavalle.vsptdigital.cl/2026/07/07/tragamonedas-gratis-modernas-espana/" "Mozilla/5.0 (Windows NT 6.3; Win64; x64) AppleWebKit/537.36 (KHTML, like Gecko) Chrome/103.0.0.0 Safari/537.36"
74.7.227.147 - - [12/Aug/2026:02:53:56 -0400] "GET /2026/01/30/m%C3%A1quinas-de-juego-tipo-a/ HTTP/1.1" 200 47066 "http://casavalle.vsptdigital.cl" "Mozilla/5.0 AppleWebKit/537.36 (KHTML, like Gecko; compatible; GPTBot/1.4; +https://openai.com/gptbot)"
176.124.238.95 - - [12/Aug/2026:02:54:41 -0400] "GET /wp-content/uploads/elementor/css/post-35.css?ver=1734010644 HTTP/1.1" 200 5018 "https://casavalle.vsptdigital.cl/2026/07/26/jakie-kasyno-oferuje-najlepszy-bonus-za-rejestracje-w-2026-roku/" "Mozilla/5.0 (Windows NT 10.0; Win64; x64) AppleWebKit/537.36 (KHTML, like Gecko) Chrome/149.0.0.0 Safari/537.36"
176.124.238.95 - - [12/Aug/2026:02:54:42 -0400] "GET /wp-content/uploads/pum/pum-site-styles.css?generated=1734010667&ver=1.20.3 HTTP/1.1" 200 17449 "https://casavalle.vsptdigital.cl/2026/07/26/jakie-kasyno-oferuje-najlepszy-bonus-za-rejestracje-w-2026-roku/" "Mozilla/5.0 (Windows NT 10.0; Win64; x64) AppleWebKit/537.36 (KHTML, like Gecko) Chrome/149.0.0.0 Safari/537.36"
154.195.177.200 - - [12/Aug/2026:02:54:42 -0400] "GET /wp-login.php?action=register HTTP/1.1" 404 40829 "https://casavalle.vsptdigital.cl/wp-login.php?action=register" "Mozilla/5.0 (Windows NT 6.3; Win64; x64) AppleWebKit/537.36 (KHTML, like Gecko) Chrome/103.0.0.0 Safari/537.36"
176.124.238.95 - - [12/Aug/2026:02:54:43 -0400] "GET /wp-content/plugins/elementor/assets/css/widget-image.min.css?ver=3.25.11 HTTP/1.1" 200 254 "https://casavalle.vsptdigital.cl/2026/07/26/jakie-kasyno-oferuje-najlepszy-bonus-za-rejestracje-w-2026-roku/" "Mozilla/5.0 (Windows NT 10.0; Win64; x64) AppleWebKit/537.36 (KHTML, like Gecko) Chrome/149.0.0.0 Safari/537.36"
176.124.238.95 - - [12/Aug/2026:02:54:43 -0400] "GET /wp-content/plugins/elementor/assets/lib/animations/styles/fadeInRight.min.css?ver=3.25.11 HTTP/1.1" 200 139 "https://casavalle.vsptdigital.cl/2026/07/26/jakie-kasyno-oferuje-najlepszy-bonus-za-rejestracje-w-2026-roku/" "Mozilla/5.0 (Windows NT 10.0; Win64; x64) AppleWebKit/537.36 (KHTML, like Gecko) Chrome/149.0.0.0 Safari/537.36"
154.195.177.200 - - [12/Aug/2026:02:54:43 -0400] "GET /wp-content/plugins/contact-form-7/includes/css/styles.css?ver=6.0.1 HTTP/1.1" 200 2894 "https://casavalle.vsptdigital.cl/wp-login.php?action=register" "Mozilla/5.0 (Windows NT 10.0; Win64; x64) AppleWebKit/537.36 (KHTML, like Gecko) Chrome/149.0.0.0 Safari/537.36"
176.124.238.95 - - [12/Aug/2026:02:54:44 -0400] "GET /wp-content/plugins/elementor/assets/css/widget-heading.min.css?ver=3.25.11 HTTP/1.1" 200 600 "https://casavalle.vsptdigital.cl/2026/07/26/jakie-kasyno-oferuje-najlepszy-bonus-za-rejestracje-w-2026-roku/" "Mozilla/5.0 (Windows NT 10.0; Win64; x64) AppleWebKit/537.36 (KHTML, like Gecko) Chrome/149.0.0.0 Safari/537.36"
154.195.177.200 - - [12/Aug/2026:02:54:44 -0400] "GET /wp-content/themes/hello-elementor/style.min.css?ver=3.1.1 HTTP/1.1" 200 5501 "https://casavalle.vsptdigital.cl/wp-login.php?action=register" "Mozilla/5.0 (Windows NT 10.0; Win64; x64) AppleWebKit/537.36 (KHTML, like Gecko) Chrome/149.0.0.0 Safari/537.36"
154.195.177.200 - - [12/Aug/2026:02:54:45 -0400] "GET /wp-content/themes/hello-elementor/theme.min.css?ver=3.1.1 HTTP/1.1" 200 5146 "https://casavalle.vsptdigital.cl/wp-login.php?action=register" "Mozilla/5.0 (Windows NT 10.0; Win64; x64) AppleWebKit/537.36 (KHTML, like Gecko) Chrome/149.0.0.0 Safari/537.36"
176.124.238.95 - - [12/Aug/2026:02:54:45 -0400] "GET /2026/07/26/jakie-kasyno-oferuje-najlepszy-bonus-za-rejestracje-w-2026-roku/ HTTP/1.1" 200 46405 "https://casavalle.vsptdigital.cl/2026/07/26/jakie-kasyno-oferuje-najlepszy-bonus-za-rejestracje-w-2026-roku/" "Mozilla/5.0 (Macintosh; Intel Mac OS X 10_15_7) AppleWebKit/537.36 (KHTML, like Gecko) obsidian/1.8.9 Chrome/132.0.6834.210 Electron/34.3.0 Safari/537.36"
154.195.177.200 - - [12/Aug/2026:02:54:45 -0400] "GET /wp-content/themes/hello-elementor/header-footer.min.css?ver=3.1.1 HTTP/1.1" 200 7212 "https://casavalle.vsptdigital.cl/wp-login.php?action=register" "Mozilla/5.0 (Windows NT 10.0; Win64; x64) AppleWebKit/537.36 (KHTML, like Gecko) Chrome/149.0.0.0 Safari/537.36"
154.195.177.200 - - [12/Aug/2026:02:54:46 -0400] "GET /wp-content/plugins/elementor/assets/css/frontend.min.css?ver=3.25.11 HTTP/1.1" 200 60575 "https://casavalle.vsptdigital.cl/wp-login.php?action=register" "Mozilla/5.0 (Windows NT 10.0; Win64; x64) AppleWebKit/537.36 (KHTML, like Gecko) Chrome/149.0.0.0 Safari/537.36"
154.195.177.200 - - [12/Aug/2026:02:54:47 -0400] "GET /wp-content/uploads/elementor/css/post-5.css?ver=1734010644 HTTP/1.1" 200 1230 "https://casavalle.vsptdigital.cl/wp-login.php?action=register" "Mozilla/5.0 (Windows NT 10.0; Win64; x64) AppleWebKit/537.36 (KHTML, like Gecko) Chrome/149.0.0.0 Safari/537.36"
154.195.177.200 - - [12/Aug/2026:02:54:48 -0400] "GET /wp-content/plugins/elementor/assets/lib/eicons/css/elementor-icons.min.css?ver=5.34.0 HTTP/1.1" 200 20060 "https://casavalle.vsptdigital.cl/wp-login.php?action=register" "Mozilla/5.0 (Windows NT 10.0; Win64; x64) AppleWebKit/537.36 (KHTML, like Gecko) Chrome/149.0.0.0 Safari/537.36"
154.195.177.200 - - [12/Aug/2026:02:54:49 -0400] "GET /wp-content/plugins/elementor/assets/lib/swiper/v8/css/swiper.min.css?ver=8.4.5 HTTP/1.1" 200 16471 "https://casavalle.vsptdigital.cl/wp-login.php?action=register" "Mozilla/5.0 (Windows NT 10.0; Win64; x64) AppleWebKit/537.36 (KHTML, like Gecko) Chrome/149.0.0.0 Safari/537.36"
154.195.177.200 - - [12/Aug/2026:02:54:50 -0400] "GET /wp-content/plugins/elementor/assets/css/conditionals/e-swiper.min.css?ver=3.25.11 HTTP/1.1" 200 10260 "https://casavalle.vsptdigital.cl/wp-login.php?action=register" "Mozilla/5.0 (Windows NT 10.0; Win64; x64) AppleWebKit/537.36 (KHTML, like Gecko) Chrome/149.0.0.0 Safari/537.36"
154.195.177.200 - - [12/Aug/2026:02:54:51 -0400] "GET /wp-content/plugins/elementor-pro/assets/css/frontend.min.css?ver=3.7.1 HTTP/1.1" 200 480945 "https://casavalle.vsptdigital.cl/wp-login.php?action=register" "Mozilla/5.0 (Windows NT 10.0; Win64; x64) AppleWebKit/537.36 (KHTML, like Gecko) Chrome/149.0.0.0 Safari/537.36"
154.195.177.200 - - [12/Aug/2026:02:54:55 -0400] "GET /wp-content/uploads/elementor/css/post-35.css?ver=1734010644 HTTP/1.1" 200 5018 "https://casavalle.vsptdigital.cl/wp-login.php?action=register" "Mozilla/5.0 (Windows NT 10.0; Win64; x64) AppleWebKit/537.36 (KHTML, like Gecko) Chrome/149.0.0.0 Safari/537.36"
154.195.177.200 - - [12/Aug/2026:02:54:56 -0400] "GET /wp-content/uploads/pum/pum-site-styles.css?generated=1734010667&ver=1.20.3 HTTP/1.1" 200 17449 "https://casavalle.vsptdigital.cl/wp-login.php?action=register" "Mozilla/5.0 (Windows NT 10.0; Win64; x64) AppleWebKit/537.36 (KHTML, like Gecko) Chrome/149.0.0.0 Safari/537.36"
154.195.177.200 - - [12/Aug/2026:02:54:56 -0400] "GET /wp-content/plugins/elementor/assets/css/widget-image.min.css?ver=3.25.11 HTTP/1.1" 200 254 "https://casavalle.vsptdigital.cl/wp-login.php?action=register" "Mozilla/5.0 (Windows NT 10.0; Win64; x64) AppleWebKit/537.36 (KHTML, like Gecko) Chrome/149.0.0.0 Safari/537.36"
154.195.177.200 - - [12/Aug/2026:02:54:57 -0400] "GET /wp-content/plugins/elementor/assets/lib/animations/styles/fadeInRight.min.css?ver=3.25.11 HTTP/1.1" 200 139 "https://casavalle.vsptdigital.cl/wp-login.php?action=register" "Mozilla/5.0 (Windows NT 10.0; Win64; x64) AppleWebKit/537.36 (KHTML, like Gecko) Chrome/149.0.0.0 Safari/537.36"
154.195.177.200 - - [12/Aug/2026:02:54:58 -0400] "GET /wp-content/plugins/elementor/assets/css/widget-heading.min.css?ver=3.25.11 HTTP/1.1" 200 600 "https://casavalle.vsptdigital.cl/wp-login.php?action=register" "Mozilla/5.0 (Windows NT 10.0; Win64; x64) AppleWebKit/537.36 (KHTML, like Gecko) Chrome/149.0.0.0 Safari/537.36"
185.191.171.10 - - [12/Aug/2026:02:54:22 -0400] "GET /2026/01/30/como-jugar-en-el-casino-virtual/ HTTP/1.1" 200 47754 "-" "Mozilla/5.0 (compatible; SemrushBot/7~bl; +http://www.semrush.com/bot.html)"
74.7.227.147 - - [12/Aug/2026:02:55:00 -0400] "GET /2026/07/15/casino-monticello-juegos-para-ni%C3%B1os/ HTTP/1.1" 200 47068 "https://casavalle.vsptdigital.cl/?feed=xmlsitemap1711" "Mozilla/5.0 AppleWebKit/537.36 (KHTML, like Gecko; compatible; GPTBot/1.4; +https://openai.com/gptbot)"
185.191.171.2 - - [12/Aug/2026:02:55:04 -0400] "GET /2026/07/15/casinos-en-linea-con-bono-sin-deposito/ HTTP/1.1" 200 46702 "-" "Mozilla/5.0 (compatible; SemrushBot/7~bl; +http://www.semrush.com/bot.html)"
85.208.96.208 - - [12/Aug/2026:02:55:51 -0400] "GET /2026/01/30/casino-santander-por-dentro/ HTTP/1.1" 200 46792 "-" "Mozilla/5.0 (compatible; SemrushBot/7~bl; +http://www.semrush.com/bot.html)"
74.7.227.147 - - [12/Aug/2026:02:56:05 -0400] "GET /2026/01/30/tragamonedas-con-criptomonedas-en-m%C3%A9xico/ HTTP/1.1" 200 46510 "http://casavalle.vsptdigital.cl" "Mozilla/5.0 AppleWebKit/537.36 (KHTML, like Gecko; compatible; GPTBot/1.4; +https://openai.com/gptbot)"
196.198.13.194 - - [12/Aug/2026:02:57:08 -0400] "GET /2026/06/25/spielautomaten-online-mit-bitcoin-bezahlen-2026/ HTTP/1.1" 200 46192 "https://casavalle.vsptdigital.cl/" "Mozilla/5.0 (Macintosh; Intel Mac OS X 12_5) AppleWebKit/537.36 (KHTML, like Gecko) Chrome/114.0.0.0 YaBrowser/22.7.0 Yowser/2.5 Safari/537.36"
85.208.96.197 - - [12/Aug/2026:02:56:33 -0400] "GET /2026/01/30/todoslots-5-euros-gratis/ HTTP/1.1" 200 47131 "-" "Mozilla/5.0 (compatible; SemrushBot/7~bl; +http://www.semrush.com/bot.html)"
23.108.4.193 - - [12/Aug/2026:02:57:47 -0400] "GET /2026/05/14/wie-spielt-man-im-jahr-2026-in-den-spielbanken-um-echtgeld/ HTTP/1.1" 200 46081 "https://casavalle.vsptdigital.cl/" "Mozilla/5.0 (Windows NT 10.0; Win64; x64) AppleWebKit/537.36 (KHTML, like Gecko) Chrome/117.0.5938.132 Safari/537.36"
23.108.4.193 - - [12/Aug/2026:02:57:52 -0400] "GET /2026/05/14/wie-spielt-man-im-jahr-2026-in-den-spielbanken-um-echtgeld/ HTTP/1.1" 200 46081 "https://casavalle.vsptdigital.cl/2026/05/14/wie-spielt-man-im-jahr-2026-in-den-spielbanken-um-echtgeld/" "Mozilla/5.0 (Windows NT 10.0; Win64; x64) AppleWebKit/537.36 (KHTML, like Gecko) Chrome/117.0.5938.132 Safari/537.36"
74.7.227.147 - - [12/Aug/2026:02:57:08 -0400] "GET /2026/01/30/m%C3%A1quinas-para-casinos-colombia/ HTTP/1.1" 200 46157 "http://casavalle.vsptdigital.cl" "Mozilla/5.0 AppleWebKit/537.36 (KHTML, like Gecko; compatible; GPTBot/1.4; +https://openai.com/gptbot)"
85.208.96.194 - - [12/Aug/2026:02:57:15 -0400] "GET /2026/01/30/juegos-de-casino-online-gratis-sin-descargar-ni-registrarse/ HTTP/1.1" 200 46189 "-" "Mozilla/5.0 (compatible; SemrushBot/7~bl; +http://www.semrush.com/bot.html)"
108.167.161.148 - - [12/Aug/2026:02:57:56 -0400] "GET /wp-login.php HTTP/1.1" 302 - "-" "Mozilla/5.0 (X11; Linux i686) AppleWebKit/537.36 (KHTML, like Gecko) Chrome/147.0.0.0 Safari/537.36"
196.198.13.194 - - [12/Aug/2026:02:57:11 -0400] "GET /2026/06/25/spielautomaten-online-mit-bitcoin-bezahlen-2026/ HTTP/1.1" 200 46192 "https://casavalle.vsptdigital.cl/2026/06/25/spielautomaten-online-mit-bitcoin-bezahlen-2026/" "Mozilla/5.0 (Macintosh; Intel Mac OS X 12_5) AppleWebKit/537.36 (KHTML, like Gecko) Chrome/114.0.0.0 YaBrowser/22.7.0 Yowser/2.5 Safari/537.36"
108.167.161.148 - - [12/Aug/2026:02:57:56 -0400] "GET /wp-login.php HTTP/1.1" 302 - "https://casavalle.vsptdigital.cl/wp-login.php" "Mozilla/5.0 (X11; Linux i686) AppleWebKit/537.36 (KHTML, like Gecko) Chrome/147.0.0.0 Safari/537.36"
108.167.161.148 - - [12/Aug/2026:02:57:57 -0400] "GET /wp-login.php HTTP/1.1" 302 - "https://casavalle.vsptdigital.cl/wp-login.php" "Mozilla/5.0 (X11; Linux i686) AppleWebKit/537.36 (KHTML, like Gecko) Chrome/147.0.0.0 Safari/537.36"
108.167.161.148 - - [12/Aug/2026:02:57:57 -0400] "GET /wp-login.php HTTP/1.1" 302 - "https://casavalle.vsptdigital.cl/wp-login.php" "Mozilla/5.0 (X11; Linux i686) AppleWebKit/537.36 (KHTML, like Gecko) Chrome/147.0.0.0 Safari/537.36"
108.167.161.148 - - [12/Aug/2026:02:57:58 -0400] "GET /wp-login.php HTTP/1.1" 302 - "https://casavalle.vsptdigital.cl/wp-login.php" "Mozilla/5.0 (X11; Linux i686) AppleWebKit/537.36 (KHTML, like Gecko) Chrome/147.0.0.0 Safari/537.36"
108.167.161.148 - - [12/Aug/2026:02:57:58 -0400] "GET /wp-login.php HTTP/1.1" 302 - "https://casavalle.vsptdigital.cl/wp-login.php" "Mozilla/5.0 (X11; Linux i686) AppleWebKit/537.36 (KHTML, like Gecko) Chrome/147.0.0.0 Safari/537.36"
108.167.161.148 - - [12/Aug/2026:02:57:59 -0400] "GET /wp-login.php HTTP/1.1" 302 - "https://casavalle.vsptdigital.cl/wp-login.php" "Mozilla/5.0 (X11; Linux i686) AppleWebKit/537.36 (KHTML, like Gecko) Chrome/147.0.0.0 Safari/537.36"
108.167.161.148 - - [12/Aug/2026:02:57:59 -0400] "GET /wp-login.php HTTP/1.1" 302 - "https://casavalle.vsptdigital.cl/wp-login.php" "Mozilla/5.0 (X11; Linux i686) AppleWebKit/537.36 (KHTML, like Gecko) Chrome/147.0.0.0 Safari/537.36"
108.167.161.148 - - [12/Aug/2026:02:58:00 -0400] "GET /wp-login.php HTTP/1.1" 302 - "https://casavalle.vsptdigital.cl/wp-login.php" "Mozilla/5.0 (X11; Linux i686) AppleWebKit/537.36 (KHTML, like Gecko) Chrome/147.0.0.0 Safari/537.36"
108.167.161.148 - - [12/Aug/2026:02:58:00 -0400] "GET /wp-login.php HTTP/1.1" 302 - "https://casavalle.vsptdigital.cl/wp-login.php" "Mozilla/5.0 (X11; Linux i686) AppleWebKit/537.36 (KHTML, like Gecko) Chrome/147.0.0.0 Safari/537.36"
108.167.161.148 - - [12/Aug/2026:02:58:01 -0400] "GET /wp-json/wp/v2/users/me HTTP/1.1" 401 88 "-" "Mozilla/5.0 (X11; Linux i686) AppleWebKit/537.36 (KHTML, like Gecko) Chrome/147.0.0.0 Safari/537.36"
185.191.171.11 - - [12/Aug/2026:02:57:57 -0400] "GET /2026/01/30/ruleta-casino-malaga/ HTTP/1.1" 200 46933 "-" "Mozilla/5.0 (compatible; SemrushBot/7~bl; +http://www.semrush.com/bot.html)"
162.128.133.10 - - [12/Aug/2026:02:58:49 -0400] "GET /2026/05/14/wie-spielt-man-im-jahr-2026-in-den-spielbanken-um-echtgeld/ HTTP/1.1" 200 46081 "https://casavalle.vsptdigital.cl/" "Mozilla/5.0 (Windows NT 10.0; Win64; x64) AppleWebKit/537.36 (KHTML, like Gecko) Chrome/134.0.0.0 YaBrowser/25.4.0.0 Safari/537.36"
162.128.133.10 - - [12/Aug/2026:02:58:53 -0400] "GET /2026/05/14/wie-spielt-man-im-jahr-2026-in-den-spielbanken-um-echtgeld/ HTTP/1.1" 200 46081 "https://casavalle.vsptdigital.cl/2026/05/14/wie-spielt-man-im-jahr-2026-in-den-spielbanken-um-echtgeld/" "Mozilla/5.0 (Windows NT 10.0; Win64; x64) AppleWebKit/537.36 (KHTML, like Gecko) Chrome/134.0.0.0 YaBrowser/25.4.0.0 Safari/537.36"
74.7.227.147 - - [12/Aug/2026:02:58:10 -0400] "GET /2026/01/30/m%C3%A1quinas-de-casinos/ HTTP/1.1" 200 46947 "http://casavalle.vsptdigital.cl" "Mozilla/5.0 AppleWebKit/537.36 (KHTML, like Gecko; compatible; GPTBot/1.4; +https://openai.com/gptbot)"
162.144.21.160 - - [12/Aug/2026:02:58:56 -0400] "GET /wp-login.php HTTP/1.1" 302 - "-" "Mozilla/5.0 (Windows NT 10.0; Win64; x64) AppleWebKit/537.36 (KHTML, like Gecko) Chrome/133.0.0.0 Safari/537.36"
162.144.21.160 - - [12/Aug/2026:02:58:57 -0400] "GET /wp-login.php HTTP/1.1" 302 - "https://casavalle.vsptdigital.cl/wp-login.php" "Mozilla/5.0 (Windows NT 10.0; Win64; x64) AppleWebKit/537.36 (KHTML, like Gecko) Chrome/133.0.0.0 Safari/537.36"
162.144.21.160 - - [12/Aug/2026:02:58:58 -0400] "GET /wp-login.php HTTP/1.1" 302 - "https://casavalle.vsptdigital.cl/wp-login.php" "Mozilla/5.0 (Windows NT 10.0; Win64; x64) AppleWebKit/537.36 (KHTML, like Gecko) Chrome/133.0.0.0 Safari/537.36"
162.144.21.160 - - [12/Aug/2026:02:58:58 -0400] "GET /wp-login.php HTTP/1.1" 302 - "https://casavalle.vsptdigital.cl/wp-login.php" "Mozilla/5.0 (Windows NT 10.0; Win64; x64) AppleWebKit/537.36 (KHTML, like Gecko) Chrome/133.0.0.0 Safari/537.36"
162.144.21.160 - - [12/Aug/2026:02:58:58 -0400] "GET /wp-login.php HTTP/1.1" 302 - "https://casavalle.vsptdigital.cl/wp-login.php" "Mozilla/5.0 (Windows NT 10.0; Win64; x64) AppleWebKit/537.36 (KHTML, like Gecko) Chrome/133.0.0.0 Safari/537.36"
162.144.21.160 - - [12/Aug/2026:02:58:59 -0400] "GET /wp-login.php HTTP/1.1" 302 - "https://casavalle.vsptdigital.cl/wp-login.php" "Mozilla/5.0 (Windows NT 10.0; Win64; x64) AppleWebKit/537.36 (KHTML, like Gecko) Chrome/133.0.0.0 Safari/537.36"
162.144.21.160 - - [12/Aug/2026:02:58:59 -0400] "GET /wp-login.php HTTP/1.1" 302 - "https://casavalle.vsptdigital.cl/wp-login.php" "Mozilla/5.0 (Windows NT 10.0; Win64; x64) AppleWebKit/537.36 (KHTML, like Gecko) Chrome/133.0.0.0 Safari/537.36"
162.144.21.160 - - [12/Aug/2026:02:59:00 -0400] "GET /wp-login.php HTTP/1.1" 302 - "https://casavalle.vsptdigital.cl/wp-login.php" "Mozilla/5.0 (Windows NT 10.0; Win64; x64) AppleWebKit/537.36 (KHTML, like Gecko) Chrome/133.0.0.0 Safari/537.36"
162.144.21.160 - - [12/Aug/2026:02:59:00 -0400] "GET /wp-login.php HTTP/1.1" 302 - "https://casavalle.vsptdigital.cl/wp-login.php" "Mozilla/5.0 (Windows NT 10.0; Win64; x64) AppleWebKit/537.36 (KHTML, like Gecko) Chrome/133.0.0.0 Safari/537.36"
162.144.21.160 - - [12/Aug/2026:02:59:01 -0400] "GET /wp-login.php HTTP/1.1" 302 - "https://casavalle.vsptdigital.cl/wp-login.php" "Mozilla/5.0 (Windows NT 10.0; Win64; x64) AppleWebKit/537.36 (KHTML, like Gecko) Chrome/133.0.0.0 Safari/537.36"
162.144.21.160 - - [12/Aug/2026:02:59:01 -0400] "GET /wp-json/wp/v2/users/me HTTP/1.1" 401 88 "-" "Mozilla/5.0 (Windows NT 10.0; Win64; x64) AppleWebKit/537.36 (KHTML, like Gecko) Chrome/133.0.0.0 Safari/537.36"
185.191.171.19 - - [12/Aug/2026:02:58:39 -0400] "GET /2026/07/15/cual-es-el-mejor-juego-de-casino-en-betplay/ HTTP/1.1" 200 46635 "-" "Mozilla/5.0 (compatible; SemrushBot/7~bl; +http://www.semrush.com/bot.html)"
156.146.51.70 - - [12/Aug/2026:02:59:54 -0400] "GET /2026/07/04/cual-es-el-mejor-casino-en-linea-de-espana/ HTTP/1.1" 200 46528 "https://casavalle.vsptdigital.cl/" "Mozilla/5.0 (Macintosh; Intel Mac OS X 10_15_7) AppleWebKit/605.1.15 (KHTML, like Gecko) Version/18.2 Safari/605.1.15"
156.146.51.70 - - [12/Aug/2026:02:59:56 -0400] "GET /2026/07/04/cual-es-el-mejor-casino-en-linea-de-espana/ HTTP/1.1" 200 46528 "https://casavalle.vsptdigital.cl/2026/07/04/cual-es-el-mejor-casino-en-linea-de-espana/" "Mozilla/5.0 (Macintosh; Intel Mac OS X 10_15_7) AppleWebKit/605.1.15 (KHTML, like Gecko) Version/18.2 Safari/605.1.15"
74.7.227.147 - - [12/Aug/2026:02:59:13 -0400] "GET /2026/01/30/juego-de-ruleta-del-casino/ HTTP/1.1" 200 46375 "http://casavalle.vsptdigital.cl" "Mozilla/5.0 AppleWebKit/537.36 (KHTML, like Gecko; compatible; GPTBot/1.4; +https://openai.com/gptbot)"
185.191.171.15 - - [12/Aug/2026:02:59:21 -0400] "GET /2026/07/15/lista-de-los-mejores-casinos-de-cripto/ HTTP/1.1" 200 47018 "-" "Mozilla/5.0 (compatible; SemrushBot/7~bl; +http://www.semrush.com/bot.html)"
146.148.98.188 - - [12/Aug/2026:03:00:16 -0400] "GET /wp-json/oembed/1.0/embed?url=https://casavalle.vsptdigital.cl/2026/07/15/juegos-de-maquina-tragaperras-en-linea-para-jugar-ahora/ HTTP/1.1" 200 2439 "-" "Mozilla/5.0 (Macintosh; Intel Mac OS X 10_15_7) AppleWebKit/537.36 (KHTML, like Gecko) Chrome/120.0.0.0 Safari/537.36"
138.68.158.60 - - [12/Aug/2026:03:00:18 -0400] "GET /wp-login.php HTTP/1.1" 301 - "-" "Mozilla/5.0 (Windows NT 10.0; Win64; x64) AppleWebKit/537.36 (KHTML, like Gecko) Chrome/133.0.0.0 Safari/537.36"
138.68.158.60 - - [12/Aug/2026:03:00:26 -0400] "GET /wp-json/wp/v2/users/me HTTP/1.1" 401 88 "-" "Mozilla/5.0 (Windows NT 10.0; Win64; x64) AppleWebKit/537.36 (KHTML, like Gecko) Chrome/133.0.0.0 Safari/537.36"
85.208.96.211 - - [12/Aug/2026:03:00:03 -0400] "GET /2026/01/30/como-se-juega-al-21-blackjack/ HTTP/1.1" 200 47778 "-" "Mozilla/5.0 (compatible; SemrushBot/7~bl; +http://www.semrush.com/bot.html)"
74.7.227.147 - - [12/Aug/2026:03:00:15 -0400] "GET /2026/01/30/palma-de-mallorca-casino-bono-sin-dep%C3%B3sito-50-giros-gratis-2026/ HTTP/1.1" 200 47579 "http://casavalle.vsptdigital.cl" "Mozilla/5.0 AppleWebKit/537.36 (KHTML, like Gecko; compatible; GPTBot/1.4; +https://openai.com/gptbot)"
138.68.158.60 - - [12/Aug/2026:03:00:19 -0400] "GET /wp-login.php HTTP/1.1" 302 - "https://www.casavalle.vsptdigital.cl/wp-login.php" "Mozilla/5.0 (Windows NT 10.0; Win64; x64) AppleWebKit/537.36 (KHTML, like Gecko) Chrome/133.0.0.0 Safari/537.36"
185.191.171.10 - - [12/Aug/2026:03:00:45 -0400] "GET /2026/01/30/como-ganar-en-la-ruleta-espa%C3%B1ola/ HTTP/1.1" 200 46855 "-" "Mozilla/5.0 (compatible; SemrushBot/7~bl; +http://www.semrush.com/bot.html)"
74.7.227.147 - - [12/Aug/2026:03:01:20 -0400] "GET /2026/01/30/la-perla-casino-bono-sin-dep%C3%B3sito-50-giros-gratis-2026/ HTTP/1.1" 200 46664 "http://casavalle.vsptdigital.cl" "Mozilla/5.0 AppleWebKit/537.36 (KHTML, like Gecko; compatible; GPTBot/1.4; +https://openai.com/gptbot)"
85.208.96.203 - - [12/Aug/2026:03:01:36 -0400] "GET /2026/01/30/cuantos-casinos-hay-en-ciudad-de-mexico/ HTTP/1.1" 200 46137 "-" "Mozilla/5.0 (compatible; SemrushBot/7~bl; +http://www.semrush.com/bot.html)"
85.208.96.200 - - [12/Aug/2026:03:02:18 -0400] "GET /2026/01/30/paysafacard-casino-codigo-promocional-y-bonus-code/ HTTP/1.1" 200 47125 "-" "Mozilla/5.0 (compatible; SemrushBot/7~bl; +http://www.semrush.com/bot.html)"
74.7.227.147 - - [12/Aug/2026:03:02:25 -0400] "GET /2026/01/30/maquinas-tragamonedas-peque%C3%B1as/ HTTP/1.1" 200 46514 "http://casavalle.vsptdigital.cl" "Mozilla/5.0 AppleWebKit/537.36 (KHTML, like Gecko; compatible; GPTBot/1.4; +https://openai.com/gptbot)"
74.7.227.147 - - [12/Aug/2026:03:03:27 -0400] "GET /2026/01/30/casino-gratis-88-fortunes-slots-m%C3%A1quinas-tragamonedas-gratis-descargar/ HTTP/1.1" 200 46958 "http://casavalle.vsptdigital.cl" "Mozilla/5.0 AppleWebKit/537.36 (KHTML, like Gecko; compatible; GPTBot/1.4; +https://openai.com/gptbot)"
50.6.160.62 - - [12/Aug/2026:03:03:29 -0400] "GET /wp-login.php HTTP/1.1" 301 - "-" "Mozilla/5.0 (Windows NT 10.0; Win64; x64) AppleWebKit/537.36 (KHTML, like Gecko) Chrome/133.0.0.0 Safari/537.36"
185.191.171.15 - - [12/Aug/2026:03:03:01 -0400] "GET /2026/01/30/jackpot-como-funciona/ HTTP/1.1" 200 46451 "-" "Mozilla/5.0 (compatible; SemrushBot/7~bl; +http://www.semrush.com/bot.html)"
165.99.14.148 - - [12/Aug/2026:03:04:12 -0400] "GET /2026/06/25/deutschs-mobiles-casino-2026/ HTTP/1.1" 200 46037 "https://casavalle.vsptdigital.cl/" "Mozilla/5.0 (Windows NT 10.0; Win64; x64) AppleWebKit/537.36 (KHTML, like Gecko) Chrome/134.0.0.0 YaBrowser/25.4.0.0 Safari/537.36"
165.99.14.148 - - [12/Aug/2026:03:04:15 -0400] "GET /2026/06/25/deutschs-mobiles-casino-2026/ HTTP/1.1" 200 46037 "https://casavalle.vsptdigital.cl/2026/06/25/deutschs-mobiles-casino-2026/" "Mozilla/5.0 (Windows NT 10.0; Win64; x64) AppleWebKit/537.36 (KHTML, like Gecko) Chrome/134.0.0.0 YaBrowser/25.4.0.0 Safari/537.36"
185.191.171.7 - - [12/Aug/2026:03:03:43 -0400] "GET /2026/01/30/casinos-en-san-bernardo/ HTTP/1.1" 200 46806 "-" "Mozilla/5.0 (compatible; SemrushBot/7~bl; +http://www.semrush.com/bot.html)"
185.191.171.8 - - [12/Aug/2026:03:04:30 -0400] "GET /2026/01/30/tragaperras-online-zodiac-infinity-reels/ HTTP/1.1" 200 47308 "-" "Mozilla/5.0 (compatible; SemrushBot/7~bl; +http://www.semrush.com/bot.html)"
74.7.227.147 - - [12/Aug/2026:03:04:28 -0400] "GET /2026/01/30/casinos-en-arapey/ HTTP/1.1" 200 46625 "http://casavalle.vsptdigital.cl" "Mozilla/5.0 AppleWebKit/537.36 (KHTML, like Gecko; compatible; GPTBot/1.4; +https://openai.com/gptbot)"
85.208.96.195 - - [12/Aug/2026:03:05:12 -0400] "GET /2026/07/15/juega-gratis-a-grease-en-modo-demo/ HTTP/1.1" 200 47329 "-" "Mozilla/5.0 (compatible; SemrushBot/7~bl; +http://www.semrush.com/bot.html)"
74.7.227.147 - - [12/Aug/2026:03:05:25 -0400] "GET /2026/01/30/casino-en-ushuaia/ HTTP/1.1" 200 46696 "http://casavalle.vsptdigital.cl" "Mozilla/5.0 AppleWebKit/537.36 (KHTML, like Gecko; compatible; GPTBot/1.4; +https://openai.com/gptbot)"
185.191.171.12 - - [12/Aug/2026:03:05:59 -0400] "GET /2026/07/15/casino-enjoy-antofagasta-hoy/ HTTP/1.1" 200 46909 "-" "Mozilla/5.0 (compatible; SemrushBot/7~bl; +http://www.semrush.com/bot.html)"
74.7.227.147 - - [12/Aug/2026:03:06:26 -0400] "GET /2026/01/30/apuesta-en-casino/ HTTP/1.1" 200 46644 "http://casavalle.vsptdigital.cl" "Mozilla/5.0 AppleWebKit/537.36 (KHTML, like Gecko; compatible; GPTBot/1.4; +https://openai.com/gptbot)"
185.191.171.12 - - [12/Aug/2026:03:06:40 -0400] "GET /2026/07/15/juegos-de-dinero-ruleta/ HTTP/1.1" 200 46183 "-" "Mozilla/5.0 (compatible; SemrushBot/7~bl; +http://www.semrush.com/bot.html)"
85.208.96.209 - - [12/Aug/2026:03:07:22 -0400] "GET /2026/01/30/spinbookie-casino-bono-sin-dep%C3%B3sito-50-giros-gratis-2026/ HTTP/1.1" 200 47288 "-" "Mozilla/5.0 (compatible; SemrushBot/7~bl; +http://www.semrush.com/bot.html)"
74.7.227.147 - - [12/Aug/2026:03:07:27 -0400] "GET /2026/07/15/unique-casino-bono-sin-dep%C3%B3sito/ HTTP/1.1" 200 46496 "https://casavalle.vsptdigital.cl/?feed=xmlsitemap1711" "Mozilla/5.0 AppleWebKit/537.36 (KHTML, like Gecko; compatible; GPTBot/1.4; +https://openai.com/gptbot)"
85.208.96.205 - - [12/Aug/2026:03:08:04 -0400] "GET /2026/01/30/juego-zeus-gratis/ HTTP/1.1" 200 47201 "-" "Mozilla/5.0 (compatible; SemrushBot/7~bl; +http://www.semrush.com/bot.html)"
74.7.227.147 - - [12/Aug/2026:03:08:28 -0400] "GET /2026/01/30/tragamonedas-espa%C3%B1olas-online/ HTTP/1.1" 200 47414 "http://casavalle.vsptdigital.cl" "Mozilla/5.0 AppleWebKit/537.36 (KHTML, like Gecko; compatible; GPTBot/1.4; +https://openai.com/gptbot)"
85.208.96.195 - - [12/Aug/2026:03:08:46 -0400] "GET /2026/01/30/betmexico-casino-bono-sin-dep%C3%B3sito-50-giros-gratis-2026/ HTTP/1.1" 200 47879 "-" "Mozilla/5.0 (compatible; SemrushBot/7~bl; +http://www.semrush.com/bot.html)"
185.191.171.19 - - [12/Aug/2026:03:09:27 -0400] "GET /2026/01/30/jugar-ruleta-para-ganar-bitcoins/ HTTP/1.1" 200 46936 "-" "Mozilla/5.0 (compatible; SemrushBot/7~bl; +http://www.semrush.com/bot.html)"
74.7.227.147 - - [12/Aug/2026:03:09:29 -0400] "GET /2026/01/30/que-es-jackpot-en-espa%C3%B1ol/ HTTP/1.1" 200 47536 "http://casavalle.vsptdigital.cl" "Mozilla/5.0 AppleWebKit/537.36 (KHTML, like Gecko; compatible; GPTBot/1.4; +https://openai.com/gptbot)"
74.7.227.147 - - [12/Aug/2026:03:10:32 -0400] "GET /2026/07/15/bacar%C3%A1-en-vivo-con-bitcoin/ HTTP/1.1" 200 47056 "https://casavalle.vsptdigital.cl/?feed=xmlsitemap1711" "Mozilla/5.0 AppleWebKit/537.36 (KHTML, like Gecko; compatible; GPTBot/1.4; +https://openai.com/gptbot)"
185.191.171.9 - - [12/Aug/2026:03:10:09 -0400] "GET /2026/07/15/apuestas-casino-en-argentina/ HTTP/1.1" 200 46888 "-" "Mozilla/5.0 (compatible; SemrushBot/7~bl; +http://www.semrush.com/bot.html)"
185.191.171.15 - - [12/Aug/2026:03:11:04 -0400] "GET /robots.txt HTTP/1.1" 200 148 "-" "Mozilla/5.0 (compatible; SemrushBot/7~bl; +http://www.semrush.com/bot.html)"
185.191.171.9 - - [12/Aug/2026:03:10:50 -0400] "GET /2026/01/30/juegos-de-casino-m%C3%A1quinas-tragamonedas/ HTTP/1.1" 200 47385 "-" "Mozilla/5.0 (compatible; SemrushBot/7~bl; +http://www.semrush.com/bot.html)"
74.7.227.147 - - [12/Aug/2026:03:11:33 -0400] "GET /2026/07/15/ruleta-electr%C3%B3nica-como-ganar/ HTTP/1.1" 200 47298 "https://casavalle.vsptdigital.cl/?feed=xmlsitemap1711" "Mozilla/5.0 AppleWebKit/537.36 (KHTML, like Gecko; compatible; GPTBot/1.4; +https://openai.com/gptbot)"
185.191.171.19 - - [12/Aug/2026:03:11:38 -0400] "GET /2026/01/30/casino-online-ganar-ruleta/ HTTP/1.1" 200 45966 "-" "Mozilla/5.0 (compatible; SemrushBot/7~bl; +http://www.semrush.com/bot.html)"
185.191.171.16 - - [12/Aug/2026:03:12:20 -0400] "GET /2026/01/30/jugar-ala-ruleta-sin-dinero/ HTTP/1.1" 200 46781 "-" "Mozilla/5.0 (compatible; SemrushBot/7~bl; +http://www.semrush.com/bot.html)"
74.7.227.147 - - [12/Aug/2026:03:12:31 -0400] "GET /2026/07/15/casino-online-venus-point-espa%C3%B1a/ HTTP/1.1" 200 47352 "https://casavalle.vsptdigital.cl/?feed=xmlsitemap1711" "Mozilla/5.0 AppleWebKit/537.36 (KHTML, like Gecko; compatible; GPTBot/1.4; +https://openai.com/gptbot)"
185.191.171.12 - - [12/Aug/2026:03:13:07 -0400] "GET /2026/01/30/casinos-en-caracas/ HTTP/1.1" 200 47310 "-" "Mozilla/5.0 (compatible; SemrushBot/7~bl; +http://www.semrush.com/bot.html)"
74.7.227.147 - - [12/Aug/2026:03:13:35 -0400] "GET /2026/01/30/casino-de-almer%C3%ADa/ HTTP/1.1" 200 46483 "http://casavalle.vsptdigital.cl" "Mozilla/5.0 AppleWebKit/537.36 (KHTML, like Gecko; compatible; GPTBot/1.4; +https://openai.com/gptbot)"
85.208.96.206 - - [12/Aug/2026:03:13:48 -0400] "GET /2026/01/30/blackjack-21/ HTTP/1.1" 200 46397 "-" "Mozilla/5.0 (compatible; SemrushBot/7~bl; +http://www.semrush.com/bot.html)"
185.191.171.9 - - [12/Aug/2026:03:14:30 -0400] "GET /2026/01/30/juego-de-ruleta-del-casino/ HTTP/1.1" 200 46375 "-" "Mozilla/5.0 (compatible; SemrushBot/7~bl; +http://www.semrush.com/bot.html)"
74.7.227.147 - - [12/Aug/2026:03:14:40 -0400] "GET /?p=10379 HTTP/1.1" 301 - "https://casavalle.vsptdigital.cl/2026/01/30/casino-gratis-88-fortunes-slots-m%C3%A1quinas-tragamonedas-gratis-descargar/" "Mozilla/5.0 AppleWebKit/537.36 (KHTML, like Gecko; compatible; GPTBot/1.4; +https://openai.com/gptbot)"
