216.244.66.235 - - [19/Aug/2026:23:03:02 -0400] "GET /2025/09/23/skachat-melbet-na-ios-obzor-prilozheniya/ HTTP/1.1" 200 - "-" "Mozilla/5.0 (compatible; DotBot/1.2; +https://opensiteexplorer.org/dotbot; help@moz.com)"
216.244.66.235 - - [19/Aug/2026:23:03:42 -0400] "GET /2025/10/22/estrategias-baseadas-em-probabilidade-para-destacar-se-no-playpix-casino/ HTTP/1.1" 200 - "-" "Mozilla/5.0 (compatible; DotBot/1.2; +https://opensiteexplorer.org/dotbot; help@moz.com)"
216.244.66.235 - - [19/Aug/2026:23:44:25 -0400] "GET /2025/10/14/wazamba-%CE%BA%CE%B1%CE%B6%CE%AF%CE%BD%CE%BF-%CE%B1%CE%BD%CE%B1%CF%83%CE%BA%CF%8C%CF%80%CE%B7%CF%83%CE%B7-01c4cce0/ HTTP/1.1" 200 - "-" "Mozilla/5.0 (compatible; DotBot/1.2; +https://opensiteexplorer.org/dotbot; help@moz.com)"
216.244.66.235 - - [19/Aug/2026:23:44:59 -0400] "GET /2025/09/24/wild-robin-casino-les-cles-mathematiques-du-triomphe/ HTTP/1.1" 200 - "-" "Mozilla/5.0 (compatible; DotBot/1.2; +https://opensiteexplorer.org/dotbot; help@moz.com)"
216.244.66.235 - - [19/Aug/2026:23:45:18 -0400] "GET /2025/10/15/chancen-entschlusseln-im-jokerstar-casino/feed/ HTTP/1.1" 200 - "-" "Mozilla/5.0 (compatible; DotBot/1.2; +https://opensiteexplorer.org/dotbot; help@moz.com)"
216.244.66.235 - - [19/Aug/2026:23:45:22 -0400] "GET /2025/10/23/advanced-probability-tactics-for-smbet-casino-mastery/feed/ HTTP/1.1" 200 - "-" "Mozilla/5.0 (compatible; DotBot/1.2; +https://opensiteexplorer.org/dotbot; help@moz.com)"
52.238.210.254 - - [20/Aug/2026:00:21:36 -0400] "GET /wp-content/plugins/hellopress/wp_filemanager.php HTTP/1.1" 200 - "-" "-"
52.238.210.254 - - [20/Aug/2026:00:21:37 -0400] "GET /this_is_a_new_hello_world.php HTTP/1.1" 200 - "-" "-"
52.238.210.254 - - [20/Aug/2026:00:21:37 -0400] "GET /class-t.api.php HTTP/1.1" 200 - "-" "-"
52.238.210.254 - - [20/Aug/2026:00:21:37 -0400] "GET /zwso.php HTTP/1.1" 200 - "-" "-"
52.238.210.254 - - [20/Aug/2026:00:21:37 -0400] "GET /wp-admin/css/colors/blue/index.php HTTP/1.1" 200 - "-" "-"
52.238.210.254 - - [20/Aug/2026:00:21:37 -0400] "GET /class19.php HTTP/1.1" 200 - "-" "-"
52.238.210.254 - - [20/Aug/2026:00:21:37 -0400] "GET /class20.php HTTP/1.1" 200 - "-" "-"
52.238.210.254 - - [20/Aug/2026:00:21:37 -0400] "GET /admin.php?p= HTTP/1.1" 200 - "-" "-"
52.238.210.254 - - [20/Aug/2026:00:21:37 -0400] "GET /randkeyword.php HTTP/1.1" 200 - "-" "-"
52.238.210.254 - - [20/Aug/2026:00:21:38 -0400] "GET /fwe.php HTTP/1.1" 200 - "-" "-"
52.238.210.254 - - [20/Aug/2026:00:21:38 -0400] "GET /images/m.php HTTP/1.1" 200 - "-" "-"
52.238.210.254 - - [20/Aug/2026:00:21:38 -0400] "GET /g.php HTTP/1.1" 200 - "-" "-"
52.238.210.254 - - [20/Aug/2026:00:21:38 -0400] "GET /tx1.php HTTP/1.1" 200 - "-" "-"
52.238.210.254 - - [20/Aug/2026:00:21:38 -0400] "GET /xv.php HTTP/1.1" 200 - "-" "-"
52.238.210.254 - - [20/Aug/2026:00:21:38 -0400] "GET /x56.php HTTP/1.1" 200 - "-" "-"
52.238.210.254 - - [20/Aug/2026:00:21:38 -0400] "GET /htaccess.php HTTP/1.1" 200 - "-" "-"
52.238.210.254 - - [20/Aug/2026:00:21:38 -0400] "GET /readme.php HTTP/1.1" 200 - "-" "-"
52.238.210.254 - - [20/Aug/2026:00:21:39 -0400] "GET /x50.php HTTP/1.1" 200 - "-" "-"
52.238.210.254 - - [20/Aug/2026:00:21:39 -0400] "GET /fv.php HTTP/1.1" 200 - "-" "-"
52.238.210.254 - - [20/Aug/2026:00:21:39 -0400] "GET /file.php? HTTP/1.1" 200 - "-" "-"
52.238.210.254 - - [20/Aug/2026:00:21:39 -0400] "GET /lsd.php HTTP/1.1" 200 - "-" "-"
52.238.210.254 - - [20/Aug/2026:00:21:39 -0400] "GET /as.php HTTP/1.1" 200 - "-" "-"
52.238.210.254 - - [20/Aug/2026:00:21:39 -0400] "GET /wsd.php HTTP/1.1" 200 - "-" "-"
52.238.210.254 - - [20/Aug/2026:00:21:39 -0400] "GET /gtc.php HTTP/1.1" 200 - "-" "-"
52.238.210.254 - - [20/Aug/2026:00:21:39 -0400] "GET /atx.php HTTP/1.1" 200 - "-" "-"
52.238.210.254 - - [20/Aug/2026:00:21:40 -0400] "GET /z60.php HTTP/1.1" 200 - "-" "-"
52.238.210.254 - - [20/Aug/2026:00:21:40 -0400] "GET /403.php HTTP/1.1" 200 - "-" "-"
52.238.210.254 - - [20/Aug/2026:00:21:40 -0400] "GET /m.php HTTP/1.1" 200 - "-" "-"
52.238.210.254 - - [20/Aug/2026:00:21:40 -0400] "GET /themes.php HTTP/1.1" 200 - "-" "-"
52.238.210.254 - - [20/Aug/2026:00:21:40 -0400] "GET /wp-admin/maint/about.php HTTP/1.1" 200 - "-" "-"
52.238.210.254 - - [20/Aug/2026:00:21:40 -0400] "GET /wp-admin/network/wp-conflg.php?p= HTTP/1.1" 200 - "-" "-"
52.238.210.254 - - [20/Aug/2026:00:21:40 -0400] "GET /click.php HTTP/1.1" 200 - "-" "-"
52.238.210.254 - - [20/Aug/2026:00:21:40 -0400] "GET /install.php HTTP/1.1" 200 - "-" "-"
52.238.210.254 - - [20/Aug/2026:00:21:41 -0400] "GET /lv.php HTTP/1.1" 200 - "-" "-"
52.238.210.254 - - [20/Aug/2026:00:21:41 -0400] "GET /simple.php HTTP/1.1" 200 - "-" "-"
52.238.210.254 - - [20/Aug/2026:00:21:41 -0400] "GET /css.php HTTP/1.1" 200 - "-" "-"
52.238.210.254 - - [20/Aug/2026:00:21:41 -0400] "GET /cong.php HTTP/1.1" 200 - "-" "-"
52.238.210.254 - - [20/Aug/2026:00:21:41 -0400] "GET /wp-includes/images/wp-login.php HTTP/1.1" 200 - "-" "-"
52.238.210.254 - - [20/Aug/2026:00:21:41 -0400] "GET /cong.php HTTP/1.1" 200 - "-" "-"
52.238.210.254 - - [20/Aug/2026:00:21:41 -0400] "GET /w.php HTTP/1.1" 200 - "-" "-"
52.238.210.254 - - [20/Aug/2026:00:21:41 -0400] "GET /404.php HTTP/1.1" 200 - "-" "-"
52.238.210.254 - - [20/Aug/2026:00:21:42 -0400] "GET /ioxi-o.php HTTP/1.1" 200 - "-" "-"
52.238.210.254 - - [20/Aug/2026:00:21:42 -0400] "GET /0x.php HTTP/1.1" 200 - "-" "-"
52.238.210.254 - - [20/Aug/2026:00:21:42 -0400] "GET /css.php HTTP/1.1" 200 - "-" "-"
52.238.210.254 - - [20/Aug/2026:00:21:42 -0400] "GET /222.php HTTP/1.1" 200 19203 "-" "-"
216.244.66.235 - - [20/Aug/2026:00:27:12 -0400] "GET /2025/09/28/profesionalni-sildenafil-100-miligramov-vse-kar/ HTTP/1.1" 200 - "-" "Mozilla/5.0 (compatible; DotBot/1.2; +https://opensiteexplorer.org/dotbot; help@moz.com)"
216.244.66.235 - - [20/Aug/2026:00:27:19 -0400] "GET /2025/10/02/guide-complet-des-probabilites-au-monsterwin-casino/feed/ HTTP/1.1" 200 - "-" "Mozilla/5.0 (compatible; DotBot/1.2; +https://opensiteexplorer.org/dotbot; help@moz.com)"
216.244.66.235 - - [20/Aug/2026:01:08:10 -0400] "GET /2025/09/13/como-usar-a-teoria-da-probabilidade-para-dominar-o-verabet-casino/ HTTP/1.1" 200 - "-" "Mozilla/5.0 (compatible; DotBot/1.2; +https://opensiteexplorer.org/dotbot; help@moz.com)"
216.244.66.235 - - [20/Aug/2026:01:08:14 -0400] "GET /2025/10/15/gewinne-maximieren-mit-wahrscheinlichkeiten-im-wunderino-casino/ HTTP/1.1" 200 - "-" "Mozilla/5.0 (compatible; DotBot/1.2; +https://opensiteexplorer.org/dotbot; help@moz.com)"
216.244.66.235 - - [20/Aug/2026:01:08:18 -0400] "GET /2025/09/24/wild-robin-casino-les-cles-mathematiques-du-triomphe/feed/ HTTP/1.1" 200 - "-" "Mozilla/5.0 (compatible; DotBot/1.2; +https://opensiteexplorer.org/dotbot; help@moz.com)"
216.244.66.235 - - [20/Aug/2026:01:08:21 -0400] "GET /2025/10/01/strategies-rationnelles-pour-parier-sur-le-monsterwin-casino/feed/ HTTP/1.1" 200 - "-" "Mozilla/5.0 (compatible; DotBot/1.2; +https://opensiteexplorer.org/dotbot; help@moz.com)"
216.244.66.235 - - [20/Aug/2026:01:08:25 -0400] "GET /2025/10/04/decouvrir-les-rouages-du-hasard-pour-exceller-dans-les-parties-au-dbosses-casino/feed/ HTTP/1.1" 200 - "-" "Mozilla/5.0 (compatible; DotBot/1.2; +https://opensiteexplorer.org/dotbot; help@moz.com)"
43.159.140.236 - - [20/Aug/2026:01:19:40 -0400] "GET / HTTP/1.1" 200 - "-" "Mozilla/5.0 (iPhone; CPU iPhone OS 13_2_3 like Mac OS X) AppleWebKit/605.1.15 (KHTML, like Gecko) Version/13.0.3 Mobile/15E148 Safari/604.1"
216.244.66.235 - - [20/Aug/2026:01:50:08 -0400] "GET /2025/10/01/comment-appliquer-la-theorie-mathematique-aux-jeux-du-kyngs-casino/feed/ HTTP/1.1" 200 - "-" "Mozilla/5.0 (compatible; DotBot/1.2; +https://opensiteexplorer.org/dotbot; help@moz.com)"
216.244.66.235 - - [20/Aug/2026:02:31:24 -0400] "GET /2025/10/21/estrategias-baseadas-em-probabilidade-para-destacar-se-no-br4bet-casino/ HTTP/1.1" 200 - "-" "Mozilla/5.0 (compatible; DotBot/1.2; +https://opensiteexplorer.org/dotbot; help@moz.com)"
216.244.66.235 - - [20/Aug/2026:02:31:33 -0400] "GET /2025/10/01/la-theorie-des-probabilites-comme-atout-majeur-au-monsterwin-casino/feed/ HTTP/1.1" 200 - "-" "Mozilla/5.0 (compatible; DotBot/1.2; +https://opensiteexplorer.org/dotbot; help@moz.com)"
216.244.66.235 - - [20/Aug/2026:03:13:19 -0400] "GET /2025/09/16/betn1-casino-probabilites-pour-maximiser-vos-gains/ HTTP/1.1" 200 - "-" "Mozilla/5.0 (compatible; DotBot/1.2; +https://opensiteexplorer.org/dotbot; help@moz.com)"
216.244.66.235 - - [20/Aug/2026:03:14:59 -0400] "GET /2025/10/16/die-wissenschaft-der-wahrscheinlichkeiten-im-turbonino-casino/ HTTP/1.1" 200 - "-" "Mozilla/5.0 (compatible; DotBot/1.2; +https://opensiteexplorer.org/dotbot; help@moz.com)"
193.58.104.73 - - [20/Aug/2026:03:23:17 -0400] "GET /2025/09/08/la-science-des-probabilites-pour-exceller-au-posido-casino/ HTTP/1.1" 200 - "http://vinamar.vsptdigital.cl/2025/09/08/la-science-des-probabilites-pour-exceller-au-posido-casino/" "Mozilla/5.0 (Windows NT 10.0; Win64; x64) AppleWebKit/537.36 (KHTML, like Gecko) Chrome/130.0.0.0 Safari/537.36"
193.58.104.73 - - [20/Aug/2026:03:23:18 -0400] "GET / HTTP/1.1" 200 - "http://vinamar.vsptdigital.cl/" "Mozilla/5.0 (Windows NT 10.0; Win64; x64) AppleWebKit/537.36 (KHTML, like Gecko) Chrome/130.0.0.0 Safari/537.36"
204.217.128.224 - - [20/Aug/2026:03:23:18 -0400] "GET /2025/09/08/la-science-des-probabilites-pour-exceller-au-posido-casino/ HTTP/1.1" 200 - "http://vinamar.vsptdigital.cl/2025/09/08/la-science-des-probabilites-pour-exceller-au-posido-casino/" "Mozilla/5.0 (Windows NT 10.0; Win64; x64) AppleWebKit/537.36 (KHTML, like Gecko) Chrome/130.0.0.0 Safari/537.36 CCleaner/130.0.0.0"
204.217.128.224 - - [20/Aug/2026:03:23:18 -0400] "GET / HTTP/1.1" 200 - "http://vinamar.vsptdigital.cl/" "Mozilla/5.0 (Windows NT 10.0; Win64; x64) AppleWebKit/537.36 (KHTML, like Gecko) Chrome/130.0.0.0 Safari/537.36 CCleaner/130.0.0.0"
193.58.104.73 - - [20/Aug/2026:03:23:47 -0400] "GET /2025/09/08/la-science-des-probabilites-pour-exceller-au-posido-casino/ HTTP/1.1" 200 - "http://vinamar.vsptdigital.cl/2025/09/08/la-science-des-probabilites-pour-exceller-au-posido-casino/" "Mozilla/5.0 (Windows NT 10.0; Win64; x64) AppleWebKit/537.36 (KHTML, like Gecko) Chrome/130.0.0.0 Safari/537.36 CCleaner/130.0.0.0"
193.58.104.73 - - [20/Aug/2026:03:23:48 -0400] "GET / HTTP/1.1" 200 - "http://vinamar.vsptdigital.cl/" "Mozilla/5.0 (Windows NT 10.0; Win64; x64) AppleWebKit/537.36 (KHTML, like Gecko) Chrome/130.0.0.0 Safari/537.36 CCleaner/130.0.0.0"
111.7.96.178 - - [20/Aug/2026:03:33:23 -0400] "GET / HTTP/1.1" 200 - "-" "Mozilla/5.0 (Macintosh; Intel Mac OS X 10_15_7) AppleWebKit/537.36 (KHTML, like Gecko) Chrome/120.0.0.0 Safari/537.36"
111.7.96.178 - - [20/Aug/2026:03:33:25 -0400] "GET /favicon.ico HTTP/1.1" 200 - "-" "Mozilla/5.0 (Macintosh; Intel Mac OS X 10_15_7) AppleWebKit/537.36 (KHTML, like Gecko) Chrome/120.0.0.0 Safari/537.36"
216.244.66.235 - - [20/Aug/2026:03:55:06 -0400] "GET /2025/10/09/exploiter-limprevu-au-mad-casino/ HTTP/1.1" 200 - "-" "Mozilla/5.0 (compatible; DotBot/1.2; +https://opensiteexplorer.org/dotbot; help@moz.com)"
216.244.66.235 - - [20/Aug/2026:03:55:52 -0400] "GET /2025/09/18/peppermill-casino-exploitez-les-mathematiques-pour-reussir/feed/ HTTP/1.1" 200 - "-" "Mozilla/5.0 (compatible; DotBot/1.2; +https://opensiteexplorer.org/dotbot; help@moz.com)"
216.244.66.235 - - [20/Aug/2026:04:37:11 -0400] "GET /2025/10/13/energies-deployees-au-golden-panda-casino/feed/ HTTP/1.1" 200 - "-" "Mozilla/5.0 (compatible; DotBot/1.2; +https://opensiteexplorer.org/dotbot; help@moz.com)"
216.244.66.235 - - [20/Aug/2026:04:37:21 -0400] "GET /2025/10/13/racines-fortes-au-golden-panda-casino/feed/ HTTP/1.1" 200 - "-" "Mozilla/5.0 (compatible; DotBot/1.2; +https://opensiteexplorer.org/dotbot; help@moz.com)"
216.244.66.235 - - [20/Aug/2026:04:38:07 -0400] "GET /2025/10/09/manoeuvres-affinees-au-morospin-casino/ HTTP/1.1" 200 - "-" "Mozilla/5.0 (compatible; DotBot/1.2; +https://opensiteexplorer.org/dotbot; help@moz.com)"
20.65.105.233 - - [20/Aug/2026:04:47:46 -0400] "GET /wp-content/plugins/hellopress/wp_filemanager.php HTTP/1.1" 200 - "-" "-"
20.65.105.233 - - [20/Aug/2026:04:47:46 -0400] "GET /this_is_a_new_hello_world.php HTTP/1.1" 200 - "-" "-"
20.65.105.233 - - [20/Aug/2026:04:47:46 -0400] "GET /doti.php HTTP/1.1" 200 - "-" "-"
20.65.105.233 - - [20/Aug/2026:04:47:46 -0400] "GET /ton.php HTTP/1.1" 200 - "-" "-"
20.65.105.233 - - [20/Aug/2026:04:47:46 -0400] "GET /nfile.php HTTP/1.1" 200 - "-" "-"
20.65.105.233 - - [20/Aug/2026:04:47:46 -0400] "GET /wfile.php HTTP/1.1" 200 - "-" "-"
20.65.105.233 - - [20/Aug/2026:04:47:47 -0400] "GET /acp.php HTTP/1.1" 200 - "-" "-"
20.65.105.233 - - [20/Aug/2026:04:47:47 -0400] "GET /asas.php HTTP/1.1" 200 - "-" "-"
20.65.105.233 - - [20/Aug/2026:04:47:47 -0400] "GET /222.php HTTP/1.1" 200 20519 "-" "-"
43.134.23.177 - - [20/Aug/2026:05:46:10 -0400] "GET / HTTP/1.1" 200 - "-" "Mozilla/5.0 (iPhone; CPU iPhone OS 13_2_3 like Mac OS X) AppleWebKit/605.1.15 (KHTML, like Gecko) Version/13.0.3 Mobile/15E148 Safari/604.1"
216.244.66.235 - - [20/Aug/2026:06:00:30 -0400] "GET /2025/09/04/comment-les-probabilites-faconnent-vos-gains-au-amunra-casino-2/feed/ HTTP/1.1" 200 - "-" "Mozilla/5.0 (compatible; DotBot/1.2; +https://opensiteexplorer.org/dotbot; help@moz.com)"
216.244.66.235 - - [20/Aug/2026:06:00:43 -0400] "GET /2025/10/11/essentiel-des-probabilites-pour-playjonny-casino/ HTTP/1.1" 200 - "-" "Mozilla/5.0 (compatible; DotBot/1.2; +https://opensiteexplorer.org/dotbot; help@moz.com)"
204.12.208.18 - - [20/Aug/2026:06:07:19 -0400] "GET /wp-content/wp9edae5/index.php HTTP/1.1" 200 - "http://www.vinamar.vsptdigital.cl/wp-content/wp9edae5/index.php" "Mozilla/5.0 (Windows NT 6.1; WOW64; rv:9.0.1) Gecko/20100101 Firefox/9.0.1"
204.12.208.18 - - [20/Aug/2026:06:50:07 -0400] "GET /wp-content/wp9edae5/index.php HTTP/1.1" 200 - "http://www.vinamar.vsptdigital.cl/wp-content/wp9edae5/index.php" "Mozilla/5.0 (Macintosh; Intel Mac OS X 10_7_2) AppleWebKit/535.2 (KHTML, like Gecko) Chrome/15.0.874.106 Safari/535.2"
216.244.66.235 - - [20/Aug/2026:07:24:44 -0400] "GET /2025/10/14/wazamba-%CE%BA%CE%B1%CE%B6%CE%AF%CE%BD%CE%BF-%CE%B1%CE%BD%CE%B1%CF%83%CE%BA%CF%8C%CF%80%CE%B7%CF%83%CE%B7-01c4cce0/feed/ HTTP/1.1" 200 - "-" "Mozilla/5.0 (compatible; DotBot/1.2; +https://opensiteexplorer.org/dotbot; help@moz.com)"
204.12.208.18 - - [20/Aug/2026:07:33:16 -0400] "GET /wp-content/wp9edae5/index.php HTTP/1.1" 200 - "http://www.vinamar.vsptdigital.cl/wp-content/wp9edae5/index.php" "Opera/9.80 (Macintosh; Intel Mac OS X 10.6.8; U; ja) Presto/2.10.289 Version/12.00"
204.12.208.18 - - [20/Aug/2026:08:17:10 -0400] "GET /wp-content/wp9edae5/index.php HTTP/1.1" 200 5085 "http://www.vinamar.vsptdigital.cl/wp-content/wp9edae5/index.php" "Mozilla/4.0 (compatible; GoogleToolbar 5.0.2124.2070; Windows 6.0; MSIE 8.0.6001.18241)"
216.244.66.235 - - [20/Aug/2026:08:45:30 -0400] "GET /2025/09/07/comment-les-probabilites-influencent-vos-succes-au-mrxbet-casino/ HTTP/1.1" 200 - "-" "Mozilla/5.0 (compatible; DotBot/1.2; +https://opensiteexplorer.org/dotbot; help@moz.com)"
216.244.66.235 - - [20/Aug/2026:08:45:47 -0400] "GET /2025/10/21/mathematics-of-chance-leading-to-success-at-pk7-casino-2/ HTTP/1.1" 200 - "-" "Mozilla/5.0 (compatible; DotBot/1.2; +https://opensiteexplorer.org/dotbot; help@moz.com)"
216.244.66.235 - - [20/Aug/2026:08:45:48 -0400] "GET /2025/10/13/discover-the-best-non-gamstop-casino-sites-for-44/ HTTP/1.1" 200 - "-" "Mozilla/5.0 (compatible; DotBot/1.2; +https://opensiteexplorer.org/dotbot; help@moz.com)"
216.244.66.235 - - [20/Aug/2026:08:46:42 -0400] "GET /2025/10/15/meistern-sie-chancen-im-7bitcasino/feed/ HTTP/1.1" 200 - "-" "Mozilla/5.0 (compatible; DotBot/1.2; +https://opensiteexplorer.org/dotbot; help@moz.com)"
204.12.208.18 - - [20/Aug/2026:08:59:55 -0400] "GET /wp-content/wp9edae5/index.php HTTP/1.1" 200 - "http://www.vinamar.vsptdigital.cl/wp-content/wp9edae5/index.php" "Mozilla/5.0 (Macintosh; Intel Mac OS X 10_6_8) AppleWebKit/534.30 (KHTML, like Gecko) Chrome/12.0.742.112 Safari/534.30"
219.249.37.107 - - [20/Aug/2026:09:03:56 -0400] "GET //2025/09/04/comment-les-probabilites-boostent-vos-opportunites-de-gains-au-jackpotstar-casino/ HTTP/1.0" 200 - "https://vinamar.vsptdigital.cl/" "Mozilla/5.0 (Windows NT 10.0; Win64; x64) AppleWebKit/537.36 (KHTML, like Gecko) Chrome/131.0.0.0 Safari/537.36"
216.244.66.235 - - [20/Aug/2026:09:27:47 -0400] "GET /2025/10/09/carte-des-probabilites-pour-mad-casino/ HTTP/1.1" 200 - "-" "Mozilla/5.0 (compatible; DotBot/1.2; +https://opensiteexplorer.org/dotbot; help@moz.com)"
204.12.208.18 - - [20/Aug/2026:09:42:47 -0400] "GET /wp-content/wp9edae5/index.php HTTP/1.1" 200 - "http://www.vinamar.vsptdigital.cl/wp-content/wp9edae5/index.php" "Mozilla/5.0 (Macintosh; Intel Mac OS X 10.5; rv:5.0.1) Gecko/20100101 Firefox/5.0.1"
43.134.54.246 - - [20/Aug/2026:10:06:42 -0400] "GET / HTTP/1.1" 200 - "-" "Mozilla/5.0 (iPhone; CPU iPhone OS 13_2_3 like Mac OS X) AppleWebKit/605.1.15 (KHTML, like Gecko) Version/13.0.3 Mobile/15E148 Safari/604.1"
216.244.66.235 - - [20/Aug/2026:10:08:00 -0400] "GET /2025/09/18/mrpacho-casino-boostez-vos-gains-avec-une-approche-probabiliste/ HTTP/1.1" 200 - "-" "Mozilla/5.0 (compatible; DotBot/1.2; +https://opensiteexplorer.org/dotbot; help@moz.com)"
216.244.66.235 - - [20/Aug/2026:10:08:21 -0400] "GET /2025/10/08/approches-personnelles-playing-io/feed/ HTTP/1.1" 200 - "-" "Mozilla/5.0 (compatible; DotBot/1.2; +https://opensiteexplorer.org/dotbot; help@moz.com)"
204.12.208.18 - - [20/Aug/2026:10:26:52 -0400] "GET /wp-content/wp9edae5/index.php HTTP/1.1" 200 5085 "http://www.vinamar.vsptdigital.cl/wp-content/wp9edae5/index.php" "Mozilla/4.0 (compatible; GoogleToolbar 5.0.2124.2070; Windows 6.0; MSIE 8.0.6001.18241)"
125.25.53.169 - - [20/Aug/2026:10:27:36 -0400] "GET /2025/09/23/skachat-melbet-na-ios-obzor-prilozheniya/ HTTP/1.1" 200 - "https://vinamar.vsptdigital.cl/" "Mozilla/5.0 (Macintosh; Intel Mac OS X 10.15; rv:138.0) Gecko/20100101 Firefox/138.0"
74.249.225.235 - - [20/Aug/2026:10:46:01 -0400] "GET /222.php HTTP/1.1" 200 20520 "-" "Mozilla/5.0 (Windows NT 10.0; Win64; x64) AppleWebKit/537.36 (KHTML, like Gecko) Chrome/112.0.0.0 Safari/537.36"
74.249.225.235 - - [20/Aug/2026:10:46:02 -0400] "POST /222.php HTTP/1.1" 200 21936 "-" "Mozilla/5.0 (Windows NT 10.0; Win64; x64) AppleWebKit/537.36 (KHTML, like Gecko) Chrome/112.0.0.0 Safari/537.36"
74.249.225.235 - - [20/Aug/2026:10:46:02 -0400] "GET /bwoffelh.php HTTP/1.1" 200 - "-" "Mozilla/5.0 (Windows NT 10.0; Win64; x64) AppleWebKit/537.36 (KHTML, like Gecko) Chrome/112.0.0.0 Safari/537.36"
74.249.225.235 - - [20/Aug/2026:10:46:02 -0400] "GET /222.php HTTP/1.1" 200 21894 "-" "Mozilla/5.0 (Windows NT 10.0; Win64; x64) AppleWebKit/537.36 (KHTML, like Gecko) Chrome/90.0.4430.85 Safari/537.36"
74.249.225.235 - - [20/Aug/2026:10:46:02 -0400] "POST /222.php?dir=L2hvbWUvdnNwdC9wdWJsaWNfaHRtbC92aW5hbWFyLnZzcHRkaWdpdGFsLmNs HTTP/1.1" 200 23310 "http://vinamar.vsptdigital.cl/222.php" "Mozilla/5.0 (Windows NT 10.0; Win64; x64) AppleWebKit/537.36 (KHTML, like Gecko) Chrome/90.0.4430.85 Safari/537.36"
74.249.225.235 - - [20/Aug/2026:10:46:03 -0400] "GET /ukecjvvz.php HTTP/1.1" 200 - "-" "Mozilla/5.0 (Windows NT 10.0; Win64; x64) AppleWebKit/537.36 (KHTML, like Gecko) Chrome/112.0.0.0 Safari/537.36"
216.244.66.235 - - [20/Aug/2026:10:49:40 -0400] "GET /2025/10/09/voie-royale-des-probabilites-au-sirwin-casino/ HTTP/1.1" 200 - "-" "Mozilla/5.0 (compatible; DotBot/1.2; +https://opensiteexplorer.org/dotbot; help@moz.com)"
216.244.66.235 - - [20/Aug/2026:10:49:58 -0400] "GET /2025/09/07/lucky-31-casino-optimisez-vos-chances-grace-a-la-science-des-probabilites/feed/ HTTP/1.1" 200 - "-" "Mozilla/5.0 (compatible; DotBot/1.2; +https://opensiteexplorer.org/dotbot; help@moz.com)"
216.244.66.235 - - [20/Aug/2026:10:50:18 -0400] "GET /2025/10/09/carte-des-probabilites-pour-mad-casino/feed/ HTTP/1.1" 200 - "-" "Mozilla/5.0 (compatible; DotBot/1.2; +https://opensiteexplorer.org/dotbot; help@moz.com)"
204.12.208.18 - - [20/Aug/2026:11:11:05 -0400] "GET /wp-content/wp9edae5/index.php HTTP/1.1" 200 - "http://www.vinamar.vsptdigital.cl/wp-content/wp9edae5/index.php" "Mozilla/5.0 (Macintosh; Intel Mac OS X 10_6_8) AppleWebKit/534.24 (KHTML, like Gecko) Chrome/11.0.696.71 Safari/534.24"
216.244.66.235 - - [20/Aug/2026:11:31:42 -0400] "GET /2025/09/23/descubre-el-mundo-de-bolivia-apuestas-deportivas-1/feed/ HTTP/1.1" 200 - "-" "Mozilla/5.0 (compatible; DotBot/1.2; +https://opensiteexplorer.org/dotbot; help@moz.com)"
216.244.66.235 - - [20/Aug/2026:11:31:46 -0400] "GET /2025/09/02/decrypter-les-probabilites-au-bruno-casino-conseils-pour-maximiser-ses-succes/feed/ HTTP/1.1" 200 - "-" "Mozilla/5.0 (compatible; DotBot/1.2; +https://opensiteexplorer.org/dotbot; help@moz.com)"
20.104.49.167 - - [20/Aug/2026:11:35:14 -0400] "GET /wp-content/plugins/hellopress/wp_filemanager.php HTTP/1.1" 200 - "-" "-"
20.104.49.167 - - [20/Aug/2026:11:35:14 -0400] "GET /this_is_a_new_hello_world.php HTTP/1.1" 200 - "-" "-"
20.104.49.167 - - [20/Aug/2026:11:35:14 -0400] "GET /669092/index.php?p= HTTP/1.1" 200 - "-" "-"
20.104.49.167 - - [20/Aug/2026:11:35:14 -0400] "GET /3PJcpMFsD8B.php HTTP/1.1" 200 - "-" "-"
20.104.49.167 - - [20/Aug/2026:11:35:15 -0400] "GET //av.php HTTP/1.1" 200 - "-" "-"
20.104.49.167 - - [20/Aug/2026:11:35:15 -0400] "GET /images.php HTTP/1.1" 200 - "-" "-"
20.104.49.167 - - [20/Aug/2026:11:35:15 -0400] "GET /ops.php HTTP/1.1" 200 - "-" "-"
20.104.49.167 - - [20/Aug/2026:11:35:15 -0400] "GET /coffexium.php HTTP/1.1" 200 - "-" "-"
20.104.49.167 - - [20/Aug/2026:11:35:15 -0400] "GET /BDKR28WP.php HTTP/1.1" 200 - "-" "-"
20.104.49.167 - - [20/Aug/2026:11:35:15 -0400] "GET /sf.php HTTP/1.1" 200 - "-" "-"
20.104.49.167 - - [20/Aug/2026:11:35:16 -0400] "GET /k.php?p= HTTP/1.1" 200 - "-" "-"
20.104.49.167 - - [20/Aug/2026:11:35:16 -0400] "GET /82.php HTTP/1.1" 200 - "-" "-"
20.104.49.167 - - [20/Aug/2026:11:35:16 -0400] "GET /dex.php HTTP/1.1" 200 - "-" "-"
20.104.49.167 - - [20/Aug/2026:11:35:16 -0400] "GET /inso.php HTTP/1.1" 200 - "-" "-"
20.104.49.167 - - [20/Aug/2026:11:35:16 -0400] "GET //aa.php HTTP/1.1" 200 - "-" "-"
20.104.49.167 - - [20/Aug/2026:11:35:17 -0400] "GET /img.php HTTP/1.1" 200 - "-" "-"
20.104.49.167 - - [20/Aug/2026:11:35:17 -0400] "GET /222.php HTTP/1.1" 200 23267 "-" "-"
116.167.109.110 - - [20/Aug/2026:11:36:01 -0400] "GET /2025/09/02/os-segredos-matematicos-do-betorspin-uma-analise-profunda/ HTTP/1.0" 200 - "https://vinamar.vsptdigital.cl/" "Mozilla/5.0 (Windows NT 10.0; Win64; x64) AppleWebKit/537.36 (KHTML, like Gecko) Chrome/144.0.0.0 Safari/537.36"
204.12.208.18 - - [20/Aug/2026:11:56:07 -0400] "GET /wp-content/wp9edae5/index.php HTTP/1.1" 200 - "http://www.vinamar.vsptdigital.cl/wp-content/wp9edae5/index.php" "Mozilla/5.0 (compatible; MSIE 10.0; Windows NT 6.2; Win64; x64; Trident/6.0)"
144.124.225.185 - - [20/Aug/2026:12:02:49 -0400] "GET /2025/09/07/offrez-vous-une-escapade-ludique-grace-a-my-stake/ HTTP/1.0" 200 - "http://vinamar.vsptdigital.cl/2025/09/07/offrez-vous-une-escapade-ludique-grace-a-my-stake/" "Mozilla/5.0 (Windows NT 10.0; Win64; x64) AppleWebKit/537.36 (KHTML, like Gecko) Chrome/130.0.0.0 Safari/537.36"
144.124.225.185 - - [20/Aug/2026:12:02:49 -0400] "GET / HTTP/1.0" 200 - "http://vinamar.vsptdigital.cl/" "Mozilla/5.0 (Windows NT 10.0; Win64; x64) AppleWebKit/537.36 (KHTML, like Gecko) Chrome/130.0.0.0 Safari/537.36"
216.244.66.235 - - [20/Aug/2026:12:12:33 -0400] "GET /2025/10/22/estrategias-baseadas-em-probabilidade-para-destacar-se-no-playpix-casino/feed/ HTTP/1.1" 200 - "-" "Mozilla/5.0 (compatible; DotBot/1.2; +https://opensiteexplorer.org/dotbot; help@moz.com)"
204.12.208.18 - - [20/Aug/2026:12:41:29 -0400] "GET /wp-content/wp9edae5/index.php HTTP/1.1" 200 - "http://www.vinamar.vsptdigital.cl/wp-content/wp9edae5/index.php" "Mozilla/5.0 (Macintosh; Intel Mac OS X 10_6_8) AppleWebKit/534.24 (KHTML, like Gecko) Chrome/11.0.696.71 Safari/534.24"
74.114.151.67 - - [20/Aug/2026:12:45:09 -0400] "GET /2025/09/08/la-science-des-probabilites-pour-exceller-au-posido-casino/ HTTP/1.1" 200 - "http://vinamar.vsptdigital.cl/2025/09/08/la-science-des-probabilites-pour-exceller-au-posido-casino/" "Mozilla/5.0 (Windows NT 10.0; Win64; x64) AppleWebKit/537.36 (KHTML, like Gecko) Chrome/129.0.0.0 Safari/537.36"
195.140.176.73 - - [20/Aug/2026:12:45:09 -0400] "GET /2025/09/08/la-science-des-probabilites-pour-exceller-au-posido-casino/ HTTP/1.1" 200 - "http://vinamar.vsptdigital.cl/2025/09/08/la-science-des-probabilites-pour-exceller-au-posido-casino/" "Mozilla/5.0 (Windows NT 10.0; Win64; x64) AppleWebKit/537.36 (KHTML, like Gecko) Chrome/131.0.0.0 Safari/537.36 Avast/131.0.0.0"
74.114.151.67 - - [20/Aug/2026:12:45:09 -0400] "GET / HTTP/1.1" 200 - "http://vinamar.vsptdigital.cl/" "Mozilla/5.0 (Windows NT 10.0; Win64; x64) AppleWebKit/537.36 (KHTML, like Gecko) Chrome/129.0.0.0 Safari/537.36"
195.140.176.73 - - [20/Aug/2026:12:45:10 -0400] "GET / HTTP/1.1" 200 - "http://vinamar.vsptdigital.cl/" "Mozilla/5.0 (Windows NT 10.0; Win64; x64) AppleWebKit/537.36 (KHTML, like Gecko) Chrome/131.0.0.0 Safari/537.36 Avast/131.0.0.0"
193.58.104.73 - - [20/Aug/2026:12:45:12 -0400] "GET /2025/09/08/la-science-des-probabilites-pour-exceller-au-posido-casino/ HTTP/1.1" 200 - "http://vinamar.vsptdigital.cl/2025/09/08/la-science-des-probabilites-pour-exceller-au-posido-casino/" "Mozilla/5.0 (Windows NT 10.0; Win64; x64) AppleWebKit/537.36 (KHTML, like Gecko) Chrome/130.0.0.0 Safari/537.36 CCleaner/130.0.0.0"
193.58.104.73 - - [20/Aug/2026:12:45:12 -0400] "GET / HTTP/1.1" 200 - "http://vinamar.vsptdigital.cl/" "Mozilla/5.0 (Windows NT 10.0; Win64; x64) AppleWebKit/537.36 (KHTML, like Gecko) Chrome/130.0.0.0 Safari/537.36 CCleaner/130.0.0.0"
216.244.66.235 - - [20/Aug/2026:12:54:48 -0400] "GET /2025/09/18/mrpacho-casino-boostez-vos-gains-avec-une-approche-probabiliste/feed/ HTTP/1.1" 200 - "-" "Mozilla/5.0 (compatible; DotBot/1.2; +https://opensiteexplorer.org/dotbot; help@moz.com)"
204.12.208.18 - - [20/Aug/2026:13:25:27 -0400] "GET /wp-content/wp9edae5/index.php HTTP/1.1" 200 5085 "http://www.vinamar.vsptdigital.cl/wp-content/wp9edae5/index.php" "Mozilla/4.0 (compatible; GoogleToolbar 5.0.2124.2070; Windows 6.0; MSIE 8.0.6001.18241)"
216.244.66.235 - - [20/Aug/2026:13:35:22 -0400] "GET /2025/09/02/die-kunst-der-wahrscheinlichkeiten-im-trickz-casino/ HTTP/1.1" 200 - "-" "Mozilla/5.0 (compatible; DotBot/1.2; +https://opensiteexplorer.org/dotbot; help@moz.com)"
216.244.66.235 - - [20/Aug/2026:13:35:35 -0400] "GET /2025/09/13/como-dominar-a-teoria-da-probabilidade-para-vencer-no-stake-casino/ HTTP/1.1" 200 - "-" "Mozilla/5.0 (compatible; DotBot/1.2; +https://opensiteexplorer.org/dotbot; help@moz.com)"
204.12.208.18 - - [20/Aug/2026:14:09:54 -0400] "GET /wp-content/wp9edae5/index.php HTTP/1.1" 200 - "http://www.vinamar.vsptdigital.cl/wp-content/wp9edae5/index.php" "Mozilla/5.0 (Macintosh; U; Intel Mac OS X 10_5_5; ja-jp) AppleWebKit/525.26.2 (KHTML, like Gecko) Version/3.2 Safari/525.26.12"
204.12.208.18 - - [20/Aug/2026:14:55:43 -0400] "GET /wp-content/wp9edae5/index.php HTTP/1.1" 200 - "http://www.vinamar.vsptdigital.cl/wp-content/wp9edae5/index.php" "Mozilla/5.0 (Macintosh; Intel Mac OS X 10_6_8) AppleWebKit/535.1 (KHTML, like Gecko) Chrome/14.0.835.202 Safari/535.1"
136.67.125.11 - - [20/Aug/2026:15:01:00 -0400] "GET / HTTP/1.1" 200 - "-" "Mozilla/5.0 (compatible; CMS-Checker/1.0; +https://example.com)"
204.12.208.18 - - [20/Aug/2026:15:38:17 -0400] "GET /wp-content/wp9edae5/index.php HTTP/1.1" 200 - "http://www.vinamar.vsptdigital.cl/wp-content/wp9edae5/index.php" "Mozilla/5.0 (Macintosh; U; Intel Mac OS X 10_5_6; ja-jp) AppleWebKit/528.16 (KHTML, like Gecko) Version/4.0 Safari/528.16"
216.244.66.235 - - [20/Aug/2026:15:39:56 -0400] "GET /2025/10/14/elevation-des-chances-au-casino-night/feed/ HTTP/1.1" 200 - "-" "Mozilla/5.0 (compatible; DotBot/1.2; +https://opensiteexplorer.org/dotbot; help@moz.com)"
74.249.225.235 - - [20/Aug/2026:16:20:13 -0400] "GET /222.php HTTP/1.1" 200 23268 "-" "Mozilla/5.0 (Windows NT 10.0; Win64; x64) AppleWebKit/537.36 (KHTML, like Gecko) Chrome/112.0.0.0 Safari/537.36"
74.249.225.235 - - [20/Aug/2026:16:20:13 -0400] "POST /222.php HTTP/1.1" 200 24684 "-" "Mozilla/5.0 (Windows NT 10.0; Win64; x64) AppleWebKit/537.36 (KHTML, like Gecko) Chrome/112.0.0.0 Safari/537.36"
74.249.225.235 - - [20/Aug/2026:16:20:14 -0400] "GET /ipmhautm.php HTTP/1.1" 200 - "-" "Mozilla/5.0 (Windows NT 10.0; Win64; x64) AppleWebKit/537.36 (KHTML, like Gecko) Chrome/112.0.0.0 Safari/537.36"
74.249.225.235 - - [20/Aug/2026:16:20:14 -0400] "GET /222.php HTTP/1.1" 200 24642 "-" "Mozilla/5.0 (Windows NT 10.0; Win64; x64) AppleWebKit/537.36 (KHTML, like Gecko) Chrome/90.0.4430.85 Safari/537.36"
74.249.225.235 - - [20/Aug/2026:16:20:14 -0400] "POST /222.php?dir=L2hvbWUvdnNwdC9wdWJsaWNfaHRtbC92aW5hbWFyLnZzcHRkaWdpdGFsLmNs HTTP/1.1" 200 26058 "http://vinamar.vsptdigital.cl/222.php" "Mozilla/5.0 (Windows NT 10.0; Win64; x64) AppleWebKit/537.36 (KHTML, like Gecko) Chrome/90.0.4430.85 Safari/537.36"
74.249.225.235 - - [20/Aug/2026:16:20:15 -0400] "GET /ulsnmstu.php HTTP/1.1" 200 - "-" "Mozilla/5.0 (Windows NT 10.0; Win64; x64) AppleWebKit/537.36 (KHTML, like Gecko) Chrome/112.0.0.0 Safari/537.36"
204.12.208.18 - - [20/Aug/2026:16:21:10 -0400] "GET /wp-content/wp9edae5/index.php HTTP/1.1" 200 - "http://www.vinamar.vsptdigital.cl/wp-content/wp9edae5/index.php" "Mozilla/5.0 (Macintosh; U; Intel Mac OS X 10_6_3; ja-jp) AppleWebKit/531.21.11 (KHTML, like Gecko) Version/4.0.4 Safari/531.21.10"
216.244.66.235 - - [20/Aug/2026:16:21:29 -0400] "GET /2025/10/19/explore-the-features-of-8ku-bet-your-go-to-betting/ HTTP/1.1" 200 - "-" "Mozilla/5.0 (compatible; DotBot/1.2; +https://opensiteexplorer.org/dotbot; help@moz.com)"
89.111.28.77 - - [20/Aug/2026:16:39:40 -0400] "GET /222.php HTTP/1.1" 200 26014 "-" "Mozilla/5.0 (Windows NT 10.0; Win64; x64) AppleWebKit/537.36 (KHTML, like Gecko) Chrome/151.0.0.0 Safari/537.36"
89.111.28.77 - - [20/Aug/2026:16:39:42 -0400] "GET /favicon.ico HTTP/1.1" 200 - "http://www.vinamar.vsptdigital.cl/222.php" "Mozilla/5.0 (Windows NT 10.0; Win64; x64) AppleWebKit/537.36 (KHTML, like Gecko) Chrome/151.0.0.0 Safari/537.36"
43.134.62.67 - - [20/Aug/2026:16:53:48 -0400] "GET / HTTP/1.1" 200 - "-" "Mozilla/5.0 (iPhone; CPU iPhone OS 13_2_3 like Mac OS X) AppleWebKit/605.1.15 (KHTML, like Gecko) Version/13.0.3 Mobile/15E148 Safari/604.1"
204.12.208.18 - - [20/Aug/2026:17:04:36 -0400] "GET /wp-content/wp9edae5/index.php HTTP/1.1" 200 - "http://www.vinamar.vsptdigital.cl/wp-content/wp9edae5/index.php" "Mozilla/5.0 (Macintosh; U; PPC Mac OS X; ja-jp) AppleWebKit/523.10.6 (KHTML, like Gecko) Version/3.0.4 Safari/523.10.6"
216.244.66.235 - - [20/Aug/2026:17:43:22 -0400] "GET /2025/09/19/exploring-the-appeal-of-pheromone-fetishes/ HTTP/1.1" 200 - "-" "Mozilla/5.0 (compatible; DotBot/1.2; +https://opensiteexplorer.org/dotbot; help@moz.com)"
216.244.66.235 - - [20/Aug/2026:17:43:28 -0400] "GET /2025/10/04/techniques-avancees-des-probabilites-pour-dominer-au-dbosses-casino/feed/ HTTP/1.1" 200 - "-" "Mozilla/5.0 (compatible; DotBot/1.2; +https://opensiteexplorer.org/dotbot; help@moz.com)"
204.12.208.18 - - [20/Aug/2026:17:47:17 -0400] "GET /wp-content/wp9edae5/index.php HTTP/1.1" 200 - "http://www.vinamar.vsptdigital.cl/wp-content/wp9edae5/index.php" "Mozilla/5.0 (Macintosh; U; PPC Mac OS X; ja-jp) AppleWebKit/522.11.1 (KHTML, like Gecko) Version/3.0.3 Safari/522.12.1"
204.12.208.18 - - [20/Aug/2026:18:30:00 -0400] "GET /wp-content/wp9edae5/index.php HTTP/1.1" 200 - "http://www.vinamar.vsptdigital.cl/wp-content/wp9edae5/index.php" "Mozilla/5.0 (Macintosh; Intel Mac OS X 10_6_8) AppleWebKit/535.1 (KHTML, like Gecko) RockMelt/0.9.64.361 Chrome/13.0.782.218 Safari/535.1"
118.179.207.91 - - [20/Aug/2026:18:55:57 -0400] "GET /222.php HTTP/1.1" 200 26016 "-" "Mozilla/5.0 (Windows NT 10.0; Win64; x64) AppleWebKit/537.36 (KHTML, like Gecko) Chrome/151.0.0.0 Safari/537.36 Edg/151.0.0.0"
118.179.207.91 - - [20/Aug/2026:18:56:04 -0400] "GET /favicon.ico HTTP/1.1" 200 - "http://vinamar.vsptdigital.cl/222.php" "Mozilla/5.0 (Windows NT 10.0; Win64; x64) AppleWebKit/537.36 (KHTML, like Gecko) Chrome/151.0.0.0 Safari/537.36 Edg/151.0.0.0"
216.244.66.235 - - [20/Aug/2026:19:06:58 -0400] "GET /2025/09/13/como-usar-a-teoria-da-probabilidade-para-dominar-o-verabet-casino/feed/ HTTP/1.1" 200 - "-" "Mozilla/5.0 (compatible; DotBot/1.2; +https://opensiteexplorer.org/dotbot; help@moz.com)"
216.244.66.235 - - [20/Aug/2026:19:07:03 -0400] "GET /2025/10/01/secrets-mathematiques-pour-jouer-intelligemment-au-roby-casino/feed/ HTTP/1.1" 200 - "-" "Mozilla/5.0 (compatible; DotBot/1.2; +https://opensiteexplorer.org/dotbot; help@moz.com)"
204.12.208.18 - - [20/Aug/2026:19:13:56 -0400] "GET /wp-content/wp9edae5/index.php HTTP/1.1" 200 - "http://www.vinamar.vsptdigital.cl/wp-content/wp9edae5/index.php" "Mozilla/5.0 (Windows NT 5.1; rv:6.0) Gecko/20100101 Firefox/6.0"
216.244.66.235 - - [20/Aug/2026:19:48:39 -0400] "GET /2025/09/07/comment-les-probabilites-influencent-vos-succes-au-mrxbet-casino/feed/ HTTP/1.1" 200 - "-" "Mozilla/5.0 (compatible; DotBot/1.2; +https://opensiteexplorer.org/dotbot; help@moz.com)"
216.244.66.235 - - [20/Aug/2026:19:48:44 -0400] "GET /2025/10/09/exploiter-limprevu-au-mad-casino/feed/ HTTP/1.1" 200 - "-" "Mozilla/5.0 (compatible; DotBot/1.2; +https://opensiteexplorer.org/dotbot; help@moz.com)"
204.217.128.224 - - [20/Aug/2026:19:53:07 -0400] "GET /2025/09/08/la-science-des-probabilites-pour-exceller-au-posido-casino/ HTTP/1.1" 200 - "http://vinamar.vsptdigital.cl/2025/09/08/la-science-des-probabilites-pour-exceller-au-posido-casino/" "Mozilla/5.0 (Windows NT 10.0; Win64; x64) AppleWebKit/537.36 (KHTML, like Gecko) Chrome/131.0.0.0 Safari/537.36 Avast/131.0.0.0"
204.217.128.224 - - [20/Aug/2026:19:53:08 -0400] "GET / HTTP/1.1" 200 - "http://vinamar.vsptdigital.cl/" "Mozilla/5.0 (Windows NT 10.0; Win64; x64) AppleWebKit/537.36 (KHTML, like Gecko) Chrome/131.0.0.0 Safari/537.36 Avast/131.0.0.0"
193.58.104.73 - - [20/Aug/2026:19:53:08 -0400] "GET /2025/09/08/la-science-des-probabilites-pour-exceller-au-posido-casino/ HTTP/1.1" 200 - "http://vinamar.vsptdigital.cl/2025/09/08/la-science-des-probabilites-pour-exceller-au-posido-casino/" "Mozilla/5.0 (Windows NT 10.0; Win64; x64) AppleWebKit/537.36 (KHTML, like Gecko) Chrome/129.0.0.0 Safari/537.36"
193.58.104.73 - - [20/Aug/2026:19:53:08 -0400] "GET / HTTP/1.1" 200 - "http://vinamar.vsptdigital.cl/" "Mozilla/5.0 (Windows NT 10.0; Win64; x64) AppleWebKit/537.36 (KHTML, like Gecko) Chrome/129.0.0.0 Safari/537.36"
195.140.176.73 - - [20/Aug/2026:19:53:30 -0400] "GET /2025/09/08/la-science-des-probabilites-pour-exceller-au-posido-casino/ HTTP/1.1" 200 - "http://vinamar.vsptdigital.cl/2025/09/08/la-science-des-probabilites-pour-exceller-au-posido-casino/" "Mozilla/5.0 (Windows NT 10.0; Win64; x64) AppleWebKit/537.36 (KHTML, like Gecko) Chrome/131.0.0.0 Safari/537.36 Avast/131.0.0.0"
195.140.176.73 - - [20/Aug/2026:19:53:31 -0400] "GET / HTTP/1.1" 200 - "http://vinamar.vsptdigital.cl/" "Mozilla/5.0 (Windows NT 10.0; Win64; x64) AppleWebKit/537.36 (KHTML, like Gecko) Chrome/131.0.0.0 Safari/537.36 Avast/131.0.0.0"
204.12.208.18 - - [20/Aug/2026:19:56:08 -0400] "GET /wp-content/wp9edae5/index.php HTTP/1.1" 200 - "http://www.vinamar.vsptdigital.cl/wp-content/wp9edae5/index.php" "Mozilla/5.0 (Macintosh; U; PPC Mac OS X; ja-jp) AppleWebKit/523.10.6 (KHTML, like Gecko) Version/3.0.4 Safari/523.10.6"
204.12.208.18 - - [20/Aug/2026:20:41:57 -0400] "GET /wp-content/wp9edae5/index.php HTTP/1.1" 200 - "http://www.vinamar.vsptdigital.cl/wp-content/wp9edae5/index.php" "Mozilla/5.0 (Macintosh; U; PPC Mac OS X 10_4_11; ja-jp) AppleWebKit/525.13 (KHTML, like Gecko) Version/3.1 Safari/525.13"
198.204.240.42 - - [20/Aug/2026:21:10:23 -0400] "GET /index.php?params=1 HTTP/1.1" 200 - "-" "Mozilla/5.0 (Windows NT 10.0; Win64; x64) AppleWebKit/537.36 (KHTML, like Gecko) Chrome/131.0.0.0 Safari/537.36"
204.12.208.18 - - [20/Aug/2026:21:26:48 -0400] "GET /wp-content/wp9edae5/index.php HTTP/1.1" 200 - "http://www.vinamar.vsptdigital.cl/wp-content/wp9edae5/index.php" "Mozilla/5.0 (compatible; MSIE 9.0; Windows NT 6.0; Trident/5.0)"
46.101.80.192 - - [20/Aug/2026:21:54:25 -0400] "GET / HTTP/1.1" 200 - "-" "Mozilla/5.0 (Windows NT 10.0; Win64; x64) AppleWebKit/537.36 (KHTML, like Gecko) Chrome/151.0.0.0 Safari/537.36"
47.128.63.44 - - [20/Aug/2026:21:55:54 -0400] "GET /robots.txt HTTP/1.1" 200 - "-" "Mozilla/5.0 (iPhone; CPU iPhone OS 7_1_2 like Mac OS X) AppleWebKit/537.36 (KHTML, like Gecko) Version/7.0 Mobile Safari/537.36 (compatible; Bytespider; https://bytedance.sg.larkoffice.com/docx/K5bxdypulop3IIxrJb0lOjLVgFe)"
47.128.60.40 - - [20/Aug/2026:21:57:16 -0400] "GET /robots.txt HTTP/1.1" 200 - "-" "Mozilla/5.0 (Linux; Android 5.0) AppleWebKit/537.36 (KHTML, like Gecko) Mobile Safari/537.36 (compatible; Bytespider; https://bytedance.sg.larkoffice.com/docx/K5bxdypulop3IIxrJb0lOjLVgFe)"
216.244.66.235 - - [20/Aug/2026:21:58:10 -0400] "GET /2025/09/03/critique-detaillee-du-casino-impressario/feed/ HTTP/1.1" 200 - "-" "Mozilla/5.0 (compatible; DotBot/1.2; +https://opensiteexplorer.org/dotbot; help@moz.com)"
216.244.66.235 - - [20/Aug/2026:21:58:14 -0400] "GET /2025/09/16/kinbet-casino-exploitez-les-probabilites-pour-maximiser-vos-gains/feed/ HTTP/1.1" 200 - "-" "Mozilla/5.0 (compatible; DotBot/1.2; +https://opensiteexplorer.org/dotbot; help@moz.com)"
216.244.66.235 - - [20/Aug/2026:21:58:18 -0400] "GET /2025/10/13/methodes-personnalisees-au-unique-casino/feed/ HTTP/1.1" 200 - "-" "Mozilla/5.0 (compatible; DotBot/1.2; +https://opensiteexplorer.org/dotbot; help@moz.com)"
204.12.208.18 - - [20/Aug/2026:22:10:20 -0400] "GET /wp-content/wp9edae5/index.php HTTP/1.1" 200 - "http://www.vinamar.vsptdigital.cl/wp-content/wp9edae5/index.php" "Mozilla/5.0 (compatible; MSIE 10.0; Windows NT 6.2; Trident/6.0)"
43.131.45.213 - - [20/Aug/2026:22:21:40 -0400] "GET / HTTP/1.1" 200 - "-" "Mozilla/5.0 (iPhone; CPU iPhone OS 13_2_3 like Mac OS X) AppleWebKit/605.1.15 (KHTML, like Gecko) Version/13.0.3 Mobile/15E148 Safari/604.1"
204.12.208.18 - - [20/Aug/2026:22:52:53 -0400] "GET /wp-content/wp9edae5/index.php HTTP/1.1" 200 - "http://www.vinamar.vsptdigital.cl/wp-content/wp9edae5/index.php" "Mozilla/4.0 (compatible; MSIE 8.0; Windows NT 5.1; Trident/4.0; EasyBits GO v1.0; InfoPath.1; .NET CLR 2.0.50727; .NET CLR 3.0.4506.2152; .NET CLR 3.5.30729)"
204.12.208.18 - - [20/Aug/2026:23:36:35 -0400] "GET /wp-content/wp9edae5/index.php HTTP/1.1" 200 - "http://www.vinamar.vsptdigital.cl/wp-content/wp9edae5/index.php" "Mozilla/5.0 (X11; Linux i686) AppleWebKit/535.2 (KHTML, like Gecko) Ubuntu/10.04 Chromium/15.0.874.106 Chrome/15.0.874.106 Safari/535.2"
173.208.148.34 - - [20/Aug/2026:23:37:48 -0400] "GET /index.php?params=1 HTTP/1.1" 200 - "-" "Mozilla/5.0 (Windows NT 10.0; Win64; x64) AppleWebKit/537.36 (KHTML, like Gecko) Chrome/131.0.0.0 Safari/537.36"
216.244.66.235 - - [20/Aug/2026:23:59:39 -0400] "GET /robots.txt HTTP/1.1" 200 - "-" "Mozilla/5.0 (compatible; DotBot/1.2; +https://opensiteexplorer.org/dotbot; help@moz.com)"
216.244.66.235 - - [21/Aug/2026:00:06:41 -0400] "GET /2025/10/17/meistern-sie-chancen-im-luckyniki-casino/ HTTP/1.1" 200 - "-" "Mozilla/5.0 (compatible; DotBot/1.2; +https://opensiteexplorer.org/dotbot; help@moz.com)"
204.12.208.18 - - [21/Aug/2026:00:19:09 -0400] "GET /wp-content/wp9edae5/index.php HTTP/1.1" 404 - "http://www.vinamar.vsptdigital.cl/wp-content/wp9edae5/index.php" "Mozilla/5.0 (Macintosh; U; PPC Mac OS X; ja-jp) AppleWebKit/522.11.1 (KHTML, like Gecko) Version/3.0.3 Safari/522.12.1"
204.12.208.18 - - [21/Aug/2026:01:03:46 -0400] "GET /wp-content/wp9edae5/index.php HTTP/1.1" 404 - "http://www.vinamar.vsptdigital.cl/wp-content/wp9edae5/index.php" "Mozilla/5.0 (Windows NT 6.1; WOW64; rv:9.0.1) Gecko/20100101 Firefox/9.0.1"
204.12.208.18 - - [21/Aug/2026:01:47:15 -0400] "GET /wp-content/wp9edae5/index.php HTTP/1.1" 404 - "http://www.vinamar.vsptdigital.cl/wp-content/wp9edae5/index.php" "Mozilla/5.0 (Macintosh; U; Intel Mac OS X 10_5_6; ja-jp) AppleWebKit/525.27.1 (KHTML, like Gecko) Version/3.2.1 Safari/525.27.1"
182.253.135.159 - - [21/Aug/2026:01:58:22 -0400] "GET /2025/09/14/estrategias-baseadas-em-probabilidade-para-vencer-no-marjosports-casino/ HTTP/1.1" 404 - "https://vinamar.vsptdigital.cl/" "Mozilla/5.0 (Macintosh; Intel Mac OS X 10.15; rv:151.0) Gecko/20100101 Firefox/151.0"
216.244.66.235 - - [21/Aug/2026:02:15:47 -0400] "GET /2025/10/09/revolutionner-lart-du-jeu-au-sirwin-casino/feed/ HTTP/1.1" 404 - "-" "Mozilla/5.0 (compatible; DotBot/1.2; +https://opensiteexplorer.org/dotbot; help@moz.com)"
204.12.208.18 - - [21/Aug/2026:02:28:37 -0400] "GET /wp-content/wp9edae5/index.php HTTP/1.1" 404 - "http://www.vinamar.vsptdigital.cl/wp-content/wp9edae5/index.php" "Mozilla/5.0 (Windows NT 5.1; rv:6.0) Gecko/20100101 Firefox/6.0"
43.134.56.214 - - [21/Aug/2026:03:02:20 -0400] "GET / HTTP/1.1" 200 - "-" "Mozilla/5.0 (iPhone; CPU iPhone OS 13_2_3 like Mac OS X) AppleWebKit/605.1.15 (KHTML, like Gecko) Version/13.0.3 Mobile/15E148 Safari/604.1"
204.12.208.18 - - [21/Aug/2026:03:11:10 -0400] "GET /wp-content/wp9edae5/index.php HTTP/1.1" 404 - "http://www.vinamar.vsptdigital.cl/wp-content/wp9edae5/index.php" "Mozilla/5.0 (Windows NT 5.1) AppleWebKit/534.30 (KHTML, like Gecko) Chrome/12.0.742.122 Safari/534.30 ChromePlus/1.6.3.1"
173.208.148.34 - - [21/Aug/2026:03:16:37 -0400] "GET /index.php?params=1 HTTP/1.1" 200 - "-" "Mozilla/5.0 (Windows NT 10.0; Win64; x64) AppleWebKit/537.36 (KHTML, like Gecko) Chrome/131.0.0.0 Safari/537.36"
57.141.10.38 - - [21/Aug/2026:03:31:48 -0400] "HEAD / HTTP/1.1" 200 - "-" "facebookexternalhit/1.1 (+http://www.facebook.com/externalhit_uatext.php)"
173.208.148.34 - - [21/Aug/2026:03:33:36 -0400] "GET /index.php?params=1 HTTP/1.1" 200 - "-" "Mozilla/5.0 (Windows NT 10.0; Win64; x64) AppleWebKit/537.36 (KHTML, like Gecko) Chrome/131.0.0.0 Safari/537.36"
57.141.22.30 - - [21/Aug/2026:03:34:00 -0400] "HEAD / HTTP/1.1" 200 - "-" "facebookexternalhit/1.1 (+http://www.facebook.com/externalhit_uatext.php)"
57.141.4.44 - - [21/Aug/2026:03:35:50 -0400] "HEAD / HTTP/1.1" 200 - "-" "facebookexternalhit/1.1 (+http://www.facebook.com/externalhit_uatext.php)"
204.12.208.18 - - [21/Aug/2026:04:01:32 -0400] "GET /wp-content/wp9edae5/index.php HTTP/1.1" 404 - "http://www.vinamar.vsptdigital.cl/wp-content/wp9edae5/index.php" "Mozilla/4.0 (compatible; MSIE 7.0; Windows NT 5.1)"
216.244.66.235 - - [21/Aug/2026:04:28:45 -0400] "GET /2025/09/13/free-spin-casino-les-probabilites-au-service-des-joueurs/feed/ HTTP/1.1" 404 - "-" "Mozilla/5.0 (compatible; DotBot/1.2; +https://opensiteexplorer.org/dotbot; help@moz.com)"
216.244.66.235 - - [21/Aug/2026:04:28:50 -0400] "GET /2025/09/20/cheri-casino-jeux-de-hasard-et-probabilites-gagnantes/feed/ HTTP/1.1" 404 - "-" "Mozilla/5.0 (compatible; DotBot/1.2; +https://opensiteexplorer.org/dotbot; help@moz.com)"
216.244.66.235 - - [21/Aug/2026:04:28:54 -0400] "GET /2025/10/11/essentiel-des-probabilites-pour-playjonny-casino/feed/ HTTP/1.1" 404 - "-" "Mozilla/5.0 (compatible; DotBot/1.2; +https://opensiteexplorer.org/dotbot; help@moz.com)"
204.12.208.18 - - [21/Aug/2026:04:45:42 -0400] "GET /wp-content/wp9edae5/index.php HTTP/1.1" 404 - "http://www.vinamar.vsptdigital.cl/wp-content/wp9edae5/index.php" "Mozilla/4.0 (compatible; MSIE 7.0; Windows NT 5.1; SV1; .NET CLR 1.1.4322)"
172.191.149.99 - - [21/Aug/2026:04:51:24 -0400] "GET /wp-content/plugins/hellopress/wp_filemanager.php HTTP/1.1" 404 - "-" "-"
172.191.149.99 - - [21/Aug/2026:04:51:24 -0400] "GET /this_is_a_new_hello_world.php HTTP/1.1" 404 - "-" "-"
172.191.149.99 - - [21/Aug/2026:04:51:24 -0400] "GET /ajax-controller.php HTTP/1.1" 404 - "-" "-"
172.191.149.99 - - [21/Aug/2026:04:51:24 -0400] "GET /wps.php HTTP/1.1" 404 - "-" "-"
172.191.149.99 - - [21/Aug/2026:04:51:24 -0400] "GET /xwx1.php HTTP/1.1" 404 - "-" "-"
172.191.149.99 - - [21/Aug/2026:04:51:24 -0400] "GET /wp-rrtx.php HTTP/1.1" 404 - "-" "-"
172.191.149.99 - - [21/Aug/2026:04:51:24 -0400] "GET /wp-content/x/index.php HTTP/1.1" 404 - "-" "-"
172.191.149.99 - - [21/Aug/2026:04:51:24 -0400] "GET /xd.php HTTP/1.1" 404 - "-" "-"
172.191.149.99 - - [21/Aug/2026:04:51:24 -0400] "GET /shadow-bot.php HTTP/1.1" 404 - "-" "-"
172.191.149.99 - - [21/Aug/2026:04:51:25 -0400] "GET /ab.php HTTP/1.1" 404 - "-" "-"
172.191.149.99 - - [21/Aug/2026:04:51:25 -0400] "GET /xr.php HTTP/1.1" 404 - "-" "-"
172.191.149.99 - - [21/Aug/2026:04:51:25 -0400] "GET /wp-content/wp.php HTTP/1.1" 404 - "-" "-"
172.191.149.99 - - [21/Aug/2026:04:51:25 -0400] "GET /wp-user.php HTTP/1.1" 404 - "-" "-"
172.191.149.99 - - [21/Aug/2026:04:51:25 -0400] "GET /xex.php HTTP/1.1" 404 - "-" "-"
172.191.149.99 - - [21/Aug/2026:04:51:25 -0400] "GET /wtiiy.php HTTP/1.1" 404 - "-" "-"
172.191.149.99 - - [21/Aug/2026:04:51:25 -0400] "GET /wp-configs.php HTTP/1.1" 404 - "-" "-"
172.191.149.99 - - [21/Aug/2026:04:51:25 -0400] "GET /wp-setup.php HTTP/1.1" 404 - "-" "-"
172.191.149.99 - - [21/Aug/2026:04:51:25 -0400] "GET /wpconf.php HTTP/1.1" 404 - "-" "-"
172.191.149.99 - - [21/Aug/2026:04:51:25 -0400] "GET /wyzer1.php HTTP/1.1" 404 - "-" "-"
172.191.149.99 - - [21/Aug/2026:04:51:25 -0400] "GET /xingkong/index.php HTTP/1.1" 404 - "-" "-"
172.191.149.99 - - [21/Aug/2026:04:51:25 -0400] "GET /wp-content/x.php HTTP/1.1" 404 - "-" "-"
172.191.149.99 - - [21/Aug/2026:04:51:26 -0400] "GET /wp-content.php HTTP/1.1" 404 - "-" "-"
172.191.149.99 - - [21/Aug/2026:04:51:26 -0400] "GET /xp.php HTTP/1.1" 404 - "-" "-"
172.191.149.99 - - [21/Aug/2026:04:51:26 -0400] "GET /ws58.php HTTP/1.1" 404 - "-" "-"
172.191.149.99 - - [21/Aug/2026:04:51:26 -0400] "GET /wp-head.php HTTP/1.1" 404 - "-" "-"
172.191.149.99 - - [21/Aug/2026:04:51:26 -0400] "GET /coffe.php HTTP/1.1" 404 - "-" "-"
172.191.149.99 - - [21/Aug/2026:04:51:26 -0400] "GET /xmlrpc.php HTTP/1.1" 404 - "-" "-"
172.191.149.99 - - [21/Aug/2026:04:51:26 -0400] "GET /wp-god.Php HTTP/1.1" 404 - "-" "-"
172.191.149.99 - - [21/Aug/2026:04:51:26 -0400] "GET /wp-links-opml.php HTTP/1.1" 404 - "-" "-"
172.191.149.99 - - [21/Aug/2026:04:51:26 -0400] "GET /wp-admin/zoko.php HTTP/1.1" 404 - "-" "-"
172.191.149.99 - - [21/Aug/2026:04:51:26 -0400] "GET /wpxml.php HTTP/1.1" 404 - "-" "-"
172.191.149.99 - - [21/Aug/2026:04:51:26 -0400] "GET /wp-content/txets.php HTTP/1.1" 404 - "-" "-"
172.191.149.99 - - [21/Aug/2026:04:51:26 -0400] "GET /zoko.php HTTP/1.1" 404 - "-" "-"
172.191.149.99 - - [21/Aug/2026:04:51:27 -0400] "GET /wp-content/options.php HTTP/1.1" 404 - "-" "-"
172.191.149.99 - - [21/Aug/2026:04:51:27 -0400] "GET /xrp.php HTTP/1.1" 404 - "-" "-"
172.191.149.99 - - [21/Aug/2026:04:51:27 -0400] "GET /wp-content/radio.php HTTP/1.1" 404 - "-" "-"
172.191.149.99 - - [21/Aug/2026:04:51:27 -0400] "GET /Zoo.php HTTP/1.1" 404 - "-" "-"
172.191.149.99 - - [21/Aug/2026:04:51:27 -0400] "GET /wp-sing.php HTTP/1.1" 404 - "-" "-"
172.191.149.99 - - [21/Aug/2026:04:51:27 -0400] "GET /wp-content/1.php HTTP/1.1" 404 - "-" "-"
172.191.149.99 - - [21/Aug/2026:04:51:27 -0400] "GET /wp-content/plugin.php HTTP/1.1" 404 - "-" "-"
172.191.149.99 - - [21/Aug/2026:04:51:27 -0400] "GET /vct.php HTTP/1.1" 404 - "-" "-"
172.191.149.99 - - [21/Aug/2026:04:51:27 -0400] "GET /wp-content/w.php HTTP/1.1" 404 - "-" "-"
172.191.149.99 - - [21/Aug/2026:04:51:27 -0400] "GET /wper3.php HTTP/1.1" 404 - "-" "-"
172.191.149.99 - - [21/Aug/2026:04:51:27 -0400] "GET /likesample.php HTTP/1.1" 404 - "-" "-"
172.191.149.99 - - [21/Aug/2026:04:51:27 -0400] "GET /ws78.php HTTP/1.1" 404 - "-" "-"
172.191.149.99 - - [21/Aug/2026:04:51:28 -0400] "GET /wp-xadmin.php HTTP/1.1" 404 - "-" "-"
71.6.236.153 - - [21/Aug/2026:05:04:41 -0400] "GET / HTTP/1.1" 200 - "-" "RootEvidence/1.0"
216.244.66.235 - - [21/Aug/2026:05:11:43 -0400] "GET /2025/09/02/analyse-pointue-de-netbet-casino/feed/ HTTP/1.1" 404 - "-" "Mozilla/5.0 (compatible; DotBot/1.2; +https://opensiteexplorer.org/dotbot; help@moz.com)"
204.12.208.18 - - [21/Aug/2026:05:27:40 -0400] "GET /wp-content/wp9edae5/index.php HTTP/1.1" 404 - "http://www.vinamar.vsptdigital.cl/wp-content/wp9edae5/index.php" "Mozilla/4.0 (compatible; MSIE 8.0; Windows NT 5.1; Trident/4.0; .NET CLR 2.0.50727; InfoPath.1"
216.244.66.235 - - [21/Aug/2026:05:55:11 -0400] "GET /2025/10/13/cosmos-enigmatique-au-golden-panda-casino/feed/ HTTP/1.1" 404 - "-" "Mozilla/5.0 (compatible; DotBot/1.2; +https://opensiteexplorer.org/dotbot; help@moz.com)"
216.244.66.235 - - [21/Aug/2026:05:56:32 -0400] "GET /2025/10/13/cosmos-enigmatique-au-golden-panda-casino/ HTTP/1.1" 404 - "-" "Mozilla/5.0 (compatible; DotBot/1.2; +https://opensiteexplorer.org/dotbot; help@moz.com)"
71.6.241.9 - - [21/Aug/2026:06:11:01 -0400] "GET / HTTP/1.1" 200 - "-" "RootEvidence/1.0"
204.12.208.18 - - [21/Aug/2026:06:30:00 -0400] "GET /wp-content/wp9edae5/index.php HTTP/1.1" 404 - "http://www.vinamar.vsptdigital.cl/wp-content/wp9edae5/index.php" "Mozilla/4.0 (compatible; MSIE 8.0; Windows NT 5.1; Trident/4.0; .NET CLR 2.0.50727; InfoPath.1"
216.244.66.235 - - [21/Aug/2026:06:36:53 -0400] "GET /2025/09/05/jeton-rouge-casino-guide-probabiliste-pour-des-paris-optimises/feed/ HTTP/1.1" 404 - "-" "Mozilla/5.0 (compatible; DotBot/1.2; +https://opensiteexplorer.org/dotbot; help@moz.com)"
216.244.66.235 - - [21/Aug/2026:06:36:57 -0400] "GET /2025/09/16/betn1-casino-probabilites-pour-maximiser-vos-gains/feed/ HTTP/1.1" 404 - "-" "Mozilla/5.0 (compatible; DotBot/1.2; +https://opensiteexplorer.org/dotbot; help@moz.com)"
146.103.114.94 - - [21/Aug/2026:06:37:38 -0400] "GET /2025/09/07/offrez-vous-une-escapade-ludique-grace-a-my-stake/ HTTP/1.0" 404 - "http://vinamar.vsptdigital.cl/2025/09/07/offrez-vous-une-escapade-ludique-grace-a-my-stake/" "Mozilla/5.0 (Windows NT 10.0; Win64; x64) AppleWebKit/537.36 (KHTML, like Gecko) Chrome/131.0.0.0 Safari/537.36 Avast/131.0.0.0"
