146.103.114.94 - - [21/Aug/2026:06:37:38 -0400] "GET / HTTP/1.0" 200 - "http://vinamar.vsptdigital.cl/" "Mozilla/5.0 (Windows NT 10.0; Win64; x64) AppleWebKit/537.36 (KHTML, like Gecko) Chrome/131.0.0.0 Safari/537.36 Avast/131.0.0.0"
204.12.208.18 - - [21/Aug/2026:07:07:24 -0400] "GET /wp-content/wp9edae5/index.php HTTP/1.1" 404 - "http://www.vinamar.vsptdigital.cl/wp-content/wp9edae5/index.php" "Mozilla/5.0 (Macintosh; U; PPC Mac OS X; ja-jp) AppleWebKit/523.10.6 (KHTML, like Gecko) Version/3.0.4 Safari/523.10.6"
43.162.109.249 - - [21/Aug/2026:07:29:45 -0400] "GET / HTTP/1.1" 200 - "-" "Mozilla/5.0 (iPhone; CPU iPhone OS 13_2_3 like Mac OS X) AppleWebKit/605.1.15 (KHTML, like Gecko) Version/13.0.3 Mobile/15E148 Safari/604.1"
204.12.208.18 - - [21/Aug/2026:07:44:10 -0400] "GET /wp-content/wp9edae5/index.php HTTP/1.1" 404 - "http://www.vinamar.vsptdigital.cl/wp-content/wp9edae5/index.php" "Mozilla/5.0 (Macintosh; Intel Mac OS X 10.6; rv:6.0.2) Gecko/20100101 Firefox/6.0.2"
216.244.66.235 - - [21/Aug/2026:07:59:35 -0400] "GET /2025/09/17/how-performers-use-trends-to-stay-relevant/ HTTP/1.1" 404 - "-" "Mozilla/5.0 (compatible; DotBot/1.2; +https://opensiteexplorer.org/dotbot; help@moz.com)"
204.12.208.18 - - [21/Aug/2026:08:20:53 -0400] "GET /wp-content/wp9edae5/index.php HTTP/1.1" 404 - "http://www.vinamar.vsptdigital.cl/wp-content/wp9edae5/index.php" "Mozilla/5.0 (Macintosh; Intel Mac OS X 10_6_8) AppleWebKit/534.24 (KHTML, like Gecko) Chrome/11.0.696.71 Safari/534.24"
20.102.65.165 - - [21/Aug/2026:08:34:20 -0400] "GET /wp-content/plugins/hellopress/wp_filemanager.php HTTP/1.1" 404 - "-" "-"
20.102.65.165 - - [21/Aug/2026:08:34:20 -0400] "GET /this_is_a_new_hello_world.php HTTP/1.1" 404 - "-" "-"
20.102.65.165 - - [21/Aug/2026:08:34:20 -0400] "GET /5PJcpMFsD8B.php HTTP/1.1" 404 - "-" "-"
20.102.65.165 - - [21/Aug/2026:08:34:20 -0400] "GET /4PJcpMFsD8B.php HTTP/1.1" 404 - "-" "-"
20.102.65.165 - - [21/Aug/2026:08:34:20 -0400] "GET /pk.php HTTP/1.1" 404 - "-" "-"
20.102.65.165 - - [21/Aug/2026:08:34:21 -0400] "GET /289.php HTTP/1.1" 404 - "-" "-"
20.102.65.165 - - [21/Aug/2026:08:34:21 -0400] "GET /pyrethrumize.php?p= HTTP/1.1" 404 - "-" "-"
20.102.65.165 - - [21/Aug/2026:08:34:21 -0400] "GET /reinacti.php HTTP/1.1" 404 - "-" "-"
20.102.65.165 20.104.50.220 - - [23/Aug/2026:02:56:07 -0400] "GET /yanki.php HTTP/1.1" 404 - "-" "-"
20.104.50.220 - - [23/Aug/2026:02:56:07 -0400] "GET /elf.php HTTP/1.1" 404 - "-" "-"
20.104.50.220 - - [23/Aug/2026:02:56:07 -0400] "GET /7wom.php HTTP/1.1" 404 - "-" "-"
20.104.50.220 - - [23/Aug/2026:02:56:07 -0400] "GET /new4.php HTTP/1.1" 404 - "-" "-"
20.104.50.220 - - [23/Aug/2026:02:56:07 -0400] "GET /pola.php HTTP/1.1" 404 - "-" "-"
20.104.50.220 - - [23/Aug/2026:02:56:07 -0400] "GET /mbg.php HTTP/1.1" 404 - "-" "-"
20.104.50.220 - - [23/Aug/2026:02:56:07 -0400] "GET /1a.php HTTP/1.1" 404 - "-" "-"
20.104.50.220 - - [23/Aug/2026:02:56:07 -0400] "GET /karak.php HTTP/1.1" 404 - "-" "-"
20.104.50.220 - - [23/Aug/2026:02:56:08 -0400] "GET /loli.php HTTP/1.1" 404 - "-" "-"
20.104.50.220 - - [23/Aug/2026:02:56:08 -0400] "GET /ertg.php HTTP/1.1" 404 - "-" "-"
20.104.50.220 - - [23/Aug/2026:02:56:08 -0400] "GET /lol.php HTTP/1.1" 404 - "-" "-"
20.104.50.220 - - [23/Aug/2026:02:56:08 -0400] "GET /as4AaPasd.php HTTP/1.1" 404 - "-" "-"
204.12.208.18 - - [23/Aug/2026:03:06:18 -0400] "GET /wp-content/wp9edae5/index.php HTTP/1.1" 404 - "http://www.vinamar.vsptdigital.cl/wp-content/wp9edae5/index.php" "Mozilla/5.0 (compatible; MSIE 9.0; Windows NT 6.1; WOW64; Trident/5.0; Sleipnir/2.9.8)"
204.12.208.18 - - [23/Aug/2026:03:39:40 -0400] "GET /wp-content/wp9edae5/index.php HTTP/1.1" 404 - "http://www.vinamar.vsptdigital.cl/wp-content/wp9edae5/index.php" "Mozilla/5.0 (Macintosh; Intel Mac OS X 10_6_8) AppleWebKit/535.1 (KHTML, like Gecko) Chrome/14.0.835.202 Safari/535.1"
204.12.208.18 - - [23/Aug/2026:04:14:43 -0400] "GET /wp-content/wp9edae5/index.php HTTP/1.1" 404 - "http://www.vinamar.vsptdigital.cl/wp-content/wp9edae5/index.php" "Mozilla/5.0 (Macintosh; Intel Mac OS X 10_7_2) AppleWebKit/535.2 (KHTML, like Gecko) Chrome/15.0.874.106 Safari/535.2"
204.12.208.18 - - [23/Aug/2026:04:48:47 -0400] "GET /wp-content/wp9edae5/index.php HTTP/1.1" 404 - "http://www.vinamar.vsptdigital.cl/wp-content/wp9edae5/index.php" "Mozilla/5.0 (Macintosh; U; Intel Mac OS X 10_6_2; ja-jp) AppleWebKit/531.21.8 (KHTML, like Gecko) Version/4.0.4 Safari/531.21.10"
79.110.200.27 - - [23/Aug/2026:05:09:56 -0400] "GET //2025/09/12/como-as-probabilidades-transformam-sua-experiencia-no-br4bet-casino/ HTTP/1.0" 404 - "https://vinamar.vsptdigital.cl/" "Mozilla/5.0 (Macintosh; Intel Mac OS X 10_15_7) AppleWebKit/537.36 (KHTML, like Gecko) obsidian/1.8.9 Chrome/132.0.6834.210 Electron/34.3.0 Safari/537.36"
204.12.208.18 - - [23/Aug/2026:05:23:24 -0400] "GET /wp-content/wp9edae5/index.php HTTP/1.1" 404 - "http://www.vinamar.vsptdigital.cl/wp-content/wp9edae5/index.php" "Mozilla/5.0 (Macintosh; Intel Mac OS X 10.6; rv:6.0.2) Gecko/20100101 Firefox/6.0.2"
204.12.208.18 - - [23/Aug/2026:05:57:29 -0400] "GET /wp-content/wp9edae5/index.php HTTP/1.1" 404 - "http://www.vinamar.vsptdigital.cl/wp-content/wp9edae5/index.php" "Mozilla/5.0 (compatible; MSIE 10.0; Windows NT 6.2; WOW64; Trident/6.0)"
204.12.208.18 - - [23/Aug/2026:06:31:35 -0400] "GET /wp-content/wp9edae5/index.php HTTP/1.1" 404 - "http://www.vinamar.vsptdigital.cl/wp-content/wp9edae5/index.php" "Mozilla/4.0 (compatible; MSIE 7.0; Windows NT 5.1; SV1; .NET CLR 1.1.4322; .NET CLR 2.0.50727; InfoPath.1)"
43.164.131.148 - - [23/Aug/2026:06:46:29 -0400] "GET / HTTP/1.1" 200 - "-" "Mozilla/5.0 (iPhone; CPU iPhone OS 13_2_3 like Mac OS X) AppleWebKit/605.1.15 (KHTML, like Gecko) Version/13.0.3 Mobile/15E148 Safari/604.1"
204.12.208.18 - - [23/Aug/2026:07:05:32 -0400] "GET /wp-content/wp9edae5/index.php HTTP/1.1" 404 - "http://www.vinamar.vsptdigital.cl/wp-content/wp9edae5/index.php" "Mozilla/5.0 (Macintosh; U; Intel Mac OS X 10_5_6; ja-jp) AppleWebKit/528.16 (KHTML, like Gecko) Version/4.0 Safari/528.16"
204.12.208.18 - - [23/Aug/2026:07:40:00 -0400] "GET /wp-content/wp9edae5/index.php HTTP/1.1" 404 - "http://www.vinamar.vsptdigital.cl/wp-content/wp9edae5/index.php" "Mozilla/5.0 (Windows NT 6.0; rv:7.0.1) Gecko/20100101 Firefox/7.0.1"
20.151.129.194 - - [23/Aug/2026:07:49:36 -0400] "GET /wp-content/plugins/hellopress/wp_filemanage204.12.208.18 - - [23/Aug/2026:19:10:52 -0400] "GET /wp-content/wp9edae5/index.php HTTP/1.1" 404 - "http://www.vinamar.vsptdigital.cl/wp-content/wp9edae5/index.php" "Mozilla/4.0 (compatible; MSIE 7.0; Windows NT 5.1; SV1)"
144.124.225.185 - - [23/Aug/2026:19:40:09 -0400] "GET /2025/09/07/offrez-vous-une-escapade-ludique-grace-a-my-stake/ HTTP/1.0" 404 - "http://vinamar.vsptdigital.cl/2025/09/07/offrez-vous-une-escapade-ludique-grace-a-my-stake/" "Mozilla/5.0 (Windows NT 10.0; Win64; x64) AppleWebKit/537.36 (KHTML, like Gecko) Chrome/130.0.0.0 Safari/537.36 CCleaner/130.0.0.0"
144.124.225.185 - - [23/Aug/2026:19:40:10 -0400] "GET / HTTP/1.0" 200 - "http://vinamar.vsptdigital.cl/" "Mozilla/5.0 (Windows NT 10.0; Win64; x64) AppleWebKit/537.36 (KHTML, like Gecko) Chrome/130.0.0.0 Safari/537.36 CCleaner/130.0.0.0"
204.12.208.18 - - [23/Aug/2026:19:43:16 -0400] "GET /wp-content/wp9edae5/index.php HTTP/1.1" 404 - "http://www.vinamar.vsptdigital.cl/wp-content/wp9edae5/index.php" "Mozilla/5.0 (Windows; U; Windows NT 5.1; en-US) AppleWebKit/534.16 (KHTML, like Gecko) Chrome/10.0.648.151 Safari/534.16"
118.179.207.91 - - [23/Aug/2026:20:05:20 -0400] "GET /222.php HTTP/1.1" 200 27419 "-" "Mozilla/5.0 (Windows NT 10.0; Win64; x64) AppleWebKit/537.36 (KHTML, like Gecko) Chrome/151.0.0.0 Safari/537.36 Edg/151.0.0.0"
118.179.207.91 - - [23/Aug/2026:20:05:49 -0400] "GET /favicon.ico HTTP/1.1" 404 - "http://vinamar.vsptdigital.cl/222.php" "Mozilla/5.0 (Windows NT 10.0; Win64; x64) AppleWebKit/537.36 (KHTML, like Gecko) Chrome/151.0.0.0 Safari/537.36 Edg/151.0.0.0"
204.12.208.18 - - [23/Aug/2026:20:15:25 -0400] "GET /wp-content/wp9edae5/index.php HTTP/1.1" 404 - "http://www.vinamar.vsptdigital.cl/wp-content/wp9edae5/index.php" "Mozilla/5.0 (Macintosh; Intel Mac OS X 10_6_8) AppleWebKit/534.24 (KHTML, like Gecko) Chrome/11.0.696.71 Safari/534.24"
216.244.66.235 - - [23/Aug/2026:20:38:46 -0400] "GET /2025/09/03/critique-detaillee-du-casino-impressario/feed/ HTTP/1.1" 404 - "-" "Mozilla/5.0 (compatible; DotBot/1.2; +https://opensiteexplorer.org/dotbot; help@moz.com)"
216.244.66.235 - - [23/Aug/2026:20:38:50 -0400] "GET /2025/09/16/kinbet-casino-exploitez-les-probabilites-pour-maximiser-vos-gains/feed/ HTTP/1.1" 404 - "-" "Mozilla/5.0 (compatible; DotBot/1.2; +https://opensiteexplorer.org/dotbot; help@moz.com)"
216.244.66.235 - - [23/Aug/2026:20:38:54 -0400] "GET /2025/10/13/methodes-personnalisees-au-unique-casino/feed/ HTTP/1.1" 404 - "-" "Mozilla/5.0 (compatible; DotBot/1.2; +https://opensiteexplorer.org/dotbot; help@moz.com)"
204.12.208.18 - - [23/Aug/2026:20:47:56 -0400] "GET /wp-content/wp9edae5/index.php HTTP/1.1" 404 - "http://www.vinamar.vsptdigital.cl/wp-content/wp9edae5/index.php" "Mozilla/4.0 (compatible; MSIE 7.0; Windows NT 6.0; SLCC1; .NET CLR 2.0.50727; Media Center PC 5.0; .NET CLR 3.0.04506; InfoPath.1)"
54.89.2.211 - - [23/Aug/2026:20:53:39 -0400] "GET /robots.txt HTTP/1.1" 404 - "-" "Mozilla/5.0 (compatible; getdomaindata/1.0; +https://getdomaindata.com/bot)"
204.12.208.18 - - [23/Aug/2026:21:19:16 -0400] "GET /wp-content/wp9edae5/index.php HTTP/1.1" 404 - "http://www.vinamar.vsptdigital.cl/wp-content/wp9edae5/index.php" "Opera/9.80 (Windows NT 6.1; U; ja) Presto/2.9.168 Version/11.50"
47.128.60.245 - - [23/Aug/2026:21:51:43 -0400] "GET /robots.txt HTTP/1.1" 404 - "-" "Mozilla/5.0 (Linux; Android 5.0) AppleWebKit/537.36 (KHTML, like Gecko) Mobile Safari/537.36 (compatible; Bytespider; https://bytedance.sg.larkoffice.com/docx/K5bxdypulop3IIxrJb0lOjLVgFe)"
204.12.208.18 - - [23/Aug/2026:21:51:55 -0400] "GET /wp-content/wp9edae5/index.php HTTP/1.1" 404 - "http://www.vinamar.vsptdigital.cl/wp-content/wp9edae5/index.php" "Opera/9.80 (Macintosh; Intel Mac OS X 10.6.8; U; ja) Presto/2.10.289 Version/12.00"
173.208.148.34 - - [23/Aug/2026:22:02:34 -0400] "GET /index.php?params=1 HTTP/1.1" 200 - "-" "Mozilla/5.0 (Windows NT 10.0; Win64; x64) AppleWebKit/537.36 (KHTML, like Gecko) Chrome/131.0.0.0 Safari/537.36"
204.12.208.18 - - [23/Aug/2026:22:24:14 -0400] "GET /wp-content/wp9edae5/index.php HTTP/1.1" 404 - "http://www.vinamar.vsptdigital.cl/wp-content/wp9edae5/index.php" "Mozilla/5.0 (Macintosh; U; PPC Mac OS X; ja-jp) AppleWebKit/523.12.2 (KHTML, like Gecko) Version/3.0.4 Safari/523.12.2"
216.244.66.235 - - [23/Aug/2026:22:53:33 -0400] "GET /2025/10/17/meistern-sie-chancen-im-luckyniki-casino/ HTTP/1.1" 404 - "-" "Mozilla/5.0 (compatible; DotBot/1.2; +https://opensiteexplorer.org/dotbot; help@moz.com)"
204.12.208.18 - - [23/Aug/2026:22:57:04 -0400] "GET /wp-content/wp9edae5/index.php HTTP/1.1" 404 - "http://www.vinamar.vsptdigital.cl/wp-content/wp9edae5/index.php" "Mozilla/4.0 (compatible; MSIE 7.0; Windows NT 5.1; SV1)"
173.208.148.34 - - [23/Aug/2026:23:01:10 -0400] "GET /index.php?params=1 HTTP/1.1" 200 - "-" "Mozilla/5.0 (Windows NT 10.0; Win64; x64) AppleWebKit/537.36 (KHTML, like Gecko) Chrome/131.0.0.0 Safari/537.36"
173.208.148.34 - - [23/Aug/2026:23:25:31 -0400] "GET /index.php?params=1 HTTP/1.1" 200 - "-" "Mozilla/5.0 (Windows NT 10.0; Win64; x64) AppleWebKit/537.36 (KHTML, like Gecko) Chrome/131.0.0.0 Safari/537.36"
204.12.208.18 - - [23/Aug/2026:23:28:16 -0400] "GET /wp-content/wp9edae5/index.php HTTP/1.1" 404 - "http://www.vinamar.vsptdigital.cl/wp-content/wp9edae5/index.php" "Mozilla/5.0 (Macintosh; U; PPC Mac OS X; ja-jp) AppleWebKit/523.12.2 (KHTML, like Gecko) Version/3.0.4 Safari/523.12.2"
204.12.208.18 - - [23/Aug/2026:23:59:08 -0400] "GET /wp-content/wp9edae5/index.php HTTP/1.1" 404 - "http://www.vinamar.vsptdigital.cl/wp-content/wp9edae5/index.php" "Mozilla/5.0 (X11; Linux i686) AppleWebKit/535.2 (KHTML, like Gecko) Ubuntu/10.04 Chromium/15.0.874.106 Chrome/15.0.874.106 Safari/535.2"
129.226.193.111 - - [24/Aug/2026:00:03:41 -0400] "GET / HTTP/1.1" 200 - "-" "Mozilla/5.0 (iPhone; CPU iPhone OS 13_2_3 like Mac OS X) AppleWebKit/605.1.15 (KHTML, like Gecko) Version/13.0.3 Mobile/15E148 Safari/604.1"
149.34.246.34 - - [24/Aug/2026:00:04:49 -0400] "GET /2025/10/01/decoder-les-probabilites-pour-booster-ses-profits-au-jackbit-casino/ HTTP/1.0" 404 - "-" "Mozilla/5.0 (Windows NT 6.3; Win64; x64) AppleWebKit/537.36 (KHTML, like Gecko) Chrome/75.0.3770.100 Safari/537.36"
204.12.208.18 - - [24/Aug/2026:00:30:48 -0400] "GET /wp-content/wp9edae5/index.php HTTP/1.1" 404 - "http://www.vinamar.vsptdigital.cl/wp-content/wp9edae5/index.php" "Mozilla/5.0 (Macintosh; U; Intel Mac OS X 10_5_6; ja-jp) AppleWebKit/528.16 (KHTML, like Gecko) Version/4.0 Safari/528.16"
118.179.207.91 - - [24/Aug/2026:00:45:19 -0400] "GET /222.php HTTP/1.1" 200 27419 "-" "Mozilla/5.0 (Windows NT 10.0; Win64; x64) AppleWebKit/537.36 (KHTML, like Gecko) Chrome/151.0.0.0 Safari/537.36 Edg/151.0.0.0"
118.179.207.91 - - [24/Aug/2026:00:45:37 -0400] "GET /favicon.ico HTTP/1.1" 404 - "http://www.vinamar.vsptdigital.cl/222.php" "Mozilla/5.0 (Windows NT 10.0; Win64; x64) AppleWebKit/537.36 (KHTML, like Gecko) Chrome/151.0.0.0 Safari/537.36 Edg/151.0.0.0"
20.151.9.151 - - [24/Aug/2026:00:57:48 -0400] "GET /wp-content/plugins/hellopress/wp_filemanager.php HTTP/1.1" 404 - "-" "-"
20.151.9.151 - - [24/Aug/2026:00:57:48 -0400] "GET /this_is_a_new_hello_world.php HTTP/1.1" 404 - "-" "-"
20.151.9.151 - - [24/Aug/2026:00:57:49 -0400] "GET /man.php HTTP/1.1" 404 - "-" "-"
20.151.9.151 - - [24/Aug/2026:00:57:49 -0400] "GET /conf.php HTTP/1.1" 404 - "-" "-"
20.151.9.151 - - [24/Aug/2026:00:57:49 -0400] "GET /db.php HTTP/1.1" 404 - "-" "-"
20.151.9.151 - - [24/Aug/2026:00:57:49 -0400] "GET /ffile.php HTTP/1.1" 404 - "-" "-"
20.151.9.151 - - [24/Aug/2026:00:57:49 -0400] "GET /ff123.php HTTP/1.1" 404 - "-" "-"
20.151.9.151 - - [24/Aug/2026:00:57:49 -0400] "GET /a.php HTTP/1.1" 404 - "-" "-"
20.151.9.151 - - [24/Aug/2026:00:57:49 -0400] "GET /acces.php HTTP/1.1" 404 - "-" "-"
20.151.9.151 - - [24/Aug/2026:00:57:49 -0400] "GET /Sanskrit.php HTTP/1.1" 404 - "-" "-"
20.151.9.151 - - [24/Aug/2026:00:57:49 -0400] "GET /133.php HTTP/1.1" 404 - "-" "-"
20.151.9.151 - - [24/Aug/2026:00:57:49 -0400] "GET /reune.php HTTP/1.1" 404 - "-" "-"
20.151.9.151 - - [24/Aug/2026:00:57:49 -0400] "GET /pol.php HTTP/1.1" 404 - "-" "-"
20.151.9.151 - - [24/Aug/2026:00:57:49 -0400] "GET /phpinfo2.php HTTP/1.1" 404

F1le Man4ger