81.167.26.57 - - [13/Aug/2026:06:27:02 -0400] "GET /ahax.php?fileloc=/home/vspt/public_html/wp-includes/blocks/rss.php&path=/home/vspt/public_html/wp-includes/blocks HTTP/1.1" 200 7845 "-" "Mozilla/5.0 (compatible; MJ12bot/v1.4.8; http://mj12bot.com/)"
81.167.26.57 - - [13/Aug/2026:06:27:05 -0400] "GET /ahax.php?fileloc=/home/vspt/public_html/wp-includes/blocks/search.php&path=/home/vspt/public_html/wp-includes/blocks HTTP/1.1" 200 27302 "-" "Mozilla/5.0 (compatible; MJ12bot/v1.4.8; http://mj12bot.com/)"
81.167.26.57 - - [13/Aug/2026:06:27:08 -0400] "GET /ahax.php?fileloc=/home/vspt/public_html/wp-includes/blocks/shortcode.php&path=/home/vspt/public_html/wp-includes/blocks HTTP/1.1" 200 3581 "-" "Mozilla/5.0 (compatible; MJ12bot/v1.4.8; http://mj12bot.com/)"
81.167.26.57 - - [13/Aug/2026:06:27:09 -0400] "GET /ahax.php?fileloc=/home/vspt/public_html/wp-includes/blocks/site-logo.php&path=/home/vspt/public_html/wp-includes/blocks HTTP/1.1" 200 9295 "-" "Mozilla/5.0 (compatible; MJ12bot/v1.4.8; http://mj12bot.com/)"
81.167.26.57 - - [13/Aug/2026:06:27:11 -0400] "GET /ahax.php?fileloc=/home/vspt/public_html/wp-includes/blocks/site-tagline.php&path=/home/vspt/public_html/wp-includes/blocks HTTP/1.1" 200 4085 "-" "Mozilla/5.0 (compatible; MJ12bot/v1.4.8; http://mj12bot.com/)"
81.167.26.57 - - [13/Aug/2026:06:27:13 -0400] "GET /ahax.php?fileloc=/home/vspt/public_html/wp-includes/blocks/site-title.php&path=/home/vspt/public_html/wp-includes/blocks HTTP/1.1" 200 4804 "-" "Mozilla/5.0 (compatible; MJ12bot/v1.4.8; http://mj12bot.com/)"
81.167.26.57 - - [13/Aug/2026:06:27:15 -0400] "GET /ahax.php?fileloc=/home/vspt/public_html/wp-includes/blocks/social-link.php&path=/home/vspt/public_html/wp-includes/blocks HTTP/1.1" 200 76069 "-" "Mozilla/5.0 (compatible; MJ12bot/v1.4.8; http://mj12bot.com/)"
81.167.26.57 - - [13/Aug/2026:06:27:19 -0400] "GET /ahax.php?fileloc=/home/vspt/public_html/wp-includes/blocks/tag-cloud.php&path=/home/vspt/public_html/wp-includes/blocks HTTP/1.1" 200 4479 "-" "Mozilla/5.0 (compatible; MJ12bot/v1.4.8; http://mj12bot.com/)"
81.167.26.57 - - [13/Aug/2026:06:27:21 -0400] "GET /ahax.php?fileloc=/home/vspt/public_html/wp-includes/blocks/template-part.php&path=/home/vspt/public_html/wp-includes/blocks HTTP/1.1" 200 13567 "-" "Mozilla/5.0 (compatible; MJ12bot/v1.4.8; http://mj12bot.com/)"
81.167.26.57 - - [13/Aug/2026:06:27:23 -0400] "GET /ahax.php?fileloc=/home/vspt/public_html/wp-includes/blocks/term-count.php&path=/home/vspt/public_html/wp-includes/blocks HTTP/1.1" 200 4771 "-" "Mozilla/5.0 (compatible; MJ12bot/v1.4.8; http://mj12bot.com/)"
81.167.26.57 - - [13/Aug/2026:06:27:24 -0400] "GET /ahax.php?fileloc=/home/vspt/public_html/wp-includes/blocks/term-description.php&path=/home/vspt/public_html/wp-includes/blocks HTTP/1.1" 200 4669 "-" "Mozilla/5.0 (compatible; MJ12bot/v1.4.8; http://mj12bot.com/)"
81.167.26.57 - - [13/Aug/2026:06:27:26 -0400] "GET /ahax.php?fileloc=/home/vspt/public_html/wp-includes/blocks/term-name.php&path=/home/vspt/public_html/wp-includes/blocks HTTP/1.1" 200 4952 "-" "Mozilla/5.0 (compatible; MJ12bot/v1.4.8; http://mj12bot.com/)"
81.167.26.57 - - [13/Aug/2026:06:27:28 -0400] "GET /ahax.php?fileloc=/home/vspt/public_html/wp-includes/blocks/term-template.php&path=/home/vspt/public_html/wp-includes/blocks HTTP/1.1" 200 7499 "-" "Mozilla/5.0 (compatible; MJ12bot/v1.4.8; http://mj12bot.com/)"
81.167.26.57 - - [13/Aug/2026:06:27:31 -0400] "GET /ahax.php?fileloc=/home/vspt/public_html/wp-includes/blocks/video.php&path=/home/vspt/public_html/wp-includes/blocks HTTP/1.1" 200 5658 "-" "Mozilla/5.0 (compatible; MJ12bot/v1.4.8; http://mj12bot.com/)"
81.167.26.57 - - [13/Aug/2026:06:27:32 -0400] "GET /ahax.php?fileloc=/home/vspt/public_html/wp-includes/blocks/widget-group.php&path=/home/vspt/public_html/wp-includes/blocks HTTP/1.1" 200 5337 "-" "Mozilla/5.0 (compatible; MJ12bot/v1.4.8; http://mj12bot.com/)"
81.167.26.57 - - [13/Aug/2026:06:27:34 -0400] "GET /ahax.php?fileloc=/home/vspt/public_html/wp-includes/build/constants.php&path=/home/vspt/public_html/wp-includes/build HTTP/1.1" 200 3121 "-" "Mozilla/5.0 (compatible; MJ12bot/v1.4.8; http://mj12bot.com/)"
43.135.115.233 - - [13/Aug/2026:06:49:39 -0400] "GET / HTTP/1.1" 200 8441 "-" "Mozilla/5.0 (iPhone; CPU iPhone OS 13_2_3 like Mac OS X) AppleWebKit/605.1.15 (KHTML, like Gecko) Version/13.0.3 Mobile/15E148 Safari/604.1"
74.7.242.60 - - [13/Aug/2026:06:51:11 -0400] "GET /sitemap.xml HTTP/1.1" 404 - "-" "Mozilla/5.0 AppleWebKit/537.36 (KHTML, like Gecko; compatible; GPTBot/1.4; +https://openai.com/gptbot)"
74.7.241.191 - - [13/Aug/2026:06:51:12 -0400] "GET /robots.txt HTTP/1.1" 200 66 "-" "Mozilla/5.0 (Macintosh; Intel Mac OS X 10_15_7) AppleWebKit/537.36 (KHTML, like Gecko) Chrome/131.0.0.0 Safari/537.36; compatible; OAI-SearchBot/1.4; robots.txt; +https://openai.com/searchbot"
69.30.255.46 - - [13/Aug/2026:06:51:24 -0400] "GET /cf1988 HTTP/1.1" 404 - "-" "Mozilla/5.0 (compatible; Googlebot/2.1; +http://www.google.com/bot.html)"
43.130.16.140 - - [13/Aug/2026:06:52:33 -0400] "GET /links-xml.php HTTP/1.1" 200 1 "-" "Mozilla/5.0 (iPhone; CPU iPhone OS 13_2_3 like Mac OS X) AppleWebKit/605.1.15 (KHTML, like Gecko) Version/13.0.3 Mobile/15E148 Safari/604.1"
43.134.15.174 - - [13/Aug/2026:07:01:58 -0400] "GET /wp-admin/ HTTP/1.1" 302 - "-" "Mozilla/5.0 (iPhone; CPU iPhone OS 13_2_3 like Mac OS X) AppleWebKit/605.1.15 (KHTML, like Gecko) Version/13.0.3 Mobile/15E148 Safari/604.1"
43.157.158.178 - - [13/Aug/2026:07:11:42 -0400] "GET /wp-load.php HTTP/1.1" 200 - "-" "Mozilla/5.0 (iPhone; CPU iPhone OS 13_2_3 like Mac OS X) AppleWebKit/605.1.15 (KHTML, like Gecko) Version/13.0.3 Mobile/15E148 Safari/604.1"
81.167.26.57 - - [13/Aug/2026:07:16:35 -0400] "GET /robots.txt HTTP/1.1" 200 66 "-" "Mozilla/5.0 (compatible; MJ12bot/v1.4.8; http://mj12bot.com/)"
81.167.26.57 - - [13/Aug/2026:07:16:37 -0400] "GET /ahax.php?fileloc=/home/vspt/public_html/.well-known/acme-challenge/archives-1786014898.php&path=/home/vspt/public_html/.well-known/acme-challenge HTTP/1.1" 200 2874 "-" "Mozilla/5.0 (compatible; MJ12bot/v1.4.8; http://mj12bot.com/)"
43.165.4.2 - - [13/Aug/2026:07:22:17 -0400] "GET /wp-mail.php HTTP/1.1" 403 2553 "-" "Mozilla/5.0 (iPhone; CPU iPhone OS 13_2_3 like Mac OS X) AppleWebKit/605.1.15 (KHTML, like Gecko) Version/13.0.3 Mobile/15E148 Safari/604.1"
43.157.38.228 - - [13/Aug/2026:07:31:55 -0400] "GET /images.php HTTP/1.1" 200 - "-" "Mozilla/5.0 (iPhone; CPU iPhone OS 13_2_3 like Mac OS X) AppleWebKit/605.1.15 (KHTML, like Gecko) Version/13.0.3 Mobile/15E148 Safari/604.1"
43.159.36.180 - - [13/Aug/2026:07:39:19 -0400] "GET / HTTP/1.1" 200 8441 "-" "Mozilla/5.0 (iPhone; CPU iPhone OS 13_2_3 like Mac OS X) AppleWebKit/605.1.15 (KHTML, like Gecko) Version/13.0.3 Mobile/15E148 Safari/604.1"
43.130.139.177 - - [13/Aug/2026:07:43:05 -0400] "GET /cleaner.php HTTP/1.1" 200 - "-" "Mozilla/5.0 (iPhone; CPU iPhone OS 13_2_3 like Mac OS X) AppleWebKit/605.1.15 (KHTML, like Gecko) Version/13.0.3 Mobile/15E148 Safari/604.1"
43.156.79.172 - - [13/Aug/2026:07:52:29 -0400] "GET /wp-links-opmI.php HTTP/1.1" 200 661 "-" "Mozilla/5.0 (iPhone; CPU iPhone OS 13_2_3 like Mac OS X) AppleWebKit/605.1.15 (KHTML, like Gecko) Version/13.0.3 Mobile/15E148 Safari/604.1"
178.20.44.140 - - [13/Aug/2026:07:54:06 -0400] "GET / HTTP/1.0" 200 8441 "http://vsptdigital.cl/" "Mozilla/5.0 (Windows NT 10.0; Win64; x64) AppleWebKit/537.36 (KHTML, like Gecko) Chrome/130.0.0.0 Safari/537.36 CCleaner/130.0.0.0"
43.130.174.37 - - [13/Aug/2026:08:02:41 -0400] "GET /wp-load.php HTTP/1.1" 200 - "-" "Mozilla/5.0 (iPhone; CPU iPhone OS 13_2_3 like Mac OS X) AppleWebKit/605.1.15 (KHTML, like Gecko) Version/13.0.3 Mobile/15E148 Safari/604.1"
43.161.217.205 - - [13/Aug/2026:08:12:35 -0400] "GET /wp-signup.php HTTP/1.1" 302 - "-" "Mozilla/5.0 (iPhone; CPU iPhone OS 13_2_3 like Mac OS X) AppleWebKit/605.1.15 (KHTML, like Gecko) Version/13.0.3 Mobile/15E148 Safari/604.1"
49.51.253.83 - - [13/Aug/2026:08:22:37 -0400] "GET /222.php HTTP/1.1" 200 56956 "-" "Mozilla/5.0 (iPhone; CPU iPhone OS 13_2_3 like Mac OS X) AppleWebKit/605.1.15 (KHTML, like Gecko) Version/13.0.3 Mobile/15E148 Safari/604.1"
8.215.25.3 - - [13/Aug/2026:08:31:49 -0400] "GET / HTTP/1.1" 200 8441 "http://vsptdigital.cl/" "Mozilla/5.0 (Windows NT 10.0; Win64; x64) AppleWebKit/537.36 (KHTML, like Gecko) Chrome/131.0.0.0 Safari/537.36"
43.156.79.172 - - [13/Aug/2026:08:32:30 -0400] "GET /wp-mail.php HTTP/1.1" 403 2553 "-" "Mozilla/5.0 (iPhone; CPU iPhone OS 13_2_3 like Mac OS X) AppleWebKit/605.1.15 (KHTML, like Gecko) Version/13.0.3 Mobile/15E148 Safari/604.1"
101.42.46.71 - - [13/Aug/2026:08:40:59 -0400] "GET / HTTP/1.1" 200 8441 "-" "Mozilla/5.0 (iPhone; CPU iPhone OS 13_2_3 like Mac OS X) AppleWebKit/605.1.15 (KHTML, like Gecko) Version/13.0.3 Mobile/15E148 Safari/604.1"
81.167.26.57 - - [13/Aug/2026:08:48:46 -0400] "GET /robots.txt HTTP/1.1" 200 66 "-" "Mozilla/5.0 (compatible; MJ12bot/v1.4.8; http://mj12bot.com/)"
81.167.26.57 - - [13/Aug/2026:08:48:48 -0400] "GET /ahax.php?fileloc=/home/vspt/public_html/.well-known/acme-challenge/custom_file_1_1785364137.php&path=/home/vspt/public_html/.well-known/acme-challenge HTTP/1.1" 200 2879 "-" "Mozilla/5.0 (compatible; MJ12bot/v1.4.8; http://mj12bot.com/)"
172.105.82.111 - - [13/Aug/2026:09:01:07 -0400] "GET / HTTP/1.1" 200 8441 "-" "Mozilla/5.0 (Macintosh; Intel Mac OS X 10_15_7) AppleWebKit/537.36 (KHTML, like Gecko) Chrome/141.0.0.0 Safari/537.36"
147.135.212.200 - - [13/Aug/2026:09:10:30 -0400] "GET /robots.txt HTTP/1.1" 200 66 "-" "Mozilla/5.0 (compatible; MJ12bot/v1.4.8; http://mj12bot.com/)"
147.135.212.200 - - [13/Aug/2026:09:10:32 -0400] "GET /ahax.php?fileloc=/home/vspt/public_html/.well-known/acme-challenge/custom_file_2_1785285600.php&path=/home/vspt/public_html/.well-known/acme-challenge HTTP/1.1" 200 2879 "-" "Mozilla/5.0 (compatible; MJ12bot/v1.4.8; http://mj12bot.com/)"
123.160.223.75 - - [13/Aug/2026:09:40:54 -0400] "GET / HTTP/1.1" 200 8441 "-" "Mozilla/5.0 (Macintosh; Intel Mac OS X 10_15_7) AppleWebKit/537.36 (KHTML, like Gecko) Chrome/120.0.0.0 Safari/537.36"
123.160.223.74 - - [13/Aug/2026:09:40:54 -0400] "GET /favicon.ico HTTP/1.1" 404 - "-" "Mozilla/5.0 (Macintosh; Intel Mac OS X 10_15_7) AppleWebKit/537.36 (KHTML, like Gecko) Chrome/120.0.0.0 Safari/537.36"
69.30.255.46 - - [13/Aug/2026:09:50:15 -0400] "GET /cf1988 HTTP/1.1" 404 - "-" "Mozilla/5.0 (compatible; Googlebot/2.1; +http://www.google.com/bot.html)"
81.167.26.57 - - [13/Aug/2026:10:12:31 -0400] "GET /robots.txt HTTP/1.1" 200 66 "-" "Mozilla/5.0 (compatible; MJ12bot/v1.4.8; http://mj12bot.com/)"
81.167.26.57 - - [13/Aug/2026:10:12:33 -0400] "GET /ahax.php?fileloc=/home/vspt/public_html/.well-known/custom-file-2-1785364087.php&path=/home/vspt/public_html/.well-known HTTP/1.1" 200 2779 "-" "Mozilla/5.0 (compatible; MJ12bot/v1.4.8; http://mj12bot.com/)"
103.137.228.225 - - [13/Aug/2026:10:19:36 -0400] "HEAD / HTTP/1.1" 200 - "-" "Mozilla/5.0 (Windows NT 10.0; Win64; x64) AppleWebKit/537.36 (KHTML, like Gecko) Chrome/124.0.0.0 Safari/537.36 Brave/1.65.0"
103.137.228.225 - - [13/Aug/2026:10:19:37 -0400] "GET /?rest_route=/wp/v2/users HTTP/1.1" 200 8441 "-" "Mozilla/5.0 (X11; Linux x86_64) AppleWebKit/537.36 (KHTML, like Gecko) Chrome/123.0.0.0 Safari/537.36 OPR/107.0.0.0"
65.181.112.46 - - [13/Aug/2026:10:45:09 -0400] "GET / HTTP/1.1" 200 8441 "-" "Mozilla/5.0 (iPhone; CPU iPhone OS 17_0 like Mac OS X) AppleWebKit/605.1.15 (KHTML, like Gecko) Version/17.0 Mobile/15E148 Safari/604.1"
65.181.112.46 - - [13/Aug/2026:10:45:17 -0400] "GET /feed/ HTTP/1.1" 404 - "-" "Mozilla/5.0 (Windows NT 10.0; Win64; x64; rv:133.0) Gecko/20100101 Firefox/133.0"
65.181.112.46 - - [13/Aug/2026:10:45:18 -0400] "POST /?rest_route=/batch/v1 HTTP/1.1" 404 - "-" "Mozilla/5.0 (iPhone; CPU iPhone OS 17_0 like Mac OS X) AppleWebKit/605.1.15 (KHTML, like Gecko) Version/17.0 Mobile/15E148 Safari/604.1"
65.181.112.46 - - [13/Aug/2026:10:45:18 -0400] "POST /wp-json/batch/v1 HTTP/1.1" 404 - "-" "Mozilla/5.0 (iPhone; CPU iPhone OS 17_0 like Mac OS X) AppleWebKit/605.1.15 (KHTML, like Gecko) Version/17.0 Mobile/15E148 Safari/604.1"
65.181.112.46 - - [13/Aug/2026:10:45:09 -0400] "GET /wp-login.php HTTP/1.1" 302 - "-" "Mozilla/5.0 (X11; Linux x86_64) AppleWebKit/537.36 (KHTML, like Gecko) Chrome/131.0.0.0 Safari/537.36"
88.90.243.36 - - [13/Aug/2026:10:58:17 -0400] "GET /robots.txt HTTP/1.1" 200 66 "-" "Mozilla/5.0 (compatible; MJ12bot/v1.4.8; http://mj12bot.com/)"
88.90.243.36 - - [13/Aug/2026:10:58:19 -0400] "GET /ahax.php?fileloc=/home/vspt/public_html/.well-known/custom-functions-1785364336.php&path=/home/vspt/public_html/.well-known HTTP/1.1" 200 2782 "-" "Mozilla/5.0 (compatible; MJ12bot/v1.4.8; http://mj12bot.com/)"
43.130.32.245 - - [13/Aug/2026:10:59:20 -0400] "GET / HTTP/1.1" 200 8441 "-" "Mozilla/5.0 (iPhone; CPU iPhone OS 13_2_3 like Mac OS X) AppleWebKit/605.1.15 (KHTML, like Gecko) Version/13.0.3 Mobile/15E148 Safari/604.1"
146.70.36.134 - - [13/Aug/2026:10:59:23 -0400] "GET / HTTP/1.1" 200 8441 "-" "Mozilla/5.0 (Windows NT 10.0; Win64; x64) AppleWebKit/537.36 (KHTML, like Gecko) Chrome/78.0.3904.108 Safari/537.36"
146.70.36.134 - - [13/Aug/2026:10:59:24 -0400] "GET / HTTP/1.1" 200 8441 "-" "Mozilla/5.0 (Windows NT 10.0; Win64; x64) AppleWebKit/537.36 (KHTML, like Gecko) Chrome/78.0.3904.108 Safari/537.36"
146.70.36.134 - - [13/Aug/2026:10:59:26 -0400] "GET /wp-includes/wlwmanifest.xml HTTP/1.1" 404 - "-" "Mozilla/5.0 (Windows NT 10.0; Win64; x64) AppleWebKit/537.36 (KHTML, like Gecko) Chrome/78.0.3904.108 Safari/537.36"
146.70.36.134 - - [13/Aug/2026:10:59:27 -0400] "GET /xmlrpc.php?rsd HTTP/1.1" 404 - "-" "Mozilla/5.0 (Windows NT 10.0; Win64; x64) AppleWebKit/537.36 (KHTML, like Gecko) Chrome/78.0.3904.108 Safari/537.36"
146.70.36.134 - - [13/Aug/2026:10:59:27 -0400] "GET / HTTP/1.1" 200 8441 "-" "Mozilla/5.0 (Windows NT 10.0; Win64; x64) AppleWebKit/537.36 (KHTML, like Gecko) Chrome/78.0.3904.108 Safari/537.36"
146.70.36.134 - - [13/Aug/2026:10:59:28 -0400] "GET /blog/wp-includes/wlwmanifest.xml HTTP/1.1" 404 - "-" "Mozilla/5.0 (Windows NT 10.0; Win64; x64) AppleWebKit/537.36 (KHTML, like Gecko) Chrome/78.0.3904.108 Safari/537.36"
146.70.36.134 - - [13/Aug/2026:10:59:29 -0400] "GET /web/wp-includes/wlwmanifest.xml HTTP/1.1" 404 - "-" "Mozilla/5.0 (Windows NT 10.0; Win64; x64) AppleWebKit/537.36 (KHTML, like Gecko) Chrome/78.0.3904.108 Safari/537.36"
146.70.36.134 - - [13/Aug/2026:10:59:30 -0400] "GET /wordpress/wp-includes/wlwmanifest.xml HTTP/1.1" 404 - "-" "Mozilla/5.0 (Windows NT 10.0; Win64; x64) AppleWebKit/537.36 (KHTML, like Gecko) Chrome/78.0.3904.108 Safari/537.36"
146.70.36.134 - - [13/Aug/2026:10:59:30 -0400] "GET /website/wp-includes/wlwmanifest.xml HTTP/1.1" 404 - "-" "Mozilla/5.0 (Windows NT 10.0; Win64; x64) AppleWebKit/537.36 (KHTML, like Gecko) Chrome/78.0.3904.108 Safari/537.36"
146.70.36.134 - - [13/Aug/2026:10:59:32 -0400] "GET /wp/wp-includes/wlwmanifest.xml HTTP/1.1" 404 - "-" "Mozilla/5.0 (Windows NT 10.0; Win64; x64) AppleWebKit/537.36 (KHTML, like Gecko) Chrome/78.0.3904.108 Safari/537.36"
146.70.36.134 - - [13/Aug/2026:10:59:32 -0400] "GET /news/wp-includes/wlwmanifest.xml HTTP/1.1" 404 - "-" "Mozilla/5.0 (Windows NT 10.0; Win64; x64) AppleWebKit/537.36 (KHTML, like Gecko) Chrome/78.0.3904.108 Safari/537.36"
146.70.36.134 - - [13/Aug/2026:10:59:33 -0400] "GET /2018/wp-includes/wlwmanifest.xml HTTP/1.1" 404 - "-" "Mozilla/5.0 (Windows NT 10.0; Win64; x64) AppleWebKit/537.36 (KHTML, like Gecko) Chrome/78.0.3904.108 Safari/537.36"
146.70.36.134 - - [13/Aug/2026:10:59:34 -0400] "GET /2019/wp-includes/wlwmanifest.xml HTTP/1.1" 404 - "-" "Mozilla/5.0 (Windows NT 10.0; Win64; x64) AppleWebKit/537.36 (KHTML, like Gecko) Chrome/78.0.3904.108 Safari/537.36"
146.70.36.134 - - [13/Aug/2026:10:59:35 -0400] "GET /shop/wp-includes/wlwmanifest.xml HTTP/1.1" 404 - "-" "Mozilla/5.0 (Windows NT 10.0; Win64; x64) AppleWebKit/537.36 (KHTML, like Gecko) Chrome/78.0.3904.108 Safari/537.36"
146.70.36.134 - - [13/Aug/2026:10:59:35 -0400] "GET /wp1/wp-includes/wlwmanifest.xml HTTP/1.1" 404 - "-" "Mozilla/5.0 (Windows NT 10.0; Win64; x64) AppleWebKit/537.36 (KHTML, like Gecko) Chrome/78.0.3904.108 Safari/537.36"
146.70.36.134 - - [13/Aug/2026:10:59:36 -0400] "GET /test/wp-includes/wlwmanifest.xml HTTP/1.1" 404 - "-" "Mozilla/5.0 (Windows NT 10.0; Win64; x64) AppleWebKit/537.36 (KHTML, like Gecko) Chrome/78.0.3904.108 Safari/537.36"
146.70.36.134 - - [13/Aug/2026:10:59:38 -0400] "GET /media/wp-includes/wlwmanifest.xml HTTP/1.1" 404 - "-" "Mozilla/5.0 (Windows NT 10.0; Win64; x64) AppleWebKit/537.36 (KHTML, like Gecko) Chrome/78.0.3904.108 Safari/537.36"
146.70.36.134 - - [13/Aug/2026:10:59:40 -0400] "GET /wp2/wp-includes/wlwmanifest.xml HTTP/1.1" 404 - "-" "Mozilla/5.0 (Windows NT 10.0; Win64; x64) AppleWebKit/537.36 (KHTML, like Gecko) Chrome/78.0.3904.108 Safari/537.36"
146.70.36.134 - - [13/Aug/2026:10:59:40 -0400] "GET /site/wp-includes/wlwmanifest.xml HTTP/1.1" 404 - "-" "Mozilla/5.0 (Windows NT 10.0; Win64; x64) AppleWebKit/537.36 (KHTML, like Gecko) Chrome/78.0.3904.108 Safari/537.36"
146.70.36.134 - - [13/Aug/2026:10:59:41 -0400] "GET /cms/wp-includes/wlwmanifest.xml HTTP/1.1" 404 - "-" "Mozilla/5.0 (Windows NT 10.0; Win64; x64) AppleWebKit/537.36 (KHTML, like Gecko) Chrome/78.0.3904.108 Safari/537.36"
146.70.36.134 - - [13/Aug/2026:10:59:41 -0400] "GET /sito/wp-includes/wlwmanifest.xml HTTP/1.1" 404 - "-" "Mozilla/5.0 (Windows NT 10.0; Win64; x64) AppleWebKit/537.36 (KHTML, like Gecko) Chrome/78.0.3904.108 Safari/537.36"
199.45.155.87 - - [13/Aug/2026:11:00:08 -0400] "GET / HTTP/1.1" 200 8441 "-" "Mozilla/5.0 (compatible; CensysInspect/1.1; +https://about.censys.io/)"
199.45.155.87 - - [13/Aug/2026:11:00:13 -0400] "GET /favicon.ico HTTP/1.1" 404 - "-" "Mozilla/5.0 (compatible; CensysInspect/1.1; +https://about.censys.io/)"
199.45.155.87 - - [13/Aug/2026:11:00:23 -0400] "GET / HTTP/1.1" 200 8441 "-" "Mozilla/5.0 (compatible; CensysInspect/1.1; +https://about.censys.io/)"
199.45.155.87 - - [13/Aug/2026:11:00:24 -0400] "GET /vinamar.vsptdigital.cl HTTP/1.1" 301 253 "-" "Mozilla/5.0 (compatible; CensysInspect/1.1; +https://about.censys.io/)"
199.45.155.87 - - [13/Aug/2026:11:00:24 -0400] "GET /vinamar.vsptdigital.cl/ HTTP/1.1" 200 - "http://vsptdigital.cl:80/vinamar.vsptdigital.cl" "Mozilla/5.0 (compatible; CensysInspect/1.1; +https://about.censys.io/)"
34.220.251.12 - - [13/Aug/2026:11:24:20 -0400] "GET / HTTP/1.1" 200 8441 "-" "Mozilla/5.0 (Windows NT 10.0; Win64; x64) AppleWebKit/537.36 (KHTML, like Gecko) Chrome/113.0.0.0 Safari/537.36"
54.160.66.56 - - [13/Aug/2026:11:24:24 -0400] "GET / HTTP/1.1" 200 8441 "-" "Mozilla/5.0 (Windows NT 10.0; Win64; x64) AppleWebKit/537.36 (KHTML, like Gecko) Chrome/146.0.0.0 Safari/537.36"
51.83.237.175 - - [13/Aug/2026:11:43:03 -0400] "GET /robots.txt HTTP/1.1" 200 66 "-" "Mozilla/5.0 (compatible; MJ12bot/v1.4.8; http://mj12bot.com/)"
135.181.213.219 - - [13/Aug/2026:11:43:04 -0400] "GET /robots.txt HTTP/1.1" 200 66 "-" "Mozilla/5.0 (compatible; MJ12bot/v1.4.8; http://mj12bot.com/)"
51.83.237.175 - - [13/Aug/2026:11:43:05 -0400] "GET /ahax.php?fileloc=/home/vspt/public_html/.well-known/.htaccess&path=/home/vspt/public_html/.well-known HTTP/1.1" 200 2899 "-" "Mozilla/5.0 (compatible; MJ12bot/v1.4.8; http://mj12bot.com/)"
135.181.213.219 - - [13/Aug/2026:11:43:06 -0400] "GET /ahax.php?fileloc=/home/vspt/.bash_logout&path=/home/vspt HTTP/1.1" 200 2635 "-" "Mozilla/5.0 (compatible; MJ12bot/v1.4.8; http://mj12bot.com/)"
51.83.237.175 - - [13/Aug/2026:11:43:06 -0400] "GET /robots.txt HTTP/1.1" 200 66 "-" "Mozilla/5.0 (compatible; MJ12bot/v1.4.8; http://mj12bot.com/)"
51.83.237.175 - - [13/Aug/2026:11:43:07 -0400] "GET /ahax.php?fileloc=/home/vspt/public_html/tarapaca.vsptdigital.cl/wp-includes/block-template-utils.php&path=/home/vspt/public_html/tarapaca.vsptdigital.cl/wp-includes HTTP/1.1" 200 67136 "-" "Mozilla/5.0 (compatible; MJ12bot/v1.4.8; http://mj12bot.com/)"
51.83.237.175 - - [13/Aug/2026:11:43:08 -0400] "GET /ahax.php?fileloc=/home/vspt/public_html/.well-known/.htaccess&path=/home/vspt/public_html/.well-known HTTP/1.1" 200 2899 "-" "Mozilla/5.0 (compatible; MJ12bot/v1.4.8; http://mj12bot.com/)"
135.181.213.219 - - [13/Aug/2026:11:43:08 -0400] "GET /ahax.php?fileloc=/home/vspt/public_html/tarapaca.vsptdigital.cl/wp-includes/class-wp-http-cookie.php&path=/home/vspt/public_html/tarapaca.vsptdigital.cl/wp-includes HTTP/1.1" 200 10325 "-" "Mozilla/5.0 (compatible; MJ12bot/v1.4.8; http://mj12bot.com/)"
51.83.237.175 - - [13/Aug/2026:11:43:09 -0400] "GET /ahax.php?fileloc=/home/vspt/public_html/tiendamolina.vsptdigital.cl/wp-includes/class-wp-ajax-response-sample.php&path=/home/vspt/public_html/tiendamolina.vsptdigital.cl/wp-includes HTTP/1.1" 200 3940 "-" "Mozilla/5.0 (compatible; MJ12bot/v1.4.8; http://mj12bot.com/)"
51.83.237.175 - - [13/Aug/2026:11:43:09 -0400] "GET /ahax.php?fileloc=/home/vspt/public_html/tarapaca.vsptdigital.cl/wp-includes/block-template-utils.php&path=/home/vspt/public_html/tarapaca.vsptdigital.cl/wp-includes HTTP/1.1" 200 67136 "-" "Mozilla/5.0 (compatible; MJ12bot/v1.4.8; http://mj12bot.com/)"
135.181.213.219 - - [13/Aug/2026:11:43:10 -0400] "GET /ahax.php?fileloc=/home/vspt/public_html/tarapaca.vsptdigital.cl/wp-includes/class-wp-http-encoding-call.php&path=/home/vspt/public_html/tarapaca.vsptdigital.cl/wp-includes HTTP/1.1" 200 3314 "-" "Mozilla/5.0 (compatible; MJ12bot/v1.4.8; http://mj12bot.com/)"
51.83.237.175 - - [13/Aug/2026:11:43:10 -0400] "GET /robots.txt HTTP/1.1" 200 66 "-" "Mozilla/5.0 (compatible; MJ12bot/v1.4.8; http://mj12bot.com/)"
51.83.237.175 - - [13/Aug/2026:11:43:11 -0400] "GET /ahax.php?fileloc=/home/vspt/public_html/tiendamolina.vsptdigital.cl/wp-includes/class-wp-block-type-core-framework.php&path=/home/vspt/public_html/tiendamolina.vsptdigital.cl/wp-includes HTTP/1.1" 200 8630 "-" "Mozilla/5.0 (compatible; MJ12bot/v1.4.8; http://mj12bot.com/)"
51.83.237.175 - - [13/Aug/2026:11:43:11 -0400] "GET /robots.txt HTTP/1.1" 200 66 "-" "Mozilla/5.0 (compatible; MJ12bot/v1.4.8; http://mj12bot.com/)"
51.83.237.175 - - [13/Aug/2026:11:43:11 -0400] "GET /ahax.php?fileloc=/home/vspt/public_html/tiendamolina.vsptdigital.cl/wp-includes/class-wp-ajax-response-sample.php&path=/home/vspt/public_html/tiendamolina.vsptdigital.cl/wp-includes HTTP/1.1" 200 3940 "-" "Mozilla/5.0 (compatible; MJ12bot/v1.4.8; http://mj12bot.com/)"
135.181.213.219 - - [13/Aug/2026:11:43:12 -0400] "GET /ahax.php?fileloc=/home/vspt/public_html/tarapaca.vsptdigital.cl/wp-includes/class-wp-http-proxy-git.php&path=/home/vspt/public_html/tarapaca.vsptdigital.cl/wp-includes HTTP/1.1" 200 8603 "-" "Mozilla/5.0 (compatible; MJ12bot/v1.4.8; http://mj12bot.com/)"
51.83.237.175 - - [13/Aug/2026:11:43:12 -0400] "GET /ahax.php?fileloc=/home/vspt/public_html/.well-known/.htaccess&path=/home/vspt/public_html/.well-known HTTP/1.1" 200 2899 "-" "Mozilla/5.0 (compatible; MJ12bot/v1.4.8; http://mj12bot.com/)"
51.83.237.175 - - [13/Aug/2026:11:43:13 -0400] "GET /ahax.php?fileloc=/home/vspt/public_html/tiendamolina.vsptdigital.cl/wp-includes/class-wp-block-type-core.php&path=/home/vspt/public_html/tiendamolina.vsptdigital.cl/wp-includes HTTP/1.1" 200 3935 "-" "Mozilla/5.0 (compatible; MJ12bot/v1.4.8; http://mj12bot.com/)"
51.83.237.175 - - [13/Aug/2026:11:43:13 -0400] "GET /ahax.php?fileloc=/home/vspt/public_html/.well-known/.htaccess&path=/home/vspt/public_html/.well-known HTTP/1.1" 200 2899 "-" "Mozilla/5.0 (compatible; MJ12bot/v1.4.8; http://mj12bot.com/)"
51.83.237.175 - - [13/Aug/2026:11:43:13 -0400] "GET /ahax.php?fileloc=/home/vspt/public_html/tiendamolina.vsptdigital.cl/wp-includes/class-wp-block-type-core-framework.php&path=/home/vspt/public_html/tiendamolina.vsptdigital.cl/wp-includes HTTP/1.1" 200 8630 "-" "Mozilla/5.0 (compatible; MJ12bot/v1.4.8; http://mj12bot.com/)"
51.83.237.175 - - [13/Aug/2026:11:43:14 -0400] "GET /ahax.php?fileloc=/home/vspt/public_html/tarapaca.vsptdigital.cl/wp-includes/block-template-utils.php&path=/home/vspt/public_html/tarapaca.vsptdigital.cl/wp-includes HTTP/1.1" 200 67136 "-" "Mozilla/5.0 (compatible; MJ12bot/v1.4.8; http://mj12bot.com/)"
135.181.213.219 - - [13/Aug/2026:11:43:14 -0400] "GET /ahax.php?fileloc=/home/vspt/public_html/tarapaca.vsptdigital.cl/wp-includes/class-wp-http-proxy.php&path=/home/vspt/public_html/tarapaca.vsptdigital.cl/wp-includes HTTP/1.1" 200 9001 "-" "Mozilla/5.0 (compatible; MJ12bot/v1.4.8; http://mj12bot.com/)"
51.83.237.175 - - [13/Aug/2026:11:43:14 -0400] "GET /ahax.php?fileloc=/home/vspt/public_html/tiendamolina.vsptdigital.cl/wp-includes/cron.php&path=/home/vspt/public_html/tiendamolina.vsptdigital.cl/wp-includes HTTP/1.1" 200 48359 "-" "Mozilla/5.0 (compatible; MJ12bot/v1.4.8; http://mj12bot.com/)"
51.83.237.175 - - [13/Aug/2026:11:43:15 -0400] "GET /ahax.php?fileloc=/home/vspt/public_html/tarapaca.vsptdigital.cl/wp-includes/block-template-utils.php&path=/home/vspt/public_html/tarapaca.vsptdigital.cl/wp-includes HTTP/1.1" 200 67136 "-" "Mozilla/5.0 (compatible; MJ12bot/v1.4.8; http://mj12bot.com/)"
51.83.237.175 - - [13/Aug/2026:11:43:15 -0400] "GET /ahax.php?fileloc=/home/vspt/public_html/tiendamolina.vsptdigital.cl/wp-includes/class-wp-block-type-core.php&path=/home/vspt/public_html/tiendamolina.vsptdigital.cl/wp-includes HTTP/1.1" 200 3935 "-" "Mozilla/5.0 (compatible; MJ12bot/v1.4.8; http://mj12bot.com/)"
51.83.237.175 - - [13/Aug/2026:11:43:16 -0400] "GET /ahax.php?fileloc=/home/vspt/public_html/tiendamolina.vsptdigital.cl/wp-includes/class-wp-ajax-response-sample.php&path=/home/vspt/public_html/tiendamolina.vsptdigital.cl/wp-includes HTTP/1.1" 200 3940 "-" "Mozilla/5.0 (compatible; MJ12bot/v1.4.8; http://mj12bot.com/)"
135.181.213.219 - - [13/Aug/2026:11:43:16 -0400] "GET /ahax.php?fileloc=/home/vspt/public_html/tarapaca.vsptdigital.cl/wp-includes/class-wp-http-requests-hooks-base.php&path=/home/vspt/public_html/tarapaca.vsptdigital.cl/wp-includes HTTP/1.1" 200 8613 "-" "Mozilla/5.0 (compatible; MJ12bot/v1.4.8; http://mj12bot.com/)"
51.83.237.175 - - [13/Aug/2026:11:43:16 -0400] "GET /ahax.php?fileloc=/home/vspt/public_html/tiendamolina.vsptdigital.cl/wp-includes/date.php&path=/home/vspt/public_html/tiendamolina.vsptdigital.cl/wp-includes HTTP/1.1" 200 3317 "-" "Mozilla/5.0 (compatible; MJ12bot/v1.4.8; http://mj12bot.com/)"
51.83.237.175 - - [13/Aug/2026:11:43:17 -0400] "GET /ahax.php?fileloc=/home/vspt/public_html/tiendamolina.vsptdigital.cl/wp-includes/cron.php&path=/home/vspt/public_html/tiendamolina.vsptdigital.cl/wp-includes HTTP/1.1" 200 48359 "-" "Mozilla/5.0 (compatible; MJ12bot/v1.4.8; http://mj12bot.com/)"
51.83.237.175 - - [13/Aug/2026:11:43:17 -0400] "GET /ahax.php?fileloc=/home/vspt/public_html/tiendamolina.vsptdigital.cl/wp-includes/class-wp-ajax-response-sample.php&path=/home/vspt/public_html/tiendamolina.vsptdigital.cl/wp-includes HTTP/1.1" 200 3940 "-" "Mozilla/5.0 (compatible; MJ12bot/v1.4.8; http://mj12bot.com/)"
51.83.237.175 - - [13/Aug/2026:11:43:17 -0400] "GET /ahax.php?fileloc=/home/vspt/public_html/tiendamolina.vsptdigital.cl/wp-includes/class-wp-block-type-core-framework.php&path=/home/vspt/public_html/tiendamolina.vsptdigital.cl/wp-includes HTTP/1.1" 200 8630 "-" "Mozilla/5.0 (compatible; MJ12bot/v1.4.8; http://mj12bot.com/)"
135.181.213.219 - - [13/Aug/2026:11:43:18 -0400] "GET /ahax.php?fileloc=/home/vspt/public_html/tarapaca.vsptdigital.cl/wp-includes/class-wp-http-requests-hooks.php&path=/home/vspt/public_html/tarapaca.vsptdigital.cl/wp-includes HTTP/1.1" 200 4979 "-" "Mozilla/5.0 (compatible; MJ12bot/v1.4.8; http://mj12bot.com/)"
51.83.237.175 - - [13/Aug/2026:11:43:18 -0400] "GET /ahax.php?fileloc=/home/vspt/public_html/tiendamolina.vsptdigital.cl/wp-includes/default-constants-repository.php&path=/home/vspt/public_html/tiendamolina.vsptdigital.cl/wp-includes HTTP/1.1" 200 3939 "-" "Mozilla/5.0 (compatible; MJ12bot/v1.4.8; http://mj12bot.com/)"
51.83.237.175 - - [13/Aug/2026:11:43:18 -0400] "GET /ahax.php?fileloc=/home/vspt/public_html/tiendamolina.vsptdigital.cl/wp-includes/class-wp-block-type-core-framework.php&path=/home/vspt/public_html/tiendamolina.vsptdigital.cl/wp-includes HTTP/1.1" 200 8630 "-" "Mozilla/5.0 (compatible; MJ12bot/v1.4.8; http://mj12bot.com/)"
51.83.237.175 - - [13/Aug/2026:11:43:19 -0400] "GET /ahax.php?fileloc=/home/vspt/public_html/tiendamolina.vsptdigital.cl/wp-includes/date.php&path=/home/vspt/public_html/tiendamolina.vsptdigital.cl/wp-includes HTTP/1.1" 200 3317 "-" "Mozilla/5.0 (compatible; MJ12bot/v1.4.8; http://mj12bot.com/)"
51.83.237.175 - - [13/Aug/2026:11:43:19 -0400] "GET /ahax.php?fileloc=/home/vspt/public_html/tiendamolina.vsptdigital.cl/wp-includes/class-wp-block-type-core.php&path=/home/vspt/public_html/tiendamolina.vsptdigital.cl/wp-includes HTTP/1.1" 200 3935 "-" "Mozilla/5.0 (compatible; MJ12bot/v1.4.8; http://mj12bot.com/)"
135.181.213.219 - - [13/Aug/2026:11:43:19 -0400] "GET /ahax.php?fileloc=/home/vspt/public_html/tarapaca.vsptdigital.cl/wp-includes/class-wp-http-requests-response.php&path=/home/vspt/public_html/tarapaca.vsptdigital.cl/wp-includes HTTP/1.1" 200 7315 "-" "Mozilla/5.0 (compatible; MJ12bot/v1.4.8; http://mj12bot.com/)"
51.83.237.175 - - [13/Aug/2026:11:43:20 -0400] "GET /ahax.php?fileloc=/home/vspt/public_html/tiendamolina.vsptdigital.cl/wp-includes/default-constants.php&path=/home/vspt/public_html/tiendamolina.vsptdigital.cl/wp-includes HTTP/1.1" 200 14320 "-" "Mozilla/5.0 (compatible; MJ12bot/v1.4.8; http://mj12bot.com/)"
51.83.237.175 - - [13/Aug/2026:11:43:20 -0400] "GET /ahax.php?fileloc=/home/vspt/public_html/tiendamolina.vsptdigital.cl/wp-includes/class-wp-block-type-core.php&path=/home/vspt/public_html/tiendamolina.vsptdigital.cl/wp-includes HTTP/1.1" 200 3935 "-" "Mozilla/5.0 (compatible; MJ12bot/v1.4.8; http://mj12bot.com/)"
51.83.237.175 - - [13/Aug/2026:11:43:20 -0400] "GET /ahax.php?fileloc=/home/vspt/public_html/tiendamolina.vsptdigital.cl/wp-includes/default-constants-repository.php&path=/home/vspt/public_html/tiendamolina.vsptdigital.cl/wp-includes HTTP/1.1" 200 3939 "-" "Mozilla/5.0 (compatible; MJ12bot/v1.4.8; http://mj12bot.com/)"
51.83.237.175 - - [13/Aug/2026:11:43:21 -0400] "GET /ahax.php?fileloc=/home/vspt/public_html/tiendamolina.vsptdigital.cl/wp-includes/cron.php&path=/home/vspt/public_html/tiendamolina.vsptdigital.cl/wp-includes HTTP/1.1" 200 48359 "-" "Mozilla/5.0 (compatible; MJ12bot/v1.4.8; http://mj12bot.com/)"
135.181.213.219 - - [13/Aug/2026:11:43:21 -0400] "GET /ahax.php?fileloc=/home/vspt/public_html/tarapaca.vsptdigital.cl/wp-includes/class-wp-http-response.php&path=/home/vspt/public_html/tarapaca.vsptdigital.cl/wp-includes HTTP/1.1" 200 5935 "-" "Mozilla/5.0 (compatible; MJ12bot/v1.4.8; http://mj12bot.com/)"
51.83.237.175 - - [13/Aug/2026:11:43:21 -0400] "GET /ahax.php?fileloc=/home/vspt/public_html/tiendamolina.vsptdigital.cl/wp-includes/cron.php&path=/home/vspt/public_html/tiendamolina.vsptdigital.cl/wp-includes HTTP/1.1" 200 48359 "-" "Mozilla/5.0 (compatible; MJ12bot/v1.4.8; http://mj12bot.com/)"
51.83.237.175 - - [13/Aug/2026:11:43:22 -0400] "GET /ahax.php?fileloc=/home/vspt/public_html/tiendamolina.vsptdigital.cl/wp-includes/default-filters.php&path=/home/vspt/public_html/tiendamolina.vsptdigital.cl/wp-includes HTTP/1.1" 200 40369 "-" "Mozilla/5.0 (compatible; MJ12bot/v1.4.8; http://mj12bot.com/)"
51.83.237.175 - - [13/Aug/2026:11:43:22 -0400] "GET /ahax.php?fileloc=/home/vspt/public_html/tiendamolina.vsptdigital.cl/wp-includes/default-constants.php&path=/home/vspt/public_html/tiendamolina.vsptdigital.cl/wp-includes HTTP/1.1" 200 14320 "-" "Mozilla/5.0 (compatible; MJ12bot/v1.4.8; http://mj12bot.com/)"
51.83.237.175 - - [13/Aug/2026:11:43:23 -0400] "GET /ahax.php?fileloc=/home/vspt/public_html/tiendamolina.vsptdigital.cl/wp-includes/date.php&path=/home/vspt/public_html/tiendamolina.vsptdigital.cl/wp-includes HTTP/1.1" 200 3317 "-" "Mozilla/5.0 (compatible; MJ12bot/v1.4.8; http://mj12bot.com/)"
135.181.213.219 - - [13/Aug/2026:11:43:23 -0400] "GET /ahax.php?fileloc=/home/vspt/public_html/tarapaca.vsptdigital.cl/wp-includes/class-wp-http-streams.php&path=/home/vspt/public_html/tarapaca.vsptdigital.cl/wp-includes HTTP/1.1" 200 20100 "-" "Mozilla/5.0 (compatible; MJ12bot/v1.4.8; http://mj12bot.com/)"
51.83.237.175 - - [13/Aug/2026:11:43:23 -0400] "GET /ahax.php?fileloc=/home/vspt/public_html/tiendamolina.vsptdigital.cl/wp-includes/date.php&path=/home/vspt/public_html/tiendamolina.vsptdigital.cl/wp-includes HTTP/1.1" 200 3317 "-" "Mozilla/5.0 (compatible; MJ12bot/v1.4.8; http://mj12bot.com/)"
51.83.237.175 - - [13/Aug/2026:11:43:23 -0400] "GET /ahax.php?fileloc=/home/vspt/public_html/tiendamolina.vsptdigital.cl/wp-includes/default-widgets.php&path=/home/vspt/public_html/tiendamolina.vsptdigital.cl/wp-includes HTTP/1.1" 200 5223 "-" "Mozilla/5.0 (compatible; MJ12bot/v1.4.8; http://mj12bot.com/)"
51.83.237.175 - - [13/Aug/2026:11:43:24 -0400] "GET /ahax.php?fileloc=/home/vspt/public_html/tiendamolina.vsptdigital.cl/wp-includes/default-filters.php&path=/home/vspt/public_html/tiendamolina.vsptdigital.cl/wp-includes HTTP/1.1" 200 40369 "-" "Mozilla/5.0 (compatible; MJ12bot/v1.4.8; http://mj12bot.com/)"
51.83.237.175 - - [13/Aug/2026:11:43:24 -0400] "GET /ahax.php?fileloc=/home/vspt/public_html/tiendamolina.vsptdigital.cl/wp-includes/default-constants-repository.php&path=/home/vspt/public_html/tiendamolina.vsptdigital.cl/wp-includes HTTP/1.1" 200 3939 "-" "Mozilla/5.0 (compatible; MJ12bot/v1.4.8; http://mj12bot.com/)"
135.181.213.219 - - [13/Aug/2026:11:43:25 -0400] "GET /ahax.php?fileloc=/home/vspt/public_html/tarapaca.vsptdigital.cl/wp-includes/class-wp-http.php&path=/home/vspt/public_html/tarapaca.vsptdigital.cl/wp-includes HTTP/1.1" 200 44919 "-" "Mozilla/5.0 (compatible; MJ12bot/v1.4.8; http://mj12bot.com/)"
51.83.237.175 - - [13/Aug/2026:11:43:25 -0400] "GET /ahax.php?fileloc=/home/vspt/public_html/tiendamolina.vsptdigital.cl/wp-includes/default-constants-repository.php&path=/home/vspt/public_html/tiendamolina.vsptdigital.cl/wp-includes HTTP/1.1" 200 3939 "-" "Mozilla/5.0 (compatible; MJ12bot/v1.4.8; http://mj12bot.com/)"
51.83.237.175 - - [13/Aug/2026:11:43:25 -0400] "GET /ahax.php?fileloc=/home/vspt/public_html/tiendamolina.vsptdigital.cl/wp-includes/deprecated-http.php&path=/home/vspt/public_html/tiendamolina.vsptdigital.cl/wp-includes HTTP/1.1" 200 3926 "-" "Mozilla/5.0 (compatible; MJ12bot/v1.4.8; http://mj12bot.com/)"
51.83.237.175 - - [13/Aug/2026:11:43:26 -0400] "GET /ahax.php?fileloc=/home/vspt/public_html/tiendamolina.vsptdigital.cl/wp-includes/default-widgets.php&path=/home/vspt/public_html/tiendamolina.vsptdigital.cl/wp-includes HTTP/1.1" 200 5223 "-" "Mozilla/5.0 (compatible; MJ12bot/v1.4.8; http://mj12bot.com/)"
51.83.237.175 - - [13/Aug/2026:11:43:26 -0400] "GET /ahax.php?fileloc=/home/vspt/public_html/tiendamolina.vsptdigital.cl/wp-includes/default-constants.php&path=/home/vspt/public_html/tiendamolina.vsptdigital.cl/wp-includes HTTP/1.1" 200 14320 "-" "Mozilla/5.0 (compatible; MJ12bot/v1.4.8; http://mj12bot.com/)"
51.83.237.175 - - [13/Aug/2026:11:43:27 -0400] "GET /ahax.php?fileloc=/home/vspt/public_html/tiendamolina.vsptdigital.cl/wp-includes/default-constants.php&path=/home/vspt/public_html/tiendamolina.vsptdigital.cl/wp-includes HTTP/1.1" 200 14320 "-" "Mozilla/5.0 (compatible; MJ12bot/v1.4.8; http://mj12bot.com/)"
135.181.213.219 - - [13/Aug/2026:11:43:27 -0400] "GET /ahax.php?fileloc=/home/vspt/public_html/tarapaca.vsptdigital.cl/wp-includes/class-wp-icons-registry.php&path=/home/vspt/public_html/tarapaca.vsptdigital.cl/wp-includes HTTP/1.1" 200 10935 "-" "Mozilla/5.0 (compatible; MJ12bot/v1.4.8; http://mj12bot.com/)"
51.83.237.175 - - [13/Aug/2026:11:43:27 -0400] "GET /ahax.php?fileloc=/home/vspt/public_html/tiendamolina.vsptdigital.cl/wp-includes/deprecated-http.php&path=/home/vspt/public_html/tiendamolina.vsptdigital.cl/wp-includes HTTP/1.1" 200 3926 "-" "Mozilla/5.0 (compatible; MJ12bot/v1.4.8; http://mj12bot.com/)"
51.83.237.175 - - [13/Aug/2026:11:43:27 -0400] "GET /ahax.php?fileloc=/home/vspt/public_html/tiendamolina.vsptdigital.cl/wp-includes/deprecated.php&path=/home/vspt/public_html/tiendamolina.vsptdigital.cl/wp-includes HTTP/1.1" 200 200154 "-" "Mozilla/5.0 (compatible; MJ12bot/v1.4.8; http://mj12bot.com/)"
51.83.237.175 - - [13/Aug/2026:11:43:28 -0400] "GET /ahax.php?fileloc=/home/vspt/public_html/tiendamolina.vsptdigital.cl/wp-includes/default-filters.php&path=/home/vspt/public_html/tiendamolina.vsptdigital.cl/wp-includes HTTP/1.1" 200 40369 "-" "Mozilla/5.0 (compatible; MJ12bot/v1.4.8; http://mj12bot.com/)"
51.83.237.175 - - [13/Aug/2026:11:43:29 -0400] "GET /ahax.php?fileloc=/home/vspt/public_html/tiendamolina.vsptdigital.cl/wp-includes/default-filters.php&path=/home/vspt/public_html/tiendamolina.vsptdigital.cl/wp-includes HTTP/1.1" 200 40369 "-" "Mozilla/5.0 (compatible; MJ12bot/v1.4.8; http://mj12bot.com/)"
51.83.237.175 - - [13/Aug/2026:11:43:29 -0400] "GET /ahax.php?fileloc=/home/vspt/public_html/tiendamolina.vsptdigital.cl/wp-includes/deprecated.php&path=/home/vspt/public_html/tiendamolina.vsptdigital.cl/wp-includes HTTP/1.1" 200 200154 "-" "Mozilla/5.0 (compatible; MJ12bot/v1.4.8; http://mj12bot.com/)"
135.181.213.219 - - [13/Aug/2026:11:43:29 -0400] "GET /ahax.php?fileloc=/home/vspt/public_html/tarapaca.vsptdigital.cl/wp-includes/class-wp-image-editor-gd.php&path=/home/vspt/public_html/tarapaca.vsptdigital.cl/wp-includes HTTP/1.1" 200 24089 "-" "Mozilla/5.0 (compatible; MJ12bot/v1.4.8; http://mj12bot.com/)"
51.83.237.175 - - [13/Aug/2026:11:43:30 -0400] "GET /ahax.php?fileloc=/home/vspt/public_html/tiendamolina.vsptdigital.cl/wp-includes/default-widgets.php&path=/home/vspt/public_html/tiendamolina.vsptdigital.cl/wp-includes HTTP/1.1" 200 5223 "-" "Mozilla/5.0 (compatible; MJ12bot/v1.4.8; http://mj12bot.com/)"
51.83.237.175 - - [13/Aug/2026:11:43:30 -0400] "GET /ahax.php?fileloc=/home/vspt/public_html/tiendamolina.vsptdigital.cl/wp-includes/embed-template.php&path=/home/vspt/public_html/tiendamolina.vsptdigital.cl/wp-includes HTTP/1.1" 200 3265 "-" "Mozilla/5.0 (compatible; MJ12bot/v1.4.8; http://mj12bot.com/)"
51.83.237.175 - - [13/Aug/2026:11:43:31 -0400] "GET /ahax.php?fileloc=/home/vspt/public_html/tiendamolina.vsptdigital.cl/wp-includes/default-widgets.php&path=/home/vspt/public_html/tiendamolina.vsptdigital.cl/wp-includes HTTP/1.1" 200 5223 "-" "Mozilla/5.0 (compatible; MJ12bot/v1.4.8; http://mj12bot.com/)"
135.181.213.219 - - [13/Aug/2026:11:43:31 -0400] "GET /ahax.php?fileloc=/home/vspt/public_html/tarapaca.vsptdigital.cl/wp-includes/class-wp-image-editor-imagick.php&path=/home/vspt/public_html/tarapaca.vsptdigital.cl/wp-includes HTTP/1.1" 200 41006 "-" "Mozilla/5.0 (compatible; MJ12bot/v1.4.8; http://mj12bot.com/)"
51.83.237.175 - - [13/Aug/2026:11:43:31 -0400] "GET /ahax.php?fileloc=/home/vspt/public_html/tiendamolina.vsptdigital.cl/wp-includes/deprecated-http.php&path=/home/vspt/public_html/tiendamolina.vsptdigital.cl/wp-includes HTTP/1.1" 200 3926 "-" "Mozilla/5.0 (compatible; MJ12bot/v1.4.8; http://mj12bot.com/)"
51.83.237.175 - - [13/Aug/2026:11:43:31 -0400] "GET /ahax.php?fileloc=/home/vspt/public_html/tiendamolina.vsptdigital.cl/wp-includes/embed-template.php&path=/home/vspt/public_html/tiendamolina.vsptdigital.cl/wp-includes HTTP/1.1" 200 3265 "-" "Mozilla/5.0 (compatible; MJ12bot/v1.4.8; http://mj12bot.com/)"
51.83.237.175 - - [13/Aug/2026:11:43:32 -0400] "GET /ahax.php?fileloc=/home/vspt/public_html/tiendamolina.vsptdigital.cl/wp-includes/l10n.php&path=/home/vspt/public_html/tiendamolina.vsptdigital.cl/wp-includes HTTP/1.1" 200 75329 "-" "Mozilla/5.0 (compatible; MJ12bot/v1.4.8; http://mj12bot.com/)"
51.83.237.175 - - [13/Aug/2026:11:43:32 -0400] "GET /ahax.php?fileloc=/home/vspt/public_html/tiendamolina.vsptdigital.cl/wp-includes/deprecated-http.php&path=/home/vspt/public_html/tiendamolina.vsptdigital.cl/wp-includes HTTP/1.1" 200 3926 "-" "Mozilla/5.0 (compatible; MJ12bot/v1.4.8; http://mj12bot.com/)"
135.181.213.219 - - [13/Aug/2026:11:43:33 -0400] "GET /ahax.php?fileloc=/home/vspt/public_html/tarapaca.vsptdigital.cl/wp-includes/class-wp-image-editor.php&path=/home/vspt/public_html/tarapaca.vsptdigital.cl/wp-includes HTTP/1.1" 200 20615 "-" "Mozilla/5.0 (compatible; MJ12bot/v1.4.8; http://mj12bot.com/)"
51.83.237.175 - - [13/Aug/2026:11:43:33 -0400] "GET /ahax.php?fileloc=/home/vspt/public_html/tiendamolina.vsptdigital.cl/wp-includes/deprecated.php&path=/home/vspt/public_html/tiendamolina.vsptdigital.cl/wp-includes HTTP/1.1" 200 200154 "-" "Mozilla/5.0 (compatible; MJ12bot/v1.4.8; http://mj12bot.com/)"
51.83.237.175 - - [13/Aug/2026:11:43:33 -0400] "GET /ahax.php?fileloc=/home/vspt/public_html/tiendamolina.vsptdigital.cl/wp-includes/l10n.php&path=/home/vspt/public_html/tiendamolina.vsptdigital.cl/wp-includes HTTP/1.1" 200 75329 "-" "Mozilla/5.0 (compatible; MJ12bot/v1.4.8; http://mj12bot.com/)"
51.83.237.175 - - [13/Aug/2026:11:43:34 -0400] "GET /ahax.php?fileloc=/home/vspt/public_html/tiendamolina.vsptdigital.cl/wp-includes/deprecated.php&path=/home/vspt/public_html/tiendamolina.vsptdigital.cl/wp-includes HTTP/1.1" 200 200154 "-" "Mozilla/5.0 (compatible; MJ12bot/v1.4.8; http://mj12bot.com/)"
51.83.237.175 - - [13/Aug/2026:11:43:35 -0400] "GET /ahax.php?fileloc=/home/vspt/public_html/tiendamolina.vsptdigital.cl/wp-includes/load-cookie.php&path=/home/vspt/public_html/tiendamolina.vsptdigital.cl/wp-includes HTTP/1.1" 200 3922 "-" "Mozilla/5.0 (compatible; MJ12bot/v1.4.8; http://mj12bot.com/)"
135.181.213.219 - - [13/Aug/2026:11:43:35 -0400] "GET /ahax.php?fileloc=/home/vspt/public_html/tarapaca.vsptdigital.cl/wp-includes/class-wp-list-util.php&path=/home/vspt/public_html/tarapaca.vsptdigital.cl/wp-includes HTTP/1.1" 200 10535 "-" "Mozilla/5.0 (compatible; MJ12bot/v1.4.8; http://mj12bot.com/)"
51.83.237.175 - - [13/Aug/2026:11:43:35 -0400] "GET /ahax.php?fileloc=/home/vspt/public_html/tiendamolina.vsptdigital.cl/wp-includes/load-cookie.php&path=/home/vspt/public_html/tiendamolina.vsptdigital.cl/wp-includes HTTP/1.1" 200 3922 "-" "Mozilla/5.0 (compatible; MJ12bot/v1.4.8; http://mj12bot.com/)"
51.83.237.175 - - [13/Aug/2026:11:43:36 -0400] "GET /ahax.php?fileloc=/home/vspt/public_html/tiendamolina.vsptdigital.cl/wp-includes/embed-template.php&path=/home/vspt/public_html/tiendamolina.vsptdigital.cl/wp-includes HTTP/1.1" 200 3265 "-" "Mozilla/5.0 (compatible; MJ12bot/v1.4.8; http://mj12bot.com/)"
51.83.237.175 - - [13/Aug/2026:11:43:36 -0400] "GET /ahax.php?fileloc=/home/vspt/public_html/wp-content/ai1wm-backups/.htaccess&path=/home/vspt/public_html/wp-content/ai1wm-backups HTTP/1.1" 200 2992 "-" "Mozilla/5.0 (compatible; MJ12bot/v1.4.8; http://mj12bot.com/)"
51.83.237.175 - - [13/Aug/2026:11:43:36 -0400] "GET /ahax.php?fileloc=/home/vspt/public_html/tiendamolina.vsptdigital.cl/wp-includes/embed-template.php&path=/home/vspt/public_html/tiendamolina.vsptdigital.cl/wp-includes HTTP/1.1" 200 3265 "-" "Mozilla/5.0 (compatible; MJ12bot/v1.4.8; http://mj12bot.com/)"
135.181.213.219 - - [13/Aug/2026:11:43:37 -0400] "GET /ahax.php?fileloc=/home/vspt/public_html/tarapaca.vsptdigital.cl/wp-includes/class-wp-locale-switcher.php&path=/home/vspt/public_html/tarapaca.vsptdigital.cl/wp-includes HTTP/1.1" 200 9760 "-" "Mozilla/5.0 (compatible; MJ12bot/v1.4.8; http://mj12bot.com/)"
51.83.237.175 - - [13/Aug/2026:11:43:37 -0400] "GET /ahax.php?fileloc=/home/vspt/public_html/wp-content/ai1wm-backups/.htaccess&path=/home/vspt/public_html/wp-content/ai1wm-backups HTTP/1.1" 200 2992 "-" "Mozilla/5.0 (compatible; MJ12bot/v1.4.8; http://mj12bot.com/)"
51.83.237.175 - - [13/Aug/2026:11:43:37 -0400] "GET /ahax.php?fileloc=/home/vspt/public_html/tiendamolina.vsptdigital.cl/wp-includes/l10n.php&path=/home/vspt/public_html/tiendamolina.vsptdigital.cl/wp-includes HTTP/1.1" 200 75329 "-" "Mozilla/5.0 (compatible; MJ12bot/v1.4.8; http://mj12bot.com/)"
51.83.237.175 - - [13/Aug/2026:11:43:38 -0400] "GET /ahax.php?fileloc=/home/vspt/public_html/wp-content/ai1wm-backups/index.html&path=/home/vspt/public_html/wp-content/ai1wm-backups HTTP/1.1" 200 2880 "-" "Mozilla/5.0 (compatible; MJ12bot/v1.4.8; http://mj12bot.com/)"
51.83.237.175 - - [13/Aug/2026:11:43:38 -0400] "GET /ahax.php?fileloc=/home/vspt/public_html/tiendamolina.vsptdigital.cl/wp-includes/l10n.php&path=/home/vspt/public_html/tiendamolina.vsptdigital.cl/wp-includes HTTP/1.1" 200 75329 "-" "Mozilla/5.0 (compatible; MJ12bot/v1.4.8; http://mj12bot.com/)"
51.83.237.175 - - [13/Aug/2026:11:43:39 -0400] "GET /ahax.php?fileloc=/home/vspt/public_html/wp-content/ai1wm-backups/index.html&path=/home/vspt/public_html/wp-content/ai1wm-backups HTTP/1.1" 200 2880 "-" "Mozilla/5.0 (compatible; MJ12bot/v1.4.8; http://mj12bot.com/)"
135.181.213.219 - - [13/Aug/2026:11:43:39 -0400] "GET /ahax.php?fileloc=/home/vspt/public_html/tarapaca.vsptdigital.cl/wp-includes/class-wp-locale.php&path=/home/vspt/public_html/tarapaca.vsptdigital.cl/wp-includes HTTP/1.1" 200 20108 "-" "Mozilla/5.0 (compatible; MJ12bot/v1.4.8; http://mj12bot.com/)"
51.83.237.175 - - [13/Aug/2026:11:43:40 -0400] "GET /ahax.php?fileloc=/home/vspt/public_html/wp-content/ai1wm-backups/index.php&path=/home/vspt/public_html/wp-content/ai1wm-backups HTTP/1.1" 200 2879 "-" "Mozilla/5.0 (compatible; MJ12bot/v1.4.8; http://mj12bot.com/)"
51.83.237.175 - - [13/Aug/2026:11:43:40 -0400] "GET /ahax.php?fileloc=/home/vspt/public_html/tiendamolina.vsptdigital.cl/wp-includes/load-cookie.php&path=/home/vspt/public_html/tiendamolina.vsptdigital.cl/wp-includes HTTP/1.1" 200 3922 "-" "Mozilla/5.0 (compatible; MJ12bot/v1.4.8; http://mj12bot.com/)"
51.83.237.175 - - [13/Aug/2026:11:43:40 -0400] "GET /ahax.php?fileloc=/home/vspt/public_html/wp-content/ai1wm-backups/index.php&path=/home/vspt/public_html/wp-content/ai1wm-backups HTTP/1.1" 200 2879 "-" "Mozilla/5.0 (compatible; MJ12bot/v1.4.8; http://mj12bot.com/)"
51.83.237.175 - - [13/Aug/2026:11:43:40 -0400] "GET /ahax.php?fileloc=/home/vspt/public_html/tiendamolina.vsptdigital.cl/wp-includes/load-cookie.php&path=/home/vspt/public_html/tiendamolina.vsptdigital.cl/wp-includes HTTP/1.1" 200 3922 "-" "Mozilla/5.0 (compatible; MJ12bot/v1.4.8; http://mj12bot.com/)"
51.83.237.175 - - [13/Aug/2026:11:43:41 -0400] "GET /ahax.php?fileloc=/home/vspt/public_html/wp-content/ai1wm-backups/robots.txt&path=/home/vspt/public_html/wp-content/ai1wm-backups HTTP/1.1" 200 2930 "-" "Mozilla/5.0 (compatible; MJ12bot/v1.4.8; http://mj12bot.com/)"
51.83.237.175 - - [13/Aug/2026:11:43:41 -0400] "GET /ahax.php?fileloc=/home/vspt/public_html/wp-content/ai1wm-backups/.htaccess&path=/home/vspt/public_html/wp-content/ai1wm-backups HTTP/1.1" 200 2992 "-" "Mozilla/5.0 (compatible; MJ12bot/v1.4.8; http://mj12bot.com/)"
135.181.213.219 - - [13/Aug/2026:11:43:42 -0400] "GET /ahax.php?fileloc=/home/vspt/public_html/tarapaca.vsptdigital.cl/wp-includes/class-wp-meta-query.php&path=/home/vspt/public_html/tarapaca.vsptdigital.cl/wp-includes HTTP/1.1" 200 34149 "-" "Mozilla/5.0 (compatible; MJ12bot/v1.4.8; http://mj12bot.com/)"
51.83.237.175 - - [13/Aug/2026:11:43:42 -0400] "GET /ahax.php?fileloc=/home/vspt/public_html/wp-content/ai1wm-backups/robots.txt&path=/home/vspt/public_html/wp-content/ai1wm-backups HTTP/1.1" 200 2930 "-" "Mozilla/5.0 (compatible; MJ12bot/v1.4.8; http://mj12bot.com/)"
51.83.237.175 - - [13/Aug/2026:11:43:42 -0400] "GET /ahax.php?fileloc=/home/vspt/public_html/wp-content/ai1wm-backups/.htaccess&path=/home/vspt/public_html/wp-content/ai1wm-backups HTTP/1.1" 200 2992 "-" "Mozilla/5.0 (compatible; MJ12bot/v1.4.8; http://mj12bot.com/)"
51.83.237.175 - - [13/Aug/2026:11:43:43 -0400] "GET /ahax.php?fileloc=/home/vspt/public_html/wp-content/ai1wm-backups/index.html&path=/home/vspt/public_html/wp-content/ai1wm-backups HTTP/1.1" 200 2880 "-" "Mozilla/5.0 (compatible; MJ12bot/v1.4.8; http://mj12bot.com/)"
51.83.237.175 - - [13/Aug/2026:11:43:43 -0400] "GET /ahax.php?fileloc=/home/vspt/public_html/wp-content/ai1wm-backups/vsptdigital-cl-20240327-135259-xh8ik1.wpress&path=/home/vspt/public_html/wp-content/ai1wm-backups HTTP/1.1" 200 2888 "-" "Mozilla/5.0 (compatible; MJ12bot/v1.4.8; http://mj12bot.com/)"
51.83.237.175 - - [13/Aug/2026:11:43:43 -0400] "GET /ahax.php?fileloc=/home/vspt/public_html/wp-content/ai1wm-backups/vsptdigital-cl-20240327-135259-xh8ik1.wpress&path=/home/vspt/public_html/wp-content/ai1wm-backups HTTP/1.1" 200 2888 "-" "Mozilla/5.0 (compatible; MJ12bot/v1.4.8; http://mj12bot.com/)"
51.83.237.175 - - [13/Aug/2026:11:43:44 -0400] "GET /ahax.php?fileloc=/home/vspt/public_html/wp-content/ai1wm-backups/index.html&path=/home/vspt/public_html/wp-content/ai1wm-backups HTTP/1.1" 200 2880 "-" "Mozilla/5.0 (compatible; MJ12bot/v1.4.8; http://mj12bot.com/)"
135.181.213.219 - - [13/Aug/2026:11:43:44 -0400] "GET /ahax.php?fileloc=/home/vspt/public_html/tarapaca.vsptdigital.cl/wp-includes/class-wp-metadata-lazyloader-meta.php&path=/home/vspt/public_html/tarapaca.vsptdigital.cl/wp-includes HTTP/1.1" 200 3931 "-" "Mozilla/5.0 (compatible; MJ12bot/v1.4.8; http://mj12bot.com/)"
51.83.237.175 - - [13/Aug/2026:11:43:45 -0400] "GET /ahax.php?fileloc=/home/vspt/public_html/wp-content/ai1wm-backups/web.config&path=/home/vspt/public_html/wp-content/ai1wm-backups HTTP/1.1" 200 3264 "-" "Mozilla/5.0 (compatible; MJ12bot/v1.4.8; http://mj12bot.com/)"
51.83.237.175 - - [13/Aug/2026:11:43:45 -0400] "GET /ahax.php?fileloc=/home/vspt/public_html/wp-content/ai1wm-backups/index.php&path=/home/vspt/public_html/wp-content/ai1wm-backups HTTP/1.1" 200 2879 "-" "Mozilla/5.0 (compatible; MJ12bot/v1.4.8; http://mj12bot.com/)"
51.83.237.175 - - [13/Aug/2026:11:43:45 -0400] "GET /ahax.php?fileloc=/home/vspt/public_html/wp-content/ai1wm-backups/web.config&path=/home/vspt/public_html/wp-content/ai1wm-backups HTTP/1.1" 200 3264 "-" "Mozilla/5.0 (compatible; MJ12bot/v1.4.8; http://mj12bot.com/)"
