|
Server : Apache System : Linux vps-1289444.devslamantis.cl 3.10.0-1160.139.1.el7.tuxcare.els2.x86_64 #1 SMP Mon Nov 3 13:30:41 UTC 2025 x86_64 User : vspt ( 1013) PHP Version : 7.4.33 Disable Function : NONE Directory : /home/vspt/logs/ |
216.73.217.110 - - [10/Aug/2026:09:18:41 -0400] "GET /robots.txt HTTP/1.1" 200 148 "-" "Mozilla/5.0 AppleWebKit/537.36 (KHTML, like Gecko; compatible; ClaudeBot/1.0; +claudebot@anthropic.com)"
216.73.217.110 - - [10/Aug/2026:09:18:41 -0400] "GET /?feed=xmlsitemap1711 HTTP/1.1" 200 2063547 "-" "Mozilla/5.0 AppleWebKit/537.36 (KHTML, like Gecko; compatible; ClaudeBot/1.0; +claudebot@anthropic.com)"
216.73.217.110 - - [10/Aug/2026:09:36:43 -0400] "GET /?feed=xmlsitemap1711 HTTP/1.1" 200 2063547 "-" "Mozilla/5.0 AppleWebKit/537.36 (KHTML, like Gecko; compatible; ClaudeBot/1.0; +claudebot@anthropic.com)"
216.73.217.110 - - [10/Aug/2026:11:52:56 -0400] "GET /robots.txt HTTP/1.1" 200 148 "-" "Mozilla/5.0 AppleWebKit/537.36 (KHTML, like Gecko; compatible; ClaudeBot/1.0; +claudebot@anthropic.com)"
216.73.217.110 - - [10/Aug/2026:11:52:56 -0400] "GET /?feed=xmlsitemap1711 HTTP/1.1" 200 2063547 "-" "Mozilla/5.0 AppleWebKit/537.36 (KHTML, like Gecko; compatible; ClaudeBot/1.0; +claudebot@anthropic.com)"
123.160.223.75 - - [10/Aug/2026:12:13:55 -0400] "GET / HTTP/1.1" 301 - "-" "Mozilla/5.0 (Macintosh; Intel Mac OS X 10_15_7) AppleWebKit/537.36 (KHTML, like Gecko) Chrome/120.0.0.0 Safari/537.36"
123.160.223.72 - - [10/Aug/2026:12:14:05 -0400] "GET /favicon.ico HTTP/1.1" 302 - "-" "Mozilla/5.0 (Macintosh; Intel Mac OS X 10_15_7) AppleWebKit/537.36 (KHTML, like Gecko) Chrome/120.0.0.0 Safari/537.36"
47.82.11.57 - - [10/Aug/2026:13:11:09 -0400] "GET /sitemap_news.xml.gz HTTP/1.1" 404 40794 "-" "Mozilla/5.0 (Macintosh; Intel Mac OS X 10_15_7) AppleWebKit/537.36 (KHTML, like Gecko) Chrome/128.0.0.0 Safari/537.36"
216.73.217.110 - - [10/Aug/2026:13:18:20 -0400] "GET /robots.txt HTTP/1.1" 200 148 "-" "Mozilla/5.0 AppleWebKit/537.36 (KHTML, like Gecko; compatible; ClaudeBot/1.0; +claudebot@anthropic.com)"
216.73.217.110 - - [10/Aug/2026:13:18:20 -0400] "GET /?feed=xmlsitemap1711 HTTP/1.1" 200 2063547 "-" "Mozilla/5.0 AppleWebKit/537.36 (KHTML, like Gecko; compatible; ClaudeBot/1.0; +claudebot@anthropic.com)"
54.147.150.116 - - [10/Aug/2026:13:19:57 -0400] "GET /robots.txt HTTP/1.1" 200 148 "-" "Mozilla/5.0 (Macintosh; Intel Mac OS X 10_10_1) AppleWebKit/600.2.5 (KHTML, like Gecko) Version/8.0.2 Safari/600.2.5 (Gort)"
216.73.217.110 - - [10/Aug/2026:15:34:14 -0400] "GET /robots.txt HTTP/1.1" 200 148 "-" "Mozilla/5.0 AppleWebKit/537.36 (KHTML, like Gecko; compatible; ClaudeBot/1.0; +claudebot@anthropic.com)"
216.73.217.110 - - [10/Aug/2026:15:34:14 -0400] "GET /?feed=xmlsitemap1711 HTTP/1.1" 200 2063547 "-" "Mozilla/5.0 AppleWebKit/537.36 (KHTML, like Gecko; compatible; ClaudeBot/1.0; +claudebot@anthropic.com)"
66.132.186.183 - - [10/Aug/2026:15:41:24 -0400] "GET / HTTP/1.1" 301 - "-" "Mozilla/5.0 (compatible; CensysInspect/1.1; +https://about.censys.io/)"
216.73.217.110 - - [10/Aug/2026:15:43:27 -0400] "GET /?feed=xmlsitemap1711 HTTP/1.1" 200 2063547 "-" "Mozilla/5.0 AppleWebKit/537.36 (KHTML, like Gecko; compatible; ClaudeBot/1.0; +claudebot@anthropic.com)"
180.253.63.124 - - [10/Aug/2026:17:00:28 -0400] "GET http://casavalle.vsptdigital.cl/?feed=xmlsitemap1711 HTTP/1.1" 200 2063547 "-" "Mozilla/5.0 (Macintosh; Intel Mac OS X 14_5_0) AppleWebKit/537.36 (KHTML, like Gecko) Chrome/130.0.6723.69 Safari/537.36"
193.70.46.38 - - [10/Aug/2026:17:41:53 -0400] "GET /robots.txt HTTP/1.1" 200 148 "-" "Mozilla/5.0 (compatible; MJ12bot/v1.4.8; http://mj12bot.com/)"
193.70.46.38 - - [10/Aug/2026:17:41:55 -0400] "GET /2026/07/07/slot-casino-juegos-en-es-2026/ HTTP/1.1" 200 46267 "-" "Mozilla/5.0 (compatible; MJ12bot/v1.4.8; http://mj12bot.com/)"
216.73.217.110 - - [10/Aug/2026:19:44:01 -0400] "GET /robots.txt HTTP/1.1" 200 148 "-" "Mozilla/5.0 AppleWebKit/537.36 (KHTML, like Gecko; compatible; ClaudeBot/1.0; +claudebot@anthropic.com)"
216.73.217.110 - - [10/Aug/2026:19:44:01 -0400] "GET /?feed=xmlsitemap1711 HTTP/1.1" 200 2063547 "-" "Mozilla/5.0 AppleWebKit/537.36 (KHTML, like Gecko; compatible; ClaudeBot/1.0; +claudebot@anthropic.com)"
20.215.185.25 - - [10/Aug/2026:20:06:49 -0400] "GET /wp-content/plugins/hellopress/wp_filemanager.php HTTP/1.1" 301 - "-" "-"
20.215.185.25 - - [10/Aug/2026:20:06:50 -0400] "GET /wp-content/plugins/hellopress/wp_filemanager.php HTTP/1.1" 404 40794 "-" "-"
20.215.185.25 - - [10/Aug/2026:20:06:51 -0400] "GET /this_is_a_new_hello_world.php HTTP/1.1" 301 - "-" "-"
20.215.185.25 - - [10/Aug/2026:20:06:52 -0400] "GET /this_is_a_new_hello_world.php HTTP/1.1" 404 40794 "-" "-"
20.215.185.25 - - [10/Aug/2026:20:06:53 -0400] "GET /img.php HTTP/1.1" 301 - "-" "-"
20.215.185.25 - - [10/Aug/2026:20:06:53 -0400] "GET /img.php HTTP/1.1" 404 40794 "-" "-"
20.215.185.25 - - [10/Aug/2026:20:06:54 -0400] "GET //aa.php HTTP/1.1" 301 - "-" "-"
20.215.185.25 - - [10/Aug/2026:20:06:54 -0400] "GET /aa.php HTTP/1.1" 404 40794 "-" "-"
20.215.185.25 - - [10/Aug/2026:20:06:55 -0400] "GET //av.php HTTP/1.1" 301 - "-" "-"
20.215.185.25 - - [10/Aug/2026:20:06:55 -0400] "GET /av.php HTTP/1.1" 404 40794 "-" "-"
20.215.185.25 - - [10/Aug/2026:20:06:56 -0400] "GET /media.php HTTP/1.1" 301 - "-" "-"
20.215.185.25 - - [10/Aug/2026:20:06:57 -0400] "GET /media.php HTTP/1.1" 404 40794 "-" "-"
20.215.185.25 - - [10/Aug/2026:20:06:57 -0400] "GET /images.php HTTP/1.1" 301 - "-" "-"
20.215.185.25 - - [10/Aug/2026:20:06:58 -0400] "GET /images.php HTTP/1.1" 404 40794 "-" "-"
20.215.185.25 - - [10/Aug/2026:20:06:58 -0400] "GET /admin.php HTTP/1.1" 301 - "-" "-"
20.215.185.25 - - [10/Aug/2026:20:06:59 -0400] "GET /admin.php HTTP/1.1" 404 40794 "-" "-"
20.215.185.25 - - [10/Aug/2026:20:07:15 -0400] "GET /mac.php HTTP/1.1" 301 - "-" "-"
20.215.185.25 - - [10/Aug/2026:20:07:16 -0400] "GET /mac.php HTTP/1.1" 404 40794 "-" "-"
20.215.185.25 - - [10/Aug/2026:20:07:16 -0400] "GET /ops.php HTTP/1.1" 301 - "-" "-"
20.215.185.25 - - [10/Aug/2026:20:07:17 -0400] "GET /ops.php HTTP/1.1" 404 40794 "-" "-"
20.215.185.25 - - [10/Aug/2026:20:07:17 -0400] "GET /8.php HTTP/1.1" 301 - "-" "-"
20.215.185.25 - - [10/Aug/2026:20:07:18 -0400] "GET /8.php HTTP/1.1" 404 40794 "-" "-"
20.215.185.25 - - [10/Aug/2026:20:07:19 -0400] "GET /biufile.php HTTP/1.1" 301 - "-" "-"
20.215.185.25 - - [10/Aug/2026:20:07:19 -0400] "GET /biufile.php HTTP/1.1" 404 40794 "-" "-"
20.215.185.25 - - [10/Aug/2026:20:07:20 -0400] "GET /coffexium.php HTTP/1.1" 301 - "-" "-"
20.215.185.25 - - [10/Aug/2026:20:07:20 -0400] "GET /coffexium.php HTTP/1.1" 404 40794 "-" "-"
20.215.185.25 - - [10/Aug/2026:20:07:21 -0400] "GET /dex.php HTTP/1.1" 301 - "-" "-"
20.215.185.25 - - [10/Aug/2026:20:07:21 -0400] "GET /dex.php HTTP/1.1" 404 40794 "-" "-"
20.215.185.25 - - [10/Aug/2026:20:07:22 -0400] "GET /1.php HTTP/1.1" 301 - "-" "-"
20.215.185.25 - - [10/Aug/2026:20:07:23 -0400] "GET /1.php HTTP/1.1" 404 40794 "-" "-"
20.215.185.25 - - [10/Aug/2026:20:07:23 -0400] "GET /coffee.php HTTP/1.1" 301 - "-" "-"
20.215.185.25 - - [10/Aug/2026:20:07:24 -0400] "GET /coffee.php HTTP/1.1" 404 40794 "-" "-"
20.215.185.25 - - [10/Aug/2026:20:07:24 -0400] "GET /classwithtostring.php?p= HTTP/1.1" 301 - "-" "-"
20.215.185.25 - - [10/Aug/2026:20:07:25 -0400] "GET /classwithtostring.php HTTP/1.1" 404 40794 "-" "-"
20.215.185.25 - - [10/Aug/2026:20:07:26 -0400] "GET /wp-ws68.php?p= HTTP/1.1" 301 - "-" "-"
20.215.185.25 - - [10/Aug/2026:20:07:26 -0400] "GET /wp-ws68.php HTTP/1.1" 404 40794 "-" "-"
20.215.185.25 - - [10/Aug/2026:20:07:27 -0400] "GET /mgrr.php HTTP/1.1" 301 - "-" "-"
20.215.185.25 - - [10/Aug/2026:20:07:27 -0400] "GET /mgrr.php HTTP/1.1" 404 40794 "-" "-"
20.215.185.25 - - [10/Aug/2026:20:07:28 -0400] "GET /yj09.php HTTP/1.1" 301 - "-" "-"
20.215.185.25 - - [10/Aug/2026:20:07:28 -0400] "GET /yj09.php HTTP/1.1" 404 40794 "-" "-"
20.215.185.25 - - [10/Aug/2026:20:07:29 -0400] "GET /scxy.php HTTP/1.1" 301 - "-" "-"
20.215.185.25 - - [10/Aug/2026:20:07:29 -0400] "GET /scxy.php HTTP/1.1" 404 40794 "-" "-"
20.215.185.25 - - [10/Aug/2026:20:07:30 -0400] "GET /ws13.php?p= HTTP/1.1" 301 - "-" "-"
20.215.185.25 - - [10/Aug/2026:20:07:31 -0400] "GET /ws13.php HTTP/1.1" 404 40794 "-" "-"
20.215.185.25 - - [10/Aug/2026:20:07:31 -0400] "GET /btx25.php HTTP/1.1" 301 - "-" "-"
20.215.185.25 - - [10/Aug/2026:20:07:32 -0400] "GET /btx25.php HTTP/1.1" 404 40794 "-" "-"
20.215.185.25 - - [10/Aug/2026:20:07:33 -0400] "GET /SDsadqwrf.php HTTP/1.1" 301 - "-" "-"
20.215.185.25 - - [10/Aug/2026:20:07:33 -0400] "GET /SDsadqwrf.php HTTP/1.1" 404 40794 "-" "-"
20.215.185.25 - - [10/Aug/2026:20:07:34 -0400] "GET /3PJcpMFsD8B.php HTTP/1.1" 301 - "-" "-"
20.215.185.25 - - [10/Aug/2026:20:07:34 -0400] "GET /3PJcpMFsD8B.php HTTP/1.1" 404 40794 "-" "-"
20.215.185.25 - - [10/Aug/2026:20:07:35 -0400] "GET /BDKR28WP.php HTTP/1.1" 301 - "-" "-"
20.215.185.25 - - [10/Aug/2026:20:07:35 -0400] "GET /BDKR28WP.php HTTP/1.1" 404 40794 "-" "-"
20.215.185.25 - - [10/Aug/2026:20:07:36 -0400] "GET /i99z7zzbwtpteujvv6s8hiCdefault.php?p= HTTP/1.1" 301 - "-" "-"
20.215.185.25 - - [10/Aug/2026:20:07:37 -0400] "GET /i99z7zzbwtpteujvv6s8hiCdefault.php HTTP/1.1" 404 40794 "-" "-"
20.215.185.25 - - [10/Aug/2026:20:07:37 -0400] "GET /sky.php HTTP/1.1" 301 - "-" "-"
20.215.185.25 - - [10/Aug/2026:20:07:38 -0400] "GET /sky.php HTTP/1.1" 404 40794 "-" "-"
20.215.185.25 - - [10/Aug/2026:20:07:38 -0400] "GET /1wvekeybd9it2di2vyipgr6Cdefault.php HTTP/1.1" 301 - "-" "-"
20.215.185.25 - - [10/Aug/2026:20:07:39 -0400] "GET /1wvekeybd9it2di2vyipgr6Cdefault.php HTTP/1.1" 404 40794 "-" "-"
20.215.185.25 - - [10/Aug/2026:20:07:40 -0400] "GET /a3ampzmbipnkpxeqhqpsanCdefault.php HTTP/1.1" 301 - "-" "-"
20.215.185.25 - - [10/Aug/2026:20:07:40 -0400] "GET /a3ampzmbipnkpxeqhqpsanCdefault.php HTTP/1.1" 404 40794 "-" "-"
20.215.185.25 - - [10/Aug/2026:20:07:41 -0400] "GET /file5.php HTTP/1.1" 301 - "-" "-"
20.215.185.25 - - [10/Aug/2026:20:07:41 -0400] "GET /file5.php HTTP/1.1" 404 40794 "-" "-"
20.215.185.25 - - [10/Aug/2026:20:07:42 -0400] "GET /4PJcpMFsD8B.php HTTP/1.1" 301 - "-" "-"
20.215.185.25 - - [10/Aug/2026:20:07:42 -0400] "GET /4PJcpMFsD8B.php HTTP/1.1" 404 40794 "-" "-"
20.215.185.25 - - [10/Aug/2026:20:07:43 -0400] "GET /133.php HTTP/1.1" 301 - "-" "-"
20.215.185.25 - - [10/Aug/2026:20:07:44 -0400] "GET /133.php HTTP/1.1" 404 40794 "-" "-"
20.215.185.25 - - [10/Aug/2026:20:07:44 -0400] "GET /1xmomo.php HTTP/1.1" 301 - "-" "-"
20.215.185.25 - - [10/Aug/2026:20:07:00 -0400] "GET /222.php HTTP/1.1" 200 50603 "-" "-"
20.215.185.25 - - [10/Aug/2026:20:07:45 -0400] "GET /1xmomo.php HTTP/1.1" 404 40794 "-" "-"
20.215.185.25 - - [10/Aug/2026:20:07:46 -0400] "GET //mosty.php HTTP/1.1" 301 - "-" "-"
20.215.185.25 - - [10/Aug/2026:20:07:46 -0400] "GET /mosty.php HTTP/1.1" 404 40794 "-" "-"
20.215.185.25 - - [10/Aug/2026:20:07:47 -0400] "GET /blurbs.php HTTP/1.1" 301 - "-" "-"
20.215.185.25 - - [10/Aug/2026:20:07:47 -0400] "GET /blurbs.php HTTP/1.1" 404 40794 "-" "-"
20.215.185.25 - - [10/Aug/2026:20:07:50 -0400] "GET /bajah.php HTTP/1.1" 301 - "-" "-"
20.215.185.25 - - [10/Aug/2026:20:07:50 -0400] "GET /bajah.php HTTP/1.1" 404 40794 "-" "-"
20.215.185.25 - - [10/Aug/2026:20:07:51 -0400] "GET /domvf.php HTTP/1.1" 301 - "-" "-"
20.215.185.25 - - [10/Aug/2026:20:07:51 -0400] "GET /domvf.php HTTP/1.1" 404 40794 "-" "-"
20.215.185.25 - - [10/Aug/2026:20:07:52 -0400] "GET /fpwch.php HTTP/1.1" 301 - "-" "-"
20.215.185.25 - - [10/Aug/2026:20:07:53 -0400] "GET /fpwch.php HTTP/1.1" 404 40794 "-" "-"
20.215.185.25 - - [10/Aug/2026:20:07:54 -0400] "GET /sf.php HTTP/1.1" 301 - "-" "-"
20.215.185.25 - - [10/Aug/2026:20:07:54 -0400] "GET /sf.php HTTP/1.1" 404 40794 "-" "-"
20.215.185.25 - - [10/Aug/2026:20:07:55 -0400] "GET /xx.php HTTP/1.1" 301 - "-" "-"
20.215.185.25 - - [10/Aug/2026:20:07:56 -0400] "GET /xx.php HTTP/1.1" 404 40794 "-" "-"
20.215.185.25 - - [10/Aug/2026:20:07:57 -0400] "GET /m.php HTTP/1.1" 301 - "-" "-"
20.215.185.25 - - [10/Aug/2026:20:07:57 -0400] "GET /m.php HTTP/1.1" 404 40794 "-" "-"
20.215.185.25 - - [10/Aug/2026:20:07:58 -0400] "GET /m.php?p= HTTP/1.1" 301 - "-" "-"
20.215.185.25 - - [10/Aug/2026:20:07:59 -0400] "GET /m.php HTTP/1.1" 404 40794 "-" "-"
20.215.185.25 - - [10/Aug/2026:20:07:59 -0400] "GET /gm.php HTTP/1.1" 301 - "-" "-"
20.215.185.25 - - [10/Aug/2026:20:08:00 -0400] "GET /gm.php HTTP/1.1" 404 40794 "-" "-"
20.215.185.25 - - [10/Aug/2026:20:08:01 -0400] "GET /33.php HTTP/1.1" 301 - "-" "-"
20.215.185.25 - - [10/Aug/2026:20:08:01 -0400] "GET /33.php HTTP/1.1" 404 40794 "-" "-"
20.215.185.25 - - [10/Aug/2026:20:08:02 -0400] "GET /67.php HTTP/1.1" 301 - "-" "-"
20.215.185.25 - - [10/Aug/2026:20:08:03 -0400] "GET /67.php HTTP/1.1" 404 40794 "-" "-"
123.160.223.75 - - [10/Aug/2026:20:42:05 -0400] "GET / HTTP/1.1" 301 - "-" "Mozilla/5.0 (Macintosh; Intel Mac OS X 10_15_7) AppleWebKit/537.36 (KHTML, like Gecko) Chrome/120.0.0.0 Safari/537.36"
27.123.255.189 - - [10/Aug/2026:20:50:59 -0400] "GET /222.php HTTP/1.1" 200 50600 "-" "Mozilla/5.0 (Windows NT 10.0; Win64; x64) AppleWebKit/537.36 (KHTML, like Gecko) Chrome/151.0.0.0 Safari/537.36"
27.123.255.189 - - [10/Aug/2026:20:51:45 -0400] "GET /favicon.ico HTTP/1.1" 302 - "http://casavalle.vsptdigital.cl/222.php" "Mozilla/5.0 (Windows NT 10.0; Win64; x64) AppleWebKit/537.36 (KHTML, like Gecko) Chrome/151.0.0.0 Safari/537.36"
216.73.217.110 - - [10/Aug/2026:21:45:29 -0400] "GET /robots.txt HTTP/1.1" 200 148 "-" "Mozilla/5.0 AppleWebKit/537.36 (KHTML, like Gecko; compatible; ClaudeBot/1.0; +claudebot@anthropic.com)"
216.73.217.110 - - [10/Aug/2026:21:45:29 -0400] "GET /?feed=xmlsitemap1711 HTTP/1.1" 200 2063547 "-" "Mozilla/5.0 AppleWebKit/537.36 (KHTML, like Gecko; compatible; ClaudeBot/1.0; +claudebot@anthropic.com)"
171.224.12.205 - - [10/Aug/2026:21:46:16 -0400] "GET /2026/07/26/logiciel-d-aide-a-la-roulette-pour-ios-en-2026/ HTTP/1.1" 200 47238 "-" "Mozilla/5.0 (Linux; Android 6.0; Nexus 5 Build/MRA58N) AppleWebKit/537.36 (KHTML, like Gecko) Chrome/65.0.3325.181 Mobile Safari/537.36"
216.73.217.110 - - [10/Aug/2026:21:57:16 -0400] "GET /?feed=xmlsitemap1711 HTTP/1.1" 200 2063547 "-" "Mozilla/5.0 AppleWebKit/537.36 (KHTML, like Gecko; compatible; ClaudeBot/1.0; +claudebot@anthropic.com)"
85.215.116.2 - - [10/Aug/2026:22:56:58 -0400] "GET / HTTP/1.1" 301 - "-" "Mozilla/5.0 (X11; Linux x86_64) AppleWebKit/537.36 (KHTML, like Gecko) Chrome/120.0.0.0 Safari/537.36"
136.243.220.212 - - [10/Aug/2026:23:47:35 -0400] "GET /robots.txt HTTP/1.1" 200 148 "-" "Mozilla/5.0 (compatible; DataForSeoBot/1.0; +https://dataforseo.com/dataforseo-bot)"
111.7.96.171 - - [11/Aug/2026:02:42:25 -0400] "GET / HTTP/1.1" 301 - "-" "Mozilla/5.0 (Macintosh; Intel Mac OS X 10_15_7) AppleWebKit/537.36 (KHTML, like Gecko) Chrome/120.0.0.0 Safari/537.36"
104.28.161.240 - - [11/Aug/2026:03:45:12 -0400] "GET /?feed=xmlsitemap1711 HTTP/1.1" 200 2063547 "-" "Mozilla/5.0 (Windows NT 10.0; Win64; x64) AppleWebKit/537.36 (KHTML, like Gecko) Chrome/125.0.6422.176 Safari/537.36"
101.99.88.90 - - [11/Aug/2026:04:12:40 -0400] "GET /222.php HTTP/1.1" 200 50598 "-" "Mozilla/5.0 (Windows NT 10.0; Win64; x64) AppleWebKit/537.36 (KHTML, like Gecko) Chrome/120.0.0.0 Safari/537.36"
101.99.88.90 - - [11/Aug/2026:04:12:56 -0400] "GET /222.php HTTP/1.1" 200 50598 "-" "Mozilla/5.0 (Windows NT 10.0; Win64; x64) AppleWebKit/537.36 (KHTML, like Gecko) Chrome/120.0.0.0 Safari/537.36"
216.73.217.110 - - [11/Aug/2026:04:33:03 -0400] "GET /robots.txt HTTP/1.1" 200 148 "-" "Mozilla/5.0 AppleWebKit/537.36 (KHTML, like Gecko; compatible; ClaudeBot/1.0; +claudebot@anthropic.com)"
216.73.217.110 - - [11/Aug/2026:04:33:03 -0400] "GET /?feed=xmlsitemap1711 HTTP/1.1" 200 2063547 "-" "Mozilla/5.0 AppleWebKit/537.36 (KHTML, like Gecko; compatible; ClaudeBot/1.0; +claudebot@anthropic.com)"
216.73.217.110 - - [11/Aug/2026:05:32:53 -0400] "GET /?feed=xmlsitemap1711 HTTP/1.1" 200 2063547 "-" "Mozilla/5.0 AppleWebKit/537.36 (KHTML, like Gecko; compatible; ClaudeBot/1.0; +claudebot@anthropic.com)"
74.7.175.165 - - [11/Aug/2026:06:05:42 -0400] "GET /robots.txt HTTP/1.1" 200 148 "-" "Mozilla/5.0 (Macintosh; Intel Mac OS X 10_15_7) AppleWebKit/537.36 (KHTML, like Gecko) Chrome/131.0.0.0 Safari/537.36; compatible; OAI-SearchBot/1.4; robots.txt; +https://openai.com/searchbot"
216.73.217.110 - - [11/Aug/2026:06:27:31 -0400] "GET /robots.txt HTTP/1.1" 200 148 "-" "Mozilla/5.0 AppleWebKit/537.36 (KHTML, like Gecko; compatible; ClaudeBot/1.0; +claudebot@anthropic.com)"
101.99.88.90 - - [11/Aug/2026:06:27:09 -0400] "GET /222.php HTTP/1.1" 200 50598 "-" "Mozilla/5.0 (Windows NT 10.0; Win64; x64) AppleWebKit/537.36 (KHTML, like Gecko) Chrome/120.0.0.0 Safari/537.36"
101.99.88.90 - - [11/Aug/2026:06:27:25 -0400] "GET /222.php HTTP/1.1" 200 50598 "-" "Mozilla/5.0 (Windows NT 10.0; Win64; x64) AppleWebKit/537.36 (KHTML, like Gecko) Chrome/120.0.0.0 Safari/537.36"
216.73.217.110 - - [11/Aug/2026:06:27:33 -0400] "GET /?feed=xmlsitemap1711 HTTP/1.1" 200 2063547 "-" "Mozilla/5.0 AppleWebKit/537.36 (KHTML, like Gecko; compatible; ClaudeBot/1.0; +claudebot@anthropic.com)"
74.7.242.19 - - [11/Aug/2026:06:34:53 -0400] "GET /2026/07/15/winnende-combinaties-veilig-casino-2026elektronisch-casino-geld-terug/ HTTP/1.1" 200 46867 "http://atachin.es" "Mozilla/5.0 AppleWebKit/537.36 (KHTML, like Gecko; compatible; GPTBot/1.4; +https://openai.com/gptbot)"
20.14.101.99 - - [11/Aug/2026:06:45:39 -0400] "GET /.env HTTP/1.1" 404 40794 "-" "-"
216.73.217.110 - - [11/Aug/2026:07:31:59 -0400] "GET /robots.txt HTTP/1.1" 200 148 "-" "Mozilla/5.0 AppleWebKit/537.36 (KHTML, like Gecko; compatible; ClaudeBot/1.0; +claudebot@anthropic.com)"
216.73.217.110 - - [11/Aug/2026:07:31:59 -0400] "GET /?feed=xmlsitemap1711 HTTP/1.1" 200 2063547 "-" "Mozilla/5.0 AppleWebKit/537.36 (KHTML, like Gecko; compatible; ClaudeBot/1.0; +claudebot@anthropic.com)"
74.7.242.19 - - [11/Aug/2026:07:47:02 -0400] "GET /?feed=xmlsitemap1711 HTTP/1.1" 200 2063547 "-" "Mozilla/5.0 AppleWebKit/537.36 (KHTML, like Gecko; compatible; GPTBot/1.4; +https://openai.com/gptbot)"
216.73.217.110 - - [11/Aug/2026:08:02:54 -0400] "GET /?feed=xmlsitemap1711 HTTP/1.1" 200 2063547 "-" "Mozilla/5.0 AppleWebKit/537.36 (KHTML, like Gecko; compatible; ClaudeBot/1.0; +claudebot@anthropic.com)"